[INFO] cloning repository https://github.com/shreyaspuducheri23/DS210_fMRI_analysis
[INFO] running `Command { std: "git" "-c" "credential.helper=" "-c" "credential.helper=/workspace/cargo-home/bin/git-credential-null" "clone" "--bare" "https://github.com/shreyaspuducheri23/DS210_fMRI_analysis" "/workspace/cache/git-repos/https%3A%2F%2Fgithub.com%2Fshreyaspuducheri23%2FDS210_fMRI_analysis", kill_on_drop: false }`
[INFO] [stderr] Cloning into bare repository '/workspace/cache/git-repos/https%3A%2F%2Fgithub.com%2Fshreyaspuducheri23%2FDS210_fMRI_analysis'...
[INFO] running `Command { std: "git" "rev-parse" "HEAD", kill_on_drop: false }`
[INFO] [stdout] 17b2fcfd3d7b361322b9da63f329559784fb9f90
[INFO] testing shreyaspuducheri23/DS210_fMRI_analysis against 1.75.0 for beta-1.76-1
[INFO] running `Command { std: "git" "clone" "/workspace/cache/git-repos/https%3A%2F%2Fgithub.com%2Fshreyaspuducheri23%2FDS210_fMRI_analysis" "/workspace/builds/worker-5-tc1/source", kill_on_drop: false }`
[INFO] [stderr] Cloning into '/workspace/builds/worker-5-tc1/source'...
[INFO] [stderr] done.
[INFO] validating manifest of git repo https://github.com/shreyaspuducheri23/DS210_fMRI_analysis on toolchain 1.75.0
[INFO] running `Command { std: CARGO_HOME="/workspace/cargo-home" RUSTUP_HOME="/workspace/rustup-home" "/workspace/cargo-home/bin/cargo" "+1.75.0" "metadata" "--manifest-path" "Cargo.toml" "--no-deps", kill_on_drop: false }`
[INFO] started tweaking git repo https://github.com/shreyaspuducheri23/DS210_fMRI_analysis
[INFO] finished tweaking git repo https://github.com/shreyaspuducheri23/DS210_fMRI_analysis
[INFO] tweaked toml for git repo https://github.com/shreyaspuducheri23/DS210_fMRI_analysis written to /workspace/builds/worker-5-tc1/source/Cargo.toml
[INFO] crate git repo https://github.com/shreyaspuducheri23/DS210_fMRI_analysis already has a lockfile, it will not be regenerated
[INFO] running `Command { std: CARGO_HOME="/workspace/cargo-home" RUSTUP_HOME="/workspace/rustup-home" "/workspace/cargo-home/bin/cargo" "+1.75.0" "fetch" "--manifest-path" "Cargo.toml", kill_on_drop: false }`
[INFO] running `Command { std: "docker" "create" "-v" "/var/lib/crater-agent-workspace/builds/worker-5-tc1/target:/opt/rustwide/target:rw,Z" "-v" "/var/lib/crater-agent-workspace/builds/worker-5-tc1/source:/opt/rustwide/workdir:ro,Z" "-v" "/var/lib/crater-agent-workspace/cargo-home:/opt/rustwide/cargo-home:ro,Z" "-v" "/var/lib/crater-agent-workspace/rustup-home:/opt/rustwide/rustup-home:ro,Z" "-e" "SOURCE_DIR=/opt/rustwide/workdir" "-e" "CARGO_TARGET_DIR=/opt/rustwide/target" "-e" "CARGO_HOME=/opt/rustwide/cargo-home" "-e" "RUSTUP_HOME=/opt/rustwide/rustup-home" "-w" "/opt/rustwide/workdir" "-m" "1610612736" "--user" "0:0" "--network" "none" "ghcr.io/rust-lang/crates-build-env/linux@sha256:2788e3201cd34a07e3172128adcd8b3090168a8e3bcc40d7c032b9dda1df7d1c" "/opt/rustwide/cargo-home/bin/cargo" "+1.75.0" "metadata" "--no-deps" "--format-version=1", kill_on_drop: false }`
[INFO] [stdout] 2845c79143fdc2e275b18f8ff758fec915278924389ba440d1a5ab6ade16b802
[INFO] running `Command { std: "docker" "start" "-a" "2845c79143fdc2e275b18f8ff758fec915278924389ba440d1a5ab6ade16b802", kill_on_drop: false }`
[INFO] running `Command { std: "docker" "inspect" "2845c79143fdc2e275b18f8ff758fec915278924389ba440d1a5ab6ade16b802", kill_on_drop: false }`
[INFO] running `Command { std: "docker" "rm" "-f" "2845c79143fdc2e275b18f8ff758fec915278924389ba440d1a5ab6ade16b802", kill_on_drop: false }`
[INFO] [stdout] 2845c79143fdc2e275b18f8ff758fec915278924389ba440d1a5ab6ade16b802
[INFO] running `Command { std: "docker" "create" "-v" "/var/lib/crater-agent-workspace/builds/worker-5-tc1/target:/opt/rustwide/target:rw,Z" "-v" "/var/lib/crater-agent-workspace/builds/worker-5-tc1/source:/opt/rustwide/workdir:ro,Z" "-v" "/var/lib/crater-agent-workspace/cargo-home:/opt/rustwide/cargo-home:ro,Z" "-v" "/var/lib/crater-agent-workspace/rustup-home:/opt/rustwide/rustup-home:ro,Z" "-e" "SOURCE_DIR=/opt/rustwide/workdir" "-e" "CARGO_TARGET_DIR=/opt/rustwide/target" "-e" "CARGO_INCREMENTAL=0" "-e" "RUST_BACKTRACE=full" "-e" "RUSTFLAGS=--cap-lints=warn" "-e" "RUSTDOCFLAGS=--cap-lints=warn" "-e" "CARGO_HOME=/opt/rustwide/cargo-home" "-e" "RUSTUP_HOME=/opt/rustwide/rustup-home" "-w" "/opt/rustwide/workdir" "-m" "1610612736" "--user" "0:0" "--network" "none" "ghcr.io/rust-lang/crates-build-env/linux@sha256:2788e3201cd34a07e3172128adcd8b3090168a8e3bcc40d7c032b9dda1df7d1c" "/opt/rustwide/cargo-home/bin/cargo" "+1.75.0" "build" "--frozen" "--message-format=json", kill_on_drop: false }`
[INFO] [stdout] 6d8824c5f8ea4c7f6ae6d2bcaa9754c0a5c7eb98446908ec05668ad09929e204
[INFO] running `Command { std: "docker" "start" "-a" "6d8824c5f8ea4c7f6ae6d2bcaa9754c0a5c7eb98446908ec05668ad09929e204", kill_on_drop: false }`
[INFO] [stderr]    Compiling proc-macro2 v1.0.56
[INFO] [stderr]    Compiling quote v1.0.26
[INFO] [stderr]    Compiling unicode-ident v1.0.8
[INFO] [stderr]    Compiling autocfg v1.1.0
[INFO] [stderr]    Compiling cfg-if v1.0.0
[INFO] [stderr]    Compiling thiserror v1.0.40
[INFO] [stderr]    Compiling libc v0.2.142
[INFO] [stderr]    Compiling pkg-config v0.3.26
[INFO] [stderr]    Compiling ucd-trie v0.1.5
[INFO] [stderr]    Compiling crc32fast v1.3.2
[INFO] [stderr]    Compiling simd-adler32 v0.3.5
[INFO] [stderr]    Compiling cc v1.0.79
[INFO] [stderr]    Compiling adler v1.0.2
[INFO] [stderr]    Compiling bitflags v1.3.2
[INFO] [stderr]    Compiling log v0.4.17
[INFO] [stderr]    Compiling memchr v2.5.0
[INFO] [stderr]    Compiling libloading v0.7.4
[INFO] [stderr]    Compiling color_quant v1.1.0
[INFO] [stderr]    Compiling byteorder v1.4.3
[INFO] [stderr]    Compiling once_cell v1.17.1
[INFO] [stderr]    Compiling miniz_oxide v0.7.1
[INFO] [stderr]    Compiling fdeflate v0.3.0
[INFO] [stderr]    Compiling dlib v0.5.0
[INFO] [stderr]    Compiling plotters-backend v0.3.4
[INFO] [stderr]    Compiling font-kit v0.11.0
[INFO] [stderr]    Compiling same-file v1.0.6
[INFO] [stderr]    Compiling bytemuck v1.13.1
[INFO] [stderr]    Compiling weezl v0.1.7
[INFO] [stderr]    Compiling num-traits v0.2.15
[INFO] [stderr]    Compiling num-integer v0.1.45
[INFO] [stderr]    Compiling num-rational v0.4.1
[INFO] [stderr]    Compiling jpeg-decoder v0.3.0
[INFO] [stderr]    Compiling const-cstr v0.3.0
[INFO] [stderr]    Compiling walkdir v2.3.3
[INFO] [stderr]    Compiling cmake v0.1.50
[INFO] [stderr]    Compiling float-ord v0.2.0
[INFO] [stderr]    Compiling yeslogic-fontconfig-sys v3.2.0
[INFO] [stderr]    Compiling gif v0.11.4
[INFO] [stderr]    Compiling iana-time-zone v0.1.56
[INFO] [stderr]    Compiling lazy_static v1.4.0
[INFO] [stderr]    Compiling plotters-svg v0.3.3
[INFO] [stderr]    Compiling flate2 v1.0.26
[INFO] [stderr]    Compiling ttf-parser v0.15.2
[INFO] [stderr]    Compiling regex-syntax v0.7.1
[INFO] [stderr]    Compiling aho-corasick v1.0.1
[INFO] [stderr]    Compiling syn v2.0.15
[INFO] [stderr]    Compiling png v0.17.8
[INFO] [stderr]    Compiling dirs-sys-next v0.1.2
[INFO] [stderr]    Compiling time v0.1.45
[INFO] [stderr]    Compiling freetype-sys v0.13.1
[INFO] [stderr]    Compiling dirs-next v2.0.0
[INFO] [stderr]    Compiling freetype v0.7.0
[INFO] [stderr]    Compiling chrono v0.4.24
[INFO] [stderr]    Compiling image v0.24.6
[INFO] [stderr]    Compiling regex v1.8.1
[INFO] [stderr]    Compiling thiserror-impl v1.0.40
[INFO] [stderr]    Compiling plotters-bitmap v0.3.2
[INFO] [stderr]    Compiling pest v2.6.0
[INFO] [stderr]    Compiling semver-parser v0.10.2
[INFO] [stderr]    Compiling semver v0.11.0
[INFO] [stderr]    Compiling rustc_version v0.3.3
[INFO] [stderr]    Compiling pathfinder_simd v0.5.1
[INFO] [stderr]    Compiling pathfinder_geometry v0.5.1
[INFO] [stderr]    Compiling plotters v0.3.4
[INFO] [stderr]    Compiling final_proj v0.1.0 (/opt/rustwide/workdir)
[INFO] [stdout] warning: type `fMRI_graph` should have an upper camel case name
[INFO] [stdout]   --> src/preprocessing.rs:13:16
[INFO] [stdout]    |
[INFO] [stdout] 13 |     pub struct fMRI_graph {
[INFO] [stdout]    |                ^^^^^^^^^^ help: convert the identifier to upper camel case: `FMriGraph`
[INFO] [stdout]    |
[INFO] [stdout]    = note: `#[warn(non_camel_case_types)]` on by default
[INFO] [stdout] 
[INFO] [stdout] 
[INFO] [stdout] warning: unnecessary parentheses around assigned value
[INFO] [stdout]    --> src/preprocessing.rs:110:41
[INFO] [stdout]     |
[INFO] [stdout] 110 |                 average_matrix[i][j] /= (matrices.len() as f64);
[INFO] [stdout]     |                                         ^                     ^
[INFO] [stdout]     |
[INFO] [stdout]     = note: `#[warn(unused_parens)]` on by default
[INFO] [stdout] help: remove these parentheses
[INFO] [stdout]     |
[INFO] [stdout] 110 -                 average_matrix[i][j] /= (matrices.len() as f64);
[INFO] [stdout] 110 +                 average_matrix[i][j] /= matrices.len() as f64;
[INFO] [stdout]     |
[INFO] [stdout] 
[INFO] [stdout] 
[INFO] [stdout] warning: unused import: `plotters::data`
[INFO] [stdout]   --> src/clustering.rs:42:9
[INFO] [stdout]    |
[INFO] [stdout] 42 |     use plotters::data;
[INFO] [stdout]    |         ^^^^^^^^^^^^^^
[INFO] [stdout]    |
[INFO] [stdout]    = note: `#[warn(unused_imports)]` on by default
[INFO] [stdout] 
[INFO] [stdout] 
[INFO] [stdout] warning: unnecessary parentheses around assigned value
[INFO] [stdout]   --> src/clustering.rs:66:23
[INFO] [stdout]    |
[INFO] [stdout] 66 |         let binding = ("results/images/".to_owned() + &data.len().to_string() + view_name + &".png");
[INFO] [stdout]    |                       ^                                                                            ^
[INFO] [stdout]    |
[INFO] [stdout] help: remove these parentheses
[INFO] [stdout]    |
[INFO] [stdout] 66 -         let binding = ("results/images/".to_owned() + &data.len().to_string() + view_name + &".png");
[INFO] [stdout] 66 +         let binding = "results/images/".to_owned() + &data.len().to_string() + view_name + &".png";
[INFO] [stdout]    |
[INFO] [stdout] 
[INFO] [stdout] 
[INFO] [stdout] warning: unused import: `crate::preprocessing::read_data::Node`
[INFO] [stdout]  --> src/main.rs:5:5
[INFO] [stdout]   |
[INFO] [stdout] 5 | use crate::preprocessing::read_data::Node;
[INFO] [stdout]   |     ^^^^^^^^^^^^^^^^^^^^^^^^^^^^^^^^^^^^^
[INFO] [stdout] 
[INFO] [stdout] 
[INFO] [stdout] warning: unused import: `std::io`
[INFO] [stdout]  --> src/main.rs:8:5
[INFO] [stdout]   |
[INFO] [stdout] 8 | use std::io;
[INFO] [stdout]   |     ^^^^^^^
[INFO] [stdout] 
[INFO] [stdout] 
[INFO] [stdout] warning: unused variable: `graph`
[INFO] [stdout]   --> src/clustering.rs:46:53
[INFO] [stdout]    |
[INFO] [stdout] 46 |     pub fn plot_clusters(clusters: &Vec<Vec<Node>>, graph: &fMRI_graph) {
[INFO] [stdout]    |                                                     ^^^^^ help: if this is intentional, prefix it with an underscore: `_graph`
[INFO] [stdout]    |
[INFO] [stdout]    = note: `#[warn(unused_variables)]` on by default
[INFO] [stdout] 
[INFO] [stdout] 
[INFO] [stdout] warning: variable does not need to be mutable
[INFO] [stdout]   --> src/clustering.rs:50:17
[INFO] [stdout]    |
[INFO] [stdout] 50 |             let mut locs_of_cluster: Vec<(f64, f64, f64)> = cluster.iter().filter_map(|node| node.loc).collect();
[INFO] [stdout]    |                 ----^^^^^^^^^^^^^^^
[INFO] [stdout]    |                 |
[INFO] [stdout]    |                 help: remove this `mut`
[INFO] [stdout]    |
[INFO] [stdout]    = note: `#[warn(unused_mut)]` on by default
[INFO] [stdout] 
[INFO] [stdout] 
[INFO] [stdout] warning: method `get_adjacency_matrix` is never used
[INFO] [stdout]   --> src/preprocessing.rs:19:16
[INFO] [stdout]    |
[INFO] [stdout] 18 |     impl fMRI_graph {
[INFO] [stdout]    |     --------------- method in this implementation
[INFO] [stdout] 19 |         pub fn get_adjacency_matrix(&self) -> &Vec<Vec<f64>> {
[INFO] [stdout]    |                ^^^^^^^^^^^^^^^^^^^^
[INFO] [stdout]    |
[INFO] [stdout]    = note: `#[warn(dead_code)]` on by default
[INFO] [stdout] 
[INFO] [stdout] 
[INFO] [stdout] warning: method `find_parent_cluster` is never used
[INFO] [stdout]   --> src/preprocessing.rs:25:16
[INFO] [stdout]    |
[INFO] [stdout] 24 |     impl Node {
[INFO] [stdout]    |     --------- method in this implementation
[INFO] [stdout] 25 |         pub fn find_parent_cluster(&self, clusters: &Vec<Vec<Node>>) -> Option<usize> {
[INFO] [stdout]    |                ^^^^^^^^^^^^^^^^^^^
[INFO] [stdout] 
[INFO] [stdout] 
[INFO] [stdout] warning: variable `Clusters` should have a snake case name
[INFO] [stdout]    --> src/main.rs:173:13
[INFO] [stdout]     |
[INFO] [stdout] 173 |     let mut Clusters: Vec<Vec<read_data::Node>> = graph.nodes.iter().map(|item| vec![item.clone()]).collect(); // the initial clusters sh...
[INFO] [stdout]     |             ^^^^^^^^ help: convert the identifier to snake case (notice the capitalization): `clusters`
[INFO] [stdout]     |
[INFO] [stdout]     = note: `#[warn(non_snake_case)]` on by default
[INFO] [stdout] 
[INFO] [stdout] 
[INFO] [stdout] warning: unused `Result` that must be used
[INFO] [stdout]    --> src/main.rs:180:9
[INFO] [stdout]     |
[INFO] [stdout] 180 |         writeln!(file, "Region {}:", i + 1);
[INFO] [stdout]     |         ^^^^^^^^^^^^^^^^^^^^^^^^^^^^^^^^^^^
[INFO] [stdout]     |
[INFO] [stdout]     = note: this `Result` may be an `Err` variant, which should be handled
[INFO] [stdout]     = note: `#[warn(unused_must_use)]` on by default
[INFO] [stdout]     = note: this warning originates in the macro `writeln` (in Nightly builds, run with -Z macro-backtrace for more info)
[INFO] [stdout] 
[INFO] [stdout] 
[INFO] [stdout] warning: unused `Result` that must be used
[INFO] [stdout]    --> src/main.rs:181:9
[INFO] [stdout]     |
[INFO] [stdout] 181 |         writeln!(file, "{:?}", cluster.iter().map(|node| node.name.clone()).collect::<Vec<String>>());
[INFO] [stdout]     |         ^^^^^^^^^^^^^^^^^^^^^^^^^^^^^^^^^^^^^^^^^^^^^^^^^^^^^^^^^^^^^^^^^^^^^^^^^^^^^^^^^^^^^^^^^^^^^
[INFO] [stdout]     |
[INFO] [stdout]     = note: this `Result` may be an `Err` variant, which should be handled
[INFO] [stdout]     = note: this warning originates in the macro `writeln` (in Nightly builds, run with -Z macro-backtrace for more info)
[INFO] [stdout] 
[INFO] [stdout] 
[INFO] [stdout] warning: unused `Result` that must be used
[INFO] [stdout]    --> src/main.rs:182:9
[INFO] [stdout]     |
[INFO] [stdout] 182 |         writeln!(file, "");
[INFO] [stdout]     |         ^^^^^^^^^^^^^^^^^^
[INFO] [stdout]     |
[INFO] [stdout]     = note: this `Result` may be an `Err` variant, which should be handled
[INFO] [stdout]     = note: this warning originates in the macro `writeln` (in Nightly builds, run with -Z macro-backtrace for more info)
[INFO] [stdout] 
[INFO] [stdout] 
[INFO] [stdout] warning: function `figure_3D` should have a snake case name
[INFO] [stdout]   --> src/clustering.rs:57:12
[INFO] [stdout]    |
[INFO] [stdout] 57 |     pub fn figure_3D(data: Vec<Vec<(f64, f64, f64)>>) {
[INFO] [stdout]    |            ^^^^^^^^^ help: convert the identifier to snake case: `figure_3_d`
[INFO] [stdout] 
[INFO] [stdout] 
[INFO] [stdout] warning: function `figure_3D_perspective` should have a snake case name
[INFO] [stdout]   --> src/clustering.rs:64:12
[INFO] [stdout]    |
[INFO] [stdout] 64 |     pub fn figure_3D_perspective(data: &Vec<Vec<(f64,f64,f64)>>, pitch: f64, yaw: f64, view_name: &str) {
[INFO] [stdout]    |            ^^^^^^^^^^^^^^^^^^^^^ help: convert the identifier to snake case: `figure_3_d_perspective`
[INFO] [stdout] 
[INFO] [stdout] 
[INFO] [stdout] warning: 16 warnings emitted
[INFO] [stdout] 
[INFO] [stdout] 
[INFO] [stderr]     Finished dev [unoptimized + debuginfo] target(s) in 8.97s
[INFO] running `Command { std: "docker" "inspect" "6d8824c5f8ea4c7f6ae6d2bcaa9754c0a5c7eb98446908ec05668ad09929e204", kill_on_drop: false }`
[INFO] running `Command { std: "docker" "rm" "-f" "6d8824c5f8ea4c7f6ae6d2bcaa9754c0a5c7eb98446908ec05668ad09929e204", kill_on_drop: false }`
[INFO] [stdout] 6d8824c5f8ea4c7f6ae6d2bcaa9754c0a5c7eb98446908ec05668ad09929e204
[INFO] running `Command { std: "docker" "create" "-v" "/var/lib/crater-agent-workspace/builds/worker-5-tc1/target:/opt/rustwide/target:rw,Z" "-v" "/var/lib/crater-agent-workspace/builds/worker-5-tc1/source:/opt/rustwide/workdir:ro,Z" "-v" "/var/lib/crater-agent-workspace/cargo-home:/opt/rustwide/cargo-home:ro,Z" "-v" "/var/lib/crater-agent-workspace/rustup-home:/opt/rustwide/rustup-home:ro,Z" "-e" "SOURCE_DIR=/opt/rustwide/workdir" "-e" "CARGO_TARGET_DIR=/opt/rustwide/target" "-e" "CARGO_INCREMENTAL=0" "-e" "RUST_BACKTRACE=full" "-e" "RUSTFLAGS=--cap-lints=warn" "-e" "RUSTDOCFLAGS=--cap-lints=warn" "-e" "CARGO_HOME=/opt/rustwide/cargo-home" "-e" "RUSTUP_HOME=/opt/rustwide/rustup-home" "-w" "/opt/rustwide/workdir" "-m" "1610612736" "--user" "0:0" "--network" "none" "ghcr.io/rust-lang/crates-build-env/linux@sha256:2788e3201cd34a07e3172128adcd8b3090168a8e3bcc40d7c032b9dda1df7d1c" "/opt/rustwide/cargo-home/bin/cargo" "+1.75.0" "test" "--frozen" "--no-run" "--message-format=json", kill_on_drop: false }`
[INFO] [stdout] 1d6c74bd94c5440f53a543112c8747f4b746a24e4c5975abf6fb7b686aeec9b6
[INFO] running `Command { std: "docker" "start" "-a" "1d6c74bd94c5440f53a543112c8747f4b746a24e4c5975abf6fb7b686aeec9b6", kill_on_drop: false }`
[INFO] [stderr]    Compiling final_proj v0.1.0 (/opt/rustwide/workdir)
[INFO] [stdout] warning: type `fMRI_graph` should have an upper camel case name
[INFO] [stdout]   --> src/preprocessing.rs:13:16
[INFO] [stdout]    |
[INFO] [stdout] 13 |     pub struct fMRI_graph {
[INFO] [stdout]    |                ^^^^^^^^^^ help: convert the identifier to upper camel case: `FMriGraph`
[INFO] [stdout]    |
[INFO] [stdout]    = note: `#[warn(non_camel_case_types)]` on by default
[INFO] [stdout] 
[INFO] [stdout] 
[INFO] [stdout] warning: unnecessary parentheses around assigned value
[INFO] [stdout]    --> src/preprocessing.rs:110:41
[INFO] [stdout]     |
[INFO] [stdout] 110 |                 average_matrix[i][j] /= (matrices.len() as f64);
[INFO] [stdout]     |                                         ^                     ^
[INFO] [stdout]     |
[INFO] [stdout]     = note: `#[warn(unused_parens)]` on by default
[INFO] [stdout] help: remove these parentheses
[INFO] [stdout]     |
[INFO] [stdout] 110 -                 average_matrix[i][j] /= (matrices.len() as f64);
[INFO] [stdout] 110 +                 average_matrix[i][j] /= matrices.len() as f64;
[INFO] [stdout]     |
[INFO] [stdout] 
[INFO] [stdout] 
[INFO] [stdout] warning: unused import: `plotters::data`
[INFO] [stdout]   --> src/clustering.rs:42:9
[INFO] [stdout]    |
[INFO] [stdout] 42 |     use plotters::data;
[INFO] [stdout]    |         ^^^^^^^^^^^^^^
[INFO] [stdout]    |
[INFO] [stdout]    = note: `#[warn(unused_imports)]` on by default
[INFO] [stdout] 
[INFO] [stdout] 
[INFO] [stdout] warning: unnecessary parentheses around assigned value
[INFO] [stdout]   --> src/clustering.rs:66:23
[INFO] [stdout]    |
[INFO] [stdout] 66 |         let binding = ("results/images/".to_owned() + &data.len().to_string() + view_name + &".png");
[INFO] [stdout]    |                       ^                                                                            ^
[INFO] [stdout]    |
[INFO] [stdout] help: remove these parentheses
[INFO] [stdout]    |
[INFO] [stdout] 66 -         let binding = ("results/images/".to_owned() + &data.len().to_string() + view_name + &".png");
[INFO] [stdout] 66 +         let binding = "results/images/".to_owned() + &data.len().to_string() + view_name + &".png";
[INFO] [stdout]    |
[INFO] [stdout] 
[INFO] [stdout] 
[INFO] [stdout] warning: unused import: `std::io`
[INFO] [stdout]  --> src/main.rs:8:5
[INFO] [stdout]   |
[INFO] [stdout] 8 | use std::io;
[INFO] [stdout]   |     ^^^^^^^
[INFO] [stdout] 
[INFO] [stdout] 
[INFO] [stdout] warning: unused import: `std::collections::HashSet`
[INFO] [stdout]   --> src/main.rs:90:9
[INFO] [stdout]    |
[INFO] [stdout] 90 |     use std::collections::HashSet;
[INFO] [stdout]    |         ^^^^^^^^^^^^^^^^^^^^^^^^^
[INFO] [stdout] 
[INFO] [stdout] 
[INFO] [stdout] warning: unused variable: `graph`
[INFO] [stdout]   --> src/clustering.rs:46:53
[INFO] [stdout]    |
[INFO] [stdout] 46 |     pub fn plot_clusters(clusters: &Vec<Vec<Node>>, graph: &fMRI_graph) {
[INFO] [stdout]    |                                                     ^^^^^ help: if this is intentional, prefix it with an underscore: `_graph`
[INFO] [stdout]    |
[INFO] [stdout]    = note: `#[warn(unused_variables)]` on by default
[INFO] [stdout] 
[INFO] [stdout] 
[INFO] [stdout] warning: variable does not need to be mutable
[INFO] [stdout]   --> src/clustering.rs:50:17
[INFO] [stdout]    |
[INFO] [stdout] 50 |             let mut locs_of_cluster: Vec<(f64, f64, f64)> = cluster.iter().filter_map(|node| node.loc).collect();
[INFO] [stdout]    |                 ----^^^^^^^^^^^^^^^
[INFO] [stdout]    |                 |
[INFO] [stdout]    |                 help: remove this `mut`
[INFO] [stdout]    |
[INFO] [stdout]    = note: `#[warn(unused_mut)]` on by default
[INFO] [stdout] 
[INFO] [stdout] 
[INFO] [stdout] warning: method `get_adjacency_matrix` is never used
[INFO] [stdout]   --> src/preprocessing.rs:19:16
[INFO] [stdout]    |
[INFO] [stdout] 18 |     impl fMRI_graph {
[INFO] [stdout]    |     --------------- method in this implementation
[INFO] [stdout] 19 |         pub fn get_adjacency_matrix(&self) -> &Vec<Vec<f64>> {
[INFO] [stdout]    |                ^^^^^^^^^^^^^^^^^^^^
[INFO] [stdout]    |
[INFO] [stdout]    = note: `#[warn(dead_code)]` on by default
[INFO] [stdout] 
[INFO] [stdout] 
[INFO] [stdout] warning: variable `Clusters` should have a snake case name
[INFO] [stdout]    --> src/main.rs:173:13
[INFO] [stdout]     |
[INFO] [stdout] 173 |     let mut Clusters: Vec<Vec<read_data::Node>> = graph.nodes.iter().map(|item| vec![item.clone()]).collect(); // the initial clusters sh...
[INFO] [stdout]     |             ^^^^^^^^ help: convert the identifier to snake case (notice the capitalization): `clusters`
[INFO] [stdout]     |
[INFO] [stdout]     = note: `#[warn(non_snake_case)]` on by default
[INFO] [stdout] 
[INFO] [stdout] 
[INFO] [stdout] warning: unused `Result` that must be used
[INFO] [stdout]    --> src/main.rs:180:9
[INFO] [stdout]     |
[INFO] [stdout] 180 |         writeln!(file, "Region {}:", i + 1);
[INFO] [stdout]     |         ^^^^^^^^^^^^^^^^^^^^^^^^^^^^^^^^^^^
[INFO] [stdout]     |
[INFO] [stdout]     = note: this `Result` may be an `Err` variant, which should be handled
[INFO] [stdout]     = note: `#[warn(unused_must_use)]` on by default
[INFO] [stdout]     = note: this warning originates in the macro `writeln` (in Nightly builds, run with -Z macro-backtrace for more info)
[INFO] [stdout] 
[INFO] [stdout] 
[INFO] [stdout] warning: unused `Result` that must be used
[INFO] [stdout]    --> src/main.rs:181:9
[INFO] [stdout]     |
[INFO] [stdout] 181 |         writeln!(file, "{:?}", cluster.iter().map(|node| node.name.clone()).collect::<Vec<String>>());
[INFO] [stdout]     |         ^^^^^^^^^^^^^^^^^^^^^^^^^^^^^^^^^^^^^^^^^^^^^^^^^^^^^^^^^^^^^^^^^^^^^^^^^^^^^^^^^^^^^^^^^^^^^
[INFO] [stdout]     |
[INFO] [stdout]     = note: this `Result` may be an `Err` variant, which should be handled
[INFO] [stdout]     = note: this warning originates in the macro `writeln` (in Nightly builds, run with -Z macro-backtrace for more info)
[INFO] [stdout] 
[INFO] [stdout] 
[INFO] [stdout] warning: unused `Result` that must be used
[INFO] [stdout]    --> src/main.rs:182:9
[INFO] [stdout]     |
[INFO] [stdout] 182 |         writeln!(file, "");
[INFO] [stdout]     |         ^^^^^^^^^^^^^^^^^^
[INFO] [stdout]     |
[INFO] [stdout]     = note: this `Result` may be an `Err` variant, which should be handled
[INFO] [stdout]     = note: this warning originates in the macro `writeln` (in Nightly builds, run with -Z macro-backtrace for more info)
[INFO] [stdout] 
[INFO] [stdout] 
[INFO] [stdout] warning: function `figure_3D` should have a snake case name
[INFO] [stdout]   --> src/clustering.rs:57:12
[INFO] [stdout]    |
[INFO] [stdout] 57 |     pub fn figure_3D(data: Vec<Vec<(f64, f64, f64)>>) {
[INFO] [stdout]    |            ^^^^^^^^^ help: convert the identifier to snake case: `figure_3_d`
[INFO] [stdout] 
[INFO] [stdout] 
[INFO] [stdout] warning: function `figure_3D_perspective` should have a snake case name
[INFO] [stdout]   --> src/clustering.rs:64:12
[INFO] [stdout]    |
[INFO] [stdout] 64 |     pub fn figure_3D_perspective(data: &Vec<Vec<(f64,f64,f64)>>, pitch: f64, yaw: f64, view_name: &str) {
[INFO] [stdout]    |            ^^^^^^^^^^^^^^^^^^^^^ help: convert the identifier to snake case: `figure_3_d_perspective`
[INFO] [stdout] 
[INFO] [stdout] 
[INFO] [stdout] warning: 15 warnings emitted
[INFO] [stdout] 
[INFO] [stdout] 
[INFO] [stderr]     Finished test [unoptimized + debuginfo] target(s) in 1.15s
[INFO] running `Command { std: "docker" "inspect" "1d6c74bd94c5440f53a543112c8747f4b746a24e4c5975abf6fb7b686aeec9b6", kill_on_drop: false }`
[INFO] running `Command { std: "docker" "rm" "-f" "1d6c74bd94c5440f53a543112c8747f4b746a24e4c5975abf6fb7b686aeec9b6", kill_on_drop: false }`
[INFO] [stdout] 1d6c74bd94c5440f53a543112c8747f4b746a24e4c5975abf6fb7b686aeec9b6
[INFO] running `Command { std: "docker" "create" "-v" "/var/lib/crater-agent-workspace/builds/worker-5-tc1/target:/opt/rustwide/target:rw,Z" "-v" "/var/lib/crater-agent-workspace/builds/worker-5-tc1/source:/opt/rustwide/workdir:ro,Z" "-v" "/var/lib/crater-agent-workspace/cargo-home:/opt/rustwide/cargo-home:ro,Z" "-v" "/var/lib/crater-agent-workspace/rustup-home:/opt/rustwide/rustup-home:ro,Z" "-e" "SOURCE_DIR=/opt/rustwide/workdir" "-e" "CARGO_TARGET_DIR=/opt/rustwide/target" "-e" "CARGO_INCREMENTAL=0" "-e" "RUST_BACKTRACE=full" "-e" "RUSTFLAGS=--cap-lints=warn" "-e" "RUSTDOCFLAGS=--cap-lints=warn" "-e" "CARGO_HOME=/opt/rustwide/cargo-home" "-e" "RUSTUP_HOME=/opt/rustwide/rustup-home" "-w" "/opt/rustwide/workdir" "-m" "1610612736" "--user" "0:0" "--network" "none" "ghcr.io/rust-lang/crates-build-env/linux@sha256:2788e3201cd34a07e3172128adcd8b3090168a8e3bcc40d7c032b9dda1df7d1c" "/opt/rustwide/cargo-home/bin/cargo" "+1.75.0" "test" "--frozen", kill_on_drop: false }`
[INFO] [stdout] dcb8542914069976d13da329514517e67239790bc35c64f43760651790275360
[INFO] running `Command { std: "docker" "start" "-a" "dcb8542914069976d13da329514517e67239790bc35c64f43760651790275360", kill_on_drop: false }`
[INFO] [stderr] warning: type `fMRI_graph` should have an upper camel case name
[INFO] [stderr]   --> src/preprocessing.rs:13:16
[INFO] [stderr]    |
[INFO] [stderr] 13 |     pub struct fMRI_graph {
[INFO] [stderr]    |                ^^^^^^^^^^ help: convert the identifier to upper camel case: `FMriGraph`
[INFO] [stderr]    |
[INFO] [stderr]    = note: `#[warn(non_camel_case_types)]` on by default
[INFO] [stderr] 
[INFO] [stderr] warning: unnecessary parentheses around assigned value
[INFO] [stderr]    --> src/preprocessing.rs:110:41
[INFO] [stderr]     |
[INFO] [stderr] 110 |                 average_matrix[i][j] /= (matrices.len() as f64);
[INFO] [stderr]     |                                         ^                     ^
[INFO] [stderr]     |
[INFO] [stderr]     = note: `#[warn(unused_parens)]` on by default
[INFO] [stderr] help: remove these parentheses
[INFO] [stderr]     |
[INFO] [stderr] 110 -                 average_matrix[i][j] /= (matrices.len() as f64);
[INFO] [stderr] 110 +                 average_matrix[i][j] /= matrices.len() as f64;
[INFO] [stderr]     |
[INFO] [stderr] 
[INFO] [stderr] warning: unused import: `plotters::data`
[INFO] [stderr]   --> src/clustering.rs:42:9
[INFO] [stderr]    |
[INFO] [stderr] 42 |     use plotters::data;
[INFO] [stderr]    |         ^^^^^^^^^^^^^^
[INFO] [stderr]    |
[INFO] [stderr]    = note: `#[warn(unused_imports)]` on by default
[INFO] [stderr] 
[INFO] [stderr] warning: unnecessary parentheses around assigned value
[INFO] [stderr]   --> src/clustering.rs:66:23
[INFO] [stderr]    |
[INFO] [stderr] 66 |         let binding = ("results/images/".to_owned() + &data.len().to_string() + view_name + &".png");
[INFO] [stderr]    |                       ^                                                                            ^
[INFO] [stderr]    |
[INFO] [stderr] help: remove these parentheses
[INFO] [stderr]    |
[INFO] [stderr] 66 -         let binding = ("results/images/".to_owned() + &data.len().to_string() + view_name + &".png");
[INFO] [stderr] 66 +         let binding = "results/images/".to_owned() + &data.len().to_string() + view_name + &".png";
[INFO] [stderr]    |
[INFO] [stderr] 
[INFO] [stderr] warning: unused import: `std::io`
[INFO] [stderr]  --> src/main.rs:8:5
[INFO] [stderr]   |
[INFO] [stderr] 8 | use std::io;
[INFO] [stderr]   |     ^^^^^^^
[INFO] [stderr] 
[INFO] [stderr] warning: unused import: `std::collections::HashSet`
[INFO] [stderr]   --> src/main.rs:90:9
[INFO] [stderr]    |
[INFO] [stderr] 90 |     use std::collections::HashSet;
[INFO] [stderr]    |         ^^^^^^^^^^^^^^^^^^^^^^^^^
[INFO] [stderr] 
[INFO] [stderr] warning: unused variable: `graph`
[INFO] [stderr]   --> src/clustering.rs:46:53
[INFO] [stderr]    |
[INFO] [stderr] 46 |     pub fn plot_clusters(clusters: &Vec<Vec<Node>>, graph: &fMRI_graph) {
[INFO] [stderr]    |                                                     ^^^^^ help: if this is intentional, prefix it with an underscore: `_graph`
[INFO] [stderr]    |
[INFO] [stderr]    = note: `#[warn(unused_variables)]` on by default
[INFO] [stderr] 
[INFO] [stderr] warning: variable does not need to be mutable
[INFO] [stderr]   --> src/clustering.rs:50:17
[INFO] [stderr]    |
[INFO] [stderr] 50 |             let mut locs_of_cluster: Vec<(f64, f64, f64)> = cluster.iter().filter_map(|node| node.loc).collect();
[INFO] [stderr]    |                 ----^^^^^^^^^^^^^^^
[INFO] [stderr]    |                 |
[INFO] [stderr]    |                 help: remove this `mut`
[INFO] [stderr]    |
[INFO] [stderr]    = note: `#[warn(unused_mut)]` on by default
[INFO] [stderr] 
[INFO] [stderr] warning: method `get_adjacency_matrix` is never used
[INFO] [stderr]   --> src/preprocessing.rs:19:16
[INFO] [stderr]    |
[INFO] [stderr] 18 |     impl fMRI_graph {
[INFO] [stderr]    |     --------------- method in this implementation
[INFO] [stderr] 19 |         pub fn get_adjacency_matrix(&self) -> &Vec<Vec<f64>> {
[INFO] [stderr]    |                ^^^^^^^^^^^^^^^^^^^^
[INFO] [stderr]    |
[INFO] [stderr]    = note: `#[warn(dead_code)]` on by default
[INFO] [stderr] 
[INFO] [stderr] warning: variable `Clusters` should have a snake case name
[INFO] [stderr]    --> src/main.rs:173:13
[INFO] [stderr]     |
[INFO] [stderr] 173 |     let mut Clusters: Vec<Vec<read_data::Node>> = graph.nodes.iter().map(|item| vec![item.clone()]).collect(); // the initial clusters sh...
[INFO] [stderr]     |             ^^^^^^^^ help: convert the identifier to snake case (notice the capitalization): `clusters`
[INFO] [stderr]     |
[INFO] [stderr]     = note: `#[warn(non_snake_case)]` on by default
[INFO] [stderr] 
[INFO] [stderr] warning: unused `Result` that must be used
[INFO] [stderr]    --> src/main.rs:180:9
[INFO] [stderr]     |
[INFO] [stderr] 180 |         writeln!(file, "Region {}:", i + 1);
[INFO] [stderr]     |         ^^^^^^^^^^^^^^^^^^^^^^^^^^^^^^^^^^^
[INFO] [stderr]     |
[INFO] [stderr]     = note: this `Result` may be an `Err` variant, which should be handled
[INFO] [stderr]     = note: `#[warn(unused_must_use)]` on by default
[INFO] [stderr]     = note: this warning originates in the macro `writeln` (in Nightly builds, run with -Z macro-backtrace for more info)
[INFO] [stderr] 
[INFO] [stderr] warning: unused `Result` that must be used
[INFO] [stderr]    --> src/main.rs:181:9
[INFO] [stderr]     |
[INFO] [stderr] 181 |         writeln!(file, "{:?}", cluster.iter().map(|node| node.name.clone()).collect::<Vec<String>>());
[INFO] [stderr]     |         ^^^^^^^^^^^^^^^^^^^^^^^^^^^^^^^^^^^^^^^^^^^^^^^^^^^^^^^^^^^^^^^^^^^^^^^^^^^^^^^^^^^^^^^^^^^^^
[INFO] [stderr]     |
[INFO] [stderr]     = note: this `Result` may be an `Err` variant, which should be handled
[INFO] [stderr]     = note: this warning originates in the macro `writeln` (in Nightly builds, run with -Z macro-backtrace for more info)
[INFO] [stderr] 
[INFO] [stderr] warning: unused `Result` that must be used
[INFO] [stderr]    --> src/main.rs:182:9
[INFO] [stderr]     |
[INFO] [stderr] 182 |         writeln!(file, "");
[INFO] [stderr]     |         ^^^^^^^^^^^^^^^^^^
[INFO] [stderr]     |
[INFO] [stderr]     = note: this `Result` may be an `Err` variant, which should be handled
[INFO] [stderr]     = note: this warning originates in the macro `writeln` (in Nightly builds, run with -Z macro-backtrace for more info)
[INFO] [stderr] 
[INFO] [stderr] warning: function `figure_3D` should have a snake case name
[INFO] [stderr]   --> src/clustering.rs:57:12
[INFO] [stderr]    |
[INFO] [stderr] 57 |     pub fn figure_3D(data: Vec<Vec<(f64, f64, f64)>>) {
[INFO] [stderr]    |            ^^^^^^^^^ help: convert the identifier to snake case: `figure_3_d`
[INFO] [stderr] 
[INFO] [stderr] warning: function `figure_3D_perspective` should have a snake case name
[INFO] [stderr]   --> src/clustering.rs:64:12
[INFO] [stderr]    |
[INFO] [stderr] 64 |     pub fn figure_3D_perspective(data: &Vec<Vec<(f64,f64,f64)>>, pitch: f64, yaw: f64, view_name: &str) {
[INFO] [stderr]    |            ^^^^^^^^^^^^^^^^^^^^^ help: convert the identifier to snake case: `figure_3_d_perspective`
[INFO] [stderr] 
[INFO] [stderr] warning: `final_proj` (bin "final_proj" test) generated 15 warnings (run `cargo fix --bin "final_proj" --tests` to apply 7 suggestions)
[INFO] [stderr]     Finished test [unoptimized + debuginfo] target(s) in 0.05s
[INFO] [stderr]      Running unittests src/main.rs (/opt/rustwide/target/debug/deps/final_proj-81fba4aed997852b)
[INFO] [stdout] 
[INFO] [stdout] running 5 tests
[INFO] [stdout] test test_average_matrices ... ok
[INFO] [stdout] test test_find_parent_cluster ... ok
[INFO] [stdout] test test_merge ... ok
[INFO] [stdout] test test_sci_to_float ... ok
[INFO] [stdout] test test_dimensions_of_conn_matrix ... FAILED
[INFO] [stdout] 
[INFO] [stdout] failures:
[INFO] [stdout] 
[INFO] [stdout] ---- test_dimensions_of_conn_matrix stdout ----
[INFO] [stdout] thread 'test_dimensions_of_conn_matrix' panicked at src/preprocessing.rs:41:37:
[INFO] [stdout] called `Result::unwrap()` on an `Err` value: Os { code: 2, kind: NotFound, message: "No such file or directory" }
[INFO] [stdout] stack backtrace:
[INFO] [stdout]    0:     0x5636781388ac - std::backtrace_rs::backtrace::libunwind::trace::ha637c64ce894333a
[INFO] [stdout]                                at /rustc/82e1608dfa6e0b5569232559e3d385fea5a93112/library/std/src/../../backtrace/src/backtrace/libunwind.rs:104:5
[INFO] [stdout]    1:     0x5636781388ac - std::backtrace_rs::backtrace::trace_unsynchronized::h47f62dea28e0c88d
[INFO] [stdout]                                at /rustc/82e1608dfa6e0b5569232559e3d385fea5a93112/library/std/src/../../backtrace/src/backtrace/mod.rs:66:5
[INFO] [stdout]    2:     0x5636781388ac - std::sys_common::backtrace::_print_fmt::h9eef0abe20ede486
[INFO] [stdout]                                at /rustc/82e1608dfa6e0b5569232559e3d385fea5a93112/library/std/src/sys_common/backtrace.rs:67:5
[INFO] [stdout]    3:     0x5636781388ac - <std::sys_common::backtrace::_print::DisplayBacktrace as core::fmt::Display>::fmt::hed7f999df88cc644
[INFO] [stdout]                                at /rustc/82e1608dfa6e0b5569232559e3d385fea5a93112/library/std/src/sys_common/backtrace.rs:44:22
[INFO] [stdout]    4:     0x563678163800 - core::fmt::rt::Argument::fmt::h1539a9308b8d058d
[INFO] [stdout]                                at /rustc/82e1608dfa6e0b5569232559e3d385fea5a93112/library/core/src/fmt/rt.rs:142:9
[INFO] [stdout]    5:     0x563678163800 - core::fmt::write::h3a39390d8560d9c9
[INFO] [stdout]                                at /rustc/82e1608dfa6e0b5569232559e3d385fea5a93112/library/core/src/fmt/mod.rs:1120:17
[INFO] [stdout]    6:     0x56367813625f - std::io::Write::write_fmt::h040b369f3a0f9cbc
[INFO] [stdout]                                at /rustc/82e1608dfa6e0b5569232559e3d385fea5a93112/library/std/src/io/mod.rs:1762:15
[INFO] [stdout]    7:     0x563678138694 - std::sys_common::backtrace::_print::h894006fb5c6f3d45
[INFO] [stdout]                                at /rustc/82e1608dfa6e0b5569232559e3d385fea5a93112/library/std/src/sys_common/backtrace.rs:47:5
[INFO] [stdout]    8:     0x563678138694 - std::sys_common::backtrace::print::h23a2d212c6fff936
[INFO] [stdout]                                at /rustc/82e1608dfa6e0b5569232559e3d385fea5a93112/library/std/src/sys_common/backtrace.rs:34:9
[INFO] [stdout]    9:     0x56367813a357 - std::panicking::default_hook::{{closure}}::h8a1d2ee00185001a
[INFO] [stdout]   10:     0x56367813a043 - std::panicking::default_hook::h6038f2eba384e475
[INFO] [stdout]                                at /rustc/82e1608dfa6e0b5569232559e3d385fea5a93112/library/std/src/panicking.rs:289:9
[INFO] [stdout]   11:     0x563677f29ac7 - <alloc::boxed::Box<F,A> as core::ops::function::Fn<Args>>::call::h0ad024c9bdc6d768
[INFO] [stdout]                                at /rustc/82e1608dfa6e0b5569232559e3d385fea5a93112/library/alloc/src/boxed.rs:2021:9
[INFO] [stdout]   12:     0x563677f29ac7 - test::test_main::{{closure}}::h7500b54257359db6
[INFO] [stdout]                                at /rustc/82e1608dfa6e0b5569232559e3d385fea5a93112/library/test/src/lib.rs:138:21
[INFO] [stdout]   13:     0x56367813a968 - <alloc::boxed::Box<F,A> as core::ops::function::Fn<Args>>::call::h1f8f335eaa9cfaee
[INFO] [stdout]                                at /rustc/82e1608dfa6e0b5569232559e3d385fea5a93112/library/alloc/src/boxed.rs:2021:9
[INFO] [stdout]   14:     0x56367813a968 - std::panicking::rust_panic_with_hook::h2b5517d590cab22e
[INFO] [stdout]                                at /rustc/82e1608dfa6e0b5569232559e3d385fea5a93112/library/std/src/panicking.rs:783:13
[INFO] [stdout]   15:     0x56367813a6be - std::panicking::begin_panic_handler::{{closure}}::h233112c06e0ef43e
[INFO] [stdout]                                at /rustc/82e1608dfa6e0b5569232559e3d385fea5a93112/library/std/src/panicking.rs:657:13
[INFO] [stdout]   16:     0x563678138d76 - std::sys_common::backtrace::__rust_end_short_backtrace::h6e893f24d7ebbff8
[INFO] [stdout]                                at /rustc/82e1608dfa6e0b5569232559e3d385fea5a93112/library/std/src/sys_common/backtrace.rs:170:18
[INFO] [stdout]   17:     0x56367813a422 - rust_begin_unwind
[INFO] [stdout]                                at /rustc/82e1608dfa6e0b5569232559e3d385fea5a93112/library/std/src/panicking.rs:645:5
[INFO] [stdout]   18:     0x563677ee02a5 - core::panicking::panic_fmt::hbf0e066aabfa482c
[INFO] [stdout]                                at /rustc/82e1608dfa6e0b5569232559e3d385fea5a93112/library/core/src/panicking.rs:72:14
[INFO] [stdout]   19:     0x563677ee0873 - core::result::unwrap_failed::hddb4fea594200c52
[INFO] [stdout]                                at /rustc/82e1608dfa6e0b5569232559e3d385fea5a93112/library/core/src/result.rs:1653:5
[INFO] [stdout]   20:     0x563677eeb5db - core::result::Result<T,E>::unwrap::hb9c732e2a1d13e42
[INFO] [stdout]                                at /rustc/82e1608dfa6e0b5569232559e3d385fea5a93112/library/core/src/result.rs:1077:23
[INFO] [stdout]   21:     0x563677ef5059 - final_proj::preprocessing::read_data::read_connectivity_matrix::ha1dee32f793602a4
[INFO] [stdout]                                at /opt/rustwide/workdir/src/preprocessing.rs:41:20
[INFO] [stdout]   22:     0x563677ee67c2 - final_proj::test_dimensions_of_conn_matrix::h858d3452034d3030
[INFO] [stdout]                                at /opt/rustwide/workdir/src/main.rs:26:18
[INFO] [stdout]   23:     0x563677ee6787 - final_proj::test_dimensions_of_conn_matrix::{{closure}}::ha2356ab635de9651
[INFO] [stdout]                                at /opt/rustwide/workdir/src/main.rs:24:36
[INFO] [stdout]   24:     0x563677ee9f36 - core::ops::function::FnOnce::call_once::h6ecdbf3f7a5a349d
[INFO] [stdout]                                at /rustc/82e1608dfa6e0b5569232559e3d385fea5a93112/library/core/src/ops/function.rs:250:5
[INFO] [stdout]   25:     0x563677f2f11f - core::ops::function::FnOnce::call_once::h2b5d431d5046312d
[INFO] [stdout]                                at /rustc/82e1608dfa6e0b5569232559e3d385fea5a93112/library/core/src/ops/function.rs:250:5
[INFO] [stdout]   26:     0x563677f2f11f - test::__rust_begin_short_backtrace::h7714669af176e207
[INFO] [stdout]                                at /rustc/82e1608dfa6e0b5569232559e3d385fea5a93112/library/test/src/lib.rs:628:18
[INFO] [stdout]   27:     0x563677f2e135 - test::run_test_in_process::{{closure}}::h85218797dcbcec12
[INFO] [stdout]                                at /rustc/82e1608dfa6e0b5569232559e3d385fea5a93112/library/test/src/lib.rs:651:60
[INFO] [stdout]   28:     0x563677f2e135 - <core::panic::unwind_safe::AssertUnwindSafe<F> as core::ops::function::FnOnce<()>>::call_once::h76c106ea31c14d7b
[INFO] [stdout]                                at /rustc/82e1608dfa6e0b5569232559e3d385fea5a93112/library/core/src/panic/unwind_safe.rs:272:9
[INFO] [stdout]   29:     0x563677f2e135 - std::panicking::try::do_call::h3bd5d0f6620ee946
[INFO] [stdout]                                at /rustc/82e1608dfa6e0b5569232559e3d385fea5a93112/library/std/src/panicking.rs:552:40
[INFO] [stdout]   30:     0x563677f2e135 - std::panicking::try::h232e535e4744fe31
[INFO] [stdout]                                at /rustc/82e1608dfa6e0b5569232559e3d385fea5a93112/library/std/src/panicking.rs:516:19
[INFO] [stdout]   31:     0x563677f2e135 - std::panic::catch_unwind::h3ce3bd6ca8dbac68
[INFO] [stdout]                                at /rustc/82e1608dfa6e0b5569232559e3d385fea5a93112/library/std/src/panic.rs:142:14
[INFO] [stdout]   32:     0x563677f2e135 - test::run_test_in_process::hc97b257c9621286a
[INFO] [stdout]                                at /rustc/82e1608dfa6e0b5569232559e3d385fea5a93112/library/test/src/lib.rs:651:27
[INFO] [stdout]   33:     0x563677f2e135 - test::run_test::{{closure}}::h2aa798823a438d38
[INFO] [stdout]                                at /rustc/82e1608dfa6e0b5569232559e3d385fea5a93112/library/test/src/lib.rs:574:43
[INFO] [stdout]   34:     0x563677ef63f6 - test::run_test::{{closure}}::h87d231c78fb59832
[INFO] [stdout]                                at /rustc/82e1608dfa6e0b5569232559e3d385fea5a93112/library/test/src/lib.rs:602:41
[INFO] [stdout]   35:     0x563677ef63f6 - std::sys_common::backtrace::__rust_begin_short_backtrace::he6df152596625789
[INFO] [stdout]                                at /rustc/82e1608dfa6e0b5569232559e3d385fea5a93112/library/std/src/sys_common/backtrace.rs:154:18
[INFO] [stdout]   36:     0x563677efb4a7 - std::thread::Builder::spawn_unchecked_::{{closure}}::{{closure}}::ha94be15d1e0acf36
[INFO] [stdout]                                at /rustc/82e1608dfa6e0b5569232559e3d385fea5a93112/library/std/src/thread/mod.rs:529:17
[INFO] [stdout]   37:     0x563677efb4a7 - <core::panic::unwind_safe::AssertUnwindSafe<F> as core::ops::function::FnOnce<()>>::call_once::h9dc6bd6372f16606
[INFO] [stdout]                                at /rustc/82e1608dfa6e0b5569232559e3d385fea5a93112/library/core/src/panic/unwind_safe.rs:272:9
[INFO] [stdout]   38:     0x563677efb4a7 - std::panicking::try::do_call::h9057517f80303cd4
[INFO] [stdout]                                at /rustc/82e1608dfa6e0b5569232559e3d385fea5a93112/library/std/src/panicking.rs:552:40
[INFO] [stdout]   39:     0x563677efb4a7 - std::panicking::try::he3a30b11ee45340c
[INFO] [stdout]                                at /rustc/82e1608dfa6e0b5569232559e3d385fea5a93112/library/std/src/panicking.rs:516:19
[INFO] [stdout]   40:     0x563677efb4a7 - std::panic::catch_unwind::h410458cfd3528b8b
[INFO] [stdout]                                at /rustc/82e1608dfa6e0b5569232559e3d385fea5a93112/library/std/src/panic.rs:142:14
[INFO] [stdout]   41:     0x563677efb4a7 - std::thread::Builder::spawn_unchecked_::{{closure}}::h72ac3bdb567b737b
[INFO] [stdout]                                at /rustc/82e1608dfa6e0b5569232559e3d385fea5a93112/library/std/src/thread/mod.rs:528:30
[INFO] [stdout]   42:     0x563677efb4a7 - core::ops::function::FnOnce::call_once{{vtable.shim}}::h38f34da3654a8344
[INFO] [stdout]                                at /rustc/82e1608dfa6e0b5569232559e3d385fea5a93112/library/core/src/ops/function.rs:250:5
[INFO] [stdout]   43:     0x56367813f425 - <alloc::boxed::Box<F,A> as core::ops::function::FnOnce<Args>>::call_once::hc7eafaff61e32df9
[INFO] [stdout]                                at /rustc/82e1608dfa6e0b5569232559e3d385fea5a93112/library/alloc/src/boxed.rs:2007:9
[INFO] [stdout]   44:     0x56367813f425 - <alloc::boxed::Box<F,A> as core::ops::function::FnOnce<Args>>::call_once::h6ba4a5de48dd2304
[INFO] [stdout]                                at /rustc/82e1608dfa6e0b5569232559e3d385fea5a93112/library/alloc/src/boxed.rs:2007:9
[INFO] [stdout]   45:     0x56367813f425 - std::sys::unix::thread::Thread::new::thread_start::he469335aef763e45
[INFO] [stdout]                                at /rustc/82e1608dfa6e0b5569232559e3d385fea5a93112/library/std/src/sys/unix/thread.rs:108:17
[INFO] [stdout]   46:     0x7f3ec838dac3 - <unknown>
[INFO] [stdout]   47:     0x7f3ec841ebf4 - __clone
[INFO] [stdout]   48:                0x0 - <unknown>
[INFO] [stdout] 
[INFO] [stdout] 
[INFO] [stdout] failures:
[INFO] [stdout]     test_dimensions_of_conn_matrix
[INFO] [stdout] 
[INFO] [stdout] test result: FAILED. 4 passed; 1 failed; 0 ignored; 0 measured; 0 filtered out; finished in 0.03s
[INFO] [stdout] 
[INFO] [stderr] error: test failed, to rerun pass `--bin final_proj`
[INFO] running `Command { std: "docker" "inspect" "dcb8542914069976d13da329514517e67239790bc35c64f43760651790275360", kill_on_drop: false }`
[INFO] running `Command { std: "docker" "rm" "-f" "dcb8542914069976d13da329514517e67239790bc35c64f43760651790275360", kill_on_drop: false }`
[INFO] [stdout] dcb8542914069976d13da329514517e67239790bc35c64f43760651790275360
