[INFO] cloning repository https://github.com/shiwenlong12/easy-fs
[INFO] running `Command { std: "git" "-c" "credential.helper=" "-c" "credential.helper=/workspace/cargo-home/bin/git-credential-null" "clone" "--bare" "https://github.com/shiwenlong12/easy-fs" "/workspace/cache/git-repos/https%3A%2F%2Fgithub.com%2Fshiwenlong12%2Feasy-fs", kill_on_drop: false }`
[INFO] [stderr] Cloning into bare repository '/workspace/cache/git-repos/https%3A%2F%2Fgithub.com%2Fshiwenlong12%2Feasy-fs'...
[INFO] running `Command { std: "git" "rev-parse" "HEAD", kill_on_drop: false }`
[INFO] [stdout] 233ecbae4ef3a1e5a67dcb57c7059a3143517fe8
[INFO] testing shiwenlong12/easy-fs against 1.75.0 for beta-1.76-1
[INFO] running `Command { std: "git" "clone" "/workspace/cache/git-repos/https%3A%2F%2Fgithub.com%2Fshiwenlong12%2Feasy-fs" "/workspace/builds/worker-4-tc1/source", kill_on_drop: false }`
[INFO] [stderr] Cloning into '/workspace/builds/worker-4-tc1/source'...
[INFO] [stderr] done.
[INFO] [stderr] Updating files:  99% (1462/1465)
Updating files: 100% (1465/1465)
Updating files: 100% (1465/1465), done.
[INFO] validating manifest of git repo https://github.com/shiwenlong12/easy-fs on toolchain 1.75.0
[INFO] running `Command { std: CARGO_HOME="/workspace/cargo-home" RUSTUP_HOME="/workspace/rustup-home" "/workspace/cargo-home/bin/cargo" "+1.75.0" "metadata" "--manifest-path" "Cargo.toml" "--no-deps", kill_on_drop: false }`
[INFO] started tweaking git repo https://github.com/shiwenlong12/easy-fs
[INFO] finished tweaking git repo https://github.com/shiwenlong12/easy-fs
[INFO] tweaked toml for git repo https://github.com/shiwenlong12/easy-fs written to /workspace/builds/worker-4-tc1/source/Cargo.toml
[INFO] crate git repo https://github.com/shiwenlong12/easy-fs already has a lockfile, it will not be regenerated
[INFO] running `Command { std: CARGO_HOME="/workspace/cargo-home" RUSTUP_HOME="/workspace/rustup-home" "/workspace/cargo-home/bin/cargo" "+1.75.0" "fetch" "--manifest-path" "Cargo.toml", kill_on_drop: false }`
[INFO] [stderr]     Updating git repository `https://github.com/rcore-os/virtio-drivers`
[INFO] [stderr]  Downloading crates ...
[INFO] [stderr]   Downloaded volatile v0.3.0
[INFO] running `Command { std: "docker" "create" "-v" "/var/lib/crater-agent-workspace/builds/worker-4-tc1/target:/opt/rustwide/target:rw,Z" "-v" "/var/lib/crater-agent-workspace/builds/worker-4-tc1/source:/opt/rustwide/workdir:ro,Z" "-v" "/var/lib/crater-agent-workspace/cargo-home:/opt/rustwide/cargo-home:ro,Z" "-v" "/var/lib/crater-agent-workspace/rustup-home:/opt/rustwide/rustup-home:ro,Z" "-e" "SOURCE_DIR=/opt/rustwide/workdir" "-e" "CARGO_TARGET_DIR=/opt/rustwide/target" "-e" "CARGO_HOME=/opt/rustwide/cargo-home" "-e" "RUSTUP_HOME=/opt/rustwide/rustup-home" "-w" "/opt/rustwide/workdir" "-m" "1610612736" "--user" "0:0" "--network" "none" "ghcr.io/rust-lang/crates-build-env/linux@sha256:2788e3201cd34a07e3172128adcd8b3090168a8e3bcc40d7c032b9dda1df7d1c" "/opt/rustwide/cargo-home/bin/cargo" "+1.75.0" "metadata" "--no-deps" "--format-version=1", kill_on_drop: false }`
[INFO] [stdout] aa633bf8f6c63570301f45e964c7b384e2d17ef0121da7e52ba05aef20eaa590
[INFO] running `Command { std: "docker" "start" "-a" "aa633bf8f6c63570301f45e964c7b384e2d17ef0121da7e52ba05aef20eaa590", kill_on_drop: false }`
[INFO] running `Command { std: "docker" "inspect" "aa633bf8f6c63570301f45e964c7b384e2d17ef0121da7e52ba05aef20eaa590", kill_on_drop: false }`
[INFO] running `Command { std: "docker" "rm" "-f" "aa633bf8f6c63570301f45e964c7b384e2d17ef0121da7e52ba05aef20eaa590", kill_on_drop: false }`
[INFO] [stdout] aa633bf8f6c63570301f45e964c7b384e2d17ef0121da7e52ba05aef20eaa590
[INFO] running `Command { std: "docker" "create" "-v" "/var/lib/crater-agent-workspace/builds/worker-4-tc1/target:/opt/rustwide/target:rw,Z" "-v" "/var/lib/crater-agent-workspace/builds/worker-4-tc1/source:/opt/rustwide/workdir:ro,Z" "-v" "/var/lib/crater-agent-workspace/cargo-home:/opt/rustwide/cargo-home:ro,Z" "-v" "/var/lib/crater-agent-workspace/rustup-home:/opt/rustwide/rustup-home:ro,Z" "-e" "SOURCE_DIR=/opt/rustwide/workdir" "-e" "CARGO_TARGET_DIR=/opt/rustwide/target" "-e" "CARGO_INCREMENTAL=0" "-e" "RUST_BACKTRACE=full" "-e" "RUSTFLAGS=--cap-lints=warn" "-e" "RUSTDOCFLAGS=--cap-lints=warn" "-e" "CARGO_HOME=/opt/rustwide/cargo-home" "-e" "RUSTUP_HOME=/opt/rustwide/rustup-home" "-w" "/opt/rustwide/workdir" "-m" "1610612736" "--user" "0:0" "--network" "none" "ghcr.io/rust-lang/crates-build-env/linux@sha256:2788e3201cd34a07e3172128adcd8b3090168a8e3bcc40d7c032b9dda1df7d1c" "/opt/rustwide/cargo-home/bin/cargo" "+1.75.0" "build" "--frozen" "--message-format=json", kill_on_drop: false }`
[INFO] [stdout] 75fbda51bfd7f6d8f85c9ae6fed08b7c88c68502579424cd22e270dcb4be2f41
[INFO] running `Command { std: "docker" "start" "-a" "75fbda51bfd7f6d8f85c9ae6fed08b7c88c68502579424cd22e270dcb4be2f41", kill_on_drop: false }`
[INFO] [stderr]    Compiling autocfg v1.1.0
[INFO] [stderr]    Compiling log v0.4.17
[INFO] [stderr]    Compiling cfg-if v1.0.0
[INFO] [stderr]    Compiling scopeguard v1.1.0
[INFO] [stderr]    Compiling bitflags v1.3.2
[INFO] [stderr]    Compiling volatile v0.3.0
[INFO] [stderr]    Compiling lock_api v0.4.9
[INFO] [stderr]    Compiling virtio-drivers v0.1.0 (https://github.com/rcore-os/virtio-drivers?rev=4ee80e5#4ee80e50)
[INFO] [stderr]    Compiling spin v0.9.8
[INFO] [stderr]    Compiling easy-fs v0.1.0 (/opt/rustwide/workdir)
[INFO] [stderr]     Finished dev [unoptimized + debuginfo] target(s) in 0.75s
[INFO] running `Command { std: "docker" "inspect" "75fbda51bfd7f6d8f85c9ae6fed08b7c88c68502579424cd22e270dcb4be2f41", kill_on_drop: false }`
[INFO] running `Command { std: "docker" "rm" "-f" "75fbda51bfd7f6d8f85c9ae6fed08b7c88c68502579424cd22e270dcb4be2f41", kill_on_drop: false }`
[INFO] [stdout] 75fbda51bfd7f6d8f85c9ae6fed08b7c88c68502579424cd22e270dcb4be2f41
[INFO] running `Command { std: "docker" "create" "-v" "/var/lib/crater-agent-workspace/builds/worker-4-tc1/target:/opt/rustwide/target:rw,Z" "-v" "/var/lib/crater-agent-workspace/builds/worker-4-tc1/source:/opt/rustwide/workdir:ro,Z" "-v" "/var/lib/crater-agent-workspace/cargo-home:/opt/rustwide/cargo-home:ro,Z" "-v" "/var/lib/crater-agent-workspace/rustup-home:/opt/rustwide/rustup-home:ro,Z" "-e" "SOURCE_DIR=/opt/rustwide/workdir" "-e" "CARGO_TARGET_DIR=/opt/rustwide/target" "-e" "CARGO_INCREMENTAL=0" "-e" "RUST_BACKTRACE=full" "-e" "RUSTFLAGS=--cap-lints=warn" "-e" "RUSTDOCFLAGS=--cap-lints=warn" "-e" "CARGO_HOME=/opt/rustwide/cargo-home" "-e" "RUSTUP_HOME=/opt/rustwide/rustup-home" "-w" "/opt/rustwide/workdir" "-m" "1610612736" "--user" "0:0" "--network" "none" "ghcr.io/rust-lang/crates-build-env/linux@sha256:2788e3201cd34a07e3172128adcd8b3090168a8e3bcc40d7c032b9dda1df7d1c" "/opt/rustwide/cargo-home/bin/cargo" "+1.75.0" "test" "--frozen" "--no-run" "--message-format=json", kill_on_drop: false }`
[INFO] [stdout] 6157dc1b07cd65a486188c004c0d459d88c09b68966cc9e6625904bad4190344
[INFO] running `Command { std: "docker" "start" "-a" "6157dc1b07cd65a486188c004c0d459d88c09b68966cc9e6625904bad4190344", kill_on_drop: false }`
[INFO] [stderr]    Compiling easy-fs v0.1.0 (/opt/rustwide/workdir)
[INFO] [stderr]     Finished test [unoptimized + debuginfo] target(s) in 0.26s
[INFO] running `Command { std: "docker" "inspect" "6157dc1b07cd65a486188c004c0d459d88c09b68966cc9e6625904bad4190344", kill_on_drop: false }`
[INFO] running `Command { std: "docker" "rm" "-f" "6157dc1b07cd65a486188c004c0d459d88c09b68966cc9e6625904bad4190344", kill_on_drop: false }`
[INFO] [stdout] 6157dc1b07cd65a486188c004c0d459d88c09b68966cc9e6625904bad4190344
[INFO] running `Command { std: "docker" "create" "-v" "/var/lib/crater-agent-workspace/builds/worker-4-tc1/target:/opt/rustwide/target:rw,Z" "-v" "/var/lib/crater-agent-workspace/builds/worker-4-tc1/source:/opt/rustwide/workdir:ro,Z" "-v" "/var/lib/crater-agent-workspace/cargo-home:/opt/rustwide/cargo-home:ro,Z" "-v" "/var/lib/crater-agent-workspace/rustup-home:/opt/rustwide/rustup-home:ro,Z" "-e" "SOURCE_DIR=/opt/rustwide/workdir" "-e" "CARGO_TARGET_DIR=/opt/rustwide/target" "-e" "CARGO_INCREMENTAL=0" "-e" "RUST_BACKTRACE=full" "-e" "RUSTFLAGS=--cap-lints=warn" "-e" "RUSTDOCFLAGS=--cap-lints=warn" "-e" "CARGO_HOME=/opt/rustwide/cargo-home" "-e" "RUSTUP_HOME=/opt/rustwide/rustup-home" "-w" "/opt/rustwide/workdir" "-m" "1610612736" "--user" "0:0" "--network" "none" "ghcr.io/rust-lang/crates-build-env/linux@sha256:2788e3201cd34a07e3172128adcd8b3090168a8e3bcc40d7c032b9dda1df7d1c" "/opt/rustwide/cargo-home/bin/cargo" "+1.75.0" "test" "--frozen", kill_on_drop: false }`
[INFO] [stdout] 73955d622ab5acdc4bb8f46a1c65b97459034e31ac3e39dcc22cb0048eeb5fc7
[INFO] running `Command { std: "docker" "start" "-a" "73955d622ab5acdc4bb8f46a1c65b97459034e31ac3e39dcc22cb0048eeb5fc7", kill_on_drop: false }`
[INFO] [stderr]     Finished test [unoptimized + debuginfo] target(s) in 0.01s
[INFO] [stderr]      Running unittests src/lib.rs (/opt/rustwide/target/debug/deps/easy_fs-fb3707fddbef56d9)
[INFO] [stdout] 
[INFO] [stdout] running 0 tests
[INFO] [stdout] 
[INFO] [stdout] test result: ok. 0 passed; 0 failed; 0 ignored; 0 measured; 0 filtered out; finished in 0.00s
[INFO] [stdout] 
[INFO] [stderr]      Running tests/test.rs (/opt/rustwide/target/debug/deps/test-70c4e66537b6da9f)
[INFO] [stdout] 
[INFO] [stdout] running 1 test
[INFO] [stdout] test test_efs_vfs ... FAILED
[INFO] [stdout] 
[INFO] [stdout] failures:
[INFO] [stdout] 
[INFO] [stdout] ---- test_efs_vfs stdout ----
[INFO] [stdout] Error: Os { code: 30, kind: ReadOnlyFilesystem, message: "Read-only file system" }
[INFO] [stdout] 
[INFO] [stdout] 
[INFO] [stdout] failures:
[INFO] [stdout]     test_efs_vfs
[INFO] [stdout] 
[INFO] [stdout] test result: FAILED. 0 passed; 1 failed; 0 ignored; 0 measured; 0 filtered out; finished in 0.00s
[INFO] [stdout] 
[INFO] [stderr] error: test failed, to rerun pass `--test test`
[INFO] running `Command { std: "docker" "inspect" "73955d622ab5acdc4bb8f46a1c65b97459034e31ac3e39dcc22cb0048eeb5fc7", kill_on_drop: false }`
[INFO] running `Command { std: "docker" "rm" "-f" "73955d622ab5acdc4bb8f46a1c65b97459034e31ac3e39dcc22cb0048eeb5fc7", kill_on_drop: false }`
[INFO] [stdout] 73955d622ab5acdc4bb8f46a1c65b97459034e31ac3e39dcc22cb0048eeb5fc7
[INFO] testing shiwenlong12/easy-fs against beta-2023-12-22 for beta-1.76-1
[INFO] running `Command { std: "git" "clone" "/workspace/cache/git-repos/https%3A%2F%2Fgithub.com%2Fshiwenlong12%2Feasy-fs" "/workspace/builds/worker-4-tc2/source", kill_on_drop: false }`
[INFO] [stderr] Cloning into '/workspace/builds/worker-4-tc2/source'...
[INFO] [stderr] done.
[INFO] [stderr] Updating files:  99% (1462/1465)
Updating files: 100% (1465/1465)
Updating files: 100% (1465/1465), done.
[INFO] validating manifest of git repo https://github.com/shiwenlong12/easy-fs on toolchain beta-2023-12-22
[INFO] running `Command { std: CARGO_HOME="/workspace/cargo-home" RUSTUP_HOME="/workspace/rustup-home" "/workspace/cargo-home/bin/cargo" "+beta-2023-12-22" "metadata" "--manifest-path" "Cargo.toml" "--no-deps", kill_on_drop: false }`
[INFO] started tweaking git repo https://github.com/shiwenlong12/easy-fs
[INFO] finished tweaking git repo https://github.com/shiwenlong12/easy-fs
[INFO] tweaked toml for git repo https://github.com/shiwenlong12/easy-fs written to /workspace/builds/worker-4-tc2/source/Cargo.toml
[INFO] crate git repo https://github.com/shiwenlong12/easy-fs already has a lockfile, it will not be regenerated
[INFO] running `Command { std: CARGO_HOME="/workspace/cargo-home" RUSTUP_HOME="/workspace/rustup-home" "/workspace/cargo-home/bin/cargo" "+beta-2023-12-22" "fetch" "--manifest-path" "Cargo.toml", kill_on_drop: false }`
[INFO] running `Command { std: "docker" "create" "-v" "/var/lib/crater-agent-workspace/builds/worker-4-tc2/target:/opt/rustwide/target:rw,Z" "-v" "/var/lib/crater-agent-workspace/builds/worker-4-tc2/source:/opt/rustwide/workdir:ro,Z" "-v" "/var/lib/crater-agent-workspace/cargo-home:/opt/rustwide/cargo-home:ro,Z" "-v" "/var/lib/crater-agent-workspace/rustup-home:/opt/rustwide/rustup-home:ro,Z" "-e" "SOURCE_DIR=/opt/rustwide/workdir" "-e" "CARGO_TARGET_DIR=/opt/rustwide/target" "-e" "CARGO_HOME=/opt/rustwide/cargo-home" "-e" "RUSTUP_HOME=/opt/rustwide/rustup-home" "-w" "/opt/rustwide/workdir" "-m" "1610612736" "--user" "0:0" "--network" "none" "ghcr.io/rust-lang/crates-build-env/linux@sha256:2788e3201cd34a07e3172128adcd8b3090168a8e3bcc40d7c032b9dda1df7d1c" "/opt/rustwide/cargo-home/bin/cargo" "+beta-2023-12-22" "metadata" "--no-deps" "--format-version=1", kill_on_drop: false }`
[INFO] [stdout] 2056136204d940bf45d3699f0aa64f62141ae0f92ef28ccfc0cce59afc56ec22
[INFO] running `Command { std: "docker" "start" "-a" "2056136204d940bf45d3699f0aa64f62141ae0f92ef28ccfc0cce59afc56ec22", kill_on_drop: false }`
[INFO] running `Command { std: "docker" "inspect" "2056136204d940bf45d3699f0aa64f62141ae0f92ef28ccfc0cce59afc56ec22", kill_on_drop: false }`
[INFO] running `Command { std: "docker" "rm" "-f" "2056136204d940bf45d3699f0aa64f62141ae0f92ef28ccfc0cce59afc56ec22", kill_on_drop: false }`
[INFO] [stdout] 2056136204d940bf45d3699f0aa64f62141ae0f92ef28ccfc0cce59afc56ec22
[INFO] running `Command { std: "docker" "create" "-v" "/var/lib/crater-agent-workspace/builds/worker-4-tc2/target:/opt/rustwide/target:rw,Z" "-v" "/var/lib/crater-agent-workspace/builds/worker-4-tc2/source:/opt/rustwide/workdir:ro,Z" "-v" "/var/lib/crater-agent-workspace/cargo-home:/opt/rustwide/cargo-home:ro,Z" "-v" "/var/lib/crater-agent-workspace/rustup-home:/opt/rustwide/rustup-home:ro,Z" "-e" "SOURCE_DIR=/opt/rustwide/workdir" "-e" "CARGO_TARGET_DIR=/opt/rustwide/target" "-e" "CARGO_INCREMENTAL=0" "-e" "RUST_BACKTRACE=full" "-e" "RUSTFLAGS=--cap-lints=warn" "-e" "RUSTDOCFLAGS=--cap-lints=warn" "-e" "CARGO_HOME=/opt/rustwide/cargo-home" "-e" "RUSTUP_HOME=/opt/rustwide/rustup-home" "-w" "/opt/rustwide/workdir" "-m" "1610612736" "--user" "0:0" "--network" "none" "ghcr.io/rust-lang/crates-build-env/linux@sha256:2788e3201cd34a07e3172128adcd8b3090168a8e3bcc40d7c032b9dda1df7d1c" "/opt/rustwide/cargo-home/bin/cargo" "+beta-2023-12-22" "build" "--frozen" "--message-format=json", kill_on_drop: false }`
[INFO] [stdout] e1f4f2282512d0c237a54c7b02ba7a0264f1a27f34f2a5588dddeda9f96d2f9e
[INFO] running `Command { std: "docker" "start" "-a" "e1f4f2282512d0c237a54c7b02ba7a0264f1a27f34f2a5588dddeda9f96d2f9e", kill_on_drop: false }`
[INFO] [stderr]    Compiling autocfg v1.1.0
[INFO] [stderr]    Compiling log v0.4.17
[INFO] [stderr]    Compiling scopeguard v1.1.0
[INFO] [stderr]    Compiling cfg-if v1.0.0
[INFO] [stderr]    Compiling volatile v0.3.0
[INFO] [stderr]    Compiling bitflags v1.3.2
[INFO] [stderr]    Compiling lock_api v0.4.9
[INFO] [stderr]    Compiling virtio-drivers v0.1.0 (https://github.com/rcore-os/virtio-drivers?rev=4ee80e5#4ee80e50)
[INFO] [stderr]    Compiling spin v0.9.8
[INFO] [stderr]    Compiling easy-fs v0.1.0 (/opt/rustwide/workdir)
[INFO] [stderr]     Finished dev [unoptimized + debuginfo] target(s) in 0.74s
[INFO] running `Command { std: "docker" "inspect" "e1f4f2282512d0c237a54c7b02ba7a0264f1a27f34f2a5588dddeda9f96d2f9e", kill_on_drop: false }`
[INFO] running `Command { std: "docker" "rm" "-f" "e1f4f2282512d0c237a54c7b02ba7a0264f1a27f34f2a5588dddeda9f96d2f9e", kill_on_drop: false }`
[INFO] [stdout] e1f4f2282512d0c237a54c7b02ba7a0264f1a27f34f2a5588dddeda9f96d2f9e
[INFO] running `Command { std: "docker" "create" "-v" "/var/lib/crater-agent-workspace/builds/worker-4-tc2/target:/opt/rustwide/target:rw,Z" "-v" "/var/lib/crater-agent-workspace/builds/worker-4-tc2/source:/opt/rustwide/workdir:ro,Z" "-v" "/var/lib/crater-agent-workspace/cargo-home:/opt/rustwide/cargo-home:ro,Z" "-v" "/var/lib/crater-agent-workspace/rustup-home:/opt/rustwide/rustup-home:ro,Z" "-e" "SOURCE_DIR=/opt/rustwide/workdir" "-e" "CARGO_TARGET_DIR=/opt/rustwide/target" "-e" "CARGO_INCREMENTAL=0" "-e" "RUST_BACKTRACE=full" "-e" "RUSTFLAGS=--cap-lints=warn" "-e" "RUSTDOCFLAGS=--cap-lints=warn" "-e" "CARGO_HOME=/opt/rustwide/cargo-home" "-e" "RUSTUP_HOME=/opt/rustwide/rustup-home" "-w" "/opt/rustwide/workdir" "-m" "1610612736" "--user" "0:0" "--network" "none" "ghcr.io/rust-lang/crates-build-env/linux@sha256:2788e3201cd34a07e3172128adcd8b3090168a8e3bcc40d7c032b9dda1df7d1c" "/opt/rustwide/cargo-home/bin/cargo" "+beta-2023-12-22" "test" "--frozen" "--no-run" "--message-format=json", kill_on_drop: false }`
[INFO] [stdout] 29983229b546a27becb4589d5a5d8424003ae81325f84c75bca751cee85ec717
[INFO] running `Command { std: "docker" "start" "-a" "29983229b546a27becb4589d5a5d8424003ae81325f84c75bca751cee85ec717", kill_on_drop: false }`
[INFO] [stderr]    Compiling easy-fs v0.1.0 (/opt/rustwide/workdir)
[INFO] [stderr]     Finished test [unoptimized + debuginfo] target(s) in 0.27s
[INFO] running `Command { std: "docker" "inspect" "29983229b546a27becb4589d5a5d8424003ae81325f84c75bca751cee85ec717", kill_on_drop: false }`
[INFO] running `Command { std: "docker" "rm" "-f" "29983229b546a27becb4589d5a5d8424003ae81325f84c75bca751cee85ec717", kill_on_drop: false }`
[INFO] [stdout] 29983229b546a27becb4589d5a5d8424003ae81325f84c75bca751cee85ec717
[INFO] running `Command { std: "docker" "create" "-v" "/var/lib/crater-agent-workspace/builds/worker-4-tc2/target:/opt/rustwide/target:rw,Z" "-v" "/var/lib/crater-agent-workspace/builds/worker-4-tc2/source:/opt/rustwide/workdir:ro,Z" "-v" "/var/lib/crater-agent-workspace/cargo-home:/opt/rustwide/cargo-home:ro,Z" "-v" "/var/lib/crater-agent-workspace/rustup-home:/opt/rustwide/rustup-home:ro,Z" "-e" "SOURCE_DIR=/opt/rustwide/workdir" "-e" "CARGO_TARGET_DIR=/opt/rustwide/target" "-e" "CARGO_INCREMENTAL=0" "-e" "RUST_BACKTRACE=full" "-e" "RUSTFLAGS=--cap-lints=warn" "-e" "RUSTDOCFLAGS=--cap-lints=warn" "-e" "CARGO_HOME=/opt/rustwide/cargo-home" "-e" "RUSTUP_HOME=/opt/rustwide/rustup-home" "-w" "/opt/rustwide/workdir" "-m" "1610612736" "--user" "0:0" "--network" "none" "ghcr.io/rust-lang/crates-build-env/linux@sha256:2788e3201cd34a07e3172128adcd8b3090168a8e3bcc40d7c032b9dda1df7d1c" "/opt/rustwide/cargo-home/bin/cargo" "+beta-2023-12-22" "test" "--frozen", kill_on_drop: false }`
[INFO] [stdout] ab199ae29abdf3a156917d8cd43022213df362a8336df2fd3ea3a64fa6a11642
[INFO] running `Command { std: "docker" "start" "-a" "ab199ae29abdf3a156917d8cd43022213df362a8336df2fd3ea3a64fa6a11642", kill_on_drop: false }`
[INFO] [stderr]     Finished test [unoptimized + debuginfo] target(s) in 0.01s
[INFO] [stderr]      Running unittests src/lib.rs (/opt/rustwide/target/debug/deps/easy_fs-b45802df73b29721)
[INFO] [stdout] 
[INFO] [stdout] running 0 tests
[INFO] [stdout] 
[INFO] [stdout] test result: ok. 0 passed; 0 failed; 0 ignored; 0 measured; 0 filtered out; finished in 0.00s
[INFO] [stdout] 
[INFO] [stderr]      Running tests/test.rs (/opt/rustwide/target/debug/deps/test-4db57827abd305c7)
[INFO] [stdout] 
[INFO] [stdout] running 1 test
[INFO] [stdout] test test_efs_vfs ... FAILED
[INFO] [stdout] 
[INFO] [stdout] failures:
[INFO] [stdout] 
[INFO] [stdout] ---- test_efs_vfs stdout ----
[INFO] [stdout] Error: Os { code: 30, kind: ReadOnlyFilesystem, message: "Read-only file system" }
[INFO] [stdout] 
[INFO] [stdout] 
[INFO] [stdout] failures:
[INFO] [stdout]     test_efs_vfs
[INFO] [stdout] 
[INFO] [stdout] test result: FAILED. 0 passed; 1 failed; 0 ignored; 0 measured; 0 filtered out; finished in 0.00s
[INFO] [stdout] 
[INFO] [stderr] error: test failed, to rerun pass `--test test`
[INFO] running `Command { std: "docker" "inspect" "ab199ae29abdf3a156917d8cd43022213df362a8336df2fd3ea3a64fa6a11642", kill_on_drop: false }`
[INFO] running `Command { std: "docker" "rm" "-f" "ab199ae29abdf3a156917d8cd43022213df362a8336df2fd3ea3a64fa6a11642", kill_on_drop: false }`
[INFO] [stdout] ab199ae29abdf3a156917d8cd43022213df362a8336df2fd3ea3a64fa6a11642
