[INFO] cloning repository https://github.com/shijuleon/allot
[INFO] running `Command { std: "git" "-c" "credential.helper=" "-c" "credential.helper=/workspace/cargo-home/bin/git-credential-null" "clone" "--bare" "https://github.com/shijuleon/allot" "/workspace/cache/git-repos/https%3A%2F%2Fgithub.com%2Fshijuleon%2Fallot", kill_on_drop: false }`
[INFO] [stderr] Cloning into bare repository '/workspace/cache/git-repos/https%3A%2F%2Fgithub.com%2Fshijuleon%2Fallot'...
[INFO] running `Command { std: "git" "rev-parse" "HEAD", kill_on_drop: false }`
[INFO] [stdout] 9803e000bd21fb5ded76b9d437485d3aa308aeb4
[INFO] testing shijuleon/allot against 1.75.0 for beta-1.76-1
[INFO] running `Command { std: "git" "clone" "/workspace/cache/git-repos/https%3A%2F%2Fgithub.com%2Fshijuleon%2Fallot" "/workspace/builds/worker-3-tc1/source", kill_on_drop: false }`
[INFO] [stderr] Cloning into '/workspace/builds/worker-3-tc1/source'...
[INFO] [stderr] done.
[INFO] validating manifest of git repo https://github.com/shijuleon/allot on toolchain 1.75.0
[INFO] running `Command { std: CARGO_HOME="/workspace/cargo-home" RUSTUP_HOME="/workspace/rustup-home" "/workspace/cargo-home/bin/cargo" "+1.75.0" "metadata" "--manifest-path" "Cargo.toml" "--no-deps", kill_on_drop: false }`
[INFO] started tweaking git repo https://github.com/shijuleon/allot
[INFO] finished tweaking git repo https://github.com/shijuleon/allot
[INFO] tweaked toml for git repo https://github.com/shijuleon/allot written to /workspace/builds/worker-3-tc1/source/Cargo.toml
[INFO] crate git repo https://github.com/shijuleon/allot already has a lockfile, it will not be regenerated
[INFO] running `Command { std: CARGO_HOME="/workspace/cargo-home" RUSTUP_HOME="/workspace/rustup-home" "/workspace/cargo-home/bin/cargo" "+1.75.0" "fetch" "--manifest-path" "Cargo.toml", kill_on_drop: false }`
[INFO] [stderr]  Downloading crates ...
[INFO] [stderr]   Downloaded aws-sdk-dynamodb v0.24.0
[INFO] running `Command { std: "docker" "create" "-v" "/var/lib/crater-agent-workspace/builds/worker-3-tc1/target:/opt/rustwide/target:rw,Z" "-v" "/var/lib/crater-agent-workspace/builds/worker-3-tc1/source:/opt/rustwide/workdir:ro,Z" "-v" "/var/lib/crater-agent-workspace/cargo-home:/opt/rustwide/cargo-home:ro,Z" "-v" "/var/lib/crater-agent-workspace/rustup-home:/opt/rustwide/rustup-home:ro,Z" "-e" "SOURCE_DIR=/opt/rustwide/workdir" "-e" "CARGO_TARGET_DIR=/opt/rustwide/target" "-e" "CARGO_HOME=/opt/rustwide/cargo-home" "-e" "RUSTUP_HOME=/opt/rustwide/rustup-home" "-w" "/opt/rustwide/workdir" "-m" "1610612736" "--user" "0:0" "--network" "none" "ghcr.io/rust-lang/crates-build-env/linux@sha256:2788e3201cd34a07e3172128adcd8b3090168a8e3bcc40d7c032b9dda1df7d1c" "/opt/rustwide/cargo-home/bin/cargo" "+1.75.0" "metadata" "--no-deps" "--format-version=1", kill_on_drop: false }`
[INFO] [stdout] ed30c4898313099e082a86acac48595c404bb4b0baab9703d04308c9c5a128a7
[INFO] running `Command { std: "docker" "start" "-a" "ed30c4898313099e082a86acac48595c404bb4b0baab9703d04308c9c5a128a7", kill_on_drop: false }`
[INFO] running `Command { std: "docker" "inspect" "ed30c4898313099e082a86acac48595c404bb4b0baab9703d04308c9c5a128a7", kill_on_drop: false }`
[INFO] running `Command { std: "docker" "rm" "-f" "ed30c4898313099e082a86acac48595c404bb4b0baab9703d04308c9c5a128a7", kill_on_drop: false }`
[INFO] [stdout] ed30c4898313099e082a86acac48595c404bb4b0baab9703d04308c9c5a128a7
[INFO] running `Command { std: "docker" "create" "-v" "/var/lib/crater-agent-workspace/builds/worker-3-tc1/target:/opt/rustwide/target:rw,Z" "-v" "/var/lib/crater-agent-workspace/builds/worker-3-tc1/source:/opt/rustwide/workdir:ro,Z" "-v" "/var/lib/crater-agent-workspace/cargo-home:/opt/rustwide/cargo-home:ro,Z" "-v" "/var/lib/crater-agent-workspace/rustup-home:/opt/rustwide/rustup-home:ro,Z" "-e" "SOURCE_DIR=/opt/rustwide/workdir" "-e" "CARGO_TARGET_DIR=/opt/rustwide/target" "-e" "CARGO_INCREMENTAL=0" "-e" "RUST_BACKTRACE=full" "-e" "RUSTFLAGS=--cap-lints=warn" "-e" "RUSTDOCFLAGS=--cap-lints=warn" "-e" "CARGO_HOME=/opt/rustwide/cargo-home" "-e" "RUSTUP_HOME=/opt/rustwide/rustup-home" "-w" "/opt/rustwide/workdir" "-m" "1610612736" "--user" "0:0" "--network" "none" "ghcr.io/rust-lang/crates-build-env/linux@sha256:2788e3201cd34a07e3172128adcd8b3090168a8e3bcc40d7c032b9dda1df7d1c" "/opt/rustwide/cargo-home/bin/cargo" "+1.75.0" "build" "--frozen" "--message-format=json", kill_on_drop: false }`
[INFO] [stdout] 3432791ccc4e3a9f2845f0f8f325d94906b3f0decb5372250e15264cbdde4b80
[INFO] running `Command { std: "docker" "start" "-a" "3432791ccc4e3a9f2845f0f8f325d94906b3f0decb5372250e15264cbdde4b80", kill_on_drop: false }`
[INFO] [stderr]    Compiling autocfg v1.1.0
[INFO] [stderr]    Compiling libc v0.2.140
[INFO] [stderr]    Compiling proc-macro2 v1.0.52
[INFO] [stderr]    Compiling unicode-ident v1.0.8
[INFO] [stderr]    Compiling quote v1.0.26
[INFO] [stderr]    Compiling cfg-if v1.0.0
[INFO] [stderr]    Compiling syn v1.0.109
[INFO] [stderr]    Compiling log v0.4.17
[INFO] [stderr]    Compiling memchr v2.5.0
[INFO] [stderr]    Compiling parking_lot_core v0.9.7
[INFO] [stderr]    Compiling pin-project-lite v0.2.9
[INFO] [stderr]    Compiling bytes v1.4.0
[INFO] [stderr]    Compiling once_cell v1.17.1
[INFO] [stderr]    Compiling futures-core v0.3.27
[INFO] [stderr]    Compiling scopeguard v1.1.0
[INFO] [stderr]    Compiling smallvec v1.10.0
[INFO] [stderr]    Compiling itoa v1.0.6
[INFO] [stderr]    Compiling futures-task v0.3.27
[INFO] [stderr]    Compiling futures-util v0.3.27
[INFO] [stderr]    Compiling pin-utils v0.1.0
[INFO] [stderr]    Compiling tracing-core v0.1.30
[INFO] [stderr]    Compiling cc v1.0.79
[INFO] [stderr]    Compiling fnv v1.0.7
[INFO] [stderr]    Compiling vsimd v0.8.0
[INFO] [stderr]    Compiling outref v0.5.1
[INFO] [stderr]    Compiling ryu v1.0.13
[INFO] [stderr]    Compiling time-core v0.1.0
[INFO] [stderr]    Compiling httparse v1.8.0
[INFO] [stderr]    Compiling lock_api v0.4.9
[INFO] [stderr]    Compiling tokio v1.26.0
[INFO] [stderr]    Compiling slab v0.4.8
[INFO] [stderr]    Compiling num-traits v0.2.15
[INFO] [stderr]    Compiling num-integer v0.1.45
[INFO] [stderr]    Compiling indexmap v1.9.2
[INFO] [stderr]    Compiling http v0.2.9
[INFO] [stderr]    Compiling time v0.3.20
[INFO] [stderr]    Compiling hashbrown v0.12.3
[INFO] [stderr]    Compiling futures-channel v0.3.27
[INFO] [stderr]    Compiling futures-sink v0.3.27
[INFO] [stderr]    Compiling tower-service v0.3.2
[INFO] [stderr]    Compiling untrusted v0.7.1
[INFO] [stderr]    Compiling try-lock v0.2.4
[INFO] [stderr]    Compiling spin v0.5.2
[INFO] [stderr]    Compiling base64-simd v0.8.0
[INFO] [stderr]    Compiling want v0.3.0
[INFO] [stderr]    Compiling typenum v1.16.0
[INFO] [stderr]    Compiling version_check v0.9.4
[INFO] [stderr]    Compiling mio v0.8.6
[INFO] [stderr]    Compiling socket2 v0.4.9
[INFO] [stderr]    Compiling signal-hook-registry v1.4.1
[INFO] [stderr]    Compiling num_cpus v1.15.0
[INFO] [stderr]    Compiling httpdate v1.0.2
[INFO] [stderr]    Compiling parking_lot v0.12.1
[INFO] [stderr]    Compiling http-body v0.4.5
[INFO] [stderr]    Compiling generic-array v0.14.6
[INFO] [stderr]    Compiling semver v1.0.17
[INFO] [stderr]    Compiling rustls v0.20.8
[INFO] [stderr]    Compiling ring v0.16.20
[INFO] [stderr]    Compiling either v1.8.1
[INFO] [stderr]    Compiling percent-encoding v2.2.0
[INFO] [stderr]    Compiling base64 v0.21.0
[INFO] [stderr]    Compiling openssl-probe v0.1.5
[INFO] [stderr]    Compiling tower-layer v0.3.2
[INFO] [stderr]    Compiling zeroize v1.5.7
[INFO] [stderr]    Compiling subtle v2.4.1
[INFO] [stderr]    Compiling lazy_static v1.4.0
[INFO] [stderr]    Compiling bytes-utils v0.1.3
[INFO] [stderr]    Compiling fastrand v1.9.0
[INFO] [stderr]    Compiling aho-corasick v0.7.20
[INFO] [stderr]    Compiling regex-syntax v0.6.28
[INFO] [stderr]    Compiling cpufeatures v0.2.5
[INFO] [stderr]    Compiling form_urlencoded v1.1.0
[INFO] [stderr]    Compiling hex v0.4.3
[INFO] [stderr]    Compiling getrandom v0.2.8
[INFO] [stderr]    Compiling serde_derive v1.0.157
[INFO] [stderr]    Compiling rustls-pemfile v1.0.2
[INFO] [stderr]    Compiling rustc_version v0.4.0
[INFO] [stderr]    Compiling rand_core v0.6.4
[INFO] [stderr]    Compiling syn v2.0.2
[INFO] [stderr]    Compiling rustls-native-certs v0.6.2
[INFO] [stderr]    Compiling urlencoding v2.1.2
[INFO] [stderr]    Compiling serde v1.0.157
[INFO] [stderr]    Compiling ppv-lite86 v0.2.17
[INFO] [stderr]    Compiling xmlparser v0.13.5
[INFO] [stderr]    Compiling serde_json v1.0.94
[INFO] [stderr]    Compiling aws-smithy-types v0.54.4
[INFO] [stderr]    Compiling aws-types v0.54.1
[INFO] [stderr]    Compiling rand_chacha v0.3.1
[INFO] [stderr]    Compiling aws-smithy-xml v0.54.4
[INFO] [stderr]    Compiling aws-smithy-json v0.54.4
[INFO] [stderr]    Compiling aws-smithy-query v0.54.4
[INFO] [stderr]    Compiling rand v0.8.5
[INFO] [stderr]    Compiling crypto-common v0.1.6
[INFO] [stderr]    Compiling block-buffer v0.10.4
[INFO] [stderr]    Compiling digest v0.10.6
[INFO] [stderr]    Compiling sha2 v0.10.6
[INFO] [stderr]    Compiling hmac v0.12.1
[INFO] [stderr]    Compiling regex v1.7.1
[INFO] [stderr]    Compiling webpki v0.22.0
[INFO] [stderr]    Compiling sct v0.7.0
[INFO] [stderr]    Compiling tokio-macros v1.8.2
[INFO] [stderr]    Compiling futures-macro v0.3.27
[INFO] [stderr]    Compiling tracing-attributes v0.1.23
[INFO] [stderr]    Compiling pin-project-internal v1.0.12
[INFO] [stderr]    Compiling uuid-macro-internal v1.3.0
[INFO] [stderr]    Compiling uuid v1.3.0
[INFO] [stderr]    Compiling pin-project v1.0.12
[INFO] [stderr]    Compiling tracing v0.1.37
[INFO] [stderr]    Compiling tokio-util v0.7.7
[INFO] [stderr]    Compiling tokio-stream v0.1.12
[INFO] [stderr]    Compiling tokio-rustls v0.23.4
[INFO] [stderr]    Compiling tower v0.4.13
[INFO] [stderr]    Compiling aws-smithy-async v0.54.4
[INFO] [stderr]    Compiling aws-credential-types v0.54.1
[INFO] [stderr]    Compiling h2 v0.3.16
[INFO] [stderr]    Compiling hyper v0.14.25
[INFO] [stderr]    Compiling aws-smithy-http v0.54.4
[INFO] [stderr]    Compiling hyper-rustls v0.23.2
[INFO] [stderr]    Compiling aws-smithy-http-tower v0.54.4
[INFO] [stderr]    Compiling aws-sigv4 v0.54.1
[INFO] [stderr]    Compiling aws-smithy-client v0.54.4
[INFO] [stderr]    Compiling aws-endpoint v0.54.1
[INFO] [stderr]    Compiling aws-http v0.54.1
[INFO] [stderr]    Compiling aws-sig-auth v0.54.1
[INFO] [stderr]    Compiling aws-sdk-sso v0.24.0
[INFO] [stderr]    Compiling aws-sdk-sts v0.24.0
[INFO] [stderr]    Compiling aws-sdk-dynamodb v0.24.0
[INFO] [stderr]    Compiling aws-config v0.54.1
[INFO] [stderr]    Compiling allot v0.1.0 (/opt/rustwide/workdir)
[INFO] [stdout] warning: function `read_hosts_from_json` is never used
[INFO] [stdout]   --> src/main.rs:76:4
[INFO] [stdout]    |
[INFO] [stdout] 76 | fn read_hosts_from_json(f: File) -> Result<ClusterInfo, std::io::Error> {
[INFO] [stdout]    |    ^^^^^^^^^^^^^^^^^^^^
[INFO] [stdout]    |
[INFO] [stdout]    = note: `#[warn(dead_code)]` on by default
[INFO] [stdout] 
[INFO] [stdout] 
[INFO] [stdout] warning: function `read_hosts_from_path` is never used
[INFO] [stdout]   --> src/main.rs:86:4
[INFO] [stdout]    |
[INFO] [stdout] 86 | fn read_hosts_from_path(path: PathBuf) -> std::io::Result<File> {
[INFO] [stdout]    |    ^^^^^^^^^^^^^^^^^^^^
[INFO] [stdout] 
[INFO] [stdout] 
[INFO] [stdout] warning: function `validate_hosts` is never used
[INFO] [stdout]   --> src/main.rs:91:4
[INFO] [stdout]    |
[INFO] [stdout] 91 | fn validate_hosts(hosts: Vec<Host>) {
[INFO] [stdout]    |    ^^^^^^^^^^^^^^
[INFO] [stdout] 
[INFO] [stdout] 
[INFO] [stdout] warning: function `update_hosts` is never used
[INFO] [stdout]   --> src/main.rs:99:10
[INFO] [stdout]    |
[INFO] [stdout] 99 | async fn update_hosts(
[INFO] [stdout]    |          ^^^^^^^^^^^^
[INFO] [stdout] 
[INFO] [stdout] 
[INFO] [stdout] warning: function `create_table` is never used
[INFO] [stdout]    --> src/main.rs:122:10
[INFO] [stdout]     |
[INFO] [stdout] 122 | async fn create_table() -> Result<(), dynamodb::Error> {
[INFO] [stdout]     |          ^^^^^^^^^^^^
[INFO] [stdout] 
[INFO] [stdout] 
[INFO] [stdout] warning: 5 warnings emitted
[INFO] [stdout] 
[INFO] [stdout] 
[INFO] [stderr]     Finished dev [unoptimized + debuginfo] target(s) in 25.74s
[INFO] running `Command { std: "docker" "inspect" "3432791ccc4e3a9f2845f0f8f325d94906b3f0decb5372250e15264cbdde4b80", kill_on_drop: false }`
[INFO] running `Command { std: "docker" "rm" "-f" "3432791ccc4e3a9f2845f0f8f325d94906b3f0decb5372250e15264cbdde4b80", kill_on_drop: false }`
[INFO] [stdout] 3432791ccc4e3a9f2845f0f8f325d94906b3f0decb5372250e15264cbdde4b80
[INFO] running `Command { std: "docker" "create" "-v" "/var/lib/crater-agent-workspace/builds/worker-3-tc1/target:/opt/rustwide/target:rw,Z" "-v" "/var/lib/crater-agent-workspace/builds/worker-3-tc1/source:/opt/rustwide/workdir:ro,Z" "-v" "/var/lib/crater-agent-workspace/cargo-home:/opt/rustwide/cargo-home:ro,Z" "-v" "/var/lib/crater-agent-workspace/rustup-home:/opt/rustwide/rustup-home:ro,Z" "-e" "SOURCE_DIR=/opt/rustwide/workdir" "-e" "CARGO_TARGET_DIR=/opt/rustwide/target" "-e" "CARGO_INCREMENTAL=0" "-e" "RUST_BACKTRACE=full" "-e" "RUSTFLAGS=--cap-lints=warn" "-e" "RUSTDOCFLAGS=--cap-lints=warn" "-e" "CARGO_HOME=/opt/rustwide/cargo-home" "-e" "RUSTUP_HOME=/opt/rustwide/rustup-home" "-w" "/opt/rustwide/workdir" "-m" "1610612736" "--user" "0:0" "--network" "none" "ghcr.io/rust-lang/crates-build-env/linux@sha256:2788e3201cd34a07e3172128adcd8b3090168a8e3bcc40d7c032b9dda1df7d1c" "/opt/rustwide/cargo-home/bin/cargo" "+1.75.0" "test" "--frozen" "--no-run" "--message-format=json", kill_on_drop: false }`
[INFO] [stdout] 8c61d13b75839b6301464fa11bbb83b120ed933382f58b57d74af68297634afc
[INFO] running `Command { std: "docker" "start" "-a" "8c61d13b75839b6301464fa11bbb83b120ed933382f58b57d74af68297634afc", kill_on_drop: false }`
[INFO] [stderr]    Compiling allot v0.1.0 (/opt/rustwide/workdir)
[INFO] [stdout] warning: function `validate_hosts` is never used
[INFO] [stdout]   --> src/main.rs:91:4
[INFO] [stdout]    |
[INFO] [stdout] 91 | fn validate_hosts(hosts: Vec<Host>) {
[INFO] [stdout]    |    ^^^^^^^^^^^^^^
[INFO] [stdout]    |
[INFO] [stdout]    = note: `#[warn(dead_code)]` on by default
[INFO] [stdout] 
[INFO] [stdout] 
[INFO] [stdout] warning: function `create_table` is never used
[INFO] [stdout]    --> src/main.rs:122:10
[INFO] [stdout]     |
[INFO] [stdout] 122 | async fn create_table() -> Result<(), dynamodb::Error> {
[INFO] [stdout]     |          ^^^^^^^^^^^^
[INFO] [stdout] 
[INFO] [stdout] 
[INFO] [stdout] warning: 2 warnings emitted
[INFO] [stdout] 
[INFO] [stdout] 
[INFO] [stderr]     Finished test [unoptimized + debuginfo] target(s) in 4.09s
[INFO] running `Command { std: "docker" "inspect" "8c61d13b75839b6301464fa11bbb83b120ed933382f58b57d74af68297634afc", kill_on_drop: false }`
[INFO] running `Command { std: "docker" "rm" "-f" "8c61d13b75839b6301464fa11bbb83b120ed933382f58b57d74af68297634afc", kill_on_drop: false }`
[INFO] [stdout] 8c61d13b75839b6301464fa11bbb83b120ed933382f58b57d74af68297634afc
[INFO] running `Command { std: "docker" "create" "-v" "/var/lib/crater-agent-workspace/builds/worker-3-tc1/target:/opt/rustwide/target:rw,Z" "-v" "/var/lib/crater-agent-workspace/builds/worker-3-tc1/source:/opt/rustwide/workdir:ro,Z" "-v" "/var/lib/crater-agent-workspace/cargo-home:/opt/rustwide/cargo-home:ro,Z" "-v" "/var/lib/crater-agent-workspace/rustup-home:/opt/rustwide/rustup-home:ro,Z" "-e" "SOURCE_DIR=/opt/rustwide/workdir" "-e" "CARGO_TARGET_DIR=/opt/rustwide/target" "-e" "CARGO_INCREMENTAL=0" "-e" "RUST_BACKTRACE=full" "-e" "RUSTFLAGS=--cap-lints=warn" "-e" "RUSTDOCFLAGS=--cap-lints=warn" "-e" "CARGO_HOME=/opt/rustwide/cargo-home" "-e" "RUSTUP_HOME=/opt/rustwide/rustup-home" "-w" "/opt/rustwide/workdir" "-m" "1610612736" "--user" "0:0" "--network" "none" "ghcr.io/rust-lang/crates-build-env/linux@sha256:2788e3201cd34a07e3172128adcd8b3090168a8e3bcc40d7c032b9dda1df7d1c" "/opt/rustwide/cargo-home/bin/cargo" "+1.75.0" "test" "--frozen", kill_on_drop: false }`
[INFO] [stdout] 99a93e7f9ed29c26a4900aad207eea4eb5a32f5f556e9b1fffad9c8869a46f24
[INFO] running `Command { std: "docker" "start" "-a" "99a93e7f9ed29c26a4900aad207eea4eb5a32f5f556e9b1fffad9c8869a46f24", kill_on_drop: false }`
[INFO] [stderr] warning: function `validate_hosts` is never used
[INFO] [stderr]   --> src/main.rs:91:4
[INFO] [stderr]    |
[INFO] [stderr] 91 | fn validate_hosts(hosts: Vec<Host>) {
[INFO] [stderr]    |    ^^^^^^^^^^^^^^
[INFO] [stderr]    |
[INFO] [stderr]    = note: `#[warn(dead_code)]` on by default
[INFO] [stderr] 
[INFO] [stderr] warning: function `create_table` is never used
[INFO] [stderr]    --> src/main.rs:122:10
[INFO] [stderr]     |
[INFO] [stderr] 122 | async fn create_table() -> Result<(), dynamodb::Error> {
[INFO] [stderr]     |          ^^^^^^^^^^^^
[INFO] [stderr] 
[INFO] [stderr] warning: `allot` (bin "allot" test) generated 2 warnings
[INFO] [stderr]     Finished test [unoptimized + debuginfo] target(s) in 0.09s
[INFO] [stderr]      Running unittests src/main.rs (/opt/rustwide/target/debug/deps/allot-bcd7233e36b2abda)
[INFO] [stdout] 
[INFO] [stdout] running 1 test
[INFO] [stdout] test test_read_path ... FAILED
[INFO] [stdout] 
[INFO] [stdout] failures:
[INFO] [stdout] 
[INFO] [stdout] ---- test_read_path stdout ----
[INFO] [stdout] {"cluster": S("us-east-1"), "hosts": L([M({"used": N("8"), "identifier": S("box-a"), "capacity": N("9")}), M({"identifier": S("box-b"), "capacity": N("1"), "used": N("1")}), M({"used": N("0"), "identifier": S("box-c"), "capacity": N("5")})]), "cluster_id": N("1"), "saturated_hosts_count": N("0")}
[INFO] [stdout] thread 'test_read_path' panicked at src/main.rs:181:25:
[INFO] [stdout] called `Result::unwrap()` on an `Err` value: Unhandled(Unhandled { source: ConstructionFailure(ConstructionFailure { source: ResolveEndpointError { message: "could not construct endpoint parameters", source: Some(InvalidParams { field: "region" }) } }) })
[INFO] [stdout] stack backtrace:
[INFO] [stdout]    0:     0x56299c6ffcec - std::backtrace_rs::backtrace::libunwind::trace::ha637c64ce894333a
[INFO] [stdout]                                at /rustc/82e1608dfa6e0b5569232559e3d385fea5a93112/library/std/src/../../backtrace/src/backtrace/libunwind.rs:104:5
[INFO] [stdout]    1:     0x56299c6ffcec - std::backtrace_rs::backtrace::trace_unsynchronized::h47f62dea28e0c88d
[INFO] [stdout]                                at /rustc/82e1608dfa6e0b5569232559e3d385fea5a93112/library/std/src/../../backtrace/src/backtrace/mod.rs:66:5
[INFO] [stdout]    2:     0x56299c6ffcec - std::sys_common::backtrace::_print_fmt::h9eef0abe20ede486
[INFO] [stdout]                                at /rustc/82e1608dfa6e0b5569232559e3d385fea5a93112/library/std/src/sys_common/backtrace.rs:67:5
[INFO] [stdout]    3:     0x56299c6ffcec - <std::sys_common::backtrace::_print::DisplayBacktrace as core::fmt::Display>::fmt::hed7f999df88cc644
[INFO] [stdout]                                at /rustc/82e1608dfa6e0b5569232559e3d385fea5a93112/library/std/src/sys_common/backtrace.rs:44:22
[INFO] [stdout]    4:     0x56299c72fcd0 - core::fmt::rt::Argument::fmt::h1539a9308b8d058d
[INFO] [stdout]                                at /rustc/82e1608dfa6e0b5569232559e3d385fea5a93112/library/core/src/fmt/rt.rs:142:9
[INFO] [stdout]    5:     0x56299c72fcd0 - core::fmt::write::h3a39390d8560d9c9
[INFO] [stdout]                                at /rustc/82e1608dfa6e0b5569232559e3d385fea5a93112/library/core/src/fmt/mod.rs:1120:17
[INFO] [stdout]    6:     0x56299c6fc90f - std::io::Write::write_fmt::h040b369f3a0f9cbc
[INFO] [stdout]                                at /rustc/82e1608dfa6e0b5569232559e3d385fea5a93112/library/std/src/io/mod.rs:1762:15
[INFO] [stdout]    7:     0x56299c6ffad4 - std::sys_common::backtrace::_print::h894006fb5c6f3d45
[INFO] [stdout]                                at /rustc/82e1608dfa6e0b5569232559e3d385fea5a93112/library/std/src/sys_common/backtrace.rs:47:5
[INFO] [stdout]    8:     0x56299c6ffad4 - std::sys_common::backtrace::print::h23a2d212c6fff936
[INFO] [stdout]                                at /rustc/82e1608dfa6e0b5569232559e3d385fea5a93112/library/std/src/sys_common/backtrace.rs:34:9
[INFO] [stdout]    9:     0x56299c701817 - std::panicking::default_hook::{{closure}}::h8a1d2ee00185001a
[INFO] [stdout]   10:     0x56299c701503 - std::panicking::default_hook::h6038f2eba384e475
[INFO] [stdout]                                at /rustc/82e1608dfa6e0b5569232559e3d385fea5a93112/library/std/src/panicking.rs:289:9
[INFO] [stdout]   11:     0x56299be62177 - <alloc::boxed::Box<F,A> as core::ops::function::Fn<Args>>::call::h0ad024c9bdc6d768
[INFO] [stdout]                                at /rustc/82e1608dfa6e0b5569232559e3d385fea5a93112/library/alloc/src/boxed.rs:2021:9
[INFO] [stdout]   12:     0x56299be62177 - test::test_main::{{closure}}::h7500b54257359db6
[INFO] [stdout]                                at /rustc/82e1608dfa6e0b5569232559e3d385fea5a93112/library/test/src/lib.rs:138:21
[INFO] [stdout]   13:     0x56299c701e28 - <alloc::boxed::Box<F,A> as core::ops::function::Fn<Args>>::call::h1f8f335eaa9cfaee
[INFO] [stdout]                                at /rustc/82e1608dfa6e0b5569232559e3d385fea5a93112/library/alloc/src/boxed.rs:2021:9
[INFO] [stdout]   14:     0x56299c701e28 - std::panicking::rust_panic_with_hook::h2b5517d590cab22e
[INFO] [stdout]                                at /rustc/82e1608dfa6e0b5569232559e3d385fea5a93112/library/std/src/panicking.rs:783:13
[INFO] [stdout]   15:     0x56299c701b7e - std::panicking::begin_panic_handler::{{closure}}::h233112c06e0ef43e
[INFO] [stdout]                                at /rustc/82e1608dfa6e0b5569232559e3d385fea5a93112/library/std/src/panicking.rs:657:13
[INFO] [stdout]   16:     0x56299c7001b6 - std::sys_common::backtrace::__rust_end_short_backtrace::h6e893f24d7ebbff8
[INFO] [stdout]                                at /rustc/82e1608dfa6e0b5569232559e3d385fea5a93112/library/std/src/sys_common/backtrace.rs:170:18
[INFO] [stdout]   17:     0x56299c7018e2 - rust_begin_unwind
[INFO] [stdout]                                at /rustc/82e1608dfa6e0b5569232559e3d385fea5a93112/library/std/src/panicking.rs:645:5
[INFO] [stdout]   18:     0x56299ba72505 - core::panicking::panic_fmt::hbf0e066aabfa482c
[INFO] [stdout]                                at /rustc/82e1608dfa6e0b5569232559e3d385fea5a93112/library/core/src/panicking.rs:72:14
[INFO] [stdout]   19:     0x56299ba72ad3 - core::result::unwrap_failed::hddb4fea594200c52
[INFO] [stdout]                                at /rustc/82e1608dfa6e0b5569232559e3d385fea5a93112/library/core/src/result.rs:1653:5
[INFO] [stdout]   20:     0x56299baa5bd4 - core::result::Result<T,E>::unwrap::hf786370c4d47b036
[INFO] [stdout]                                at /rustc/82e1608dfa6e0b5569232559e3d385fea5a93112/library/core/src/result.rs:1077:23
[INFO] [stdout]   21:     0x56299ba84e28 - allot::test_read_path::{{closure}}::h90d7c9da0c11befa
[INFO] [stdout]                                at /opt/rustwide/workdir/src/main.rs:181:3
[INFO] [stdout]   22:     0x56299baaf848 - <core::pin::Pin<P> as core::future::future::Future>::poll::h9034edb550b4f50b
[INFO] [stdout]                                at /rustc/82e1608dfa6e0b5569232559e3d385fea5a93112/library/core/src/future/future.rs:125:9
[INFO] [stdout]   23:     0x56299baaf77b - <core::pin::Pin<P> as core::future::future::Future>::poll::h26960cd5307cdd1e
[INFO] [stdout]                                at /rustc/82e1608dfa6e0b5569232559e3d385fea5a93112/library/core/src/future/future.rs:125:9
[INFO] [stdout]   24:     0x56299ba9fe24 - tokio::runtime::scheduler::current_thread::CoreGuard::block_on::{{closure}}::{{closure}}::{{closure}}::h6c5d606ba5c943ed
[INFO] [stdout]                                at /opt/rustwide/cargo-home/registry/src/index.crates.io-6f17d22bba15001f/tokio-1.26.0/src/runtime/scheduler/current_thread.rs:541:57
[INFO] [stdout]   25:     0x56299ba9fd0a - tokio::runtime::coop::with_budget::h416373a7555ccfd1
[INFO] [stdout]                                at /opt/rustwide/cargo-home/registry/src/index.crates.io-6f17d22bba15001f/tokio-1.26.0/src/runtime/coop.rs:107:5
[INFO] [stdout]   26:     0x56299ba9fd0a - tokio::runtime::coop::budget::h00e21aee267e82f9
[INFO] [stdout]                                at /opt/rustwide/cargo-home/registry/src/index.crates.io-6f17d22bba15001f/tokio-1.26.0/src/runtime/coop.rs:73:5
[INFO] [stdout]   27:     0x56299ba9fd0a - tokio::runtime::scheduler::current_thread::CoreGuard::block_on::{{closure}}::{{closure}}::he75f9331f2e83290
[INFO] [stdout]                                at /opt/rustwide/cargo-home/registry/src/index.crates.io-6f17d22bba15001f/tokio-1.26.0/src/runtime/scheduler/current_thread.rs:541:25
[INFO] [stdout]   28:     0x56299ba9e82c - tokio::runtime::scheduler::current_thread::Context::enter::ha10bea89ca50d538
[INFO] [stdout]                                at /opt/rustwide/cargo-home/registry/src/index.crates.io-6f17d22bba15001f/tokio-1.26.0/src/runtime/scheduler/current_thread.rs:350:19
[INFO] [stdout]   29:     0x56299ba9f312 - tokio::runtime::scheduler::current_thread::CoreGuard::block_on::{{closure}}::h5e77487a1b71e225
[INFO] [stdout]                                at /opt/rustwide/cargo-home/registry/src/index.crates.io-6f17d22bba15001f/tokio-1.26.0/src/runtime/scheduler/current_thread.rs:540:36
[INFO] [stdout]   30:     0x56299ba9f02b - tokio::runtime::scheduler::current_thread::CoreGuard::enter::{{closure}}::h8ddc444f17965075
[INFO] [stdout]                                at /opt/rustwide/cargo-home/registry/src/index.crates.io-6f17d22bba15001f/tokio-1.26.0/src/runtime/scheduler/current_thread.rs:615:57
[INFO] [stdout]   31:     0x56299baaf50d - tokio::macros::scoped_tls::ScopedKey<T>::set::h19bd5c6f0fdbb5ec
[INFO] [stdout]                                at /opt/rustwide/cargo-home/registry/src/index.crates.io-6f17d22bba15001f/tokio-1.26.0/src/macros/scoped_tls.rs:61:9
[INFO] [stdout]   32:     0x56299ba9edbf - tokio::runtime::scheduler::current_thread::CoreGuard::enter::h53094c34a7586870
[INFO] [stdout]                                at /opt/rustwide/cargo-home/registry/src/index.crates.io-6f17d22bba15001f/tokio-1.26.0/src/runtime/scheduler/current_thread.rs:615:27
[INFO] [stdout]   33:     0x56299ba9f05c - tokio::runtime::scheduler::current_thread::CoreGuard::block_on::h94c54ea067637851
[INFO] [stdout]                                at /opt/rustwide/cargo-home/registry/src/index.crates.io-6f17d22bba15001f/tokio-1.26.0/src/runtime/scheduler/current_thread.rs:530:19
[INFO] [stdout]   34:     0x56299ba9dfdd - tokio::runtime::scheduler::current_thread::CurrentThread::block_on::hce8ee058db89c605
[INFO] [stdout]                                at /opt/rustwide/cargo-home/registry/src/index.crates.io-6f17d22bba15001f/tokio-1.26.0/src/runtime/scheduler/current_thread.rs:154:24
[INFO] [stdout]   35:     0x56299ba9ddcd - tokio::runtime::runtime::Runtime::block_on::h781f58f6e426a060
[INFO] [stdout]                                at /opt/rustwide/cargo-home/registry/src/index.crates.io-6f17d22bba15001f/tokio-1.26.0/src/runtime/runtime.rs:302:47
[INFO] [stdout]   36:     0x56299ba84955 - allot::test_read_path::h1ceaaaef6bca7c64
[INFO] [stdout]                                at /opt/rustwide/workdir/src/main.rs:181:3
[INFO] [stdout]   37:     0x56299ba847b7 - allot::test_read_path::{{closure}}::he7651b9c948f80b6
[INFO] [stdout]                                at /opt/rustwide/workdir/src/main.rs:175:26
[INFO] [stdout]   38:     0x56299ba74606 - core::ops::function::FnOnce::call_once::h03b4cd878e8f8adb
[INFO] [stdout]                                at /rustc/82e1608dfa6e0b5569232559e3d385fea5a93112/library/core/src/ops/function.rs:250:5
[INFO] [stdout]   39:     0x56299be677cf - core::ops::function::FnOnce::call_once::h2b5d431d5046312d
[INFO] [stdout]                                at /rustc/82e1608dfa6e0b5569232559e3d385fea5a93112/library/core/src/ops/function.rs:250:5
[INFO] [stdout]   40:     0x56299be677cf - test::__rust_begin_short_backtrace::h7714669af176e207
[INFO] [stdout]                                at /rustc/82e1608dfa6e0b5569232559e3d385fea5a93112/library/test/src/lib.rs:628:18
[INFO] [stdout]   41:     0x56299be667e5 - test::run_test_in_process::{{closure}}::h85218797dcbcec12
[INFO] [stdout]                                at /rustc/82e1608dfa6e0b5569232559e3d385fea5a93112/library/test/src/lib.rs:651:60
[INFO] [stdout]   42:     0x56299be667e5 - <core::panic::unwind_safe::AssertUnwindSafe<F> as core::ops::function::FnOnce<()>>::call_once::h76c106ea31c14d7b
[INFO] [stdout]                                at /rustc/82e1608dfa6e0b5569232559e3d385fea5a93112/library/core/src/panic/unwind_safe.rs:272:9
[INFO] [stdout]   43:     0x56299be667e5 - std::panicking::try::do_call::h3bd5d0f6620ee946
[INFO] [stdout]                                at /rustc/82e1608dfa6e0b5569232559e3d385fea5a93112/library/std/src/panicking.rs:552:40
[INFO] [stdout]   44:     0x56299be667e5 - std::panicking::try::h232e535e4744fe31
[INFO] [stdout]                                at /rustc/82e1608dfa6e0b5569232559e3d385fea5a93112/library/std/src/panicking.rs:516:19
[INFO] [stdout]   45:     0x56299be667e5 - std::panic::catch_unwind::h3ce3bd6ca8dbac68
[INFO] [stdout]                                at /rustc/82e1608dfa6e0b5569232559e3d385fea5a93112/library/std/src/panic.rs:142:14
[INFO] [stdout]   46:     0x56299be667e5 - test::run_test_in_process::hc97b257c9621286a
[INFO] [stdout]                                at /rustc/82e1608dfa6e0b5569232559e3d385fea5a93112/library/test/src/lib.rs:651:27
[INFO] [stdout]   47:     0x56299be667e5 - test::run_test::{{closure}}::h2aa798823a438d38
[INFO] [stdout]                                at /rustc/82e1608dfa6e0b5569232559e3d385fea5a93112/library/test/src/lib.rs:574:43
[INFO] [stdout]   48:     0x56299be2eaa6 - test::run_test::{{closure}}::h87d231c78fb59832
[INFO] [stdout]                                at /rustc/82e1608dfa6e0b5569232559e3d385fea5a93112/library/test/src/lib.rs:602:41
[INFO] [stdout]   49:     0x56299be2eaa6 - std::sys_common::backtrace::__rust_begin_short_backtrace::he6df152596625789
[INFO] [stdout]                                at /rustc/82e1608dfa6e0b5569232559e3d385fea5a93112/library/std/src/sys_common/backtrace.rs:154:18
[INFO] [stdout]   50:     0x56299be33b57 - std::thread::Builder::spawn_unchecked_::{{closure}}::{{closure}}::ha94be15d1e0acf36
[INFO] [stdout]                                at /rustc/82e1608dfa6e0b5569232559e3d385fea5a93112/library/std/src/thread/mod.rs:529:17
[INFO] [stdout]   51:     0x56299be33b57 - <core::panic::unwind_safe::AssertUnwindSafe<F> as core::ops::function::FnOnce<()>>::call_once::h9dc6bd6372f16606
[INFO] [stdout]                                at /rustc/82e1608dfa6e0b5569232559e3d385fea5a93112/library/core/src/panic/unwind_safe.rs:272:9
[INFO] [stdout]   52:     0x56299be33b57 - std::panicking::try::do_call::h9057517f80303cd4
[INFO] [stdout]                                at /rustc/82e1608dfa6e0b5569232559e3d385fea5a93112/library/std/src/panicking.rs:552:40
[INFO] [stdout]   53:     0x56299be33b57 - std::panicking::try::he3a30b11ee45340c
[INFO] [stdout]                                at /rustc/82e1608dfa6e0b5569232559e3d385fea5a93112/library/std/src/panicking.rs:516:19
[INFO] [stdout]   54:     0x56299be33b57 - std::panic::catch_unwind::h410458cfd3528b8b
[INFO] [stdout]                                at /rustc/82e1608dfa6e0b5569232559e3d385fea5a93112/library/std/src/panic.rs:142:14
[INFO] [stdout]   55:     0x56299be33b57 - std::thread::Builder::spawn_unchecked_::{{closure}}::h72ac3bdb567b737b
[INFO] [stdout]                                at /rustc/82e1608dfa6e0b5569232559e3d385fea5a93112/library/std/src/thread/mod.rs:528:30
[INFO] [stdout]   56:     0x56299be33b57 - core::ops::function::FnOnce::call_once{{vtable.shim}}::h38f34da3654a8344
[INFO] [stdout]                                at /rustc/82e1608dfa6e0b5569232559e3d385fea5a93112/library/core/src/ops/function.rs:250:5
[INFO] [stdout]   57:     0x56299c707425 - <alloc::boxed::Box<F,A> as core::ops::function::FnOnce<Args>>::call_once::hc7eafaff61e32df9
[INFO] [stdout]                                at /rustc/82e1608dfa6e0b5569232559e3d385fea5a93112/library/alloc/src/boxed.rs:2007:9
[INFO] [stdout]   58:     0x56299c707425 - <alloc::boxed::Box<F,A> as core::ops::function::FnOnce<Args>>::call_once::h6ba4a5de48dd2304
[INFO] [stdout]                                at /rustc/82e1608dfa6e0b5569232559e3d385fea5a93112/library/alloc/src/boxed.rs:2007:9
[INFO] [stdout]   59:     0x56299c707425 - std::sys::unix::thread::Thread::new::thread_start::he469335aef763e45
[INFO] [stdout]                                at /rustc/82e1608dfa6e0b5569232559e3d385fea5a93112/library/std/src/sys/unix/thread.rs:108:17
[INFO] [stdout]   60:     0x7f056398eac3 - <unknown>
[INFO] [stdout]   61:     0x7f0563a1fbf4 - __clone
[INFO] [stdout]   62:                0x0 - <unknown>
[INFO] [stdout] 
[INFO] [stdout] 
[INFO] [stdout] failures:
[INFO] [stdout]     test_read_path
[INFO] [stdout] 
[INFO] [stdout] test result: FAILED. 0 passed; 1 failed; 0 ignored; 0 measured; 0 filtered out; finished in 0.05s
[INFO] [stdout] 
[INFO] [stderr] error: test failed, to rerun pass `--bin allot`
[INFO] running `Command { std: "docker" "inspect" "99a93e7f9ed29c26a4900aad207eea4eb5a32f5f556e9b1fffad9c8869a46f24", kill_on_drop: false }`
[INFO] running `Command { std: "docker" "rm" "-f" "99a93e7f9ed29c26a4900aad207eea4eb5a32f5f556e9b1fffad9c8869a46f24", kill_on_drop: false }`
[INFO] [stdout] 99a93e7f9ed29c26a4900aad207eea4eb5a32f5f556e9b1fffad9c8869a46f24
