[INFO] cloning repository https://github.com/shetr/numbers
[INFO] running `Command { std: "git" "-c" "credential.helper=" "-c" "credential.helper=/workspace/cargo-home/bin/git-credential-null" "clone" "--bare" "https://github.com/shetr/numbers" "/workspace/cache/git-repos/https%3A%2F%2Fgithub.com%2Fshetr%2Fnumbers", kill_on_drop: false }`
[INFO] [stderr] Cloning into bare repository '/workspace/cache/git-repos/https%3A%2F%2Fgithub.com%2Fshetr%2Fnumbers'...
[INFO] running `Command { std: "git" "rev-parse" "HEAD", kill_on_drop: false }`
[INFO] [stdout] 3dca6f650f1c350fad51d79d7505093182500f9b
[INFO] testing shetr/numbers against 1.75.0 for beta-1.76-1
[INFO] running `Command { std: "git" "clone" "/workspace/cache/git-repos/https%3A%2F%2Fgithub.com%2Fshetr%2Fnumbers" "/workspace/builds/worker-3-tc1/source", kill_on_drop: false }`
[INFO] [stderr] Cloning into '/workspace/builds/worker-3-tc1/source'...
[INFO] [stderr] done.
[INFO] validating manifest of git repo https://github.com/shetr/numbers on toolchain 1.75.0
[INFO] running `Command { std: CARGO_HOME="/workspace/cargo-home" RUSTUP_HOME="/workspace/rustup-home" "/workspace/cargo-home/bin/cargo" "+1.75.0" "metadata" "--manifest-path" "Cargo.toml" "--no-deps", kill_on_drop: false }`
[INFO] started tweaking git repo https://github.com/shetr/numbers
[INFO] finished tweaking git repo https://github.com/shetr/numbers
[INFO] tweaked toml for git repo https://github.com/shetr/numbers written to /workspace/builds/worker-3-tc1/source/Cargo.toml
[INFO] crate git repo https://github.com/shetr/numbers already has a lockfile, it will not be regenerated
[INFO] running `Command { std: CARGO_HOME="/workspace/cargo-home" RUSTUP_HOME="/workspace/rustup-home" "/workspace/cargo-home/bin/cargo" "+1.75.0" "fetch" "--manifest-path" "Cargo.toml", kill_on_drop: false }`
[INFO] running `Command { std: "docker" "create" "-v" "/var/lib/crater-agent-workspace/builds/worker-3-tc1/target:/opt/rustwide/target:rw,Z" "-v" "/var/lib/crater-agent-workspace/builds/worker-3-tc1/source:/opt/rustwide/workdir:ro,Z" "-v" "/var/lib/crater-agent-workspace/cargo-home:/opt/rustwide/cargo-home:ro,Z" "-v" "/var/lib/crater-agent-workspace/rustup-home:/opt/rustwide/rustup-home:ro,Z" "-e" "SOURCE_DIR=/opt/rustwide/workdir" "-e" "CARGO_TARGET_DIR=/opt/rustwide/target" "-e" "CARGO_HOME=/opt/rustwide/cargo-home" "-e" "RUSTUP_HOME=/opt/rustwide/rustup-home" "-w" "/opt/rustwide/workdir" "-m" "1610612736" "--user" "0:0" "--network" "none" "ghcr.io/rust-lang/crates-build-env/linux@sha256:2788e3201cd34a07e3172128adcd8b3090168a8e3bcc40d7c032b9dda1df7d1c" "/opt/rustwide/cargo-home/bin/cargo" "+1.75.0" "metadata" "--no-deps" "--format-version=1", kill_on_drop: false }`
[INFO] [stdout] 8964d082262775b934f76e55440bfec5bfff2ded5a376e3879de1626058c4c57
[INFO] running `Command { std: "docker" "start" "-a" "8964d082262775b934f76e55440bfec5bfff2ded5a376e3879de1626058c4c57", kill_on_drop: false }`
[INFO] running `Command { std: "docker" "inspect" "8964d082262775b934f76e55440bfec5bfff2ded5a376e3879de1626058c4c57", kill_on_drop: false }`
[INFO] running `Command { std: "docker" "rm" "-f" "8964d082262775b934f76e55440bfec5bfff2ded5a376e3879de1626058c4c57", kill_on_drop: false }`
[INFO] [stdout] 8964d082262775b934f76e55440bfec5bfff2ded5a376e3879de1626058c4c57
[INFO] running `Command { std: "docker" "create" "-v" "/var/lib/crater-agent-workspace/builds/worker-3-tc1/target:/opt/rustwide/target:rw,Z" "-v" "/var/lib/crater-agent-workspace/builds/worker-3-tc1/source:/opt/rustwide/workdir:ro,Z" "-v" "/var/lib/crater-agent-workspace/cargo-home:/opt/rustwide/cargo-home:ro,Z" "-v" "/var/lib/crater-agent-workspace/rustup-home:/opt/rustwide/rustup-home:ro,Z" "-e" "SOURCE_DIR=/opt/rustwide/workdir" "-e" "CARGO_TARGET_DIR=/opt/rustwide/target" "-e" "CARGO_INCREMENTAL=0" "-e" "RUST_BACKTRACE=full" "-e" "RUSTFLAGS=--cap-lints=warn" "-e" "RUSTDOCFLAGS=--cap-lints=warn" "-e" "CARGO_HOME=/opt/rustwide/cargo-home" "-e" "RUSTUP_HOME=/opt/rustwide/rustup-home" "-w" "/opt/rustwide/workdir" "-m" "1610612736" "--user" "0:0" "--network" "none" "ghcr.io/rust-lang/crates-build-env/linux@sha256:2788e3201cd34a07e3172128adcd8b3090168a8e3bcc40d7c032b9dda1df7d1c" "/opt/rustwide/cargo-home/bin/cargo" "+1.75.0" "build" "--frozen" "--message-format=json", kill_on_drop: false }`
[INFO] [stdout] 9068b87c2974078ed7d48410b4afedd65cfdf5958bd98e089580c45cd80720c1
[INFO] running `Command { std: "docker" "start" "-a" "9068b87c2974078ed7d48410b4afedd65cfdf5958bd98e089580c45cd80720c1", kill_on_drop: false }`
[INFO] [stderr]    Compiling numbers v0.1.0 (/opt/rustwide/workdir)
[INFO] [stdout] warning: method `div_rem_signed` is never used
[INFO] [stdout]    --> src/int_static.rs:202:8
[INFO] [stdout]     |
[INFO] [stdout] 42  | impl<const N: usize, const S: bool> IntStatic<{N}, {S}> {
[INFO] [stdout]     | ------------------------------------------------------- method in this implementation
[INFO] [stdout] ...
[INFO] [stdout] 202 |     fn div_rem_signed(self, rhs: Self) -> (Self, Self) {
[INFO] [stdout]     |        ^^^^^^^^^^^^^^
[INFO] [stdout]     |
[INFO] [stdout]     = note: `#[warn(dead_code)]` on by default
[INFO] [stdout] 
[INFO] [stdout] 
[INFO] [stdout] warning: 1 warning emitted
[INFO] [stdout] 
[INFO] [stdout] 
[INFO] [stderr]     Finished dev [unoptimized + debuginfo] target(s) in 0.29s
[INFO] running `Command { std: "docker" "inspect" "9068b87c2974078ed7d48410b4afedd65cfdf5958bd98e089580c45cd80720c1", kill_on_drop: false }`
[INFO] running `Command { std: "docker" "rm" "-f" "9068b87c2974078ed7d48410b4afedd65cfdf5958bd98e089580c45cd80720c1", kill_on_drop: false }`
[INFO] [stdout] 9068b87c2974078ed7d48410b4afedd65cfdf5958bd98e089580c45cd80720c1
[INFO] running `Command { std: "docker" "create" "-v" "/var/lib/crater-agent-workspace/builds/worker-3-tc1/target:/opt/rustwide/target:rw,Z" "-v" "/var/lib/crater-agent-workspace/builds/worker-3-tc1/source:/opt/rustwide/workdir:ro,Z" "-v" "/var/lib/crater-agent-workspace/cargo-home:/opt/rustwide/cargo-home:ro,Z" "-v" "/var/lib/crater-agent-workspace/rustup-home:/opt/rustwide/rustup-home:ro,Z" "-e" "SOURCE_DIR=/opt/rustwide/workdir" "-e" "CARGO_TARGET_DIR=/opt/rustwide/target" "-e" "CARGO_INCREMENTAL=0" "-e" "RUST_BACKTRACE=full" "-e" "RUSTFLAGS=--cap-lints=warn" "-e" "RUSTDOCFLAGS=--cap-lints=warn" "-e" "CARGO_HOME=/opt/rustwide/cargo-home" "-e" "RUSTUP_HOME=/opt/rustwide/rustup-home" "-w" "/opt/rustwide/workdir" "-m" "1610612736" "--user" "0:0" "--network" "none" "ghcr.io/rust-lang/crates-build-env/linux@sha256:2788e3201cd34a07e3172128adcd8b3090168a8e3bcc40d7c032b9dda1df7d1c" "/opt/rustwide/cargo-home/bin/cargo" "+1.75.0" "test" "--frozen" "--no-run" "--message-format=json", kill_on_drop: false }`
[INFO] [stdout] ae4d9d0afdf37e178de45ddf4b979850d14de908a9af9957ebdccd60969597ad
[INFO] running `Command { std: "docker" "start" "-a" "ae4d9d0afdf37e178de45ddf4b979850d14de908a9af9957ebdccd60969597ad", kill_on_drop: false }`
[INFO] [stdout] warning: method `div_rem_signed` is never used
[INFO] [stdout]    --> src/int_static.rs:202:8
[INFO] [stdout]     |
[INFO] [stdout] 42  | impl<const N: usize, const S: bool> IntStatic<{N}, {S}> {
[INFO] [stdout]     | ------------------------------------------------------- method in this implementation
[INFO] [stdout] ...
[INFO] [stdout] 202 |     fn div_rem_signed(self, rhs: Self) -> (Self, Self) {
[INFO] [stdout]     |        ^^^^^^^^^^^^^^
[INFO] [stdout]     |
[INFO] [stdout]     = note: `#[warn(dead_code)]` on by default
[INFO] [stdout] 
[INFO] [stdout] 
[INFO] [stderr]    Compiling numbers v0.1.0 (/opt/rustwide/workdir)
[INFO] [stdout] warning: 1 warning emitted
[INFO] [stdout] 
[INFO] [stdout] 
[INFO] [stdout] warning: method `div_rem_signed` is never used
[INFO] [stdout]    --> src/int_static.rs:202:8
[INFO] [stdout]     |
[INFO] [stdout] 42  | impl<const N: usize, const S: bool> IntStatic<{N}, {S}> {
[INFO] [stdout]     | ------------------------------------------------------- method in this implementation
[INFO] [stdout] ...
[INFO] [stdout] 202 |     fn div_rem_signed(self, rhs: Self) -> (Self, Self) {
[INFO] [stdout]     |        ^^^^^^^^^^^^^^
[INFO] [stdout]     |
[INFO] [stdout]     = note: `#[warn(dead_code)]` on by default
[INFO] [stdout] 
[INFO] [stdout] 
[INFO] [stdout] warning: 1 warning emitted
[INFO] [stdout] 
[INFO] [stdout] 
[INFO] [stderr]     Finished test [unoptimized + debuginfo] target(s) in 0.82s
[INFO] running `Command { std: "docker" "inspect" "ae4d9d0afdf37e178de45ddf4b979850d14de908a9af9957ebdccd60969597ad", kill_on_drop: false }`
[INFO] running `Command { std: "docker" "rm" "-f" "ae4d9d0afdf37e178de45ddf4b979850d14de908a9af9957ebdccd60969597ad", kill_on_drop: false }`
[INFO] [stdout] ae4d9d0afdf37e178de45ddf4b979850d14de908a9af9957ebdccd60969597ad
[INFO] running `Command { std: "docker" "create" "-v" "/var/lib/crater-agent-workspace/builds/worker-3-tc1/target:/opt/rustwide/target:rw,Z" "-v" "/var/lib/crater-agent-workspace/builds/worker-3-tc1/source:/opt/rustwide/workdir:ro,Z" "-v" "/var/lib/crater-agent-workspace/cargo-home:/opt/rustwide/cargo-home:ro,Z" "-v" "/var/lib/crater-agent-workspace/rustup-home:/opt/rustwide/rustup-home:ro,Z" "-e" "SOURCE_DIR=/opt/rustwide/workdir" "-e" "CARGO_TARGET_DIR=/opt/rustwide/target" "-e" "CARGO_INCREMENTAL=0" "-e" "RUST_BACKTRACE=full" "-e" "RUSTFLAGS=--cap-lints=warn" "-e" "RUSTDOCFLAGS=--cap-lints=warn" "-e" "CARGO_HOME=/opt/rustwide/cargo-home" "-e" "RUSTUP_HOME=/opt/rustwide/rustup-home" "-w" "/opt/rustwide/workdir" "-m" "1610612736" "--user" "0:0" "--network" "none" "ghcr.io/rust-lang/crates-build-env/linux@sha256:2788e3201cd34a07e3172128adcd8b3090168a8e3bcc40d7c032b9dda1df7d1c" "/opt/rustwide/cargo-home/bin/cargo" "+1.75.0" "test" "--frozen", kill_on_drop: false }`
[INFO] [stdout] da415d32ef97c0c14dd107c682e306d3212f2442ab5b5ebd38820e996e4a1c33
[INFO] running `Command { std: "docker" "start" "-a" "da415d32ef97c0c14dd107c682e306d3212f2442ab5b5ebd38820e996e4a1c33", kill_on_drop: false }`
[INFO] [stderr] warning: method `div_rem_signed` is never used
[INFO] [stderr]    --> src/int_static.rs:202:8
[INFO] [stderr]     |
[INFO] [stderr] 42  | impl<const N: usize, const S: bool> IntStatic<{N}, {S}> {
[INFO] [stderr]     | ------------------------------------------------------- method in this implementation
[INFO] [stderr] ...
[INFO] [stderr] 202 |     fn div_rem_signed(self, rhs: Self) -> (Self, Self) {
[INFO] [stderr]     |        ^^^^^^^^^^^^^^
[INFO] [stderr]     |
[INFO] [stderr]     = note: `#[warn(dead_code)]` on by default
[INFO] [stderr] 
[INFO] [stderr] warning: `numbers` (lib) generated 1 warning
[INFO] [stderr] warning: `numbers` (lib test) generated 1 warning (1 duplicate)
[INFO] [stderr]     Finished test [unoptimized + debuginfo] target(s) in 0.01s
[INFO] [stderr]      Running unittests src/lib.rs (/opt/rustwide/target/debug/deps/numbers-8ee247d503768527)
[INFO] [stdout] 
[INFO] [stdout] running 92 tests
[INFO] [stdout] test common::tests::add_inout_overflow_max_max_0 ... ok
[INFO] [stdout] test common::tests::add3_out_overflow_max_max_max ... ok
[INFO] [stdout] test common::tests::div_inout_rem_max_lower_max_0 ... ok
[INFO] [stdout] test common::tests::div_inout_rem_max_lower_max_lower_max ... ok
[INFO] [stdout] test common::tests::add_out_overflow_max_max ... ok
[INFO] [stdout] test common::tests::add_out_overflow_1_max ... ok
[INFO] [stdout] test common::tests::div_inout_rem_max_lower_max_lower_max_m1 ... ok
[INFO] [stdout] test common::tests::add_inout_overflow_max_max_1 ... ok
[INFO] [stdout] test common::tests::get_max_bit_0 ... ok
[INFO] [stdout] test common::tests::get_max_bit_2 ... ok
[INFO] [stdout] test common::tests::get_max_bit_2_to_32 ... ok
[INFO] [stdout] test common::tests::get_max_bit_2_to_31 ... ok
[INFO] [stdout] test common::tests::get_max_bit_2_to_33 ... ok
[INFO] [stdout] test common::tests::get_max_bit_3 ... ok
[INFO] [stdout] test common::tests::get_max_bit_lower_max ... ok
[INFO] [stdout] test common::tests::get_max_bit_max ... ok
[INFO] [stdout] test common::tests::get_max_bit_1 ... ok
[INFO] [stdout] test common::tests::get_max_bit_2_to_30 ... ok
[INFO] [stdout] test common::tests::get_sign_bit_nearly_max ... ok
[INFO] [stdout] test common::tests::get_max_bit_2_to_63 ... ok
[INFO] [stdout] test common::tests::mul_inout_overflow_acc_max_max_max_max ... ok
[INFO] [stdout] test common::tests::shl_block_wrap_left_half ... ok
[INFO] [stdout] test common::tests::shl_block_wrap_right ... ok
[INFO] [stdout] test common::tests::get_sign_bit_max ... ok
[INFO] [stdout] test int_static::tests::add::u_s2_1_max ... ok
[INFO] [stdout] test common::tests::mul_upper_half_out_overflow_lower_max_lower_max ... ok
[INFO] [stdout] test common::tests::shl_block_wrap_left ... ok
[INFO] [stdout] test int_static::tests::add::i_s2_1_m1 ... ok
[INFO] [stdout] test int_static::tests::add::i_s4_pos_half_max_m1 ... ok
[INFO] [stdout] test int_static::tests::add::i_s4_pos_max_mpos_max ... ok
[INFO] [stdout] test int_static::tests::add::u_s2_max_max ... ok
[INFO] [stdout] test int_static::tests::add::u_s4_1_max ... ok
[INFO] [stdout] test int_static::tests::add::u_s2_1_half_max_m1 ... ok
[INFO] [stdout] test common::tests::mul_out_overflow_max_max ... ok
[INFO] [stdout] test int_static::tests::add::u_s4_1_nearly_max ... ok
[INFO] [stdout] test int_static::tests::cmp ... ok
[INFO] [stdout] test int_static::tests::div::u_s2_32_bits_in_half_max ... ok
[INFO] [stdout] test int_static::tests::div::u_s2_32_bits_in_half_max2 ... ok
[INFO] [stdout] test int_static::tests::div_u32::i_s2_m32_bits_in_half_max ... ok
[INFO] [stdout] test int_static::tests::div_u32::u_s2_32_bits_in_half_max ... ok
[INFO] [stdout] test int_static::tests::from_hex::u_s1_ABCDEFabcdefAaBb ... ok
[INFO] [stdout] test int_static::tests::from_hex::i_s2_zero ... ok
[INFO] [stdout] test int_static::tests::div::i_s2_m32_bits_in_half_max ... FAILED
[INFO] [stdout] test int_static::tests::from_data ... ok
[INFO] [stdout] test int_static::tests::div_by_zero - should panic ... ok
[INFO] [stdout] test int_static::tests::div_by_zero_u32 - should panic ... ok
[INFO] [stdout] test int_static::tests::from_hex::u_s1_FEDCBA9876543210FEDCBA9876543210 ... ok
[INFO] [stdout] test int_static::tests::from_hex::u_s1_FFFFFFFFFFFFFFFFFFFFFFFFFFFFFFFF ... ok
[INFO] [stdout] test int_static::tests::from_hex::u_s1_fdb97531 ... ok
[INFO] [stdout] test int_static::tests::from_hex::u_s1_fdb97531fedcba9876543210 ... ok
[INFO] [stdout] test int_static::tests::from_hex::u_s1_ffffffffffffffff ... ok
[INFO] [stdout] test int_static::tests::from_hex::u_s1_ffffffffffffffffffffffffffffffff ... ok
[INFO] [stdout] test int_static::tests::from_hex::u_s1_FFFFFFFFFFFFFFFF ... ok
[INFO] [stdout] test int_static::tests::from_hex::u_s1_empty_string ... ok
[INFO] [stdout] test int_static::tests::from_hex::u_s1_input_too_big ... ok
[INFO] [stdout] test int_static::tests::from_hex::u_s1_zero ... ok
[INFO] [stdout] test int_static::tests::from_hex::u_s1_input_fit_tight ... ok
[INFO] [stdout] test int_static::tests::from_hex::u_s1_invalid_char ... ok
[INFO] [stdout] test int_static::tests::from_hex::u_s2_empty_string ... ok
[INFO] [stdout] test int_static::tests::from_hex::u_s2_invalid_char ... ok
[INFO] [stdout] test int_static::tests::from_hex::u_s2_zero ... ok
[INFO] [stdout] test int_static::tests::mul::i_s4_0_m1 ... ok
[INFO] [stdout] test int_static::tests::mul::i_s4_1_m1 ... ok
[INFO] [stdout] test int_static::tests::mul::i_s4_1_mmax ... ok
[INFO] [stdout] test int_static::tests::from_hex::u_s1_fedcba9876543210fedcba9876543210 ... ok
[INFO] [stdout] test int_static::tests::hex_string_u64 ... ok
[INFO] [stdout] test int_static::tests::from_hex::i_s1_zero ... ok
[INFO] [stdout] test int_static::tests::from_hex::u_s1_FEDCBA9876543210 ... ok
[INFO] [stdout] test int_static::tests::mul::i_s4_m1_max ... ok
[INFO] [stdout] test int_static::tests::mul::i_s4_m1_m1 ... ok
[INFO] [stdout] test int_static::tests::mul::i_s4_m1_mmax ... ok
[INFO] [stdout] test int_static::tests::from_hex::u_s1_fedcba9876543210 ... ok
[INFO] [stdout] test int_static::tests::mul::i_s4_m2_to_128_m1_2_to_128_m1 ... ok
[INFO] [stdout] test int_static::tests::mul::i_s4_2_to_128_m1_m2_to_128_m1 ... ok
[INFO] [stdout] test int_static::tests::mul::u_s2_0_max ... ok
[INFO] [stdout] test int_static::tests::mul::i_s4_m2_to_128_m1_m2_to_128_m1 ... ok
[INFO] [stdout] test int_static::tests::mul::i_s4_mmax_m1 ... ok
[INFO] [stdout] test int_static::tests::mul::u_s2_1_max ... ok
[INFO] [stdout] test int_static::tests::mul::u_s4_2_to_128_m1_2_to_128_m1 ... ok
[INFO] [stdout] test int_static::tests::mul::u_s2_1_0 ... ok
[INFO] [stdout] test int_static::tests::mul::u_s2_max_0 ... ok
[INFO] [stdout] test int_static::tests::neg_zero ... ok
[INFO] [stdout] test int_static::tests::to_binary_string ... ok
[INFO] [stdout] test int_static::tests::to_binary_string_u64 ... ok
[INFO] [stdout] test int_static::tests::to_lower_hex ... ok
[INFO] [stdout] test int_static::tests::to_string ... ok
[INFO] [stdout] test int_static::tests::zero ... ok
[INFO] [stdout] test int_static::tests::to_upper_hex ... ok
[INFO] [stdout] test int_static::tests::mul::u_s4_2_to_128_m1_2_to_64 ... ok
[INFO] [stdout] test int_static::tests::neg ... ok
[INFO] [stdout] test int_static::tests::mul::u_s2_max_1 ... ok
[INFO] [stdout] test int_static::tests::mul::u_s3_2_to_64_m1_2_to_64 ... ok
[INFO] [stdout] 
[INFO] [stdout] failures:
[INFO] [stdout] 
[INFO] [stdout] ---- int_static::tests::div::i_s2_m32_bits_in_half_max stdout ----
[INFO] [stdout] thread 'int_static::tests::div::i_s2_m32_bits_in_half_max' panicked at src/int_static.rs:1040:13:
[INFO] [stdout] assertion `left == right` failed
[INFO] [stdout]   left: IntStatic { data: [0, 0] }
[INFO] [stdout]  right: IntStatic { data: [18446462598732840960, 18446744073709551615] }
[INFO] [stdout] stack backtrace:
[INFO] [stdout]    0:     0x5578e128811c - std::backtrace_rs::backtrace::libunwind::trace::ha637c64ce894333a
[INFO] [stdout]                                at /rustc/82e1608dfa6e0b5569232559e3d385fea5a93112/library/std/src/../../backtrace/src/backtrace/libunwind.rs:104:5
[INFO] [stdout]    1:     0x5578e128811c - std::backtrace_rs::backtrace::trace_unsynchronized::h47f62dea28e0c88d
[INFO] [stdout]                                at /rustc/82e1608dfa6e0b5569232559e3d385fea5a93112/library/std/src/../../backtrace/src/backtrace/mod.rs:66:5
[INFO] [stdout]    2:     0x5578e128811c - std::sys_common::backtrace::_print_fmt::h9eef0abe20ede486
[INFO] [stdout]                                at /rustc/82e1608dfa6e0b5569232559e3d385fea5a93112/library/std/src/sys_common/backtrace.rs:67:5
[INFO] [stdout]    3:     0x5578e128811c - <std::sys_common::backtrace::_print::DisplayBacktrace as core::fmt::Display>::fmt::hed7f999df88cc644
[INFO] [stdout]                                at /rustc/82e1608dfa6e0b5569232559e3d385fea5a93112/library/std/src/sys_common/backtrace.rs:44:22
[INFO] [stdout]    4:     0x5578e12b2110 - core::fmt::rt::Argument::fmt::h1539a9308b8d058d
[INFO] [stdout]                                at /rustc/82e1608dfa6e0b5569232559e3d385fea5a93112/library/core/src/fmt/rt.rs:142:9
[INFO] [stdout]    5:     0x5578e12b2110 - core::fmt::write::h3a39390d8560d9c9
[INFO] [stdout]                                at /rustc/82e1608dfa6e0b5569232559e3d385fea5a93112/library/core/src/fmt/mod.rs:1120:17
[INFO] [stdout]    6:     0x5578e1285acf - std::io::Write::write_fmt::h040b369f3a0f9cbc
[INFO] [stdout]                                at /rustc/82e1608dfa6e0b5569232559e3d385fea5a93112/library/std/src/io/mod.rs:1762:15
[INFO] [stdout]    7:     0x5578e1287f04 - std::sys_common::backtrace::_print::h894006fb5c6f3d45
[INFO] [stdout]                                at /rustc/82e1608dfa6e0b5569232559e3d385fea5a93112/library/std/src/sys_common/backtrace.rs:47:5
[INFO] [stdout]    8:     0x5578e1287f04 - std::sys_common::backtrace::print::h23a2d212c6fff936
[INFO] [stdout]                                at /rustc/82e1608dfa6e0b5569232559e3d385fea5a93112/library/std/src/sys_common/backtrace.rs:34:9
[INFO] [stdout]    9:     0x5578e1289bc7 - std::panicking::default_hook::{{closure}}::h8a1d2ee00185001a
[INFO] [stdout]   10:     0x5578e12898b3 - std::panicking::default_hook::h6038f2eba384e475
[INFO] [stdout]                                at /rustc/82e1608dfa6e0b5569232559e3d385fea5a93112/library/std/src/panicking.rs:289:9
[INFO] [stdout]   11:     0x5578e125a2c7 - <alloc::boxed::Box<F,A> as core::ops::function::Fn<Args>>::call::h0ad024c9bdc6d768
[INFO] [stdout]                                at /rustc/82e1608dfa6e0b5569232559e3d385fea5a93112/library/alloc/src/boxed.rs:2021:9
[INFO] [stdout]   12:     0x5578e125a2c7 - test::test_main::{{closure}}::h7500b54257359db6
[INFO] [stdout]                                at /rustc/82e1608dfa6e0b5569232559e3d385fea5a93112/library/test/src/lib.rs:138:21
[INFO] [stdout]   13:     0x5578e128a1d8 - <alloc::boxed::Box<F,A> as core::ops::function::Fn<Args>>::call::h1f8f335eaa9cfaee
[INFO] [stdout]                                at /rustc/82e1608dfa6e0b5569232559e3d385fea5a93112/library/alloc/src/boxed.rs:2021:9
[INFO] [stdout]   14:     0x5578e128a1d8 - std::panicking::rust_panic_with_hook::h2b5517d590cab22e
[INFO] [stdout]                                at /rustc/82e1608dfa6e0b5569232559e3d385fea5a93112/library/std/src/panicking.rs:783:13
[INFO] [stdout]   15:     0x5578e1289f2e - std::panicking::begin_panic_handler::{{closure}}::h233112c06e0ef43e
[INFO] [stdout]                                at /rustc/82e1608dfa6e0b5569232559e3d385fea5a93112/library/std/src/panicking.rs:657:13
[INFO] [stdout]   16:     0x5578e12885e6 - std::sys_common::backtrace::__rust_end_short_backtrace::h6e893f24d7ebbff8
[INFO] [stdout]                                at /rustc/82e1608dfa6e0b5569232559e3d385fea5a93112/library/std/src/sys_common/backtrace.rs:170:18
[INFO] [stdout]   17:     0x5578e1289c92 - rust_begin_unwind
[INFO] [stdout]                                at /rustc/82e1608dfa6e0b5569232559e3d385fea5a93112/library/std/src/panicking.rs:645:5
[INFO] [stdout]   18:     0x5578e1207cf5 - core::panicking::panic_fmt::hbf0e066aabfa482c
[INFO] [stdout]                                at /rustc/82e1608dfa6e0b5569232559e3d385fea5a93112/library/core/src/panicking.rs:72:14
[INFO] [stdout]   19:     0x5578e120801b - core::panicking::assert_failed_inner::h0bba8b7c26ee4492
[INFO] [stdout]   20:     0x5578e120b55e - core::panicking::assert_failed::h796f02ea59bb5cc1
[INFO] [stdout]                                at /rustc/82e1608dfa6e0b5569232559e3d385fea5a93112/library/core/src/panicking.rs:279:5
[INFO] [stdout]   21:     0x5578e12113a1 - numbers::int_static::tests::div::i_s2_m32_bits_in_half_max::h9af6150c232b2b41
[INFO] [stdout]                                at /opt/rustwide/workdir/src/int_static.rs:1040:13
[INFO] [stdout]   22:     0x5578e1211217 - numbers::int_static::tests::div::i_s2_m32_bits_in_half_max::{{closure}}::ha0d49921b6dcdc75
[INFO] [stdout]                                at /opt/rustwide/workdir/src/int_static.rs:1037:39
[INFO] [stdout]   23:     0x5578e1209f46 - core::ops::function::FnOnce::call_once::heb9a01c0327ee062
[INFO] [stdout]                                at /rustc/82e1608dfa6e0b5569232559e3d385fea5a93112/library/core/src/ops/function.rs:250:5
[INFO] [stdout]   24:     0x5578e125f91f - core::ops::function::FnOnce::call_once::h2b5d431d5046312d
[INFO] [stdout]                                at /rustc/82e1608dfa6e0b5569232559e3d385fea5a93112/library/core/src/ops/function.rs:250:5
[INFO] [stdout]   25:     0x5578e125f91f - test::__rust_begin_short_backtrace::h7714669af176e207
[INFO] [stdout]                                at /rustc/82e1608dfa6e0b5569232559e3d385fea5a93112/library/test/src/lib.rs:628:18
[INFO] [stdout]   26:     0x5578e125e935 - test::run_test_in_process::{{closure}}::h85218797dcbcec12
[INFO] [stdout]                                at /rustc/82e1608dfa6e0b5569232559e3d385fea5a93112/library/test/src/lib.rs:651:60
[INFO] [stdout]   27:     0x5578e125e935 - <core::panic::unwind_safe::AssertUnwindSafe<F> as core::ops::function::FnOnce<()>>::call_once::h76c106ea31c14d7b
[INFO] [stdout]                                at /rustc/82e1608dfa6e0b5569232559e3d385fea5a93112/library/core/src/panic/unwind_safe.rs:272:9
[INFO] [stdout]   28:     0x5578e125e935 - std::panicking::try::do_call::h3bd5d0f6620ee946
[INFO] [stdout]                                at /rustc/82e1608dfa6e0b5569232559e3d385fea5a93112/library/std/src/panicking.rs:552:40
[INFO] [stdout]   29:     0x5578e125e935 - std::panicking::try::h232e535e4744fe31
[INFO] [stdout]                                at /rustc/82e1608dfa6e0b5569232559e3d385fea5a93112/library/std/src/panicking.rs:516:19
[INFO] [stdout]   30:     0x5578e125e935 - std::panic::catch_unwind::h3ce3bd6ca8dbac68
[INFO] [stdout]                                at /rustc/82e1608dfa6e0b5569232559e3d385fea5a93112/library/std/src/panic.rs:142:14
[INFO] [stdout]   31:     0x5578e125e935 - test::run_test_in_process::hc97b257c9621286a
[INFO] [stdout]                                at /rustc/82e1608dfa6e0b5569232559e3d385fea5a93112/library/test/src/lib.rs:651:27
[INFO] [stdout]   32:     0x5578e125e935 - test::run_test::{{closure}}::h2aa798823a438d38
[INFO] [stdout]                                at /rustc/82e1608dfa6e0b5569232559e3d385fea5a93112/library/test/src/lib.rs:574:43
[INFO] [stdout]   33:     0x5578e1226bf6 - test::run_test::{{closure}}::h87d231c78fb59832
[INFO] [stdout]                                at /rustc/82e1608dfa6e0b5569232559e3d385fea5a93112/library/test/src/lib.rs:602:41
[INFO] [stdout]   34:     0x5578e1226bf6 - std::sys_common::backtrace::__rust_begin_short_backtrace::he6df152596625789
[INFO] [stdout]                                at /rustc/82e1608dfa6e0b5569232559e3d385fea5a93112/library/std/src/sys_common/backtrace.rs:154:18
[INFO] [stdout]   35:     0x5578e122bca7 - std::thread::Builder::spawn_unchecked_::{{closure}}::{{closure}}::ha94be15d1e0acf36
[INFO] [stdout]                                at /rustc/82e1608dfa6e0b5569232559e3d385fea5a93112/library/std/src/thread/mod.rs:529:17
[INFO] [stdout]   36:     0x5578e122bca7 - <core::panic::unwind_safe::AssertUnwindSafe<F> as core::ops::function::FnOnce<()>>::call_once::h9dc6bd6372f16606
[INFO] [stdout]                                at /rustc/82e1608dfa6e0b5569232559e3d385fea5a93112/library/core/src/panic/unwind_safe.rs:272:9
[INFO] [stdout]   37:     0x5578e122bca7 - std::panicking::try::do_call::h9057517f80303cd4
[INFO] [stdout]                                at /rustc/82e1608dfa6e0b5569232559e3d385fea5a93112/library/std/src/panicking.rs:552:40
[INFO] [stdout]   38:     0x5578e122bca7 - std::panicking::try::he3a30b11ee45340c
[INFO] [stdout]                                at /rustc/82e1608dfa6e0b5569232559e3d385fea5a93112/library/std/src/panicking.rs:516:19
[INFO] [stdout]   39:     0x5578e122bca7 - std::panic::catch_unwind::h410458cfd3528b8b
[INFO] [stdout]                                at /rustc/82e1608dfa6e0b5569232559e3d385fea5a93112/library/std/src/panic.rs:142:14
[INFO] [stdout]   40:     0x5578e122bca7 - std::thread::Builder::spawn_unchecked_::{{closure}}::h72ac3bdb567b737b
[INFO] [stdout]                                at /rustc/82e1608dfa6e0b5569232559e3d385fea5a93112/library/std/src/thread/mod.rs:528:30
[INFO] [stdout]   41:     0x5578e122bca7 - core::ops::function::FnOnce::call_once{{vtable.shim}}::h38f34da3654a8344
[INFO] [stdout]                                at /rustc/82e1608dfa6e0b5569232559e3d385fea5a93112/library/core/src/ops/function.rs:250:5
[INFO] [stdout]   42:     0x5578e128ec65 - <alloc::boxed::Box<F,A> as core::ops::function::FnOnce<Args>>::call_once::hc7eafaff61e32df9
[INFO] [stdout]                                at /rustc/82e1608dfa6e0b5569232559e3d385fea5a93112/library/alloc/src/boxed.rs:2007:9
[INFO] [stdout]   43:     0x5578e128ec65 - <alloc::boxed::Box<F,A> as core::ops::function::FnOnce<Args>>::call_once::h6ba4a5de48dd2304
[INFO] [stdout]                                at /rustc/82e1608dfa6e0b5569232559e3d385fea5a93112/library/alloc/src/boxed.rs:2007:9
[INFO] [stdout]   44:     0x5578e128ec65 - std::sys::unix::thread::Thread::new::thread_start::he469335aef763e45
[INFO] [stdout]                                at /rustc/82e1608dfa6e0b5569232559e3d385fea5a93112/library/std/src/sys/unix/thread.rs:108:17
[INFO] [stdout]   45:     0x7f02044f1ac3 - <unknown>
[INFO] [stdout]   46:     0x7f0204582bf4 - __clone
[INFO] [stdout]   47:                0x0 - <unknown>
[INFO] [stdout] 
[INFO] [stdout] 
[INFO] [stdout] failures:
[INFO] [stdout]     int_static::tests::div::i_s2_m32_bits_in_half_max
[INFO] [stdout] 
[INFO] [stdout] test result: FAILED. 91 passed; 1 failed; 0 ignored; 0 measured; 0 filtered out; finished in 0.11s
[INFO] [stdout] 
[INFO] [stderr] error: test failed, to rerun pass `--lib`
[INFO] running `Command { std: "docker" "inspect" "da415d32ef97c0c14dd107c682e306d3212f2442ab5b5ebd38820e996e4a1c33", kill_on_drop: false }`
[INFO] running `Command { std: "docker" "rm" "-f" "da415d32ef97c0c14dd107c682e306d3212f2442ab5b5ebd38820e996e4a1c33", kill_on_drop: false }`
[INFO] [stdout] da415d32ef97c0c14dd107c682e306d3212f2442ab5b5ebd38820e996e4a1c33
[INFO] testing shetr/numbers against beta-2023-12-22 for beta-1.76-1
[INFO] running `Command { std: "git" "clone" "/workspace/cache/git-repos/https%3A%2F%2Fgithub.com%2Fshetr%2Fnumbers" "/workspace/builds/worker-3-tc2/source", kill_on_drop: false }`
[INFO] [stderr] Cloning into '/workspace/builds/worker-3-tc2/source'...
[INFO] [stderr] done.
[INFO] validating manifest of git repo https://github.com/shetr/numbers on toolchain beta-2023-12-22
[INFO] running `Command { std: CARGO_HOME="/workspace/cargo-home" RUSTUP_HOME="/workspace/rustup-home" "/workspace/cargo-home/bin/cargo" "+beta-2023-12-22" "metadata" "--manifest-path" "Cargo.toml" "--no-deps", kill_on_drop: false }`
[INFO] started tweaking git repo https://github.com/shetr/numbers
[INFO] finished tweaking git repo https://github.com/shetr/numbers
[INFO] tweaked toml for git repo https://github.com/shetr/numbers written to /workspace/builds/worker-3-tc2/source/Cargo.toml
[INFO] crate git repo https://github.com/shetr/numbers already has a lockfile, it will not be regenerated
[INFO] running `Command { std: CARGO_HOME="/workspace/cargo-home" RUSTUP_HOME="/workspace/rustup-home" "/workspace/cargo-home/bin/cargo" "+beta-2023-12-22" "fetch" "--manifest-path" "Cargo.toml", kill_on_drop: false }`
[INFO] running `Command { std: "docker" "create" "-v" "/var/lib/crater-agent-workspace/builds/worker-3-tc2/target:/opt/rustwide/target:rw,Z" "-v" "/var/lib/crater-agent-workspace/builds/worker-3-tc2/source:/opt/rustwide/workdir:ro,Z" "-v" "/var/lib/crater-agent-workspace/cargo-home:/opt/rustwide/cargo-home:ro,Z" "-v" "/var/lib/crater-agent-workspace/rustup-home:/opt/rustwide/rustup-home:ro,Z" "-e" "SOURCE_DIR=/opt/rustwide/workdir" "-e" "CARGO_TARGET_DIR=/opt/rustwide/target" "-e" "CARGO_HOME=/opt/rustwide/cargo-home" "-e" "RUSTUP_HOME=/opt/rustwide/rustup-home" "-w" "/opt/rustwide/workdir" "-m" "1610612736" "--user" "0:0" "--network" "none" "ghcr.io/rust-lang/crates-build-env/linux@sha256:2788e3201cd34a07e3172128adcd8b3090168a8e3bcc40d7c032b9dda1df7d1c" "/opt/rustwide/cargo-home/bin/cargo" "+beta-2023-12-22" "metadata" "--no-deps" "--format-version=1", kill_on_drop: false }`
[INFO] [stdout] 11428111e8a1140d8d543286b1e29b0de8df8f93570ce841501debc08c485d97
[INFO] running `Command { std: "docker" "start" "-a" "11428111e8a1140d8d543286b1e29b0de8df8f93570ce841501debc08c485d97", kill_on_drop: false }`
[INFO] running `Command { std: "docker" "inspect" "11428111e8a1140d8d543286b1e29b0de8df8f93570ce841501debc08c485d97", kill_on_drop: false }`
[INFO] running `Command { std: "docker" "rm" "-f" "11428111e8a1140d8d543286b1e29b0de8df8f93570ce841501debc08c485d97", kill_on_drop: false }`
[INFO] [stdout] 11428111e8a1140d8d543286b1e29b0de8df8f93570ce841501debc08c485d97
[INFO] running `Command { std: "docker" "create" "-v" "/var/lib/crater-agent-workspace/builds/worker-3-tc2/target:/opt/rustwide/target:rw,Z" "-v" "/var/lib/crater-agent-workspace/builds/worker-3-tc2/source:/opt/rustwide/workdir:ro,Z" "-v" "/var/lib/crater-agent-workspace/cargo-home:/opt/rustwide/cargo-home:ro,Z" "-v" "/var/lib/crater-agent-workspace/rustup-home:/opt/rustwide/rustup-home:ro,Z" "-e" "SOURCE_DIR=/opt/rustwide/workdir" "-e" "CARGO_TARGET_DIR=/opt/rustwide/target" "-e" "CARGO_INCREMENTAL=0" "-e" "RUST_BACKTRACE=full" "-e" "RUSTFLAGS=--cap-lints=warn" "-e" "RUSTDOCFLAGS=--cap-lints=warn" "-e" "CARGO_HOME=/opt/rustwide/cargo-home" "-e" "RUSTUP_HOME=/opt/rustwide/rustup-home" "-w" "/opt/rustwide/workdir" "-m" "1610612736" "--user" "0:0" "--network" "none" "ghcr.io/rust-lang/crates-build-env/linux@sha256:2788e3201cd34a07e3172128adcd8b3090168a8e3bcc40d7c032b9dda1df7d1c" "/opt/rustwide/cargo-home/bin/cargo" "+beta-2023-12-22" "build" "--frozen" "--message-format=json", kill_on_drop: false }`
[INFO] [stdout] 9769bb4a101dbc86908caaa98a7577eadf051f917ab6bab01093345f290777a2
[INFO] running `Command { std: "docker" "start" "-a" "9769bb4a101dbc86908caaa98a7577eadf051f917ab6bab01093345f290777a2", kill_on_drop: false }`
[INFO] [stderr]    Compiling numbers v0.1.0 (/opt/rustwide/workdir)
[INFO] [stdout] warning: method `div_rem_signed` is never used
[INFO] [stdout]    --> src/int_static.rs:202:8
[INFO] [stdout]     |
[INFO] [stdout] 42  | impl<const N: usize, const S: bool> IntStatic<{N}, {S}> {
[INFO] [stdout]     | ------------------------------------------------------- method in this implementation
[INFO] [stdout] ...
[INFO] [stdout] 202 |     fn div_rem_signed(self, rhs: Self) -> (Self, Self) {
[INFO] [stdout]     |        ^^^^^^^^^^^^^^
[INFO] [stdout]     |
[INFO] [stdout]     = note: `#[warn(dead_code)]` on by default
[INFO] [stdout] 
[INFO] [stdout] 
[INFO] [stdout] warning: 1 warning emitted
[INFO] [stdout] 
[INFO] [stdout] 
[INFO] [stderr]     Finished dev [unoptimized + debuginfo] target(s) in 0.32s
[INFO] running `Command { std: "docker" "inspect" "9769bb4a101dbc86908caaa98a7577eadf051f917ab6bab01093345f290777a2", kill_on_drop: false }`
[INFO] running `Command { std: "docker" "rm" "-f" "9769bb4a101dbc86908caaa98a7577eadf051f917ab6bab01093345f290777a2", kill_on_drop: false }`
[INFO] [stdout] 9769bb4a101dbc86908caaa98a7577eadf051f917ab6bab01093345f290777a2
[INFO] running `Command { std: "docker" "create" "-v" "/var/lib/crater-agent-workspace/builds/worker-3-tc2/target:/opt/rustwide/target:rw,Z" "-v" "/var/lib/crater-agent-workspace/builds/worker-3-tc2/source:/opt/rustwide/workdir:ro,Z" "-v" "/var/lib/crater-agent-workspace/cargo-home:/opt/rustwide/cargo-home:ro,Z" "-v" "/var/lib/crater-agent-workspace/rustup-home:/opt/rustwide/rustup-home:ro,Z" "-e" "SOURCE_DIR=/opt/rustwide/workdir" "-e" "CARGO_TARGET_DIR=/opt/rustwide/target" "-e" "CARGO_INCREMENTAL=0" "-e" "RUST_BACKTRACE=full" "-e" "RUSTFLAGS=--cap-lints=warn" "-e" "RUSTDOCFLAGS=--cap-lints=warn" "-e" "CARGO_HOME=/opt/rustwide/cargo-home" "-e" "RUSTUP_HOME=/opt/rustwide/rustup-home" "-w" "/opt/rustwide/workdir" "-m" "1610612736" "--user" "0:0" "--network" "none" "ghcr.io/rust-lang/crates-build-env/linux@sha256:2788e3201cd34a07e3172128adcd8b3090168a8e3bcc40d7c032b9dda1df7d1c" "/opt/rustwide/cargo-home/bin/cargo" "+beta-2023-12-22" "test" "--frozen" "--no-run" "--message-format=json", kill_on_drop: false }`
[INFO] [stdout] 5da789117a5c4bc22fc8b19dc850703f220da1e807b391f0c3fb558b79517da7
[INFO] running `Command { std: "docker" "start" "-a" "5da789117a5c4bc22fc8b19dc850703f220da1e807b391f0c3fb558b79517da7", kill_on_drop: false }`
[INFO] [stdout] warning: method `div_rem_signed` is never used
[INFO] [stdout]    --> src/int_static.rs:202:8
[INFO] [stdout]     |
[INFO] [stdout] 42  | impl<const N: usize, const S: bool> IntStatic<{N}, {S}> {
[INFO] [stdout]     | ------------------------------------------------------- method in this implementation
[INFO] [stdout] ...
[INFO] [stdout] 202 |     fn div_rem_signed(self, rhs: Self) -> (Self, Self) {
[INFO] [stdout]     |        ^^^^^^^^^^^^^^
[INFO] [stdout]     |
[INFO] [stdout]     = note: `#[warn(dead_code)]` on by default
[INFO] [stdout] 
[INFO] [stdout] 
[INFO] [stdout] warning: 1 warning emitted
[INFO] [stdout] 
[INFO] [stdout] 
[INFO] [stderr]    Compiling numbers v0.1.0 (/opt/rustwide/workdir)
[INFO] [stdout] warning: method `div_rem_signed` is never used
[INFO] [stdout]    --> src/int_static.rs:202:8
[INFO] [stdout]     |
[INFO] [stdout] 42  | impl<const N: usize, const S: bool> IntStatic<{N}, {S}> {
[INFO] [stdout]     | ------------------------------------------------------- method in this implementation
[INFO] [stdout] ...
[INFO] [stdout] 202 |     fn div_rem_signed(self, rhs: Self) -> (Self, Self) {
[INFO] [stdout]     |        ^^^^^^^^^^^^^^
[INFO] [stdout]     |
[INFO] [stdout]     = note: `#[warn(dead_code)]` on by default
[INFO] [stdout] 
[INFO] [stdout] 
[INFO] [stdout] warning: 1 warning emitted
[INFO] [stdout] 
[INFO] [stdout] 
[INFO] [stderr]     Finished test [unoptimized + debuginfo] target(s) in 0.84s
[INFO] running `Command { std: "docker" "inspect" "5da789117a5c4bc22fc8b19dc850703f220da1e807b391f0c3fb558b79517da7", kill_on_drop: false }`
[INFO] running `Command { std: "docker" "rm" "-f" "5da789117a5c4bc22fc8b19dc850703f220da1e807b391f0c3fb558b79517da7", kill_on_drop: false }`
[INFO] [stdout] 5da789117a5c4bc22fc8b19dc850703f220da1e807b391f0c3fb558b79517da7
[INFO] running `Command { std: "docker" "create" "-v" "/var/lib/crater-agent-workspace/builds/worker-3-tc2/target:/opt/rustwide/target:rw,Z" "-v" "/var/lib/crater-agent-workspace/builds/worker-3-tc2/source:/opt/rustwide/workdir:ro,Z" "-v" "/var/lib/crater-agent-workspace/cargo-home:/opt/rustwide/cargo-home:ro,Z" "-v" "/var/lib/crater-agent-workspace/rustup-home:/opt/rustwide/rustup-home:ro,Z" "-e" "SOURCE_DIR=/opt/rustwide/workdir" "-e" "CARGO_TARGET_DIR=/opt/rustwide/target" "-e" "CARGO_INCREMENTAL=0" "-e" "RUST_BACKTRACE=full" "-e" "RUSTFLAGS=--cap-lints=warn" "-e" "RUSTDOCFLAGS=--cap-lints=warn" "-e" "CARGO_HOME=/opt/rustwide/cargo-home" "-e" "RUSTUP_HOME=/opt/rustwide/rustup-home" "-w" "/opt/rustwide/workdir" "-m" "1610612736" "--user" "0:0" "--network" "none" "ghcr.io/rust-lang/crates-build-env/linux@sha256:2788e3201cd34a07e3172128adcd8b3090168a8e3bcc40d7c032b9dda1df7d1c" "/opt/rustwide/cargo-home/bin/cargo" "+beta-2023-12-22" "test" "--frozen", kill_on_drop: false }`
[INFO] [stdout] ab2f53430e7ab2ce3b55401c4a11baf30515d56216e53b9664012a473a616d31
[INFO] running `Command { std: "docker" "start" "-a" "ab2f53430e7ab2ce3b55401c4a11baf30515d56216e53b9664012a473a616d31", kill_on_drop: false }`
[INFO] [stderr] warning: method `div_rem_signed` is never used
[INFO] [stderr]    --> src/int_static.rs:202:8
[INFO] [stderr]     |
[INFO] [stderr] 42  | impl<const N: usize, const S: bool> IntStatic<{N}, {S}> {
[INFO] [stderr]     | ------------------------------------------------------- method in this implementation
[INFO] [stderr] ...
[INFO] [stderr] 202 |     fn div_rem_signed(self, rhs: Self) -> (Self, Self) {
[INFO] [stderr]     |        ^^^^^^^^^^^^^^
[INFO] [stderr]     |
[INFO] [stderr]     = note: `#[warn(dead_code)]` on by default
[INFO] [stderr] 
[INFO] [stderr] warning: `numbers` (lib) generated 1 warning
[INFO] [stderr] warning: `numbers` (lib test) generated 1 warning (1 duplicate)
[INFO] [stderr]     Finished test [unoptimized + debuginfo] target(s) in 0.01s
[INFO] [stderr]      Running unittests src/lib.rs (/opt/rustwide/target/debug/deps/numbers-25db66ef36a623ff)
[INFO] [stdout] 
[INFO] [stdout] running 92 tests
[INFO] [stdout] test common::tests::add3_out_overflow_max_max_max ... ok
[INFO] [stdout] test common::tests::get_max_bit_0 ... ok
[INFO] [stdout] test common::tests::div_inout_rem_max_lower_max_lower_max_m1 ... ok
[INFO] [stdout] test common::tests::add_out_overflow_max_max ... ok
[INFO] [stdout] test common::tests::get_max_bit_2 ... ok
[INFO] [stdout] test common::tests::get_max_bit_2_to_30 ... ok
[INFO] [stdout] test common::tests::add_inout_overflow_max_max_0 ... ok
[INFO] [stdout] test common::tests::get_max_bit_2_to_31 ... ok
[INFO] [stdout] test common::tests::get_max_bit_2_to_32 ... ok
[INFO] [stdout] test common::tests::get_max_bit_2_to_33 ... ok
[INFO] [stdout] test common::tests::get_max_bit_2_to_63 ... ok
[INFO] [stdout] test common::tests::get_max_bit_3 ... ok
[INFO] [stdout] test common::tests::get_max_bit_lower_max ... ok
[INFO] [stdout] test common::tests::get_max_bit_max ... ok
[INFO] [stdout] test common::tests::get_sign_bit_max ... ok
[INFO] [stdout] test common::tests::get_sign_bit_nearly_max ... ok
[INFO] [stdout] test common::tests::mul_inout_overflow_acc_max_max_max_max ... ok
[INFO] [stdout] test common::tests::mul_out_overflow_max_max ... ok
[INFO] [stdout] test common::tests::mul_upper_half_out_overflow_lower_max_lower_max ... ok
[INFO] [stdout] test common::tests::shl_block_wrap_left ... ok
[INFO] [stdout] test common::tests::shl_block_wrap_left_half ... ok
[INFO] [stdout] test common::tests::shl_block_wrap_right ... ok
[INFO] [stdout] test int_static::tests::add::i_s2_1_m1 ... ok
[INFO] [stdout] test int_static::tests::add::i_s4_pos_half_max_m1 ... ok
[INFO] [stdout] test int_static::tests::add::i_s4_pos_max_mpos_max ... ok
[INFO] [stdout] test int_static::tests::add::u_s2_1_half_max_m1 ... ok
[INFO] [stdout] test int_static::tests::add::u_s2_1_max ... ok
[INFO] [stdout] test int_static::tests::add::u_s2_max_max ... ok
[INFO] [stdout] test int_static::tests::add::u_s4_1_max ... ok
[INFO] [stdout] test int_static::tests::add::u_s4_1_nearly_max ... ok
[INFO] [stdout] test int_static::tests::cmp ... ok
[INFO] [stdout] test int_static::tests::div::u_s2_32_bits_in_half_max2 ... ok
[INFO] [stdout] test common::tests::div_inout_rem_max_lower_max_lower_max ... ok
[INFO] [stdout] test common::tests::get_max_bit_1 ... ok
[INFO] [stdout] test common::tests::add_out_overflow_1_max ... ok
[INFO] [stdout] test common::tests::add_inout_overflow_max_max_1 ... ok
[INFO] [stdout] test common::tests::div_inout_rem_max_lower_max_0 ... ok
[INFO] [stdout] test int_static::tests::div::u_s2_32_bits_in_half_max ... ok
[INFO] [stdout] test int_static::tests::from_data ... ok
[INFO] [stdout] test int_static::tests::div_u32::u_s2_32_bits_in_half_max ... ok
[INFO] [stdout] test int_static::tests::div_u32::i_s2_m32_bits_in_half_max ... ok
[INFO] [stdout] test int_static::tests::from_hex::u_s1_ABCDEFabcdefAaBb ... ok
[INFO] [stdout] test int_static::tests::from_hex::i_s2_zero ... ok
[INFO] [stdout] test int_static::tests::from_hex::i_s1_zero ... ok
[INFO] [stdout] test int_static::tests::from_hex::u_s1_FEDCBA9876543210 ... ok
[INFO] [stdout] test int_static::tests::div::i_s2_m32_bits_in_half_max ... FAILED
[INFO] [stdout] test int_static::tests::from_hex::u_s1_empty_string ... ok
[INFO] [stdout] test int_static::tests::from_hex::u_s1_FFFFFFFFFFFFFFFF ... ok
[INFO] [stdout] test int_static::tests::from_hex::u_s1_FEDCBA9876543210FEDCBA9876543210 ... ok
[INFO] [stdout] test int_static::tests::from_hex::u_s1_FFFFFFFFFFFFFFFFFFFFFFFFFFFFFFFF ... ok
[INFO] [stdout] test int_static::tests::from_hex::u_s1_ffffffffffffffff ... ok
[INFO] [stdout] test int_static::tests::from_hex::u_s1_fedcba9876543210 ... ok
[INFO] [stdout] test int_static::tests::from_hex::u_s1_input_fit_tight ... ok
[INFO] [stdout] test int_static::tests::from_hex::u_s1_input_too_big ... ok
[INFO] [stdout] test int_static::tests::div_by_zero_u32 - should panic ... ok
[INFO] [stdout] test int_static::tests::from_hex::u_s1_invalid_char ... ok
[INFO] [stdout] test int_static::tests::from_hex::u_s1_zero ... ok
[INFO] [stdout] test int_static::tests::from_hex::u_s2_invalid_char ... ok
[INFO] [stdout] test int_static::tests::from_hex::u_s2_empty_string ... ok
[INFO] [stdout] test int_static::tests::from_hex::u_s2_zero ... ok
[INFO] [stdout] test int_static::tests::hex_string_u64 ... ok
[INFO] [stdout] test int_static::tests::mul::i_s4_0_m1 ... ok
[INFO] [stdout] test int_static::tests::mul::i_s4_1_m1 ... ok
[INFO] [stdout] test int_static::tests::mul::i_s4_2_to_128_m1_m2_to_128_m1 ... ok
[INFO] [stdout] test int_static::tests::from_hex::u_s1_fedcba9876543210fedcba9876543210 ... ok
[INFO] [stdout] test int_static::tests::from_hex::u_s1_fdb97531fedcba9876543210 ... ok
[INFO] [stdout] test int_static::tests::div_by_zero - should panic ... ok
[INFO] [stdout] test int_static::tests::mul::i_s4_m1_m1 ... ok
[INFO] [stdout] test int_static::tests::mul::i_s4_1_mmax ... ok
[INFO] [stdout] test int_static::tests::from_hex::u_s1_ffffffffffffffffffffffffffffffff ... ok
[INFO] [stdout] test int_static::tests::mul::i_s4_m2_to_128_m1_m2_to_128_m1 ... ok
[INFO] [stdout] test int_static::tests::mul::i_s4_m1_max ... ok
[INFO] [stdout] test int_static::tests::mul::u_s2_0_max ... ok
[INFO] [stdout] test int_static::tests::mul::u_s2_1_max ... ok
[INFO] [stdout] test int_static::tests::mul::u_s2_max_0 ... ok
[INFO] [stdout] test int_static::tests::mul::u_s2_1_0 ... ok
[INFO] [stdout] test int_static::tests::mul::i_s4_mmax_m1 ... ok
[INFO] [stdout] test int_static::tests::mul::i_s4_m2_to_128_m1_2_to_128_m1 ... ok
[INFO] [stdout] test int_static::tests::from_hex::u_s1_fdb97531 ... ok
[INFO] [stdout] test int_static::tests::mul::i_s4_m1_mmax ... ok
[INFO] [stdout] test int_static::tests::mul::u_s2_max_1 ... ok
[INFO] [stdout] test int_static::tests::mul::u_s3_2_to_64_m1_2_to_64 ... ok
[INFO] [stdout] test int_static::tests::neg ... ok
[INFO] [stdout] test int_static::tests::neg_zero ... ok
[INFO] [stdout] test int_static::tests::to_binary_string ... ok
[INFO] [stdout] test int_static::tests::to_string ... ok
[INFO] [stdout] test int_static::tests::to_upper_hex ... ok
[INFO] [stdout] test int_static::tests::zero ... ok
[INFO] [stdout] test int_static::tests::mul::u_s4_2_to_128_m1_2_to_64 ... ok
[INFO] [stdout] test int_static::tests::to_binary_string_u64 ... ok
[INFO] [stdout] test int_static::tests::to_lower_hex ... ok
[INFO] [stdout] test int_static::tests::mul::u_s4_2_to_128_m1_2_to_128_m1 ... ok
[INFO] [stdout] 
[INFO] [stdout] failures:
[INFO] [stdout] 
[INFO] [stdout] ---- int_static::tests::div::i_s2_m32_bits_in_half_max stdout ----
[INFO] [stdout] thread 'int_static::tests::div::i_s2_m32_bits_in_half_max' panicked at src/int_static.rs:1040:13:
[INFO] [stdout] assertion `left == right` failed
[INFO] [stdout]   left: IntStatic { data: [0, 0] }
[INFO] [stdout]  right: IntStatic { data: [18446462598732840960, 18446744073709551615] }
[INFO] [stdout] stack backtrace:
[INFO] [stdout]    0:     0x555ec5afa666 - std::backtrace_rs::backtrace::libunwind::trace::h261606ad26a499c1
[INFO] [stdout]                                at /rustc/0e09125c6c3c2fd70d7de961bcf0e51575235fad/library/std/src/../../backtrace/src/backtrace/libunwind.rs:104:5
[INFO] [stdout]    1:     0x555ec5afa666 - std::backtrace_rs::backtrace::trace_unsynchronized::hd183f0625477fb28
[INFO] [stdout]                                at /rustc/0e09125c6c3c2fd70d7de961bcf0e51575235fad/library/std/src/../../backtrace/src/backtrace/mod.rs:66:5
[INFO] [stdout]    2:     0x555ec5afa666 - std::sys_common::backtrace::_print_fmt::hd7f8fef21b4eda67
[INFO] [stdout]                                at /rustc/0e09125c6c3c2fd70d7de961bcf0e51575235fad/library/std/src/sys_common/backtrace.rs:68:5
[INFO] [stdout]    3:     0x555ec5afa666 - <std::sys_common::backtrace::_print::DisplayBacktrace as core::fmt::Display>::fmt::h623d9b51f2f453f1
[INFO] [stdout]                                at /rustc/0e09125c6c3c2fd70d7de961bcf0e51575235fad/library/std/src/sys_common/backtrace.rs:44:22
[INFO] [stdout]    4:     0x555ec5b23950 - core::fmt::rt::Argument::fmt::h9f417ac76a86f368
[INFO] [stdout]                                at /rustc/0e09125c6c3c2fd70d7de961bcf0e51575235fad/library/core/src/fmt/rt.rs:142:9
[INFO] [stdout]    5:     0x555ec5b23950 - core::fmt::write::hc9b6faf4ac2aeff7
[INFO] [stdout]                                at /rustc/0e09125c6c3c2fd70d7de961bcf0e51575235fad/library/core/src/fmt/mod.rs:1120:17
[INFO] [stdout]    6:     0x555ec5af80cf - std::io::Write::write_fmt::he04625a3a989fec3
[INFO] [stdout]                                at /rustc/0e09125c6c3c2fd70d7de961bcf0e51575235fad/library/std/src/io/mod.rs:1810:15
[INFO] [stdout]    7:     0x555ec5afa444 - std::sys_common::backtrace::_print::hd5d66399c7df88a2
[INFO] [stdout]                                at /rustc/0e09125c6c3c2fd70d7de961bcf0e51575235fad/library/std/src/sys_common/backtrace.rs:47:5
[INFO] [stdout]    8:     0x555ec5afa444 - std::sys_common::backtrace::print::he81ed2da642d37e5
[INFO] [stdout]                                at /rustc/0e09125c6c3c2fd70d7de961bcf0e51575235fad/library/std/src/sys_common/backtrace.rs:34:9
[INFO] [stdout]    9:     0x555ec5afc1b7 - std::panicking::default_hook::{{closure}}::h85773f4fa117163d
[INFO] [stdout]   10:     0x555ec5afbe9d - std::panicking::default_hook::h6a1694a91d09b278
[INFO] [stdout]                                at /rustc/0e09125c6c3c2fd70d7de961bcf0e51575235fad/library/std/src/panicking.rs:289:9
[INFO] [stdout]   11:     0x555ec5acc077 - <alloc::boxed::Box<F,A> as core::ops::function::Fn<Args>>::call::h616ac37fa3cd6c8f
[INFO] [stdout]                                at /rustc/0e09125c6c3c2fd70d7de961bcf0e51575235fad/library/alloc/src/boxed.rs:2029:9
[INFO] [stdout]   12:     0x555ec5acc077 - test::test_main::{{closure}}::h00d84697cefdcbb6
[INFO] [stdout]                                at /rustc/0e09125c6c3c2fd70d7de961bcf0e51575235fad/library/test/src/lib.rs:138:21
[INFO] [stdout]   13:     0x555ec5afc7d6 - <alloc::boxed::Box<F,A> as core::ops::function::Fn<Args>>::call::hcb3fe3b9bb537ba8
[INFO] [stdout]                                at /rustc/0e09125c6c3c2fd70d7de961bcf0e51575235fad/library/alloc/src/boxed.rs:2029:9
[INFO] [stdout]   14:     0x555ec5afc7d6 - std::panicking::rust_panic_with_hook::h0a7ad96e90f7145b
[INFO] [stdout]                                at /rustc/0e09125c6c3c2fd70d7de961bcf0e51575235fad/library/std/src/panicking.rs:783:13
[INFO] [stdout]   15:     0x555ec5afc522 - std::panicking::begin_panic_handler::{{closure}}::h7919090525c6485e
[INFO] [stdout]                                at /rustc/0e09125c6c3c2fd70d7de961bcf0e51575235fad/library/std/src/panicking.rs:657:13
[INFO] [stdout]   16:     0x555ec5afab66 - std::sys_common::backtrace::__rust_end_short_backtrace::hf3289479464f7dfe
[INFO] [stdout]                                at /rustc/0e09125c6c3c2fd70d7de961bcf0e51575235fad/library/std/src/sys_common/backtrace.rs:171:18
[INFO] [stdout]   17:     0x555ec5afc280 - rust_begin_unwind
[INFO] [stdout]                                at /rustc/0e09125c6c3c2fd70d7de961bcf0e51575235fad/library/std/src/panicking.rs:645:5
[INFO] [stdout]   18:     0x555ec5a78cd5 - core::panicking::panic_fmt::hcc9f77c5c132af55
[INFO] [stdout]                                at /rustc/0e09125c6c3c2fd70d7de961bcf0e51575235fad/library/core/src/panicking.rs:72:14
[INFO] [stdout]   19:     0x555ec5a7901b - core::panicking::assert_failed_inner::h9f13e27dd63c3a08
[INFO] [stdout]                                at /rustc/0e09125c6c3c2fd70d7de961bcf0e51575235fad/library/core/src/panicking.rs:342:17
[INFO] [stdout]   20:     0x555ec5a7c52e - core::panicking::assert_failed::h87c70fd96c0f71ae
[INFO] [stdout]                                at /rustc/0e09125c6c3c2fd70d7de961bcf0e51575235fad/library/core/src/panicking.rs:297:5
[INFO] [stdout]   21:     0x555ec5a87e91 - numbers::int_static::tests::div::i_s2_m32_bits_in_half_max::hf14a169ce0e186e6
[INFO] [stdout]                                at /opt/rustwide/workdir/src/int_static.rs:1040:13
[INFO] [stdout]   22:     0x555ec5a87d07 - numbers::int_static::tests::div::i_s2_m32_bits_in_half_max::{{closure}}::h54331269b24550cf
[INFO] [stdout]                                at /opt/rustwide/workdir/src/int_static.rs:1037:39
[INFO] [stdout]   23:     0x555ec5a7ad26 - core::ops::function::FnOnce::call_once::hc04249f9c29b5581
[INFO] [stdout]                                at /rustc/0e09125c6c3c2fd70d7de961bcf0e51575235fad/library/core/src/ops/function.rs:250:5
[INFO] [stdout]   24:     0x555ec5ad194f - core::ops::function::FnOnce::call_once::hd64d26f405258157
[INFO] [stdout]                                at /rustc/0e09125c6c3c2fd70d7de961bcf0e51575235fad/library/core/src/ops/function.rs:250:5
[INFO] [stdout]   25:     0x555ec5ad194f - test::__rust_begin_short_backtrace::he21b0b7a6d731bf9
[INFO] [stdout]                                at /rustc/0e09125c6c3c2fd70d7de961bcf0e51575235fad/library/test/src/lib.rs:627:18
[INFO] [stdout]   26:     0x555ec5ad06d1 - test::run_test_in_process::{{closure}}::hf5c73986d7bdfde2
[INFO] [stdout]                                at /rustc/0e09125c6c3c2fd70d7de961bcf0e51575235fad/library/test/src/lib.rs:650:60
[INFO] [stdout]   27:     0x555ec5ad06d1 - <core::panic::unwind_safe::AssertUnwindSafe<F> as core::ops::function::FnOnce<()>>::call_once::h330011ad032aadc0
[INFO] [stdout]                                at /rustc/0e09125c6c3c2fd70d7de961bcf0e51575235fad/library/core/src/panic/unwind_safe.rs:272:9
[INFO] [stdout]   28:     0x555ec5ad06d1 - std::panicking::try::do_call::he61b0a958b795a41
[INFO] [stdout]                                at /rustc/0e09125c6c3c2fd70d7de961bcf0e51575235fad/library/std/src/panicking.rs:552:40
[INFO] [stdout]   29:     0x555ec5ad06d1 - std::panicking::try::h7309da130f906eb7
[INFO] [stdout]                                at /rustc/0e09125c6c3c2fd70d7de961bcf0e51575235fad/library/std/src/panicking.rs:516:19
[INFO] [stdout]   30:     0x555ec5ad06d1 - std::panic::catch_unwind::hc5c3a06fdaf0a92a
[INFO] [stdout]                                at /rustc/0e09125c6c3c2fd70d7de961bcf0e51575235fad/library/std/src/panic.rs:142:14
[INFO] [stdout]   31:     0x555ec5ad06d1 - test::run_test_in_process::h7e7b7c71c3324e0f
[INFO] [stdout]                                at /rustc/0e09125c6c3c2fd70d7de961bcf0e51575235fad/library/test/src/lib.rs:650:27
[INFO] [stdout]   32:     0x555ec5ad06d1 - test::run_test::{{closure}}::h1f509f28f5cf20b1
[INFO] [stdout]                                at /rustc/0e09125c6c3c2fd70d7de961bcf0e51575235fad/library/test/src/lib.rs:573:43
[INFO] [stdout]   33:     0x555ec5a97a06 - test::run_test::{{closure}}::h1754218abf443f6d
[INFO] [stdout]                                at /rustc/0e09125c6c3c2fd70d7de961bcf0e51575235fad/library/test/src/lib.rs:601:41
[INFO] [stdout]   34:     0x555ec5a97a06 - std::sys_common::backtrace::__rust_begin_short_backtrace::h2ee174b9d5954948
[INFO] [stdout]                                at /rustc/0e09125c6c3c2fd70d7de961bcf0e51575235fad/library/std/src/sys_common/backtrace.rs:155:18
[INFO] [stdout]   35:     0x555ec5a9ca67 - std::thread::Builder::spawn_unchecked_::{{closure}}::{{closure}}::hf60bee9c1a17ef09
[INFO] [stdout]                                at /rustc/0e09125c6c3c2fd70d7de961bcf0e51575235fad/library/std/src/thread/mod.rs:529:17
[INFO] [stdout]   36:     0x555ec5a9ca67 - <core::panic::unwind_safe::AssertUnwindSafe<F> as core::ops::function::FnOnce<()>>::call_once::h33d0dddec5216160
[INFO] [stdout]                                at /rustc/0e09125c6c3c2fd70d7de961bcf0e51575235fad/library/core/src/panic/unwind_safe.rs:272:9
[INFO] [stdout]   37:     0x555ec5a9ca67 - std::panicking::try::do_call::h144b3048b546f835
[INFO] [stdout]                                at /rustc/0e09125c6c3c2fd70d7de961bcf0e51575235fad/library/std/src/panicking.rs:552:40
[INFO] [stdout]   38:     0x555ec5a9ca67 - std::panicking::try::h978244d04646189f
[INFO] [stdout]                                at /rustc/0e09125c6c3c2fd70d7de961bcf0e51575235fad/library/std/src/panicking.rs:516:19
[INFO] [stdout]   39:     0x555ec5a9ca67 - std::panic::catch_unwind::hdf436369d188fe86
[INFO] [stdout]                                at /rustc/0e09125c6c3c2fd70d7de961bcf0e51575235fad/library/std/src/panic.rs:142:14
[INFO] [stdout]   40:     0x555ec5a9ca67 - std::thread::Builder::spawn_unchecked_::{{closure}}::h87329cbdd33c79ec
[INFO] [stdout]                                at /rustc/0e09125c6c3c2fd70d7de961bcf0e51575235fad/library/std/src/thread/mod.rs:528:30
[INFO] [stdout]   41:     0x555ec5a9ca67 - core::ops::function::FnOnce::call_once{{vtable.shim}}::h401abbe67897d450
[INFO] [stdout]                                at /rustc/0e09125c6c3c2fd70d7de961bcf0e51575235fad/library/core/src/ops/function.rs:250:5
[INFO] [stdout]   42:     0x555ec5b01285 - <alloc::boxed::Box<F,A> as core::ops::function::FnOnce<Args>>::call_once::h5d7c8f150ab9c84c
[INFO] [stdout]                                at /rustc/0e09125c6c3c2fd70d7de961bcf0e51575235fad/library/alloc/src/boxed.rs:2015:9
[INFO] [stdout]   43:     0x555ec5b01285 - <alloc::boxed::Box<F,A> as core::ops::function::FnOnce<Args>>::call_once::h570d5b005c242c15
[INFO] [stdout]                                at /rustc/0e09125c6c3c2fd70d7de961bcf0e51575235fad/library/alloc/src/boxed.rs:2015:9
[INFO] [stdout]   44:     0x555ec5b01285 - std::sys::unix::thread::Thread::new::thread_start::h36b0a20c0b2361ad
[INFO] [stdout]                                at /rustc/0e09125c6c3c2fd70d7de961bcf0e51575235fad/library/std/src/sys/unix/thread.rs:108:17
[INFO] [stdout]   45:     0x7f1d4b7f9ac3 - <unknown>
[INFO] [stdout]   46:     0x7f1d4b88abf4 - __clone
[INFO] [stdout]   47:                0x0 - <unknown>
[INFO] [stdout] 
[INFO] [stdout] 
[INFO] [stdout] failures:
[INFO] [stdout]     int_static::tests::div::i_s2_m32_bits_in_half_max
[INFO] [stdout] 
[INFO] [stdout] test result: FAILED. 91 passed; 1 failed; 0 ignored; 0 measured; 0 filtered out; finished in 0.04s
[INFO] [stdout] 
[INFO] [stderr] error: test failed, to rerun pass `--lib`
[INFO] running `Command { std: "docker" "inspect" "ab2f53430e7ab2ce3b55401c4a11baf30515d56216e53b9664012a473a616d31", kill_on_drop: false }`
[INFO] running `Command { std: "docker" "rm" "-f" "ab2f53430e7ab2ce3b55401c4a11baf30515d56216e53b9664012a473a616d31", kill_on_drop: false }`
[INFO] [stdout] ab2f53430e7ab2ce3b55401c4a11baf30515d56216e53b9664012a473a616d31
