[INFO] cloning repository https://github.com/shenshouer/rust-web-template
[INFO] running `Command { std: "git" "-c" "credential.helper=" "-c" "credential.helper=/workspace/cargo-home/bin/git-credential-null" "clone" "--bare" "https://github.com/shenshouer/rust-web-template" "/workspace/cache/git-repos/https%3A%2F%2Fgithub.com%2Fshenshouer%2Frust-web-template", kill_on_drop: false }`
[INFO] [stderr] Cloning into bare repository '/workspace/cache/git-repos/https%3A%2F%2Fgithub.com%2Fshenshouer%2Frust-web-template'...
[INFO] running `Command { std: "git" "rev-parse" "HEAD", kill_on_drop: false }`
[INFO] [stdout] 7aa8f23da10ac3c553155872eb7818c2d8ada330
[INFO] testing shenshouer/rust-web-template against 1.75.0 for beta-1.76-1
[INFO] running `Command { std: "git" "clone" "/workspace/cache/git-repos/https%3A%2F%2Fgithub.com%2Fshenshouer%2Frust-web-template" "/workspace/builds/worker-5-tc1/source", kill_on_drop: false }`
[INFO] [stderr] Cloning into '/workspace/builds/worker-5-tc1/source'...
[INFO] [stderr] done.
[INFO] validating manifest of git repo https://github.com/shenshouer/rust-web-template on toolchain 1.75.0
[INFO] running `Command { std: CARGO_HOME="/workspace/cargo-home" RUSTUP_HOME="/workspace/rustup-home" "/workspace/cargo-home/bin/cargo" "+1.75.0" "metadata" "--manifest-path" "Cargo.toml" "--no-deps", kill_on_drop: false }`
[INFO] started tweaking git repo https://github.com/shenshouer/rust-web-template
[INFO] finished tweaking git repo https://github.com/shenshouer/rust-web-template
[INFO] tweaked toml for git repo https://github.com/shenshouer/rust-web-template written to /workspace/builds/worker-5-tc1/source/Cargo.toml
[INFO] crate git repo https://github.com/shenshouer/rust-web-template already has a lockfile, it will not be regenerated
[INFO] running `Command { std: CARGO_HOME="/workspace/cargo-home" RUSTUP_HOME="/workspace/rustup-home" "/workspace/cargo-home/bin/cargo" "+1.75.0" "fetch" "--manifest-path" "Cargo.toml", kill_on_drop: false }`
[INFO] [stderr]     Blocking waiting for file lock on package cache
[INFO] [stderr]     Blocking waiting for file lock on package cache
[INFO] [stderr]  Downloading crates ...
[INFO] [stderr]   Downloaded validator_derive v0.12.0
[INFO] [stderr]   Downloaded hdrhistogram v6.3.4
[INFO] [stderr]   Downloaded axum v0.4.4
[INFO] [stderr]   Downloaded fragile v1.1.0
[INFO] [stderr]   Downloaded jsonwebtoken v8.0.1
[INFO] [stderr]   Downloaded tower-http v0.2.1
[INFO] running `Command { std: "docker" "create" "-v" "/var/lib/crater-agent-workspace/builds/worker-5-tc1/target:/opt/rustwide/target:rw,Z" "-v" "/var/lib/crater-agent-workspace/builds/worker-5-tc1/source:/opt/rustwide/workdir:ro,Z" "-v" "/var/lib/crater-agent-workspace/cargo-home:/opt/rustwide/cargo-home:ro,Z" "-v" "/var/lib/crater-agent-workspace/rustup-home:/opt/rustwide/rustup-home:ro,Z" "-e" "SOURCE_DIR=/opt/rustwide/workdir" "-e" "CARGO_TARGET_DIR=/opt/rustwide/target" "-e" "CARGO_HOME=/opt/rustwide/cargo-home" "-e" "RUSTUP_HOME=/opt/rustwide/rustup-home" "-w" "/opt/rustwide/workdir" "-m" "1610612736" "--user" "0:0" "--network" "none" "ghcr.io/rust-lang/crates-build-env/linux@sha256:2788e3201cd34a07e3172128adcd8b3090168a8e3bcc40d7c032b9dda1df7d1c" "/opt/rustwide/cargo-home/bin/cargo" "+1.75.0" "metadata" "--no-deps" "--format-version=1", kill_on_drop: false }`
[INFO] [stdout] 830edb455f99485428e8fd67318b05b943024b9f25018d30784d27cd15a873bb
[INFO] running `Command { std: "docker" "start" "-a" "830edb455f99485428e8fd67318b05b943024b9f25018d30784d27cd15a873bb", kill_on_drop: false }`
[INFO] running `Command { std: "docker" "inspect" "830edb455f99485428e8fd67318b05b943024b9f25018d30784d27cd15a873bb", kill_on_drop: false }`
[INFO] running `Command { std: "docker" "rm" "-f" "830edb455f99485428e8fd67318b05b943024b9f25018d30784d27cd15a873bb", kill_on_drop: false }`
[INFO] [stdout] 830edb455f99485428e8fd67318b05b943024b9f25018d30784d27cd15a873bb
[INFO] running `Command { std: "docker" "create" "-v" "/var/lib/crater-agent-workspace/builds/worker-5-tc1/target:/opt/rustwide/target:rw,Z" "-v" "/var/lib/crater-agent-workspace/builds/worker-5-tc1/source:/opt/rustwide/workdir:ro,Z" "-v" "/var/lib/crater-agent-workspace/cargo-home:/opt/rustwide/cargo-home:ro,Z" "-v" "/var/lib/crater-agent-workspace/rustup-home:/opt/rustwide/rustup-home:ro,Z" "-e" "SOURCE_DIR=/opt/rustwide/workdir" "-e" "CARGO_TARGET_DIR=/opt/rustwide/target" "-e" "CARGO_INCREMENTAL=0" "-e" "RUST_BACKTRACE=full" "-e" "RUSTFLAGS=--cap-lints=warn" "-e" "RUSTDOCFLAGS=--cap-lints=warn" "-e" "CARGO_HOME=/opt/rustwide/cargo-home" "-e" "RUSTUP_HOME=/opt/rustwide/rustup-home" "-w" "/opt/rustwide/workdir" "-m" "1610612736" "--user" "0:0" "--network" "none" "ghcr.io/rust-lang/crates-build-env/linux@sha256:2788e3201cd34a07e3172128adcd8b3090168a8e3bcc40d7c032b9dda1df7d1c" "/opt/rustwide/cargo-home/bin/cargo" "+1.75.0" "build" "--frozen" "--message-format=json", kill_on_drop: false }`
[INFO] [stdout] 1290164df5243b38ec4eca4d4a1520cfd36888b11590deac0c24ebd4633677a6
[INFO] running `Command { std: "docker" "start" "-a" "1290164df5243b38ec4eca4d4a1520cfd36888b11590deac0c24ebd4633677a6", kill_on_drop: false }`
[INFO] [stderr]    Compiling cfg-if v1.0.0
[INFO] [stderr]    Compiling version_check v0.9.4
[INFO] [stderr]    Compiling libc v0.2.116
[INFO] [stderr]    Compiling autocfg v1.0.1
[INFO] [stderr]    Compiling proc-macro2 v1.0.36
[INFO] [stderr]    Compiling unicode-xid v0.2.2
[INFO] [stderr]    Compiling syn v1.0.86
[INFO] [stderr]    Compiling memchr v2.4.1
[INFO] [stderr]    Compiling once_cell v1.9.0
[INFO] [stderr]    Compiling typenum v1.15.0
[INFO] [stderr]    Compiling pin-project-lite v0.2.8
[INFO] [stderr]    Compiling bytes v1.1.0
[INFO] [stderr]    Compiling futures-core v0.3.19
[INFO] [stderr]    Compiling log v0.4.14
[INFO] [stderr]    Compiling lazy_static v1.4.0
[INFO] [stderr]    Compiling parking_lot_core v0.8.5
[INFO] [stderr]    Compiling smallvec v1.8.0
[INFO] [stderr]    Compiling cc v1.0.72
[INFO] [stderr]    Compiling quote v1.0.15
[INFO] [stderr]    Compiling instant v0.1.12
[INFO] [stderr]    Compiling getrandom v0.2.4
[INFO] [stderr]    Compiling num_cpus v1.13.1
[INFO] [stderr]    Compiling scopeguard v1.1.0
[INFO] [stderr]    Compiling lock_api v0.4.6
[INFO] [stderr]    Compiling itoa v1.0.1
[INFO] [stderr]    Compiling generic-array v0.14.5
[INFO] [stderr]    Compiling parking_lot v0.11.2
[INFO] [stderr]    Compiling pkg-config v0.3.24
[INFO] [stderr]    Compiling bitflags v1.3.2
[INFO] [stderr]    Compiling rand_core v0.6.3
[INFO] [stderr]    Compiling signal-hook-registry v1.4.0
[INFO] [stderr]    Compiling mio v0.7.14
[INFO] [stderr]    Compiling num-traits v0.2.14
[INFO] [stderr]    Compiling ahash v0.7.6
[INFO] [stderr]    Compiling pin-utils v0.1.0
[INFO] [stderr]    Compiling serde_derive v1.0.136
[INFO] [stderr]    Compiling openssl-sys v0.9.72
[INFO] [stderr]    Compiling ppv-lite86 v0.2.16
[INFO] [stderr]    Compiling futures-sink v0.3.19
[INFO] [stderr]    Compiling serde v1.0.136
[INFO] [stderr]    Compiling rand_chacha v0.3.1
[INFO] [stderr]    Compiling futures-task v0.3.19
[INFO] [stderr]    Compiling futures-channel v0.3.19
[INFO] [stderr]    Compiling nom v7.1.0
[INFO] [stderr]    Compiling foreign-types-shared v0.1.1
[INFO] [stderr]    Compiling openssl v0.10.38
[INFO] [stderr]    Compiling futures-util v0.3.19
[INFO] [stderr]    Compiling foreign-types v0.3.2
[INFO] [stderr]    Compiling hashbrown v0.11.2
[INFO] [stderr]    Compiling minimal-lexical v0.2.1
[INFO] [stderr]    Compiling percent-encoding v2.1.0
[INFO] [stderr]    Compiling tinyvec_macros v0.1.0
[INFO] [stderr]    Compiling slab v0.4.5
[INFO] [stderr]    Compiling cpufeatures v0.2.1
[INFO] [stderr]    Compiling futures-io v0.3.19
[INFO] [stderr]    Compiling native-tls v0.2.8
[INFO] [stderr]    Compiling matches v0.1.9
[INFO] [stderr]    Compiling tinyvec v1.5.1
[INFO] [stderr]    Compiling opaque-debug v0.3.0
[INFO] [stderr]    Compiling openssl-probe v0.1.5
[INFO] [stderr]    Compiling form_urlencoded v1.0.1
[INFO] [stderr]    Compiling rand v0.8.4
[INFO] [stderr]    Compiling unicode-bidi v0.3.7
[INFO] [stderr]    Compiling serde_json v1.0.78
[INFO] [stderr]    Compiling ryu v1.0.9
[INFO] [stderr]    Compiling indexmap v1.8.0
[INFO] [stderr]    Compiling miniz_oxide v0.4.4
[INFO] [stderr]    Compiling num-integer v0.1.44
[INFO] [stderr]    Compiling unicode-normalization v0.1.19
[INFO] [stderr]    Compiling crossbeam-utils v0.8.6
[INFO] [stderr]    Compiling fnv v1.0.7
[INFO] [stderr]    Compiling subtle v2.4.1
[INFO] [stderr]    Compiling crc32fast v1.3.2
[INFO] [stderr]    Compiling http v0.2.6
[INFO] [stderr]    Compiling digest v0.9.0
[INFO] [stderr]    Compiling tracing-core v0.1.21
[INFO] [stderr]    Compiling proc-macro-error-attr v1.0.4
[INFO] [stderr]    Compiling unicase v2.6.0
[INFO] [stderr]    Compiling idna v0.2.3
[INFO] [stderr]    Compiling either v1.6.1
[INFO] [stderr]    Compiling base64 v0.13.0
[INFO] [stderr]    Compiling adler v1.0.2
[INFO] [stderr]    Compiling regex-syntax v0.6.25
[INFO] [stderr]    Compiling byteorder v1.4.3
[INFO] [stderr]    Compiling version_check v0.1.5
[INFO] [stderr]    Compiling url v2.2.2
[INFO] [stderr]    Compiling tokio v1.16.1
[INFO] [stderr]    Compiling nom v4.2.3
[INFO] [stderr]    Compiling itertools v0.10.3
[INFO] [stderr]    Compiling block-buffer v0.9.0
[INFO] [stderr]    Compiling tokio-macros v1.7.0
[INFO] [stderr]    Compiling futures-macro v0.3.19
[INFO] [stderr]    Compiling thiserror-impl v1.0.30
[INFO] [stderr]    Compiling tracing-attributes v0.1.18
[INFO] [stderr]    Compiling thiserror v1.0.30
[INFO] [stderr]    Compiling proc-macro-error v1.0.4
[INFO] [stderr]    Compiling unicode_categories v0.1.1
[INFO] [stderr]    Compiling alloc-no-stdlib v2.0.3
[INFO] [stderr]    Compiling cfg-if v0.1.10
[INFO] [stderr]    Compiling crossbeam-queue v0.3.3
[INFO] [stderr]    Compiling alloc-stdlib v0.2.1
[INFO] [stderr]    Compiling crossbeam-utils v0.6.6
[INFO] [stderr]    Compiling tracing v0.1.29
[INFO] [stderr]    Compiling flate2 v1.0.22
[INFO] [stderr]    Compiling dirs-sys v0.3.6
[INFO] [stderr]    Compiling async-trait v0.1.52
[INFO] [stderr]    Compiling mime v0.3.16
[INFO] [stderr]    Compiling crc-catalog v1.1.1
[INFO] [stderr]    Compiling crc v2.1.0
[INFO] [stderr]    Compiling dirs v4.0.0
[INFO] [stderr]    Compiling mime_guess v2.0.4
[INFO] [stderr]    Compiling tokio-native-tls v0.3.0
[INFO] [stderr]    Compiling crossbeam-channel v0.3.9
[INFO] [stderr]    Compiling brotli-decompressor v2.3.2
[INFO] [stderr]    Compiling pin-project-internal v1.0.10
[INFO] [stderr]    Compiling crossbeam-channel v0.5.2
[INFO] [stderr]    Compiling tokio-stream v0.1.8
[INFO] [stderr]    Compiling tokio-util v0.6.9
[INFO] [stderr]    Compiling http-body v0.4.4
[INFO] [stderr]    Compiling base64 v0.10.1
[INFO] [stderr]    Compiling stringprep v0.1.2
[INFO] [stderr]    Compiling crypto-mac v0.11.1
[INFO] [stderr]    Compiling hashlink v0.7.0
[INFO] [stderr]    Compiling crypto-common v0.1.3
[INFO] [stderr]    Compiling block-buffer v0.10.2
[INFO] [stderr]    Compiling futures-intrusive v0.4.0
[INFO] [stderr]    Compiling num-bigint v0.4.3
[INFO] [stderr]    Compiling httparse v1.5.1
[INFO] [stderr]    Compiling whoami v1.2.1
[INFO] [stderr]    Compiling hex v0.4.3
[INFO] [stderr]    Compiling tower-service v0.3.1
[INFO] [stderr]    Compiling httpdate v1.0.2
[INFO] [stderr]    Compiling pin-project v1.0.10
[INFO] [stderr]    Compiling digest v0.10.3
[INFO] [stderr]    Compiling brotli v3.3.3
[INFO] [stderr]    Compiling hmac v0.11.0
[INFO] [stderr]    Compiling hdrhistogram v6.3.4
[INFO] [stderr]    Compiling chrono v0.4.19
[INFO] [stderr]    Compiling sqlx-rt v0.5.10
[INFO] [stderr]    Compiling sqlformat v0.1.8
[INFO] [stderr]    Compiling atoi v0.4.0
[INFO] [stderr]    Compiling md-5 v0.9.1
[INFO] [stderr]    Compiling sha-1 v0.9.8
[INFO] [stderr]    Compiling sha2 v0.9.9
[INFO] [stderr]    Compiling quickcheck v1.0.3
[INFO] [stderr]    Compiling aho-corasick v0.7.18
[INFO] [stderr]    Compiling ring v0.16.20
[INFO] [stderr]    Compiling time v0.1.43
[INFO] [stderr]    Compiling itoa v0.4.8
[INFO] [stderr]    Compiling time-macros v0.2.3
[INFO] [stderr]    Compiling tower-layer v0.3.1
[INFO] [stderr]    Compiling try-lock v0.2.3
[INFO] [stderr]    Compiling uuid v0.8.2
[INFO] [stderr]    Compiling unicode-segmentation v1.8.0
[INFO] [stderr]    Compiling num_threads v0.1.3
[INFO] [stderr]    Compiling sqlx-core v0.5.10
[INFO] [stderr]    Compiling async-compression v0.3.12
[INFO] [stderr]    Compiling regex v1.5.4
[INFO] [stderr]    Compiling heck v0.3.3
[INFO] [stderr]    Compiling want v0.3.0
[INFO] [stderr]    Compiling tower v0.4.11
[INFO] [stderr]    Compiling time v0.3.7
[INFO] [stderr]    Compiling sha-1 v0.10.0
[INFO] [stderr]    Compiling iri-string v0.4.1
[INFO] [stderr]    Compiling regex-automata v0.1.10
[INFO] [stderr]    Compiling headers-core v0.2.0
[INFO] [stderr]    Compiling socket2 v0.4.4
[INFO] [stderr]    Compiling anyhow v1.0.53
[INFO] [stderr]    Compiling sha1_smol v1.0.0
[INFO] [stderr]    Compiling spin v0.5.2
[INFO] [stderr]    Compiling heck v0.4.0
[INFO] [stderr]    Compiling http-range-header v0.3.0
[INFO] [stderr]    Compiling validator_types v0.12.0
[INFO] [stderr]    Compiling if_chain v1.0.2
[INFO] [stderr]    Compiling untrusted v0.7.1
[INFO] [stderr]    Compiling dotenv v0.15.0
[INFO] [stderr]    Compiling clap_derive v3.1.0
[INFO] [stderr]    Compiling validator_derive v0.12.0
[INFO] [stderr]    Compiling tower-http v0.2.1
[INFO] [stderr]    Compiling matchers v0.1.0
[INFO] [stderr]    Compiling sha1 v0.6.1
[INFO] [stderr]    Compiling hyper v0.14.16
[INFO] [stderr]    Compiling headers v0.3.7
[INFO] [stderr]    Compiling simple_asn1 v0.6.1
[INFO] [stderr]    Compiling axum-core v0.1.1
[INFO] [stderr]    Compiling serde_urlencoded v0.7.1
[INFO] [stderr]    Compiling combine v4.6.3
[INFO] [stderr]    Compiling futures-executor v0.3.19
[INFO] [stderr]    Compiling pem v1.0.2
[INFO] [stderr]    Compiling tracing-log v0.1.2
[INFO] [stderr]    Compiling atty v0.2.14
[INFO] [stderr]    Compiling os_str_bytes v6.0.0
[INFO] [stderr]    Compiling sharded-slab v0.1.4
[INFO] [stderr]    Compiling thread_local v1.1.4
[INFO] [stderr]    Compiling textwrap v0.14.2
[INFO] [stderr]    Compiling matchit v0.4.4
[INFO] [stderr]    Compiling ansi_term v0.12.1
[INFO] [stderr]    Compiling strsim v0.10.0
[INFO] [stderr]    Compiling dtoa v0.4.8
[INFO] [stderr]    Compiling termcolor v1.1.2
[INFO] [stderr]    Compiling sync_wrapper v0.1.1
[INFO] [stderr]    Compiling clap v3.1.0
[INFO] [stderr]    Compiling tracing-subscriber v0.3.7
[INFO] [stderr]    Compiling jsonwebtoken v8.0.1
[INFO] [stderr]    Compiling axum v0.4.4
[INFO] [stderr]    Compiling futures v0.3.19
[INFO] [stderr]    Compiling validator v0.12.0
[INFO] [stderr]    Compiling sqlx-macros v0.5.10
[INFO] [stderr]    Compiling redis v0.21.5
[INFO] [stderr]    Compiling sqlx v0.5.10
[INFO] [stderr]    Compiling cashbook v0.1.0 (/opt/rustwide/workdir)
[INFO] [stdout] warning: unused variable: `password`
[INFO] [stdout]   --> src/dto/user.rs:23:9
[INFO] [stdout]    |
[INFO] [stdout] 23 |     pub password: Option<String>,
[INFO] [stdout]    |         ^^^^^^^^
[INFO] [stdout]    |
[INFO] [stdout] help: `password` is captured in macro and introduced a unused variable
[INFO] [stdout]   --> src/dto/user.rs:16:41
[INFO] [stdout]    |
[INFO] [stdout] 16 | #[derive(Debug, Serialize, Deserialize, Validate)]
[INFO] [stdout]    |                                         ^^^^^^^^
[INFO] [stdout]    = note: `#[warn(unused_variables)]` on by default
[INFO] [stdout]    = note: this warning originates in the derive macro `Validate` (in Nightly builds, run with -Z macro-backtrace for more info)
[INFO] [stdout] 
[INFO] [stdout] 
[INFO] [stdout] warning: 1 warning emitted
[INFO] [stdout] 
[INFO] [stdout] 
[INFO] [stderr]     Finished dev [unoptimized + debuginfo] target(s) in 55.49s
[INFO] [stderr] warning: the following packages contain code that will be rejected by a future version of Rust: hdrhistogram v6.3.4, nom v4.2.3
[INFO] [stderr] note: to see what the problems were, use the option `--future-incompat-report`, or run `cargo report future-incompatibilities --id 1`
[INFO] running `Command { std: "docker" "inspect" "1290164df5243b38ec4eca4d4a1520cfd36888b11590deac0c24ebd4633677a6", kill_on_drop: false }`
[INFO] running `Command { std: "docker" "rm" "-f" "1290164df5243b38ec4eca4d4a1520cfd36888b11590deac0c24ebd4633677a6", kill_on_drop: false }`
[INFO] [stdout] 1290164df5243b38ec4eca4d4a1520cfd36888b11590deac0c24ebd4633677a6
[INFO] running `Command { std: "docker" "create" "-v" "/var/lib/crater-agent-workspace/builds/worker-5-tc1/target:/opt/rustwide/target:rw,Z" "-v" "/var/lib/crater-agent-workspace/builds/worker-5-tc1/source:/opt/rustwide/workdir:ro,Z" "-v" "/var/lib/crater-agent-workspace/cargo-home:/opt/rustwide/cargo-home:ro,Z" "-v" "/var/lib/crater-agent-workspace/rustup-home:/opt/rustwide/rustup-home:ro,Z" "-e" "SOURCE_DIR=/opt/rustwide/workdir" "-e" "CARGO_TARGET_DIR=/opt/rustwide/target" "-e" "CARGO_INCREMENTAL=0" "-e" "RUST_BACKTRACE=full" "-e" "RUSTFLAGS=--cap-lints=warn" "-e" "RUSTDOCFLAGS=--cap-lints=warn" "-e" "CARGO_HOME=/opt/rustwide/cargo-home" "-e" "RUSTUP_HOME=/opt/rustwide/rustup-home" "-w" "/opt/rustwide/workdir" "-m" "1610612736" "--user" "0:0" "--network" "none" "ghcr.io/rust-lang/crates-build-env/linux@sha256:2788e3201cd34a07e3172128adcd8b3090168a8e3bcc40d7c032b9dda1df7d1c" "/opt/rustwide/cargo-home/bin/cargo" "+1.75.0" "test" "--frozen" "--no-run" "--message-format=json", kill_on_drop: false }`
[INFO] [stdout] 52d6dd02969494a053a5253e814a877c5115339fdbce12a47df084b0092813f2
[INFO] running `Command { std: "docker" "start" "-a" "52d6dd02969494a053a5253e814a877c5115339fdbce12a47df084b0092813f2", kill_on_drop: false }`
[INFO] [stderr]    Compiling predicates-core v1.0.3
[INFO] [stderr]    Compiling float-cmp v0.9.0
[INFO] [stderr]    Compiling difflib v0.4.0
[INFO] [stderr]    Compiling termtree v0.2.4
[INFO] [stderr]    Compiling normalize-line-endings v0.3.0
[INFO] [stderr]    Compiling mockall_derive v0.11.0
[INFO] [stderr]    Compiling fragile v1.1.0
[INFO] [stderr]    Compiling downcast v0.11.0
[INFO] [stdout] warning: unused variable: `password`
[INFO] [stdout]   --> src/dto/user.rs:23:9
[INFO] [stdout]    |
[INFO] [stdout] 23 |     pub password: Option<String>,
[INFO] [stdout]    |         ^^^^^^^^
[INFO] [stdout]    |
[INFO] [stdout] help: `password` is captured in macro and introduced a unused variable
[INFO] [stdout]   --> src/dto/user.rs:16:41
[INFO] [stdout]    |
[INFO] [stdout] 16 | #[derive(Debug, Serialize, Deserialize, Validate)]
[INFO] [stdout]    |                                         ^^^^^^^^
[INFO] [stdout]    = note: `#[warn(unused_variables)]` on by default
[INFO] [stdout]    = note: this warning originates in the derive macro `Validate` (in Nightly builds, run with -Z macro-backtrace for more info)
[INFO] [stdout] 
[INFO] [stdout] 
[INFO] [stdout] warning: 1 warning emitted
[INFO] [stdout] 
[INFO] [stdout] 
[INFO] [stderr]    Compiling predicates-tree v1.0.5
[INFO] [stderr]    Compiling predicates v2.1.1
[INFO] [stderr]    Compiling mockall v0.11.0
[INFO] [stderr]    Compiling cashbook v0.1.0 (/opt/rustwide/workdir)
[INFO] [stdout] warning: unused variable: `password`
[INFO] [stdout]   --> src/dto/user.rs:23:9
[INFO] [stdout]    |
[INFO] [stdout] 23 |     pub password: Option<String>,
[INFO] [stdout]    |         ^^^^^^^^
[INFO] [stdout]    |
[INFO] [stdout] help: `password` is captured in macro and introduced a unused variable
[INFO] [stdout]   --> src/dto/user.rs:16:41
[INFO] [stdout]    |
[INFO] [stdout] 16 | #[derive(Debug, Serialize, Deserialize, Validate)]
[INFO] [stdout]    |                                         ^^^^^^^^
[INFO] [stdout]    = note: `#[warn(unused_variables)]` on by default
[INFO] [stdout]    = note: this warning originates in the derive macro `Validate` (in Nightly builds, run with -Z macro-backtrace for more info)
[INFO] [stdout] 
[INFO] [stdout] 
[INFO] [stdout] warning: 1 warning emitted
[INFO] [stdout] 
[INFO] [stdout] 
[INFO] [stderr]     Finished test [unoptimized + debuginfo] target(s) in 8.18s
[INFO] [stderr] warning: the following packages contain code that will be rejected by a future version of Rust: hdrhistogram v6.3.4, nom v4.2.3
[INFO] [stderr] note: to see what the problems were, use the option `--future-incompat-report`, or run `cargo report future-incompatibilities --id 1`
[INFO] running `Command { std: "docker" "inspect" "52d6dd02969494a053a5253e814a877c5115339fdbce12a47df084b0092813f2", kill_on_drop: false }`
[INFO] running `Command { std: "docker" "rm" "-f" "52d6dd02969494a053a5253e814a877c5115339fdbce12a47df084b0092813f2", kill_on_drop: false }`
[INFO] [stdout] 52d6dd02969494a053a5253e814a877c5115339fdbce12a47df084b0092813f2
[INFO] running `Command { std: "docker" "create" "-v" "/var/lib/crater-agent-workspace/builds/worker-5-tc1/target:/opt/rustwide/target:rw,Z" "-v" "/var/lib/crater-agent-workspace/builds/worker-5-tc1/source:/opt/rustwide/workdir:ro,Z" "-v" "/var/lib/crater-agent-workspace/cargo-home:/opt/rustwide/cargo-home:ro,Z" "-v" "/var/lib/crater-agent-workspace/rustup-home:/opt/rustwide/rustup-home:ro,Z" "-e" "SOURCE_DIR=/opt/rustwide/workdir" "-e" "CARGO_TARGET_DIR=/opt/rustwide/target" "-e" "CARGO_INCREMENTAL=0" "-e" "RUST_BACKTRACE=full" "-e" "RUSTFLAGS=--cap-lints=warn" "-e" "RUSTDOCFLAGS=--cap-lints=warn" "-e" "CARGO_HOME=/opt/rustwide/cargo-home" "-e" "RUSTUP_HOME=/opt/rustwide/rustup-home" "-w" "/opt/rustwide/workdir" "-m" "1610612736" "--user" "0:0" "--network" "none" "ghcr.io/rust-lang/crates-build-env/linux@sha256:2788e3201cd34a07e3172128adcd8b3090168a8e3bcc40d7c032b9dda1df7d1c" "/opt/rustwide/cargo-home/bin/cargo" "+1.75.0" "test" "--frozen", kill_on_drop: false }`
[INFO] [stdout] deee9882cf6612112f34c25f8034e950cb87ba29bc537e7c657c9927f027cb54
[INFO] running `Command { std: "docker" "start" "-a" "deee9882cf6612112f34c25f8034e950cb87ba29bc537e7c657c9927f027cb54", kill_on_drop: false }`
[INFO] [stderr] warning: unused variable: `password`
[INFO] [stderr]   --> src/dto/user.rs:23:9
[INFO] [stderr]    |
[INFO] [stderr] 23 |     pub password: Option<String>,
[INFO] [stderr]    |         ^^^^^^^^
[INFO] [stderr]    |
[INFO] [stderr] help: `password` is captured in macro and introduced a unused variable
[INFO] [stderr]   --> src/dto/user.rs:16:41
[INFO] [stderr]    |
[INFO] [stderr] 16 | #[derive(Debug, Serialize, Deserialize, Validate)]
[INFO] [stderr]    |                                         ^^^^^^^^
[INFO] [stderr]    = note: `#[warn(unused_variables)]` on by default
[INFO] [stderr]    = note: this warning originates in the derive macro `Validate` (in Nightly builds, run with -Z macro-backtrace for more info)
[INFO] [stderr] 
[INFO] [stderr] warning: `cashbook` (lib) generated 1 warning
[INFO] [stderr] warning: `cashbook` (lib test) generated 1 warning (1 duplicate)
[INFO] [stderr]     Finished test [unoptimized + debuginfo] target(s) in 0.13s
[INFO] [stderr] warning: the following packages contain code that will be rejected by a future version of Rust: hdrhistogram v6.3.4, nom v4.2.3
[INFO] [stderr] note: to see what the problems were, use the option `--future-incompat-report`, or run `cargo report future-incompatibilities --id 1`
[INFO] [stderr]      Running unittests src/lib.rs (/opt/rustwide/target/debug/deps/cashbook-c13cc772a4df5ad0)
[INFO] [stdout] 
[INFO] [stdout] running 14 tests
[INFO] [stdout] test models::user::tests::test_user_option_as_sql_condition ... ok
[INFO] [stdout] test services::user::tests::test_user_repo_update ... ok
[INFO] [stdout] test services::auth::tests::test_login_failure ... ok
[INFO] [stdout] test services::auth::tests::test_login_success ... ok
[INFO] [stdout] test routers::auth::tests::test_authenticate_success ... ok
[INFO] [stdout] test routers::users::tests::test_user_controller_get ... ok
[INFO] [stdout] test services::user::tests::test_user_service_create ... ok
[INFO] [stdout] test services::user::tests::test_user_service_delete ... ok
[INFO] [stdout] test services::user::tests::test_user_service_update ... ok
[INFO] [stdout] test services::user::tests::test_user_service_list ... ok
[INFO] [stdout] test services::user::tests::test_user_service_get ... ok
[INFO] [stdout] test routers::auth::tests::test_login_success ... ok
[INFO] [stdout] test routers::users::tests::test_user_controller_create ... ok
[INFO] [stdout] test dao::user_repo::tests::test_user_repo ... FAILED
[INFO] [stdout] 
[INFO] [stdout] failures:
[INFO] [stdout] 
[INFO] [stdout] ---- dao::user_repo::tests::test_user_repo stdout ----
[INFO] [stdout] thread 'dao::user_repo::tests::test_user_repo' panicked at src/dao/user_repo.rs:145:14:
[INFO] [stdout] called `Result::unwrap()` on an `Err` value: Io(Os { code: 99, kind: AddrNotAvailable, message: "Cannot assign requested address" })
[INFO] [stdout] stack backtrace:
[INFO] [stdout]    0:     0x5559d735729c - std::backtrace_rs::backtrace::libunwind::trace::ha637c64ce894333a
[INFO] [stdout]                                at /rustc/82e1608dfa6e0b5569232559e3d385fea5a93112/library/std/src/../../backtrace/src/backtrace/libunwind.rs:104:5
[INFO] [stdout]    1:     0x5559d735729c - std::backtrace_rs::backtrace::trace_unsynchronized::h47f62dea28e0c88d
[INFO] [stdout]                                at /rustc/82e1608dfa6e0b5569232559e3d385fea5a93112/library/std/src/../../backtrace/src/backtrace/mod.rs:66:5
[INFO] [stdout]    2:     0x5559d735729c - std::sys_common::backtrace::_print_fmt::h9eef0abe20ede486
[INFO] [stdout]                                at /rustc/82e1608dfa6e0b5569232559e3d385fea5a93112/library/std/src/sys_common/backtrace.rs:67:5
[INFO] [stdout]    3:     0x5559d735729c - <std::sys_common::backtrace::_print::DisplayBacktrace as core::fmt::Display>::fmt::hed7f999df88cc644
[INFO] [stdout]                                at /rustc/82e1608dfa6e0b5569232559e3d385fea5a93112/library/std/src/sys_common/backtrace.rs:44:22
[INFO] [stdout]    4:     0x5559d7384180 - core::fmt::rt::Argument::fmt::h1539a9308b8d058d
[INFO] [stdout]                                at /rustc/82e1608dfa6e0b5569232559e3d385fea5a93112/library/core/src/fmt/rt.rs:142:9
[INFO] [stdout]    5:     0x5559d7384180 - core::fmt::write::h3a39390d8560d9c9
[INFO] [stdout]                                at /rustc/82e1608dfa6e0b5569232559e3d385fea5a93112/library/core/src/fmt/mod.rs:1120:17
[INFO] [stdout]    6:     0x5559d735435f - std::io::Write::write_fmt::h040b369f3a0f9cbc
[INFO] [stdout]                                at /rustc/82e1608dfa6e0b5569232559e3d385fea5a93112/library/std/src/io/mod.rs:1762:15
[INFO] [stdout]    7:     0x5559d7357084 - std::sys_common::backtrace::_print::h894006fb5c6f3d45
[INFO] [stdout]                                at /rustc/82e1608dfa6e0b5569232559e3d385fea5a93112/library/std/src/sys_common/backtrace.rs:47:5
[INFO] [stdout]    8:     0x5559d7357084 - std::sys_common::backtrace::print::h23a2d212c6fff936
[INFO] [stdout]                                at /rustc/82e1608dfa6e0b5569232559e3d385fea5a93112/library/std/src/sys_common/backtrace.rs:34:9
[INFO] [stdout]    9:     0x5559d7358d47 - std::panicking::default_hook::{{closure}}::h8a1d2ee00185001a
[INFO] [stdout]   10:     0x5559d7358a33 - std::panicking::default_hook::h6038f2eba384e475
[INFO] [stdout]                                at /rustc/82e1608dfa6e0b5569232559e3d385fea5a93112/library/std/src/panicking.rs:289:9
[INFO] [stdout]   11:     0x5559d6d30ca7 - <alloc::boxed::Box<F,A> as core::ops::function::Fn<Args>>::call::h0ad024c9bdc6d768
[INFO] [stdout]                                at /rustc/82e1608dfa6e0b5569232559e3d385fea5a93112/library/alloc/src/boxed.rs:2021:9
[INFO] [stdout]   12:     0x5559d6d30ca7 - test::test_main::{{closure}}::h7500b54257359db6
[INFO] [stdout]                                at /rustc/82e1608dfa6e0b5569232559e3d385fea5a93112/library/test/src/lib.rs:138:21
[INFO] [stdout]   13:     0x5559d7359358 - <alloc::boxed::Box<F,A> as core::ops::function::Fn<Args>>::call::h1f8f335eaa9cfaee
[INFO] [stdout]                                at /rustc/82e1608dfa6e0b5569232559e3d385fea5a93112/library/alloc/src/boxed.rs:2021:9
[INFO] [stdout]   14:     0x5559d7359358 - std::panicking::rust_panic_with_hook::h2b5517d590cab22e
[INFO] [stdout]                                at /rustc/82e1608dfa6e0b5569232559e3d385fea5a93112/library/std/src/panicking.rs:783:13
[INFO] [stdout]   15:     0x5559d73590ae - std::panicking::begin_panic_handler::{{closure}}::h233112c06e0ef43e
[INFO] [stdout]                                at /rustc/82e1608dfa6e0b5569232559e3d385fea5a93112/library/std/src/panicking.rs:657:13
[INFO] [stdout]   16:     0x5559d7357766 - std::sys_common::backtrace::__rust_end_short_backtrace::h6e893f24d7ebbff8
[INFO] [stdout]                                at /rustc/82e1608dfa6e0b5569232559e3d385fea5a93112/library/std/src/sys_common/backtrace.rs:170:18
[INFO] [stdout]   17:     0x5559d7358e12 - rust_begin_unwind
[INFO] [stdout]                                at /rustc/82e1608dfa6e0b5569232559e3d385fea5a93112/library/std/src/panicking.rs:645:5
[INFO] [stdout]   18:     0x5559d6ba96d5 - core::panicking::panic_fmt::hbf0e066aabfa482c
[INFO] [stdout]                                at /rustc/82e1608dfa6e0b5569232559e3d385fea5a93112/library/core/src/panicking.rs:72:14
[INFO] [stdout]   19:     0x5559d6ba9ca3 - core::result::unwrap_failed::hddb4fea594200c52
[INFO] [stdout]                                at /rustc/82e1608dfa6e0b5569232559e3d385fea5a93112/library/core/src/result.rs:1653:5
[INFO] [stdout]   20:     0x5559d6cab1a8 - core::result::Result<T,E>::unwrap::hc7d6db4a3d035335
[INFO] [stdout]                                at /rustc/82e1608dfa6e0b5569232559e3d385fea5a93112/library/core/src/result.rs:1077:23
[INFO] [stdout]   21:     0x5559d6cdcd9b - cashbook::dao::user_repo::tests::test_user_repo::{{closure}}::h41d854c2bfa49d1f
[INFO] [stdout]                                at /opt/rustwide/workdir/src/dao/user_repo.rs:141:20
[INFO] [stdout]   22:     0x5559d6c9f0fb - <core::pin::Pin<P> as core::future::future::Future>::poll::h899754380921e331
[INFO] [stdout]                                at /rustc/82e1608dfa6e0b5569232559e3d385fea5a93112/library/core/src/future/future.rs:125:9
[INFO] [stdout]   23:     0x5559d6c5f884 - tokio::runtime::basic_scheduler::CoreGuard::block_on::{{closure}}::{{closure}}::{{closure}}::h8237a117ed0da429
[INFO] [stdout]                                at /opt/rustwide/cargo-home/registry/src/index.crates.io-6f17d22bba15001f/tokio-1.16.1/src/runtime/basic_scheduler.rs:516:48
[INFO] [stdout]   24:     0x5559d6cae379 - tokio::coop::with_budget::{{closure}}::h500148805c1f371f
[INFO] [stdout]                                at /opt/rustwide/cargo-home/registry/src/index.crates.io-6f17d22bba15001f/tokio-1.16.1/src/coop.rs:102:9
[INFO] [stdout]   25:     0x5559d6cc2eb0 - std::thread::local::LocalKey<T>::try_with::h85cf4c6d2aefa44e
[INFO] [stdout]                                at /rustc/82e1608dfa6e0b5569232559e3d385fea5a93112/library/std/src/thread/local.rs:270:16
[INFO] [stdout]   26:     0x5559d6cbf9fa - std::thread::local::LocalKey<T>::with::h83272909b97df1e3
[INFO] [stdout]                                at /rustc/82e1608dfa6e0b5569232559e3d385fea5a93112/library/std/src/thread/local.rs:246:9
[INFO] [stdout]   27:     0x5559d6c5ed03 - tokio::coop::with_budget::he15269b7eb2e2c13
[INFO] [stdout]                                at /opt/rustwide/cargo-home/registry/src/index.crates.io-6f17d22bba15001f/tokio-1.16.1/src/coop.rs:95:5
[INFO] [stdout]   28:     0x5559d6c5ed03 - tokio::coop::budget::h03226c806ea7afe0
[INFO] [stdout]                                at /opt/rustwide/cargo-home/registry/src/index.crates.io-6f17d22bba15001f/tokio-1.16.1/src/coop.rs:72:5
[INFO] [stdout]   29:     0x5559d6c5ed03 - tokio::runtime::basic_scheduler::CoreGuard::block_on::{{closure}}::{{closure}}::h8397a1a5ee4a640a
[INFO] [stdout]                                at /opt/rustwide/cargo-home/registry/src/index.crates.io-6f17d22bba15001f/tokio-1.16.1/src/runtime/basic_scheduler.rs:516:25
[INFO] [stdout]   30:     0x5559d6c502ba - tokio::runtime::basic_scheduler::Context::enter::h6e289f2fcb9b8843
[INFO] [stdout]                                at /opt/rustwide/cargo-home/registry/src/index.crates.io-6f17d22bba15001f/tokio-1.16.1/src/runtime/basic_scheduler.rs:374:19
[INFO] [stdout]   31:     0x5559d6c5b06e - tokio::runtime::basic_scheduler::CoreGuard::block_on::{{closure}}::h6037b82b5acdb0cf
[INFO] [stdout]                                at /opt/rustwide/cargo-home/registry/src/index.crates.io-6f17d22bba15001f/tokio-1.16.1/src/runtime/basic_scheduler.rs:515:36
[INFO] [stdout]   32:     0x5559d6c57bab - tokio::runtime::basic_scheduler::CoreGuard::enter::{{closure}}::h7ab67ebf127c48b3
[INFO] [stdout]                                at /opt/rustwide/cargo-home/registry/src/index.crates.io-6f17d22bba15001f/tokio-1.16.1/src/runtime/basic_scheduler.rs:582:57
[INFO] [stdout]   33:     0x5559d6cef4cc - tokio::macros::scoped_tls::ScopedKey<T>::set::h1df24d9a7e7dbc87
[INFO] [stdout]                                at /opt/rustwide/cargo-home/registry/src/index.crates.io-6f17d22bba15001f/tokio-1.16.1/src/macros/scoped_tls.rs:61:9
[INFO] [stdout]   34:     0x5559d6c55a1f - tokio::runtime::basic_scheduler::CoreGuard::enter::h6962c8e2b7fbfc24
[INFO] [stdout]                                at /opt/rustwide/cargo-home/registry/src/index.crates.io-6f17d22bba15001f/tokio-1.16.1/src/runtime/basic_scheduler.rs:582:27
[INFO] [stdout]   35:     0x5559d6c57db8 - tokio::runtime::basic_scheduler::CoreGuard::block_on::h1b0d034bf051a9b6
[INFO] [stdout]                                at /opt/rustwide/cargo-home/registry/src/index.crates.io-6f17d22bba15001f/tokio-1.16.1/src/runtime/basic_scheduler.rs:506:9
[INFO] [stdout]   36:     0x5559d6c4be5c - tokio::runtime::basic_scheduler::BasicScheduler::block_on::ha23f7b64278fe81f
[INFO] [stdout]                                at /opt/rustwide/cargo-home/registry/src/index.crates.io-6f17d22bba15001f/tokio-1.16.1/src/runtime/basic_scheduler.rs:182:24
[INFO] [stdout]   37:     0x5559d6c43518 - tokio::runtime::Runtime::block_on::h12d71bf6228a1359
[INFO] [stdout]                                at /opt/rustwide/cargo-home/registry/src/index.crates.io-6f17d22bba15001f/tokio-1.16.1/src/runtime/mod.rs:475:46
[INFO] [stdout]   38:     0x5559d6cdbfb3 - cashbook::dao::user_repo::tests::test_user_repo::hf68004e290c7bf7d
[INFO] [stdout]                                at /opt/rustwide/workdir/src/dao/user_repo.rs:216:9
[INFO] [stdout]   39:     0x5559d6cdbe77 - cashbook::dao::user_repo::tests::test_user_repo::{{closure}}::h22556d5fd3025bb1
[INFO] [stdout]                                at /opt/rustwide/workdir/src/dao/user_repo.rs:132:34
[INFO] [stdout]   40:     0x5559d6bb6d86 - core::ops::function::FnOnce::call_once::hc842f58db658904a
[INFO] [stdout]                                at /rustc/82e1608dfa6e0b5569232559e3d385fea5a93112/library/core/src/ops/function.rs:250:5
[INFO] [stdout]   41:     0x5559d6d362ff - core::ops::function::FnOnce::call_once::h2b5d431d5046312d
[INFO] [stdout]                                at /rustc/82e1608dfa6e0b5569232559e3d385fea5a93112/library/core/src/ops/function.rs:250:5
[INFO] [stdout]   42:     0x5559d6d362ff - test::__rust_begin_short_backtrace::h7714669af176e207
[INFO] [stdout]                                at /rustc/82e1608dfa6e0b5569232559e3d385fea5a93112/library/test/src/lib.rs:628:18
[INFO] [stdout]   43:     0x5559d6d35315 - test::run_test_in_process::{{closure}}::h85218797dcbcec12
[INFO] [stdout]                                at /rustc/82e1608dfa6e0b5569232559e3d385fea5a93112/library/test/src/lib.rs:651:60
[INFO] [stdout]   44:     0x5559d6d35315 - <core::panic::unwind_safe::AssertUnwindSafe<F> as core::ops::function::FnOnce<()>>::call_once::h76c106ea31c14d7b
[INFO] [stdout]                                at /rustc/82e1608dfa6e0b5569232559e3d385fea5a93112/library/core/src/panic/unwind_safe.rs:272:9
[INFO] [stdout]   45:     0x5559d6d35315 - std::panicking::try::do_call::h3bd5d0f6620ee946
[INFO] [stdout]                                at /rustc/82e1608dfa6e0b5569232559e3d385fea5a93112/library/std/src/panicking.rs:552:40
[INFO] [stdout]   46:     0x5559d6d35315 - std::panicking::try::h232e535e4744fe31
[INFO] [stdout]                                at /rustc/82e1608dfa6e0b5569232559e3d385fea5a93112/library/std/src/panicking.rs:516:19
[INFO] [stdout]   47:     0x5559d6d35315 - std::panic::catch_unwind::h3ce3bd6ca8dbac68
[INFO] [stdout]                                at /rustc/82e1608dfa6e0b5569232559e3d385fea5a93112/library/std/src/panic.rs:142:14
[INFO] [stdout]   48:     0x5559d6d35315 - test::run_test_in_process::hc97b257c9621286a
[INFO] [stdout]                                at /rustc/82e1608dfa6e0b5569232559e3d385fea5a93112/library/test/src/lib.rs:651:27
[INFO] [stdout]   49:     0x5559d6d35315 - test::run_test::{{closure}}::h2aa798823a438d38
[INFO] [stdout]                                at /rustc/82e1608dfa6e0b5569232559e3d385fea5a93112/library/test/src/lib.rs:574:43
[INFO] [stdout]   50:     0x5559d6cfd5d6 - test::run_test::{{closure}}::h87d231c78fb59832
[INFO] [stdout]                                at /rustc/82e1608dfa6e0b5569232559e3d385fea5a93112/library/test/src/lib.rs:602:41
[INFO] [stdout]   51:     0x5559d6cfd5d6 - std::sys_common::backtrace::__rust_begin_short_backtrace::he6df152596625789
[INFO] [stdout]                                at /rustc/82e1608dfa6e0b5569232559e3d385fea5a93112/library/std/src/sys_common/backtrace.rs:154:18
[INFO] [stdout]   52:     0x5559d6d02687 - std::thread::Builder::spawn_unchecked_::{{closure}}::{{closure}}::ha94be15d1e0acf36
[INFO] [stdout]                                at /rustc/82e1608dfa6e0b5569232559e3d385fea5a93112/library/std/src/thread/mod.rs:529:17
[INFO] [stdout]   53:     0x5559d6d02687 - <core::panic::unwind_safe::AssertUnwindSafe<F> as core::ops::function::FnOnce<()>>::call_once::h9dc6bd6372f16606
[INFO] [stdout]                                at /rustc/82e1608dfa6e0b5569232559e3d385fea5a93112/library/core/src/panic/unwind_safe.rs:272:9
[INFO] [stdout]   54:     0x5559d6d02687 - std::panicking::try::do_call::h9057517f80303cd4
[INFO] [stdout]                                at /rustc/82e1608dfa6e0b5569232559e3d385fea5a93112/library/std/src/panicking.rs:552:40
[INFO] [stdout]   55:     0x5559d6d02687 - std::panicking::try::he3a30b11ee45340c
[INFO] [stdout]                                at /rustc/82e1608dfa6e0b5569232559e3d385fea5a93112/library/std/src/panicking.rs:516:19
[INFO] [stdout]   56:     0x5559d6d02687 - std::panic::catch_unwind::h410458cfd3528b8b
[INFO] [stdout]                                at /rustc/82e1608dfa6e0b5569232559e3d385fea5a93112/library/std/src/panic.rs:142:14
[INFO] [stdout]   57:     0x5559d6d02687 - std::thread::Builder::spawn_unchecked_::{{closure}}::h72ac3bdb567b737b
[INFO] [stdout]                                at /rustc/82e1608dfa6e0b5569232559e3d385fea5a93112/library/std/src/thread/mod.rs:528:30
[INFO] [stdout]   58:     0x5559d6d02687 - core::ops::function::FnOnce::call_once{{vtable.shim}}::h38f34da3654a8344
[INFO] [stdout]                                at /rustc/82e1608dfa6e0b5569232559e3d385fea5a93112/library/core/src/ops/function.rs:250:5
[INFO] [stdout]   59:     0x5559d735e185 - <alloc::boxed::Box<F,A> as core::ops::function::FnOnce<Args>>::call_once::hc7eafaff61e32df9
[INFO] [stdout]                                at /rustc/82e1608dfa6e0b5569232559e3d385fea5a93112/library/alloc/src/boxed.rs:2007:9
[INFO] [stdout]   60:     0x5559d735e185 - <alloc::boxed::Box<F,A> as core::ops::function::FnOnce<Args>>::call_once::h6ba4a5de48dd2304
[INFO] [stdout]                                at /rustc/82e1608dfa6e0b5569232559e3d385fea5a93112/library/alloc/src/boxed.rs:2007:9
[INFO] [stdout]   61:     0x5559d735e185 - std::sys::unix::thread::Thread::new::thread_start::he469335aef763e45
[INFO] [stdout]                                at /rustc/82e1608dfa6e0b5569232559e3d385fea5a93112/library/std/src/sys/unix/thread.rs:108:17
[INFO] [stdout]   62:     0x7fda49b0eac3 - <unknown>
[INFO] [stdout]   63:     0x7fda49b9fbf4 - __clone
[INFO] [stdout]   64:                0x0 - <unknown>
[INFO] [stdout] 
[INFO] [stdout] 
[INFO] [stdout] failures:
[INFO] [stdout]     dao::user_repo::tests::test_user_repo
[INFO] [stdout] 
[INFO] [stdout] test result: FAILED. 13 passed; 1 failed; 0 ignored; 0 measured; 0 filtered out; finished in 0.05s
[INFO] [stdout] 
[INFO] [stderr] error: test failed, to rerun pass `--lib`
[INFO] running `Command { std: "docker" "inspect" "deee9882cf6612112f34c25f8034e950cb87ba29bc537e7c657c9927f027cb54", kill_on_drop: false }`
[INFO] running `Command { std: "docker" "rm" "-f" "deee9882cf6612112f34c25f8034e950cb87ba29bc537e7c657c9927f027cb54", kill_on_drop: false }`
[INFO] [stdout] deee9882cf6612112f34c25f8034e950cb87ba29bc537e7c657c9927f027cb54
[INFO] testing shenshouer/rust-web-template against beta-2023-12-22 for beta-1.76-1
[INFO] running `Command { std: "git" "clone" "/workspace/cache/git-repos/https%3A%2F%2Fgithub.com%2Fshenshouer%2Frust-web-template" "/workspace/builds/worker-5-tc2/source", kill_on_drop: false }`
[INFO] [stderr] Cloning into '/workspace/builds/worker-5-tc2/source'...
[INFO] [stderr] done.
[INFO] validating manifest of git repo https://github.com/shenshouer/rust-web-template on toolchain beta-2023-12-22
[INFO] running `Command { std: CARGO_HOME="/workspace/cargo-home" RUSTUP_HOME="/workspace/rustup-home" "/workspace/cargo-home/bin/cargo" "+beta-2023-12-22" "metadata" "--manifest-path" "Cargo.toml" "--no-deps", kill_on_drop: false }`
[INFO] started tweaking git repo https://github.com/shenshouer/rust-web-template
[INFO] finished tweaking git repo https://github.com/shenshouer/rust-web-template
[INFO] tweaked toml for git repo https://github.com/shenshouer/rust-web-template written to /workspace/builds/worker-5-tc2/source/Cargo.toml
[INFO] crate git repo https://github.com/shenshouer/rust-web-template already has a lockfile, it will not be regenerated
[INFO] running `Command { std: CARGO_HOME="/workspace/cargo-home" RUSTUP_HOME="/workspace/rustup-home" "/workspace/cargo-home/bin/cargo" "+beta-2023-12-22" "fetch" "--manifest-path" "Cargo.toml", kill_on_drop: false }`
[INFO] running `Command { std: "docker" "create" "-v" "/var/lib/crater-agent-workspace/builds/worker-5-tc2/target:/opt/rustwide/target:rw,Z" "-v" "/var/lib/crater-agent-workspace/builds/worker-5-tc2/source:/opt/rustwide/workdir:ro,Z" "-v" "/var/lib/crater-agent-workspace/cargo-home:/opt/rustwide/cargo-home:ro,Z" "-v" "/var/lib/crater-agent-workspace/rustup-home:/opt/rustwide/rustup-home:ro,Z" "-e" "SOURCE_DIR=/opt/rustwide/workdir" "-e" "CARGO_TARGET_DIR=/opt/rustwide/target" "-e" "CARGO_HOME=/opt/rustwide/cargo-home" "-e" "RUSTUP_HOME=/opt/rustwide/rustup-home" "-w" "/opt/rustwide/workdir" "-m" "1610612736" "--user" "0:0" "--network" "none" "ghcr.io/rust-lang/crates-build-env/linux@sha256:2788e3201cd34a07e3172128adcd8b3090168a8e3bcc40d7c032b9dda1df7d1c" "/opt/rustwide/cargo-home/bin/cargo" "+beta-2023-12-22" "metadata" "--no-deps" "--format-version=1", kill_on_drop: false }`
[INFO] [stdout] 2ffd7559ec34da40b01529c3e78d9d6130bf1a5c63189e30093169cdea0287bb
[INFO] running `Command { std: "docker" "start" "-a" "2ffd7559ec34da40b01529c3e78d9d6130bf1a5c63189e30093169cdea0287bb", kill_on_drop: false }`
[INFO] running `Command { std: "docker" "inspect" "2ffd7559ec34da40b01529c3e78d9d6130bf1a5c63189e30093169cdea0287bb", kill_on_drop: false }`
[INFO] running `Command { std: "docker" "rm" "-f" "2ffd7559ec34da40b01529c3e78d9d6130bf1a5c63189e30093169cdea0287bb", kill_on_drop: false }`
[INFO] [stdout] 2ffd7559ec34da40b01529c3e78d9d6130bf1a5c63189e30093169cdea0287bb
[INFO] running `Command { std: "docker" "create" "-v" "/var/lib/crater-agent-workspace/builds/worker-5-tc2/target:/opt/rustwide/target:rw,Z" "-v" "/var/lib/crater-agent-workspace/builds/worker-5-tc2/source:/opt/rustwide/workdir:ro,Z" "-v" "/var/lib/crater-agent-workspace/cargo-home:/opt/rustwide/cargo-home:ro,Z" "-v" "/var/lib/crater-agent-workspace/rustup-home:/opt/rustwide/rustup-home:ro,Z" "-e" "SOURCE_DIR=/opt/rustwide/workdir" "-e" "CARGO_TARGET_DIR=/opt/rustwide/target" "-e" "CARGO_INCREMENTAL=0" "-e" "RUST_BACKTRACE=full" "-e" "RUSTFLAGS=--cap-lints=warn" "-e" "RUSTDOCFLAGS=--cap-lints=warn" "-e" "CARGO_HOME=/opt/rustwide/cargo-home" "-e" "RUSTUP_HOME=/opt/rustwide/rustup-home" "-w" "/opt/rustwide/workdir" "-m" "1610612736" "--user" "0:0" "--network" "none" "ghcr.io/rust-lang/crates-build-env/linux@sha256:2788e3201cd34a07e3172128adcd8b3090168a8e3bcc40d7c032b9dda1df7d1c" "/opt/rustwide/cargo-home/bin/cargo" "+beta-2023-12-22" "build" "--frozen" "--message-format=json", kill_on_drop: false }`
[INFO] [stdout] e89a55dda1700cfc94ea00b231af897d3be3a7b89c8a3c5391a886c3b715680c
[INFO] running `Command { std: "docker" "start" "-a" "e89a55dda1700cfc94ea00b231af897d3be3a7b89c8a3c5391a886c3b715680c", kill_on_drop: false }`
[INFO] [stderr]    Compiling cfg-if v1.0.0
[INFO] [stderr]    Compiling version_check v0.9.4
[INFO] [stderr]    Compiling libc v0.2.116
[INFO] [stderr]    Compiling autocfg v1.0.1
[INFO] [stderr]    Compiling proc-macro2 v1.0.36
[INFO] [stderr]    Compiling unicode-xid v0.2.2
[INFO] [stderr]    Compiling syn v1.0.86
[INFO] [stderr]    Compiling memchr v2.4.1
[INFO] [stderr]    Compiling once_cell v1.9.0
[INFO] [stderr]    Compiling typenum v1.15.0
[INFO] [stderr]    Compiling pin-project-lite v0.2.8
[INFO] [stderr]    Compiling bytes v1.1.0
[INFO] [stderr]    Compiling futures-core v0.3.19
[INFO] [stderr]    Compiling lazy_static v1.4.0
[INFO] [stderr]    Compiling log v0.4.14
[INFO] [stderr]    Compiling parking_lot_core v0.8.5
[INFO] [stderr]    Compiling cc v1.0.72
[INFO] [stderr]    Compiling smallvec v1.8.0
[INFO] [stderr]    Compiling quote v1.0.15
[INFO] [stderr]    Compiling instant v0.1.12
[INFO] [stderr]    Compiling scopeguard v1.1.0
[INFO] [stderr]    Compiling getrandom v0.2.4
[INFO] [stderr]    Compiling num_cpus v1.13.1
[INFO] [stderr]    Compiling lock_api v0.4.6
[INFO] [stderr]    Compiling itoa v1.0.1
[INFO] [stderr]    Compiling generic-array v0.14.5
[INFO] [stderr]    Compiling pkg-config v0.3.24
[INFO] [stderr]    Compiling parking_lot v0.11.2
[INFO] [stderr]    Compiling bitflags v1.3.2
[INFO] [stderr]    Compiling rand_core v0.6.3
[INFO] [stderr]    Compiling signal-hook-registry v1.4.0
[INFO] [stderr]    Compiling mio v0.7.14
[INFO] [stderr]    Compiling num-traits v0.2.14
[INFO] [stderr]    Compiling ahash v0.7.6
[INFO] [stderr]    Compiling openssl-sys v0.9.72
[INFO] [stderr]    Compiling serde_derive v1.0.136
[INFO] [stderr]    Compiling pin-utils v0.1.0
[INFO] [stderr]    Compiling futures-sink v0.3.19
[INFO] [stderr]    Compiling ppv-lite86 v0.2.16
[INFO] [stderr]    Compiling futures-channel v0.3.19
[INFO] [stderr]    Compiling serde v1.0.136
[INFO] [stderr]    Compiling futures-task v0.3.19
[INFO] [stderr]    Compiling rand_chacha v0.3.1
[INFO] [stderr]    Compiling nom v7.1.0
[INFO] [stderr]    Compiling openssl v0.10.38
[INFO] [stderr]    Compiling futures-util v0.3.19
[INFO] [stderr]    Compiling foreign-types-shared v0.1.1
[INFO] [stderr]    Compiling foreign-types v0.3.2
[INFO] [stderr]    Compiling hashbrown v0.11.2
[INFO] [stderr]    Compiling matches v0.1.9
[INFO] [stderr]    Compiling slab v0.4.5
[INFO] [stderr]    Compiling native-tls v0.2.8
[INFO] [stderr]    Compiling minimal-lexical v0.2.1
[INFO] [stderr]    Compiling tinyvec_macros v0.1.0
[INFO] [stderr]    Compiling futures-io v0.3.19
[INFO] [stderr]    Compiling cpufeatures v0.2.1
[INFO] [stderr]    Compiling percent-encoding v2.1.0
[INFO] [stderr]    Compiling tinyvec v1.5.1
[INFO] [stderr]    Compiling openssl-probe v0.1.5
[INFO] [stderr]    Compiling opaque-debug v0.3.0
[INFO] [stderr]    Compiling form_urlencoded v1.0.1
[INFO] [stderr]    Compiling rand v0.8.4
[INFO] [stderr]    Compiling ryu v1.0.9
[INFO] [stderr]    Compiling unicode-bidi v0.3.7
[INFO] [stderr]    Compiling serde_json v1.0.78
[INFO] [stderr]    Compiling indexmap v1.8.0
[INFO] [stderr]    Compiling miniz_oxide v0.4.4
[INFO] [stderr]    Compiling num-integer v0.1.44
[INFO] [stderr]    Compiling subtle v2.4.1
[INFO] [stderr]    Compiling crc32fast v1.3.2
[INFO] [stderr]    Compiling crossbeam-utils v0.8.6
[INFO] [stderr]    Compiling fnv v1.0.7
[INFO] [stderr]    Compiling http v0.2.6
[INFO] [stderr]    Compiling unicode-normalization v0.1.19
[INFO] [stderr]    Compiling digest v0.9.0
[INFO] [stderr]    Compiling tracing-core v0.1.21
[INFO] [stderr]    Compiling unicase v2.6.0
[INFO] [stderr]    Compiling proc-macro-error-attr v1.0.4
[INFO] [stderr]    Compiling base64 v0.13.0
[INFO] [stderr]    Compiling either v1.6.1
[INFO] [stderr]    Compiling version_check v0.1.5
[INFO] [stderr]    Compiling idna v0.2.3
[INFO] [stderr]    Compiling adler v1.0.2
[INFO] [stderr]    Compiling byteorder v1.4.3
[INFO] [stderr]    Compiling regex-syntax v0.6.25
[INFO] [stderr]    Compiling nom v4.2.3
[INFO] [stderr]    Compiling itertools v0.10.3
[INFO] [stderr]    Compiling tokio v1.16.1
[INFO] [stderr]    Compiling url v2.2.2
[INFO] [stderr]    Compiling block-buffer v0.9.0
[INFO] [stderr]    Compiling proc-macro-error v1.0.4
[INFO] [stderr]    Compiling alloc-no-stdlib v2.0.3
[INFO] [stderr]    Compiling unicode_categories v0.1.1
[INFO] [stderr]    Compiling cfg-if v0.1.10
[INFO] [stderr]    Compiling crossbeam-queue v0.3.3
[INFO] [stderr]    Compiling crossbeam-utils v0.6.6
[INFO] [stderr]    Compiling alloc-stdlib v0.2.1
[INFO] [stderr]    Compiling flate2 v1.0.22
[INFO] [stderr]    Compiling dirs-sys v0.3.6
[INFO] [stderr]    Compiling tokio-macros v1.7.0
[INFO] [stderr]    Compiling futures-macro v0.3.19
[INFO] [stderr]    Compiling thiserror-impl v1.0.30
[INFO] [stderr]    Compiling tracing-attributes v0.1.18
[INFO] [stderr]    Compiling async-trait v0.1.52
[INFO] [stderr]    Compiling mime v0.3.16
[INFO] [stderr]    Compiling crc-catalog v1.1.1
[INFO] [stderr]    Compiling crc v2.1.0
[INFO] [stderr]    Compiling tokio-native-tls v0.3.0
[INFO] [stderr]    Compiling dirs v4.0.0
[INFO] [stderr]    Compiling pin-project-internal v1.0.10
[INFO] [stderr]    Compiling thiserror v1.0.30
[INFO] [stderr]    Compiling mime_guess v2.0.4
[INFO] [stderr]    Compiling tracing v0.1.29
[INFO] [stderr]    Compiling crossbeam-channel v0.3.9
[INFO] [stderr]    Compiling brotli-decompressor v2.3.2
[INFO] [stderr]    Compiling crossbeam-channel v0.5.2
[INFO] [stderr]    Compiling http-body v0.4.4
[INFO] [stderr]    Compiling base64 v0.10.1
[INFO] [stderr]    Compiling stringprep v0.1.2
[INFO] [stderr]    Compiling crypto-mac v0.11.1
[INFO] [stderr]    Compiling hashlink v0.7.0
[INFO] [stderr]    Compiling crypto-common v0.1.3
[INFO] [stderr]    Compiling block-buffer v0.10.2
[INFO] [stderr]    Compiling futures-intrusive v0.4.0
[INFO] [stderr]    Compiling num-bigint v0.4.3
[INFO] [stderr]    Compiling tower-service v0.3.1
[INFO] [stderr]    Compiling httparse v1.5.1
[INFO] [stderr]    Compiling whoami v1.2.1
[INFO] [stderr]    Compiling hex v0.4.3
[INFO] [stderr]    Compiling httpdate v1.0.2
[INFO] [stderr]    Compiling digest v0.10.3
[INFO] [stderr]    Compiling hmac v0.11.0
[INFO] [stderr]    Compiling pin-project v1.0.10
[INFO] [stderr]    Compiling brotli v3.3.3
[INFO] [stderr]    Compiling hdrhistogram v6.3.4
[INFO] [stderr]    Compiling chrono v0.4.19
[INFO] [stderr]    Compiling tokio-util v0.6.9
[INFO] [stderr]    Compiling tokio-stream v0.1.8
[INFO] [stderr]    Compiling sqlformat v0.1.8
[INFO] [stderr]    Compiling sqlx-rt v0.5.10
[INFO] [stderr]    Compiling atoi v0.4.0
[INFO] [stderr]    Compiling sha2 v0.9.9
[INFO] [stderr]    Compiling sha-1 v0.9.8
[INFO] [stderr]    Compiling md-5 v0.9.1
[INFO] [stderr]    Compiling quickcheck v1.0.3
[INFO] [stderr]    Compiling aho-corasick v0.7.18
[INFO] [stderr]    Compiling ring v0.16.20
[INFO] [stderr]    Compiling time v0.1.43
[INFO] [stderr]    Compiling itoa v0.4.8
[INFO] [stderr]    Compiling unicode-segmentation v1.8.0
[INFO] [stderr]    Compiling uuid v0.8.2
[INFO] [stderr]    Compiling try-lock v0.2.3
[INFO] [stderr]    Compiling time-macros v0.2.3
[INFO] [stderr]    Compiling tower-layer v0.3.1
[INFO] [stderr]    Compiling num_threads v0.1.3
[INFO] [stderr]    Compiling tower v0.4.11
[INFO] [stderr]    Compiling regex v1.5.4
[INFO] [stderr]    Compiling want v0.3.0
[INFO] [stderr]    Compiling async-compression v0.3.12
[INFO] [stderr]    Compiling heck v0.3.3
[INFO] [stderr]    Compiling sqlx-core v0.5.10
[INFO] [stderr]    Compiling time v0.3.7
[INFO] [stderr]    Compiling sha-1 v0.10.0
[INFO] [stderr]    Compiling iri-string v0.4.1
[INFO] [stderr]    Compiling regex-automata v0.1.10
[INFO] [stderr]    Compiling headers-core v0.2.0
[INFO] [stderr]    Compiling socket2 v0.4.4
[INFO] [stderr]    Compiling anyhow v1.0.53
[INFO] [stderr]    Compiling validator_types v0.12.0
[INFO] [stderr]    Compiling sha1_smol v1.0.0
[INFO] [stderr]    Compiling untrusted v0.7.1
[INFO] [stderr]    Compiling spin v0.5.2
[INFO] [stderr]    Compiling heck v0.4.0
[INFO] [stderr]    Compiling http-range-header v0.3.0
[INFO] [stderr]    Compiling if_chain v1.0.2
[INFO] [stderr]    Compiling dotenv v0.15.0
[INFO] [stderr]    Compiling hyper v0.14.16
[INFO] [stderr]    Compiling clap_derive v3.1.0
[INFO] [stderr]    Compiling tower-http v0.2.1
[INFO] [stderr]    Compiling matchers v0.1.0
[INFO] [stderr]    Compiling sha1 v0.6.1
[INFO] [stderr]    Compiling headers v0.3.7
[INFO] [stderr]    Compiling validator_derive v0.12.0
[INFO] [stderr]    Compiling simple_asn1 v0.6.1
[INFO] [stderr]    Compiling serde_urlencoded v0.7.1
[INFO] [stderr]    Compiling axum-core v0.1.1
[INFO] [stderr]    Compiling combine v4.6.3
[INFO] [stderr]    Compiling futures-executor v0.3.19
[INFO] [stderr]    Compiling pem v1.0.2
[INFO] [stderr]    Compiling tracing-log v0.1.2
[INFO] [stderr]    Compiling atty v0.2.14
[INFO] [stderr]    Compiling os_str_bytes v6.0.0
[INFO] [stderr]    Compiling sharded-slab v0.1.4
[INFO] [stderr]    Compiling thread_local v1.1.4
[INFO] [stderr]    Compiling textwrap v0.14.2
[INFO] [stderr]    Compiling matchit v0.4.4
[INFO] [stderr]    Compiling dtoa v0.4.8
[INFO] [stderr]    Compiling termcolor v1.1.2
[INFO] [stderr]    Compiling sync_wrapper v0.1.1
[INFO] [stderr]    Compiling strsim v0.10.0
[INFO] [stderr]    Compiling ansi_term v0.12.1
[INFO] [stderr]    Compiling axum v0.4.4
[INFO] [stderr]    Compiling jsonwebtoken v8.0.1
[INFO] [stderr]    Compiling clap v3.1.0
[INFO] [stderr]    Compiling tracing-subscriber v0.3.7
[INFO] [stderr]    Compiling futures v0.3.19
[INFO] [stderr]    Compiling validator v0.12.0
[INFO] [stderr]    Compiling sqlx-macros v0.5.10
[INFO] [stderr]    Compiling redis v0.21.5
[INFO] [stderr]    Compiling sqlx v0.5.10
[INFO] [stderr]    Compiling cashbook v0.1.0 (/opt/rustwide/workdir)
[INFO] [stdout] warning: unused variable: `password`
[INFO] [stdout]   --> src/dto/user.rs:23:9
[INFO] [stdout]    |
[INFO] [stdout] 23 |     pub password: Option<String>,
[INFO] [stdout]    |         ^^^^^^^^
[INFO] [stdout]    |
[INFO] [stdout] help: `password` is captured in macro and introduced a unused variable
[INFO] [stdout]   --> src/dto/user.rs:16:41
[INFO] [stdout]    |
[INFO] [stdout] 16 | #[derive(Debug, Serialize, Deserialize, Validate)]
[INFO] [stdout]    |                                         ^^^^^^^^
[INFO] [stdout]    = note: `#[warn(unused_variables)]` on by default
[INFO] [stdout]    = note: this warning originates in the derive macro `Validate` (in Nightly builds, run with -Z macro-backtrace for more info)
[INFO] [stdout] 
[INFO] [stdout] 
[INFO] [stdout] warning: 1 warning emitted
[INFO] [stdout] 
[INFO] [stdout] 
[INFO] [stderr]     Finished dev [unoptimized + debuginfo] target(s) in 44.41s
[INFO] [stderr] warning: the following packages contain code that will be rejected by a future version of Rust: hdrhistogram v6.3.4, nom v4.2.3
[INFO] [stderr] note: to see what the problems were, use the option `--future-incompat-report`, or run `cargo report future-incompatibilities --id 1`
[INFO] running `Command { std: "docker" "inspect" "e89a55dda1700cfc94ea00b231af897d3be3a7b89c8a3c5391a886c3b715680c", kill_on_drop: false }`
[INFO] running `Command { std: "docker" "rm" "-f" "e89a55dda1700cfc94ea00b231af897d3be3a7b89c8a3c5391a886c3b715680c", kill_on_drop: false }`
[INFO] [stdout] e89a55dda1700cfc94ea00b231af897d3be3a7b89c8a3c5391a886c3b715680c
[INFO] running `Command { std: "docker" "create" "-v" "/var/lib/crater-agent-workspace/builds/worker-5-tc2/target:/opt/rustwide/target:rw,Z" "-v" "/var/lib/crater-agent-workspace/builds/worker-5-tc2/source:/opt/rustwide/workdir:ro,Z" "-v" "/var/lib/crater-agent-workspace/cargo-home:/opt/rustwide/cargo-home:ro,Z" "-v" "/var/lib/crater-agent-workspace/rustup-home:/opt/rustwide/rustup-home:ro,Z" "-e" "SOURCE_DIR=/opt/rustwide/workdir" "-e" "CARGO_TARGET_DIR=/opt/rustwide/target" "-e" "CARGO_INCREMENTAL=0" "-e" "RUST_BACKTRACE=full" "-e" "RUSTFLAGS=--cap-lints=warn" "-e" "RUSTDOCFLAGS=--cap-lints=warn" "-e" "CARGO_HOME=/opt/rustwide/cargo-home" "-e" "RUSTUP_HOME=/opt/rustwide/rustup-home" "-w" "/opt/rustwide/workdir" "-m" "1610612736" "--user" "0:0" "--network" "none" "ghcr.io/rust-lang/crates-build-env/linux@sha256:2788e3201cd34a07e3172128adcd8b3090168a8e3bcc40d7c032b9dda1df7d1c" "/opt/rustwide/cargo-home/bin/cargo" "+beta-2023-12-22" "test" "--frozen" "--no-run" "--message-format=json", kill_on_drop: false }`
[INFO] [stdout] 221c600e5efb2f4729394f81d0722031e73bfb519e33d0298c1e020eaabc772f
[INFO] running `Command { std: "docker" "start" "-a" "221c600e5efb2f4729394f81d0722031e73bfb519e33d0298c1e020eaabc772f", kill_on_drop: false }`
[INFO] [stderr]    Compiling predicates-core v1.0.3
[INFO] [stderr]    Compiling float-cmp v0.9.0
[INFO] [stderr]    Compiling normalize-line-endings v0.3.0
[INFO] [stderr]    Compiling difflib v0.4.0
[INFO] [stderr]    Compiling termtree v0.2.4
[INFO] [stderr]    Compiling mockall_derive v0.11.0
[INFO] [stderr]    Compiling downcast v0.11.0
[INFO] [stderr]    Compiling fragile v1.1.0
[INFO] [stdout] warning: unused variable: `password`
[INFO] [stdout]   --> src/dto/user.rs:23:9
[INFO] [stdout]    |
[INFO] [stdout] 23 |     pub password: Option<String>,
[INFO] [stdout]    |         ^^^^^^^^
[INFO] [stdout]    |
[INFO] [stdout] help: `password` is captured in macro and introduced a unused variable
[INFO] [stdout]   --> src/dto/user.rs:16:41
[INFO] [stdout]    |
[INFO] [stdout] 16 | #[derive(Debug, Serialize, Deserialize, Validate)]
[INFO] [stdout]    |                                         ^^^^^^^^
[INFO] [stdout]    = note: `#[warn(unused_variables)]` on by default
[INFO] [stdout]    = note: this warning originates in the derive macro `Validate` (in Nightly builds, run with -Z macro-backtrace for more info)
[INFO] [stdout] 
[INFO] [stdout] 
[INFO] [stdout] warning: 1 warning emitted
[INFO] [stdout] 
[INFO] [stdout] 
[INFO] [stderr]    Compiling predicates-tree v1.0.5
[INFO] [stderr]    Compiling predicates v2.1.1
[INFO] [stderr]    Compiling mockall v0.11.0
[INFO] [stderr]    Compiling cashbook v0.1.0 (/opt/rustwide/workdir)
[INFO] [stdout] warning: unused variable: `password`
[INFO] [stdout]   --> src/dto/user.rs:23:9
[INFO] [stdout]    |
[INFO] [stdout] 23 |     pub password: Option<String>,
[INFO] [stdout]    |         ^^^^^^^^
[INFO] [stdout]    |
[INFO] [stdout] help: `password` is captured in macro and introduced a unused variable
[INFO] [stdout]   --> src/dto/user.rs:16:41
[INFO] [stdout]    |
[INFO] [stdout] 16 | #[derive(Debug, Serialize, Deserialize, Validate)]
[INFO] [stdout]    |                                         ^^^^^^^^
[INFO] [stdout]    = note: `#[warn(unused_variables)]` on by default
[INFO] [stdout]    = note: this warning originates in the derive macro `Validate` (in Nightly builds, run with -Z macro-backtrace for more info)
[INFO] [stdout] 
[INFO] [stdout] 
[INFO] [stdout] warning: 1 warning emitted
[INFO] [stdout] 
[INFO] [stdout] 
[INFO] [stderr]     Finished test [unoptimized + debuginfo] target(s) in 7.42s
[INFO] [stderr] warning: the following packages contain code that will be rejected by a future version of Rust: hdrhistogram v6.3.4, nom v4.2.3
[INFO] [stderr] note: to see what the problems were, use the option `--future-incompat-report`, or run `cargo report future-incompatibilities --id 1`
[INFO] running `Command { std: "docker" "inspect" "221c600e5efb2f4729394f81d0722031e73bfb519e33d0298c1e020eaabc772f", kill_on_drop: false }`
[INFO] running `Command { std: "docker" "rm" "-f" "221c600e5efb2f4729394f81d0722031e73bfb519e33d0298c1e020eaabc772f", kill_on_drop: false }`
[INFO] [stdout] 221c600e5efb2f4729394f81d0722031e73bfb519e33d0298c1e020eaabc772f
[INFO] running `Command { std: "docker" "create" "-v" "/var/lib/crater-agent-workspace/builds/worker-5-tc2/target:/opt/rustwide/target:rw,Z" "-v" "/var/lib/crater-agent-workspace/builds/worker-5-tc2/source:/opt/rustwide/workdir:ro,Z" "-v" "/var/lib/crater-agent-workspace/cargo-home:/opt/rustwide/cargo-home:ro,Z" "-v" "/var/lib/crater-agent-workspace/rustup-home:/opt/rustwide/rustup-home:ro,Z" "-e" "SOURCE_DIR=/opt/rustwide/workdir" "-e" "CARGO_TARGET_DIR=/opt/rustwide/target" "-e" "CARGO_INCREMENTAL=0" "-e" "RUST_BACKTRACE=full" "-e" "RUSTFLAGS=--cap-lints=warn" "-e" "RUSTDOCFLAGS=--cap-lints=warn" "-e" "CARGO_HOME=/opt/rustwide/cargo-home" "-e" "RUSTUP_HOME=/opt/rustwide/rustup-home" "-w" "/opt/rustwide/workdir" "-m" "1610612736" "--user" "0:0" "--network" "none" "ghcr.io/rust-lang/crates-build-env/linux@sha256:2788e3201cd34a07e3172128adcd8b3090168a8e3bcc40d7c032b9dda1df7d1c" "/opt/rustwide/cargo-home/bin/cargo" "+beta-2023-12-22" "test" "--frozen", kill_on_drop: false }`
[INFO] [stdout] 66195bf2ee5e63b235d4307cc1c291d78665559fc6428dad49c3523769f68e93
[INFO] running `Command { std: "docker" "start" "-a" "66195bf2ee5e63b235d4307cc1c291d78665559fc6428dad49c3523769f68e93", kill_on_drop: false }`
[INFO] [stderr] warning: unused variable: `password`
[INFO] [stderr]   --> src/dto/user.rs:23:9
[INFO] [stderr]    |
[INFO] [stderr] 23 |     pub password: Option<String>,
[INFO] [stderr]    |         ^^^^^^^^
[INFO] [stderr]    |
[INFO] [stderr] help: `password` is captured in macro and introduced a unused variable
[INFO] [stderr]   --> src/dto/user.rs:16:41
[INFO] [stderr]    |
[INFO] [stderr] 16 | #[derive(Debug, Serialize, Deserialize, Validate)]
[INFO] [stderr]    |                                         ^^^^^^^^
[INFO] [stderr]    = note: `#[warn(unused_variables)]` on by default
[INFO] [stderr]    = note: this warning originates in the derive macro `Validate` (in Nightly builds, run with -Z macro-backtrace for more info)
[INFO] [stderr] 
[INFO] [stderr] warning: `cashbook` (lib) generated 1 warning
[INFO] [stderr] warning: `cashbook` (lib test) generated 1 warning (1 duplicate)
[INFO] [stderr]     Finished test [unoptimized + debuginfo] target(s) in 0.17s
[INFO] [stderr] warning: the following packages contain code that will be rejected by a future version of Rust: hdrhistogram v6.3.4, nom v4.2.3
[INFO] [stderr] note: to see what the problems were, use the option `--future-incompat-report`, or run `cargo report future-incompatibilities --id 1`
[INFO] [stderr]      Running unittests src/lib.rs (/opt/rustwide/target/debug/deps/cashbook-8cc995095cb4270e)
[INFO] [stdout] 
[INFO] [stdout] running 14 tests
[INFO] [stdout] test models::user::tests::test_user_option_as_sql_condition ... ok
[INFO] [stdout] test services::auth::tests::test_login_failure ... ok
[INFO] [stdout] test routers::users::tests::test_user_controller_get ... ok
[INFO] [stdout] test routers::auth::tests::test_authenticate_success ... ok
[INFO] [stdout] test services::user::tests::test_user_service_create ... ok
[INFO] [stdout] test services::auth::tests::test_login_success ... ok
[INFO] [stdout] test services::user::tests::test_user_repo_update ... ok
[INFO] [stdout] test services::user::tests::test_user_service_delete ... ok
[INFO] [stdout] test services::user::tests::test_user_service_list ... ok
[INFO] [stdout] test services::user::tests::test_user_service_get ... ok
[INFO] [stdout] test services::user::tests::test_user_service_update ... ok
[INFO] [stdout] test routers::users::tests::test_user_controller_create ... ok
[INFO] [stdout] test routers::auth::tests::test_login_success ... ok
[INFO] [stdout] test dao::user_repo::tests::test_user_repo ... FAILED
[INFO] [stdout] 
[INFO] [stdout] failures:
[INFO] [stdout] 
[INFO] [stdout] ---- dao::user_repo::tests::test_user_repo stdout ----
[INFO] [stdout] thread 'dao::user_repo::tests::test_user_repo' panicked at src/dao/user_repo.rs:145:14:
[INFO] [stdout] called `Result::unwrap()` on an `Err` value: Io(Os { code: 99, kind: AddrNotAvailable, message: "Cannot assign requested address" })
[INFO] [stdout] stack backtrace:
[INFO] [stdout]    0:     0x559f55c2d136 - std::backtrace_rs::backtrace::libunwind::trace::h261606ad26a499c1
[INFO] [stdout]                                at /rustc/0e09125c6c3c2fd70d7de961bcf0e51575235fad/library/std/src/../../backtrace/src/backtrace/libunwind.rs:104:5
[INFO] [stdout]    1:     0x559f55c2d136 - std::backtrace_rs::backtrace::trace_unsynchronized::hd183f0625477fb28
[INFO] [stdout]                                at /rustc/0e09125c6c3c2fd70d7de961bcf0e51575235fad/library/std/src/../../backtrace/src/backtrace/mod.rs:66:5
[INFO] [stdout]    2:     0x559f55c2d136 - std::sys_common::backtrace::_print_fmt::hd7f8fef21b4eda67
[INFO] [stdout]                                at /rustc/0e09125c6c3c2fd70d7de961bcf0e51575235fad/library/std/src/sys_common/backtrace.rs:68:5
[INFO] [stdout]    3:     0x559f55c2d136 - <std::sys_common::backtrace::_print::DisplayBacktrace as core::fmt::Display>::fmt::h623d9b51f2f453f1
[INFO] [stdout]                                at /rustc/0e09125c6c3c2fd70d7de961bcf0e51575235fad/library/std/src/sys_common/backtrace.rs:44:22
[INFO] [stdout]    4:     0x559f55c59300 - core::fmt::rt::Argument::fmt::h9f417ac76a86f368
[INFO] [stdout]                                at /rustc/0e09125c6c3c2fd70d7de961bcf0e51575235fad/library/core/src/fmt/rt.rs:142:9
[INFO] [stdout]    5:     0x559f55c59300 - core::fmt::write::hc9b6faf4ac2aeff7
[INFO] [stdout]                                at /rustc/0e09125c6c3c2fd70d7de961bcf0e51575235fad/library/core/src/fmt/mod.rs:1120:17
[INFO] [stdout]    6:     0x559f55c2a1af - std::io::Write::write_fmt::he04625a3a989fec3
[INFO] [stdout]                                at /rustc/0e09125c6c3c2fd70d7de961bcf0e51575235fad/library/std/src/io/mod.rs:1810:15
[INFO] [stdout]    7:     0x559f55c2cf14 - std::sys_common::backtrace::_print::hd5d66399c7df88a2
[INFO] [stdout]                                at /rustc/0e09125c6c3c2fd70d7de961bcf0e51575235fad/library/std/src/sys_common/backtrace.rs:47:5
[INFO] [stdout]    8:     0x559f55c2cf14 - std::sys_common::backtrace::print::he81ed2da642d37e5
[INFO] [stdout]                                at /rustc/0e09125c6c3c2fd70d7de961bcf0e51575235fad/library/std/src/sys_common/backtrace.rs:34:9
[INFO] [stdout]    9:     0x559f55c2ec87 - std::panicking::default_hook::{{closure}}::h85773f4fa117163d
[INFO] [stdout]   10:     0x559f55c2e96d - std::panicking::default_hook::h6a1694a91d09b278
[INFO] [stdout]                                at /rustc/0e09125c6c3c2fd70d7de961bcf0e51575235fad/library/std/src/panicking.rs:289:9
[INFO] [stdout]   11:     0x559f555f3c27 - <alloc::boxed::Box<F,A> as core::ops::function::Fn<Args>>::call::h616ac37fa3cd6c8f
[INFO] [stdout]                                at /rustc/0e09125c6c3c2fd70d7de961bcf0e51575235fad/library/alloc/src/boxed.rs:2029:9
[INFO] [stdout]   12:     0x559f555f3c27 - test::test_main::{{closure}}::h00d84697cefdcbb6
[INFO] [stdout]                                at /rustc/0e09125c6c3c2fd70d7de961bcf0e51575235fad/library/test/src/lib.rs:138:21
[INFO] [stdout]   13:     0x559f55c2f2a6 - <alloc::boxed::Box<F,A> as core::ops::function::Fn<Args>>::call::hcb3fe3b9bb537ba8
[INFO] [stdout]                                at /rustc/0e09125c6c3c2fd70d7de961bcf0e51575235fad/library/alloc/src/boxed.rs:2029:9
[INFO] [stdout]   14:     0x559f55c2f2a6 - std::panicking::rust_panic_with_hook::h0a7ad96e90f7145b
[INFO] [stdout]                                at /rustc/0e09125c6c3c2fd70d7de961bcf0e51575235fad/library/std/src/panicking.rs:783:13
[INFO] [stdout]   15:     0x559f55c2eff2 - std::panicking::begin_panic_handler::{{closure}}::h7919090525c6485e
[INFO] [stdout]                                at /rustc/0e09125c6c3c2fd70d7de961bcf0e51575235fad/library/std/src/panicking.rs:657:13
[INFO] [stdout]   16:     0x559f55c2d636 - std::sys_common::backtrace::__rust_end_short_backtrace::hf3289479464f7dfe
[INFO] [stdout]                                at /rustc/0e09125c6c3c2fd70d7de961bcf0e51575235fad/library/std/src/sys_common/backtrace.rs:171:18
[INFO] [stdout]   17:     0x559f55c2ed50 - rust_begin_unwind
[INFO] [stdout]                                at /rustc/0e09125c6c3c2fd70d7de961bcf0e51575235fad/library/std/src/panicking.rs:645:5
[INFO] [stdout]   18:     0x559f5546b6b5 - core::panicking::panic_fmt::hcc9f77c5c132af55
[INFO] [stdout]                                at /rustc/0e09125c6c3c2fd70d7de961bcf0e51575235fad/library/core/src/panicking.rs:72:14
[INFO] [stdout]   19:     0x559f5546bc93 - core::result::unwrap_failed::hbe14f498be1452f9
[INFO] [stdout]                                at /rustc/0e09125c6c3c2fd70d7de961bcf0e51575235fad/library/core/src/result.rs:1649:5
[INFO] [stdout]   20:     0x559f554ff941 - core::result::Result<T,E>::unwrap::h81968367c2163154
[INFO] [stdout]                                at /rustc/0e09125c6c3c2fd70d7de961bcf0e51575235fad/library/core/src/result.rs:1073:23
[INFO] [stdout]   21:     0x559f5549b2ce - cashbook::dao::user_repo::tests::test_user_repo::{{closure}}::hf39b55ccb9882cd2
[INFO] [stdout]                                at /opt/rustwide/workdir/src/dao/user_repo.rs:141:20
[INFO] [stdout]   22:     0x559f555aa7fb - <core::pin::Pin<P> as core::future::future::Future>::poll::hf9943589c11e73b7
[INFO] [stdout]                                at /rustc/0e09125c6c3c2fd70d7de961bcf0e51575235fad/library/core/src/future/future.rs:124:9
[INFO] [stdout]   23:     0x559f554f4454 - tokio::runtime::basic_scheduler::CoreGuard::block_on::{{closure}}::{{closure}}::{{closure}}::h52e85903d232d0b2
[INFO] [stdout]                                at /opt/rustwide/cargo-home/registry/src/index.crates.io-6f17d22bba15001f/tokio-1.16.1/src/runtime/basic_scheduler.rs:516:48
[INFO] [stdout]   24:     0x559f554d3f89 - tokio::coop::with_budget::{{closure}}::hcb5e0f449c9b00da
[INFO] [stdout]                                at /opt/rustwide/cargo-home/registry/src/index.crates.io-6f17d22bba15001f/tokio-1.16.1/src/coop.rs:102:9
[INFO] [stdout]   25:     0x559f555a35e0 - std::thread::local::LocalKey<T>::try_with::h31447b50f9fda5ac
[INFO] [stdout]                                at /rustc/0e09125c6c3c2fd70d7de961bcf0e51575235fad/library/std/src/thread/local.rs:270:16
[INFO] [stdout]   26:     0x559f555a1eba - std::thread::local::LocalKey<T>::with::ha83247d7cd38bf79
[INFO] [stdout]                                at /rustc/0e09125c6c3c2fd70d7de961bcf0e51575235fad/library/std/src/thread/local.rs:246:9
[INFO] [stdout]   27:     0x559f554f40e3 - tokio::coop::with_budget::hafd67c6d8c0d18c5
[INFO] [stdout]                                at /opt/rustwide/cargo-home/registry/src/index.crates.io-6f17d22bba15001f/tokio-1.16.1/src/coop.rs:95:5
[INFO] [stdout]   28:     0x559f554f40e3 - tokio::coop::budget::h48701ef19885176f
[INFO] [stdout]                                at /opt/rustwide/cargo-home/registry/src/index.crates.io-6f17d22bba15001f/tokio-1.16.1/src/coop.rs:72:5
[INFO] [stdout]   29:     0x559f554f40e3 - tokio::runtime::basic_scheduler::CoreGuard::block_on::{{closure}}::{{closure}}::hc940bac76d6f8ea0
[INFO] [stdout]                                at /opt/rustwide/cargo-home/registry/src/index.crates.io-6f17d22bba15001f/tokio-1.16.1/src/runtime/basic_scheduler.rs:516:25
[INFO] [stdout]   30:     0x559f554e520a - tokio::runtime::basic_scheduler::Context::enter::h6d10a1ac2781dc59
[INFO] [stdout]                                at /opt/rustwide/cargo-home/registry/src/index.crates.io-6f17d22bba15001f/tokio-1.16.1/src/runtime/basic_scheduler.rs:374:19
[INFO] [stdout]   31:     0x559f554f0661 - tokio::runtime::basic_scheduler::CoreGuard::block_on::{{closure}}::ha3080b791920dbd2
[INFO] [stdout]                                at /opt/rustwide/cargo-home/registry/src/index.crates.io-6f17d22bba15001f/tokio-1.16.1/src/runtime/basic_scheduler.rs:515:36
[INFO] [stdout]   32:     0x559f554eca9b - tokio::runtime::basic_scheduler::CoreGuard::enter::{{closure}}::h63b3bc3d1f2885f9
[INFO] [stdout]                                at /opt/rustwide/cargo-home/registry/src/index.crates.io-6f17d22bba15001f/tokio-1.16.1/src/runtime/basic_scheduler.rs:582:57
[INFO] [stdout]   33:     0x559f55586dec - tokio::macros::scoped_tls::ScopedKey<T>::set::hd30b720465e0af08
[INFO] [stdout]                                at /opt/rustwide/cargo-home/registry/src/index.crates.io-6f17d22bba15001f/tokio-1.16.1/src/macros/scoped_tls.rs:61:9
[INFO] [stdout]   34:     0x559f554ea1af - tokio::runtime::basic_scheduler::CoreGuard::enter::h1d192d879dff3077
[INFO] [stdout]                                at /opt/rustwide/cargo-home/registry/src/index.crates.io-6f17d22bba15001f/tokio-1.16.1/src/runtime/basic_scheduler.rs:582:27
[INFO] [stdout]   35:     0x559f554ecc48 - tokio::runtime::basic_scheduler::CoreGuard::block_on::h3f98ee0b61dc6522
[INFO] [stdout]                                at /opt/rustwide/cargo-home/registry/src/index.crates.io-6f17d22bba15001f/tokio-1.16.1/src/runtime/basic_scheduler.rs:506:9
[INFO] [stdout]   36:     0x559f554df36c - tokio::runtime::basic_scheduler::BasicScheduler::block_on::h3b8475510478cca7
[INFO] [stdout]                                at /opt/rustwide/cargo-home/registry/src/index.crates.io-6f17d22bba15001f/tokio-1.16.1/src/runtime/basic_scheduler.rs:182:24
[INFO] [stdout]   37:     0x559f554f4b38 - tokio::runtime::Runtime::block_on::h35e82d0e941b9ba2
[INFO] [stdout]                                at /opt/rustwide/cargo-home/registry/src/index.crates.io-6f17d22bba15001f/tokio-1.16.1/src/runtime/mod.rs:475:46
[INFO] [stdout]   38:     0x559f5549a4f3 - cashbook::dao::user_repo::tests::test_user_repo::h09f642b9e81c78be
[INFO] [stdout]                                at /opt/rustwide/workdir/src/dao/user_repo.rs:216:9
[INFO] [stdout]   39:     0x559f5549a3b7 - cashbook::dao::user_repo::tests::test_user_repo::{{closure}}::h525e861aac28927c
[INFO] [stdout]                                at /opt/rustwide/workdir/src/dao/user_repo.rs:132:34
[INFO] [stdout]   40:     0x559f55478486 - core::ops::function::FnOnce::call_once::h9435ae248a0c129e
[INFO] [stdout]                                at /rustc/0e09125c6c3c2fd70d7de961bcf0e51575235fad/library/core/src/ops/function.rs:250:5
[INFO] [stdout]   41:     0x559f555f94ff - core::ops::function::FnOnce::call_once::hd64d26f405258157
[INFO] [stdout]                                at /rustc/0e09125c6c3c2fd70d7de961bcf0e51575235fad/library/core/src/ops/function.rs:250:5
[INFO] [stdout]   42:     0x559f555f94ff - test::__rust_begin_short_backtrace::he21b0b7a6d731bf9
[INFO] [stdout]                                at /rustc/0e09125c6c3c2fd70d7de961bcf0e51575235fad/library/test/src/lib.rs:627:18
[INFO] [stdout]   43:     0x559f555f8281 - test::run_test_in_process::{{closure}}::hf5c73986d7bdfde2
[INFO] [stdout]                                at /rustc/0e09125c6c3c2fd70d7de961bcf0e51575235fad/library/test/src/lib.rs:650:60
[INFO] [stdout]   44:     0x559f555f8281 - <core::panic::unwind_safe::AssertUnwindSafe<F> as core::ops::function::FnOnce<()>>::call_once::h330011ad032aadc0
[INFO] [stdout]                                at /rustc/0e09125c6c3c2fd70d7de961bcf0e51575235fad/library/core/src/panic/unwind_safe.rs:272:9
[INFO] [stdout]   45:     0x559f555f8281 - std::panicking::try::do_call::he61b0a958b795a41
[INFO] [stdout]                                at /rustc/0e09125c6c3c2fd70d7de961bcf0e51575235fad/library/std/src/panicking.rs:552:40
[INFO] [stdout]   46:     0x559f555f8281 - std::panicking::try::h7309da130f906eb7
[INFO] [stdout]                                at /rustc/0e09125c6c3c2fd70d7de961bcf0e51575235fad/library/std/src/panicking.rs:516:19
[INFO] [stdout]   47:     0x559f555f8281 - std::panic::catch_unwind::hc5c3a06fdaf0a92a
[INFO] [stdout]                                at /rustc/0e09125c6c3c2fd70d7de961bcf0e51575235fad/library/std/src/panic.rs:142:14
[INFO] [stdout]   48:     0x559f555f8281 - test::run_test_in_process::h7e7b7c71c3324e0f
[INFO] [stdout]                                at /rustc/0e09125c6c3c2fd70d7de961bcf0e51575235fad/library/test/src/lib.rs:650:27
[INFO] [stdout]   49:     0x559f555f8281 - test::run_test::{{closure}}::h1f509f28f5cf20b1
[INFO] [stdout]                                at /rustc/0e09125c6c3c2fd70d7de961bcf0e51575235fad/library/test/src/lib.rs:573:43
[INFO] [stdout]   50:     0x559f555bf5b6 - test::run_test::{{closure}}::h1754218abf443f6d
[INFO] [stdout]                                at /rustc/0e09125c6c3c2fd70d7de961bcf0e51575235fad/library/test/src/lib.rs:601:41
[INFO] [stdout]   51:     0x559f555bf5b6 - std::sys_common::backtrace::__rust_begin_short_backtrace::h2ee174b9d5954948
[INFO] [stdout]                                at /rustc/0e09125c6c3c2fd70d7de961bcf0e51575235fad/library/std/src/sys_common/backtrace.rs:155:18
[INFO] [stdout]   52:     0x559f555c4617 - std::thread::Builder::spawn_unchecked_::{{closure}}::{{closure}}::hf60bee9c1a17ef09
[INFO] [stdout]                                at /rustc/0e09125c6c3c2fd70d7de961bcf0e51575235fad/library/std/src/thread/mod.rs:529:17
[INFO] [stdout]   53:     0x559f555c4617 - <core::panic::unwind_safe::AssertUnwindSafe<F> as core::ops::function::FnOnce<()>>::call_once::h33d0dddec5216160
[INFO] [stdout]                                at /rustc/0e09125c6c3c2fd70d7de961bcf0e51575235fad/library/core/src/panic/unwind_safe.rs:272:9
[INFO] [stdout]   54:     0x559f555c4617 - std::panicking::try::do_call::h144b3048b546f835
[INFO] [stdout]                                at /rustc/0e09125c6c3c2fd70d7de961bcf0e51575235fad/library/std/src/panicking.rs:552:40
[INFO] [stdout]   55:     0x559f555c4617 - std::panicking::try::h978244d04646189f
[INFO] [stdout]                                at /rustc/0e09125c6c3c2fd70d7de961bcf0e51575235fad/library/std/src/panicking.rs:516:19
[INFO] [stdout]   56:     0x559f555c4617 - std::panic::catch_unwind::hdf436369d188fe86
[INFO] [stdout]                                at /rustc/0e09125c6c3c2fd70d7de961bcf0e51575235fad/library/std/src/panic.rs:142:14
[INFO] [stdout]   57:     0x559f555c4617 - std::thread::Builder::spawn_unchecked_::{{closure}}::h87329cbdd33c79ec
[INFO] [stdout]                                at /rustc/0e09125c6c3c2fd70d7de961bcf0e51575235fad/library/std/src/thread/mod.rs:528:30
[INFO] [stdout]   58:     0x559f555c4617 - core::ops::function::FnOnce::call_once{{vtable.shim}}::h401abbe67897d450
[INFO] [stdout]                                at /rustc/0e09125c6c3c2fd70d7de961bcf0e51575235fad/library/core/src/ops/function.rs:250:5
[INFO] [stdout]   59:     0x559f55c34115 - <alloc::boxed::Box<F,A> as core::ops::function::FnOnce<Args>>::call_once::h5d7c8f150ab9c84c
[INFO] [stdout]                                at /rustc/0e09125c6c3c2fd70d7de961bcf0e51575235fad/library/alloc/src/boxed.rs:2015:9
[INFO] [stdout]   60:     0x559f55c34115 - <alloc::boxed::Box<F,A> as core::ops::function::FnOnce<Args>>::call_once::h570d5b005c242c15
[INFO] [stdout]                                at /rustc/0e09125c6c3c2fd70d7de961bcf0e51575235fad/library/alloc/src/boxed.rs:2015:9
[INFO] [stdout]   61:     0x559f55c34115 - std::sys::unix::thread::Thread::new::thread_start::h36b0a20c0b2361ad
[INFO] [stdout]                                at /rustc/0e09125c6c3c2fd70d7de961bcf0e51575235fad/library/std/src/sys/unix/thread.rs:108:17
[INFO] [stdout]   62:     0x7fac7df16ac3 - <unknown>
[INFO] [stdout]   63:     0x7fac7dfa7bf4 - __clone
[INFO] [stdout]   64:                0x0 - <unknown>
[INFO] [stdout] 
[INFO] [stdout] 
[INFO] [stdout] failures:
[INFO] [stdout]     dao::user_repo::tests::test_user_repo
[INFO] [stdout] 
[INFO] [stdout] test result: FAILED. 13 passed; 1 failed; 0 ignored; 0 measured; 0 filtered out; finished in 0.05s
[INFO] [stdout] 
[INFO] [stderr] error: test failed, to rerun pass `--lib`
[INFO] running `Command { std: "docker" "inspect" "66195bf2ee5e63b235d4307cc1c291d78665559fc6428dad49c3523769f68e93", kill_on_drop: false }`
[INFO] running `Command { std: "docker" "rm" "-f" "66195bf2ee5e63b235d4307cc1c291d78665559fc6428dad49c3523769f68e93", kill_on_drop: false }`
[INFO] [stdout] 66195bf2ee5e63b235d4307cc1c291d78665559fc6428dad49c3523769f68e93
