[INFO] cloning repository https://github.com/seysn/advent-of-code-rust
[INFO] running `Command { std: "git" "-c" "credential.helper=" "-c" "credential.helper=/workspace/cargo-home/bin/git-credential-null" "clone" "--bare" "https://github.com/seysn/advent-of-code-rust" "/workspace/cache/git-repos/https%3A%2F%2Fgithub.com%2Fseysn%2Fadvent-of-code-rust", kill_on_drop: false }`
[INFO] [stderr] Cloning into bare repository '/workspace/cache/git-repos/https%3A%2F%2Fgithub.com%2Fseysn%2Fadvent-of-code-rust'...
[INFO] running `Command { std: "git" "rev-parse" "HEAD", kill_on_drop: false }`
[INFO] [stdout] 1795e22dd9f861b309caeaa8ef7f563c97235871
[INFO] testing seysn/advent-of-code-rust against 1.75.0 for beta-1.76-1
[INFO] running `Command { std: "git" "clone" "/workspace/cache/git-repos/https%3A%2F%2Fgithub.com%2Fseysn%2Fadvent-of-code-rust" "/workspace/builds/worker-0-tc1/source", kill_on_drop: false }`
[INFO] [stderr] Cloning into '/workspace/builds/worker-0-tc1/source'...
[INFO] [stderr] done.
[INFO] validating manifest of git repo https://github.com/seysn/advent-of-code-rust on toolchain 1.75.0
[INFO] running `Command { std: CARGO_HOME="/workspace/cargo-home" RUSTUP_HOME="/workspace/rustup-home" "/workspace/cargo-home/bin/cargo" "+1.75.0" "metadata" "--manifest-path" "Cargo.toml" "--no-deps", kill_on_drop: false }`
[INFO] started tweaking git repo https://github.com/seysn/advent-of-code-rust
[INFO] finished tweaking git repo https://github.com/seysn/advent-of-code-rust
[INFO] tweaked toml for git repo https://github.com/seysn/advent-of-code-rust written to /workspace/builds/worker-0-tc1/source/Cargo.toml
[INFO] crate git repo https://github.com/seysn/advent-of-code-rust already has a lockfile, it will not be regenerated
[INFO] running `Command { std: CARGO_HOME="/workspace/cargo-home" RUSTUP_HOME="/workspace/rustup-home" "/workspace/cargo-home/bin/cargo" "+1.75.0" "fetch" "--manifest-path" "Cargo.toml", kill_on_drop: false }`
[INFO] [stderr]  Downloading crates ...
[INFO] [stderr]   Downloaded reqwest v0.11.8
[INFO] running `Command { std: "docker" "create" "-v" "/var/lib/crater-agent-workspace/builds/worker-0-tc1/target:/opt/rustwide/target:rw,Z" "-v" "/var/lib/crater-agent-workspace/builds/worker-0-tc1/source:/opt/rustwide/workdir:ro,Z" "-v" "/var/lib/crater-agent-workspace/cargo-home:/opt/rustwide/cargo-home:ro,Z" "-v" "/var/lib/crater-agent-workspace/rustup-home:/opt/rustwide/rustup-home:ro,Z" "-e" "SOURCE_DIR=/opt/rustwide/workdir" "-e" "CARGO_TARGET_DIR=/opt/rustwide/target" "-e" "CARGO_HOME=/opt/rustwide/cargo-home" "-e" "RUSTUP_HOME=/opt/rustwide/rustup-home" "-w" "/opt/rustwide/workdir" "-m" "1610612736" "--user" "0:0" "--network" "none" "ghcr.io/rust-lang/crates-build-env/linux@sha256:2788e3201cd34a07e3172128adcd8b3090168a8e3bcc40d7c032b9dda1df7d1c" "/opt/rustwide/cargo-home/bin/cargo" "+1.75.0" "metadata" "--no-deps" "--format-version=1", kill_on_drop: false }`
[INFO] [stdout] 9c836ee8dd23f0b4fcebe60a6bf5300db82b4cd27d1259bb26f7d0a5fd52cf55
[INFO] running `Command { std: "docker" "start" "-a" "9c836ee8dd23f0b4fcebe60a6bf5300db82b4cd27d1259bb26f7d0a5fd52cf55", kill_on_drop: false }`
[INFO] running `Command { std: "docker" "inspect" "9c836ee8dd23f0b4fcebe60a6bf5300db82b4cd27d1259bb26f7d0a5fd52cf55", kill_on_drop: false }`
[INFO] running `Command { std: "docker" "rm" "-f" "9c836ee8dd23f0b4fcebe60a6bf5300db82b4cd27d1259bb26f7d0a5fd52cf55", kill_on_drop: false }`
[INFO] [stdout] 9c836ee8dd23f0b4fcebe60a6bf5300db82b4cd27d1259bb26f7d0a5fd52cf55
[INFO] running `Command { std: "docker" "create" "-v" "/var/lib/crater-agent-workspace/builds/worker-0-tc1/target:/opt/rustwide/target:rw,Z" "-v" "/var/lib/crater-agent-workspace/builds/worker-0-tc1/source:/opt/rustwide/workdir:ro,Z" "-v" "/var/lib/crater-agent-workspace/cargo-home:/opt/rustwide/cargo-home:ro,Z" "-v" "/var/lib/crater-agent-workspace/rustup-home:/opt/rustwide/rustup-home:ro,Z" "-e" "SOURCE_DIR=/opt/rustwide/workdir" "-e" "CARGO_TARGET_DIR=/opt/rustwide/target" "-e" "CARGO_INCREMENTAL=0" "-e" "RUST_BACKTRACE=full" "-e" "RUSTFLAGS=--cap-lints=warn" "-e" "RUSTDOCFLAGS=--cap-lints=warn" "-e" "CARGO_HOME=/opt/rustwide/cargo-home" "-e" "RUSTUP_HOME=/opt/rustwide/rustup-home" "-w" "/opt/rustwide/workdir" "-m" "1610612736" "--user" "0:0" "--network" "none" "ghcr.io/rust-lang/crates-build-env/linux@sha256:2788e3201cd34a07e3172128adcd8b3090168a8e3bcc40d7c032b9dda1df7d1c" "/opt/rustwide/cargo-home/bin/cargo" "+1.75.0" "build" "--frozen" "--message-format=json", kill_on_drop: false }`
[INFO] [stdout] ba0cba30717a7225e484bb63fdb6dd9e3ed8749e8ea5832e31e8f764d63bba6f
[INFO] running `Command { std: "docker" "start" "-a" "ba0cba30717a7225e484bb63fdb6dd9e3ed8749e8ea5832e31e8f764d63bba6f", kill_on_drop: false }`
[INFO] [stderr]    Compiling libc v0.2.112
[INFO] [stderr]    Compiling autocfg v1.0.1
[INFO] [stderr]    Compiling cfg-if v1.0.0
[INFO] [stderr]    Compiling memchr v2.4.1
[INFO] [stderr]    Compiling log v0.4.14
[INFO] [stderr]    Compiling pin-project-lite v0.2.8
[INFO] [stderr]    Compiling cc v1.0.72
[INFO] [stderr]    Compiling pkg-config v0.3.24
[INFO] [stderr]    Compiling futures-core v0.3.19
[INFO] [stderr]    Compiling bytes v1.1.0
[INFO] [stderr]    Compiling version_check v0.9.4
[INFO] [stderr]    Compiling proc-macro2 v1.0.36
[INFO] [stderr]    Compiling indexmap v1.7.0
[INFO] [stderr]    Compiling itoa v1.0.1
[INFO] [stderr]    Compiling unicode-xid v0.2.2
[INFO] [stderr]    Compiling futures-task v0.3.19
[INFO] [stderr]    Compiling lazy_static v1.4.0
[INFO] [stderr]    Compiling fnv v1.0.7
[INFO] [stderr]    Compiling bitflags v1.3.2
[INFO] [stderr]    Compiling openssl v0.10.38
[INFO] [stderr]    Compiling futures-util v0.3.19
[INFO] [stderr]    Compiling foreign-types-shared v0.1.1
[INFO] [stderr]    Compiling hashbrown v0.11.2
[INFO] [stderr]    Compiling foreign-types v0.3.2
[INFO] [stderr]    Compiling quote v1.0.14
[INFO] [stderr]    Compiling http v0.2.6
[INFO] [stderr]    Compiling tracing-core v0.1.21
[INFO] [stderr]    Compiling proc-macro-error-attr v1.0.4
[INFO] [stderr]    Compiling num_cpus v1.13.1
[INFO] [stderr]    Compiling mio v0.7.14
[INFO] [stderr]    Compiling native-tls v0.2.8
[INFO] [stderr]    Compiling pin-utils v0.1.0
[INFO] [stderr]    Compiling openssl-sys v0.9.72
[INFO] [stderr]    Compiling httparse v1.5.1
[INFO] [stderr]    Compiling futures-channel v0.3.19
[INFO] [stderr]    Compiling once_cell v1.9.0
[INFO] [stderr]    Compiling syn v1.0.84
[INFO] [stderr]    Compiling serde v1.0.132
[INFO] [stderr]    Compiling tinyvec_macros v0.1.0
[INFO] [stderr]    Compiling futures-sink v0.3.19
[INFO] [stderr]    Compiling slab v0.4.5
[INFO] [stderr]    Compiling matches v0.1.9
[INFO] [stderr]    Compiling futures-io v0.3.19
[INFO] [stderr]    Compiling tinyvec v1.5.1
[INFO] [stderr]    Compiling tokio v1.15.0
[INFO] [stderr]    Compiling tracing v0.1.29
[INFO] [stderr]    Compiling proc-macro-error v1.0.4
[INFO] [stderr]    Compiling itoa v0.4.8
[INFO] [stderr]    Compiling try-lock v0.2.3
[INFO] [stderr]    Compiling percent-encoding v2.1.0
[INFO] [stderr]    Compiling openssl-probe v0.1.4
[INFO] [stderr]    Compiling want v0.3.0
[INFO] [stderr]    Compiling form_urlencoded v1.0.1
[INFO] [stderr]    Compiling unicode-normalization v0.1.19
[INFO] [stderr]    Compiling socket2 v0.4.2
[INFO] [stderr]    Compiling http-body v0.4.4
[INFO] [stderr]    Compiling httpdate v1.0.2
[INFO] [stderr]    Compiling unicode-bidi v0.3.7
[INFO] [stderr]    Compiling unicode-segmentation v1.8.0
[INFO] [stderr]    Compiling encoding_rs v0.8.30
[INFO] [stderr]    Compiling tower-service v0.3.1
[INFO] [stderr]    Compiling ryu v1.0.9
[INFO] [stderr]    Compiling heck v0.3.3
[INFO] [stderr]    Compiling idna v0.2.3
[INFO] [stderr]    Compiling serde_json v1.0.73
[INFO] [stderr]    Compiling atty v0.2.14
[INFO] [stderr]    Compiling aho-corasick v0.7.18
[INFO] [stderr]    Compiling url v2.2.2
[INFO] [stderr]    Compiling tokio-util v0.6.9
[INFO] [stderr]    Compiling h2 v0.3.9
[INFO] [stderr]    Compiling tokio-native-tls v0.3.0
[INFO] [stderr]    Compiling serde_urlencoded v0.7.0
[INFO] [stderr]    Compiling os_str_bytes v6.0.0
[INFO] [stderr]    Compiling textwrap v0.14.2
[INFO] [stderr]    Compiling base64 v0.13.0
[INFO] [stderr]    Compiling regex-syntax v0.6.25
[INFO] [stderr]    Compiling termcolor v1.1.2
[INFO] [stderr]    Compiling either v1.6.1
[INFO] [stderr]    Compiling strsim v0.10.0
[INFO] [stderr]    Compiling mime v0.3.16
[INFO] [stderr]    Compiling ipnet v2.3.1
[INFO] [stderr]    Compiling itertools v0.10.3
[INFO] [stderr]    Compiling md5 v0.7.0
[INFO] [stderr]    Compiling clap_derive v3.0.0
[INFO] [stderr]    Compiling regex v1.5.4
[INFO] [stderr]    Compiling hyper v0.14.16
[INFO] [stderr]    Compiling clap v3.0.0
[INFO] [stderr]    Compiling hyper-tls v0.5.0
[INFO] [stderr]    Compiling reqwest v0.11.8
[INFO] [stderr]    Compiling advent-of-code v0.1.0 (/opt/rustwide/workdir)
[INFO] [stderr]     Finished dev [unoptimized + debuginfo] target(s) in 46.54s
[INFO] running `Command { std: "docker" "inspect" "ba0cba30717a7225e484bb63fdb6dd9e3ed8749e8ea5832e31e8f764d63bba6f", kill_on_drop: false }`
[INFO] running `Command { std: "docker" "rm" "-f" "ba0cba30717a7225e484bb63fdb6dd9e3ed8749e8ea5832e31e8f764d63bba6f", kill_on_drop: false }`
[INFO] [stdout] ba0cba30717a7225e484bb63fdb6dd9e3ed8749e8ea5832e31e8f764d63bba6f
[INFO] running `Command { std: "docker" "create" "-v" "/var/lib/crater-agent-workspace/builds/worker-0-tc1/target:/opt/rustwide/target:rw,Z" "-v" "/var/lib/crater-agent-workspace/builds/worker-0-tc1/source:/opt/rustwide/workdir:ro,Z" "-v" "/var/lib/crater-agent-workspace/cargo-home:/opt/rustwide/cargo-home:ro,Z" "-v" "/var/lib/crater-agent-workspace/rustup-home:/opt/rustwide/rustup-home:ro,Z" "-e" "SOURCE_DIR=/opt/rustwide/workdir" "-e" "CARGO_TARGET_DIR=/opt/rustwide/target" "-e" "CARGO_INCREMENTAL=0" "-e" "RUST_BACKTRACE=full" "-e" "RUSTFLAGS=--cap-lints=warn" "-e" "RUSTDOCFLAGS=--cap-lints=warn" "-e" "CARGO_HOME=/opt/rustwide/cargo-home" "-e" "RUSTUP_HOME=/opt/rustwide/rustup-home" "-w" "/opt/rustwide/workdir" "-m" "1610612736" "--user" "0:0" "--network" "none" "ghcr.io/rust-lang/crates-build-env/linux@sha256:2788e3201cd34a07e3172128adcd8b3090168a8e3bcc40d7c032b9dda1df7d1c" "/opt/rustwide/cargo-home/bin/cargo" "+1.75.0" "test" "--frozen" "--no-run" "--message-format=json", kill_on_drop: false }`
[INFO] [stdout] c611a8bbd5ad2980fb83de250e76c401354d9bf29513f132b114195f612e7bde
[INFO] running `Command { std: "docker" "start" "-a" "c611a8bbd5ad2980fb83de250e76c401354d9bf29513f132b114195f612e7bde", kill_on_drop: false }`
[INFO] [stderr]    Compiling advent-of-code v0.1.0 (/opt/rustwide/workdir)
[INFO] [stderr]     Finished test [unoptimized + debuginfo] target(s) in 5.77s
[INFO] running `Command { std: "docker" "inspect" "c611a8bbd5ad2980fb83de250e76c401354d9bf29513f132b114195f612e7bde", kill_on_drop: false }`
[INFO] running `Command { std: "docker" "rm" "-f" "c611a8bbd5ad2980fb83de250e76c401354d9bf29513f132b114195f612e7bde", kill_on_drop: false }`
[INFO] [stdout] c611a8bbd5ad2980fb83de250e76c401354d9bf29513f132b114195f612e7bde
[INFO] running `Command { std: "docker" "create" "-v" "/var/lib/crater-agent-workspace/builds/worker-0-tc1/target:/opt/rustwide/target:rw,Z" "-v" "/var/lib/crater-agent-workspace/builds/worker-0-tc1/source:/opt/rustwide/workdir:ro,Z" "-v" "/var/lib/crater-agent-workspace/cargo-home:/opt/rustwide/cargo-home:ro,Z" "-v" "/var/lib/crater-agent-workspace/rustup-home:/opt/rustwide/rustup-home:ro,Z" "-e" "SOURCE_DIR=/opt/rustwide/workdir" "-e" "CARGO_TARGET_DIR=/opt/rustwide/target" "-e" "CARGO_INCREMENTAL=0" "-e" "RUST_BACKTRACE=full" "-e" "RUSTFLAGS=--cap-lints=warn" "-e" "RUSTDOCFLAGS=--cap-lints=warn" "-e" "CARGO_HOME=/opt/rustwide/cargo-home" "-e" "RUSTUP_HOME=/opt/rustwide/rustup-home" "-w" "/opt/rustwide/workdir" "-m" "1610612736" "--user" "0:0" "--network" "none" "ghcr.io/rust-lang/crates-build-env/linux@sha256:2788e3201cd34a07e3172128adcd8b3090168a8e3bcc40d7c032b9dda1df7d1c" "/opt/rustwide/cargo-home/bin/cargo" "+1.75.0" "test" "--frozen", kill_on_drop: false }`
[INFO] [stdout] d546d67c3bd51d705cdb1edef025f45db2cc0eea317a376c70d00e569e936738
[INFO] running `Command { std: "docker" "start" "-a" "d546d67c3bd51d705cdb1edef025f45db2cc0eea317a376c70d00e569e936738", kill_on_drop: false }`
[INFO] [stderr]     Finished test [unoptimized + debuginfo] target(s) in 0.09s
[INFO] [stderr]      Running unittests src/lib.rs (/opt/rustwide/target/debug/deps/advent_of_code-51a740c7a548aea4)
[INFO] [stdout] 
[INFO] [stdout] running 109 tests
[INFO] [stdout] test y2015::d03::tests::example_part2 ... ok
[INFO] [stdout] test y2015::d02::tests::example_part2 ... ok
[INFO] [stdout] test y2015::d01::tests::example_part1 ... ok
[INFO] [stdout] test y2015::d02::tests::example_part1 ... ok
[INFO] [stdout] test y2015::d03::tests::example_part1 ... ok
[INFO] [stdout] test y2015::d05::tests::example_part1 ... ok
[INFO] [stdout] test y2015::d05::tests::example_part2 ... ok
[INFO] [stdout] test y2015::d01::tests::example_part2 ... ok
[INFO] [stdout] test y2015::d06::tests::test_parser ... ok
[INFO] [stdout] test y2015::d08::tests::example_part1 ... ok
[INFO] [stdout] test y2015::d08::tests::example_part2 ... ok
[INFO] [stdout] test y2015::d10::tests::test_step ... ok
[INFO] [stdout] test y2015::d09::tests::example_part2 ... ok
[INFO] [stdout] test y2015::d11::tests::test_increment ... ok
[INFO] [stdout] test y2015::d09::tests::example_part1 ... ok
[INFO] [stdout] test y2015::d12::tests::example_part1 ... ok
[INFO] [stdout] test y2015::d11::tests::test_valid ... ok
[INFO] [stdout] test y2015::d12::tests::example_part2 ... ok
[INFO] [stdout] test y2016::d01::tests::example_part1 ... ok
[INFO] [stdout] test y2015::d07::tests::example_part1 ... ok
[INFO] [stdout] test y2016::d01::tests::example_part2 ... ok
[INFO] [stdout] test y2020::d02::tests::example_part1 ... ok
[INFO] [stdout] test y2020::d01::tests::example_part2 ... ok
[INFO] [stdout] test y2020::d01::tests::example_part1 ... ok
[INFO] [stdout] test y2020::d03::tests::example_part2 ... ok
[INFO] [stdout] test y2020::d03::tests::example_part1 ... ok
[INFO] [stdout] test y2021::d01::tests::example_part2 ... ok
[INFO] [stdout] test y2021::d01::tests::example_part1 ... ok
[INFO] [stdout] test y2020::d02::tests::example_part2 ... ok
[INFO] [stdout] test y2021::d02::tests::example_part1 ... ok
[INFO] [stdout] test y2015::d13::tests::example ... ok
[INFO] [stdout] test y2021::d02::tests::example_part2 ... ok
[INFO] [stdout] test y2021::d03::tests::example_part1 ... ok
[INFO] [stdout] test y2021::d04::tests::example_part1 ... ok
[INFO] [stdout] test y2021::d04::tests::example_part2 ... ok
[INFO] [stdout] test y2021::d06::tests::example_part1 ... ok
[INFO] [stdout] test y2021::d03::tests::example_part2 ... ok
[INFO] [stdout] test y2021::d05::tests::example_part1 ... ok
[INFO] [stdout] test y2021::d05::tests::example_part2 ... ok
[INFO] [stdout] test y2021::d06::tests::example_part2 ... ok
[INFO] [stdout] test y2021::d07::tests::example_part2 ... ok
[INFO] [stdout] test y2021::d07::tests::example_part1 ... ok
[INFO] [stdout] test y2021::d08::tests::example_part1 ... ok
[INFO] [stdout] test y2015::d06::tests::example_part2 ... ok
[INFO] [stdout] test y2021::d08::tests::example_part2 ... ok
[INFO] [stdout] test y2021::d10::tests::example_part1 ... ok
[INFO] [stdout] test y2021::d09::tests::example_part1 ... ok
[INFO] [stdout] test y2021::d09::tests::example_part2 ... ok
[INFO] [stdout] test y2021::d10::tests::example_part2 ... ok
[INFO] [stdout] test y2022::d01::tests::example_part2 ... ok
[INFO] [stdout] test y2022::d02::tests::example_part1 ... ok
[INFO] [stdout] test y2022::d02::tests::example_part2 ... ok
[INFO] [stdout] test y2022::d04::tests::example_part1 ... ok
[INFO] [stdout] test y2022::d04::tests::example_part2 ... ok
[INFO] [stdout] test y2022::d03::tests::example_part1 ... ok
[INFO] [stdout] test y2022::d03::tests::example_part2 ... ok
[INFO] [stdout] test y2022::d06::tests::example_part1 ... ok
[INFO] [stdout] test y2022::d01::tests::example_part1 ... ok
[INFO] [stdout] test y2022::d05::tests::example_part1 ... ok
[INFO] [stdout] test y2022::d07::tests::example_part2 ... ok
[INFO] [stdout] test y2022::d07::tests::example_part1 ... ok
[INFO] [stdout] test y2022::d08::tests::example_get ... ok
[INFO] [stdout] test y2022::d05::tests::example_part2 ... ok
[INFO] [stdout] test y2022::d09::tests::example_part1 ... ok
[INFO] [stdout] test y2022::d08::tests::example_part2 ... ok
[INFO] [stdout] test y2022::d08::tests::example_part1 ... ok
[INFO] [stdout] test y2022::d11::tests::example_part1 ... ok
[INFO] [stdout] test y2022::d09::tests::example_part2 ... ok
[INFO] [stdout] test y2022::d10::tests::example_part1 ... ok
[INFO] [stdout] test y2022::d10::tests::example_part2 ... ok
[INFO] [stdout] test y2022::d12::tests::example_part1 ... ok
[INFO] [stdout] test y2023::d01::tests::example_part2 ... ok
[INFO] [stdout] test y2023::d01::tests::example_part1 ... ok
[INFO] [stdout] test y2023::d02::tests::example_part1 ... ok
[INFO] [stdout] test y2023::d02::tests::example_part2 ... ok
[INFO] [stdout] test y2023::d03::tests::example_part1 ... ok
[INFO] [stdout] test y2023::d04::tests::example_part1 ... ok
[INFO] [stdout] test y2023::d04::tests::example_part2 ... ok
[INFO] [stdout] test y2023::d05::tests::example_part1 ... ok
[INFO] [stdout] test y2022::d12::tests::example_part2 ... ok
[INFO] [stdout] test y2023::d06::tests::example_part1 ... ok
[INFO] [stdout] test y2023::d06::tests::example_part2 ... ok
[INFO] [stdout] test y2023::d05::tests::example_part2 ... ok
[INFO] [stdout] test y2023::d03::tests::example_part2 ... ok
[INFO] [stdout] test y2015::d06::tests::example_part1 ... ok
[INFO] [stdout] test y2023::d07::tests::example_part2 ... ok
[INFO] [stdout] test y2023::d08::tests::example_part2 ... ok
[INFO] [stdout] test y2023::d07::tests::example_part1 ... ok
[INFO] [stdout] test y2023::d09::tests::example_part1 ... ok
[INFO] [stdout] test y2023::d10::tests::example_part1 ... ok
[INFO] [stdout] test y2023::d08::tests::example_part1 ... ok
[INFO] [stdout] test y2023::d10::tests::example_part2 ... ok
[INFO] [stdout] test y2023::d09::tests::example_part2 ... ok
[INFO] [stdout] test y2023::d11::tests::example_part2 ... ok
[INFO] [stdout] test y2022::d11::tests::example_part2 ... ok
[INFO] [stdout] test y2023::d11::tests::example_part1 ... ok
[INFO] [stdout] test y2023::d12::tests::example_part1 ... ok
[INFO] [stdout] test y2023::d13::tests::example_part1 ... ok
[INFO] [stdout] test y2023::d13::tests::example_part2 ... ok
[INFO] [stdout] test y2023::d15::tests::example_part1 ... ok
[INFO] [stdout] test y2023::d14::tests::example_part1 ... ok
[INFO] [stdout] test y2023::d12::tests::example_part2 ... ok
[INFO] [stdout] test y2023::d14::tests::example_part2 ... ok
[INFO] [stdout] test y2023::d15::tests::example_part2 ... ok
[INFO] [stdout] test y2022::d06::tests::example_part2 ... FAILED
[INFO] [stdout] test y2023::d16::tests::example_part1 ... ok
[INFO] [stdout] test y2023::d16::tests::example_part2 ... ok
[INFO] [stdout] test y2015::d11::tests::test_next ... FAILED
[INFO] [stdout] test y2015::d04::tests::example_part1 ... ok
[INFO] [stdout] 
[INFO] [stdout] failures:
[INFO] [stdout] 
[INFO] [stdout] ---- y2022::d06::tests::example_part2 stdout ----
[INFO] [stdout] thread 'y2022::d06::tests::example_part2' panicked at src/y2022/d06.rs:42:9:
[INFO] [stdout] assertion `left == right` failed
[INFO] [stdout]   left: 7
[INFO] [stdout]  right: 19
[INFO] [stdout] stack backtrace:
[INFO] [stdout]    0:     0x562bf60b4a8c - std::backtrace_rs::backtrace::libunwind::trace::ha637c64ce894333a
[INFO] [stdout]                                at /rustc/82e1608dfa6e0b5569232559e3d385fea5a93112/library/std/src/../../backtrace/src/backtrace/libunwind.rs:104:5
[INFO] [stdout]    1:     0x562bf60b4a8c - std::backtrace_rs::backtrace::trace_unsynchronized::h47f62dea28e0c88d
[INFO] [stdout]                                at /rustc/82e1608dfa6e0b5569232559e3d385fea5a93112/library/std/src/../../backtrace/src/backtrace/mod.rs:66:5
[INFO] [stdout]    2:     0x562bf60b4a8c - std::sys_common::backtrace::_print_fmt::h9eef0abe20ede486
[INFO] [stdout]                                at /rustc/82e1608dfa6e0b5569232559e3d385fea5a93112/library/std/src/sys_common/backtrace.rs:67:5
[INFO] [stdout]    3:     0x562bf60b4a8c - <std::sys_common::backtrace::_print::DisplayBacktrace as core::fmt::Display>::fmt::hed7f999df88cc644
[INFO] [stdout]                                at /rustc/82e1608dfa6e0b5569232559e3d385fea5a93112/library/std/src/sys_common/backtrace.rs:44:22
[INFO] [stdout]    4:     0x562bf60dec70 - core::fmt::rt::Argument::fmt::h1539a9308b8d058d
[INFO] [stdout]                                at /rustc/82e1608dfa6e0b5569232559e3d385fea5a93112/library/core/src/fmt/rt.rs:142:9
[INFO] [stdout]    5:     0x562bf60dec70 - core::fmt::write::h3a39390d8560d9c9
[INFO] [stdout]                                at /rustc/82e1608dfa6e0b5569232559e3d385fea5a93112/library/core/src/fmt/mod.rs:1120:17
[INFO] [stdout]    6:     0x562bf60b243f - std::io::Write::write_fmt::h040b369f3a0f9cbc
[INFO] [stdout]                                at /rustc/82e1608dfa6e0b5569232559e3d385fea5a93112/library/std/src/io/mod.rs:1762:15
[INFO] [stdout]    7:     0x562bf60b4874 - std::sys_common::backtrace::_print::h894006fb5c6f3d45
[INFO] [stdout]                                at /rustc/82e1608dfa6e0b5569232559e3d385fea5a93112/library/std/src/sys_common/backtrace.rs:47:5
[INFO] [stdout]    8:     0x562bf60b4874 - std::sys_common::backtrace::print::h23a2d212c6fff936
[INFO] [stdout]                                at /rustc/82e1608dfa6e0b5569232559e3d385fea5a93112/library/std/src/sys_common/backtrace.rs:34:9
[INFO] [stdout]    9:     0x562bf60b6537 - std::panicking::default_hook::{{closure}}::h8a1d2ee00185001a
[INFO] [stdout]   10:     0x562bf60b6223 - std::panicking::default_hook::h6038f2eba384e475
[INFO] [stdout]                                at /rustc/82e1608dfa6e0b5569232559e3d385fea5a93112/library/std/src/panicking.rs:289:9
[INFO] [stdout]   11:     0x562bf5efb867 - <alloc::boxed::Box<F,A> as core::ops::function::Fn<Args>>::call::h0ad024c9bdc6d768
[INFO] [stdout]                                at /rustc/82e1608dfa6e0b5569232559e3d385fea5a93112/library/alloc/src/boxed.rs:2021:9
[INFO] [stdout]   12:     0x562bf5efb867 - test::test_main::{{closure}}::h7500b54257359db6
[INFO] [stdout]                                at /rustc/82e1608dfa6e0b5569232559e3d385fea5a93112/library/test/src/lib.rs:138:21
[INFO] [stdout]   13:     0x562bf60b6b48 - <alloc::boxed::Box<F,A> as core::ops::function::Fn<Args>>::call::h1f8f335eaa9cfaee
[INFO] [stdout]                                at /rustc/82e1608dfa6e0b5569232559e3d385fea5a93112/library/alloc/src/boxed.rs:2021:9
[INFO] [stdout]   14:     0x562bf60b6b48 - std::panicking::rust_panic_with_hook::h2b5517d590cab22e
[INFO] [stdout]                                at /rustc/82e1608dfa6e0b5569232559e3d385fea5a93112/library/std/src/panicking.rs:783:13
[INFO] [stdout]   15:     0x562bf60b689e - std::panicking::begin_panic_handler::{{closure}}::h233112c06e0ef43e
[INFO] [stdout]                                at /rustc/82e1608dfa6e0b5569232559e3d385fea5a93112/library/std/src/panicking.rs:657:13
[INFO] [stdout]   16:     0x562bf60b4f56 - std::sys_common::backtrace::__rust_end_short_backtrace::h6e893f24d7ebbff8
[INFO] [stdout]                                at /rustc/82e1608dfa6e0b5569232559e3d385fea5a93112/library/std/src/sys_common/backtrace.rs:170:18
[INFO] [stdout]   17:     0x562bf60b6602 - rust_begin_unwind
[INFO] [stdout]                                at /rustc/82e1608dfa6e0b5569232559e3d385fea5a93112/library/std/src/panicking.rs:645:5
[INFO] [stdout]   18:     0x562bf5d89225 - core::panicking::panic_fmt::hbf0e066aabfa482c
[INFO] [stdout]                                at /rustc/82e1608dfa6e0b5569232559e3d385fea5a93112/library/core/src/panicking.rs:72:14
[INFO] [stdout]   19:     0x562bf5d8967b - core::panicking::assert_failed_inner::h0bba8b7c26ee4492
[INFO] [stdout]   20:     0x562bf608ee2e - core::panicking::assert_failed::h308f9150ac88e9ed
[INFO] [stdout]                                at /rustc/82e1608dfa6e0b5569232559e3d385fea5a93112/library/core/src/panicking.rs:279:5
[INFO] [stdout]   21:     0x562bf5e51ce1 - advent_of_code::y2022::d06::tests::example_part2::h2723daf53eeae199
[INFO] [stdout]                                at /opt/rustwide/workdir/src/y2022/d06.rs:42:3
[INFO] [stdout]   22:     0x562bf5e51c37 - advent_of_code::y2022::d06::tests::example_part2::{{closure}}::h31abef7fc07aa7e5
[INFO] [stdout]                                at /opt/rustwide/workdir/src/y2022/d06.rs:41:20
[INFO] [stdout]   23:     0x562bf5e55f46 - core::ops::function::FnOnce::call_once::h7993890769291fbf
[INFO] [stdout]                                at /rustc/82e1608dfa6e0b5569232559e3d385fea5a93112/library/core/src/ops/function.rs:250:5
[INFO] [stdout]   24:     0x562bf5f00ebf - core::ops::function::FnOnce::call_once::h2b5d431d5046312d
[INFO] [stdout]                                at /rustc/82e1608dfa6e0b5569232559e3d385fea5a93112/library/core/src/ops/function.rs:250:5
[INFO] [stdout]   25:     0x562bf5f00ebf - test::__rust_begin_short_backtrace::h7714669af176e207
[INFO] [stdout]                                at /rustc/82e1608dfa6e0b5569232559e3d385fea5a93112/library/test/src/lib.rs:628:18
[INFO] [stdout]   26:     0x562bf5effed5 - test::run_test_in_process::{{closure}}::h85218797dcbcec12
[INFO] [stdout]                                at /rustc/82e1608dfa6e0b5569232559e3d385fea5a93112/library/test/src/lib.rs:651:60
[INFO] [stdout]   27:     0x562bf5effed5 - <core::panic::unwind_safe::AssertUnwindSafe<F> as core::ops::function::FnOnce<()>>::call_once::h76c106ea31c14d7b
[INFO] [stdout]                                at /rustc/82e1608dfa6e0b5569232559e3d385fea5a93112/library/core/src/panic/unwind_safe.rs:272:9
[INFO] [stdout]   28:     0x562bf5effed5 - std::panicking::try::do_call::h3bd5d0f6620ee946
[INFO] [stdout]                                at /rustc/82e1608dfa6e0b5569232559e3d385fea5a93112/library/std/src/panicking.rs:552:40
[INFO] [stdout]   29:     0x562bf5effed5 - std::panicking::try::h232e535e4744fe31
[INFO] [stdout]                                at /rustc/82e1608dfa6e0b5569232559e3d385fea5a93112/library/std/src/panicking.rs:516:19
[INFO] [stdout]   30:     0x562bf5effed5 - std::panic::catch_unwind::h3ce3bd6ca8dbac68
[INFO] [stdout]                                at /rustc/82e1608dfa6e0b5569232559e3d385fea5a93112/library/std/src/panic.rs:142:14
[INFO] [stdout]   31:     0x562bf5effed5 - test::run_test_in_process::hc97b257c9621286a
[INFO] [stdout]                                at /rustc/82e1608dfa6e0b5569232559e3d385fea5a93112/library/test/src/lib.rs:651:27
[INFO] [stdout]   32:     0x562bf5effed5 - test::run_test::{{closure}}::h2aa798823a438d38
[INFO] [stdout]                                at /rustc/82e1608dfa6e0b5569232559e3d385fea5a93112/library/test/src/lib.rs:574:43
[INFO] [stdout]   33:     0x562bf5ec8196 - test::run_test::{{closure}}::h87d231c78fb59832
[INFO] [stdout]                                at /rustc/82e1608dfa6e0b5569232559e3d385fea5a93112/library/test/src/lib.rs:602:41
[INFO] [stdout]   34:     0x562bf5ec8196 - std::sys_common::backtrace::__rust_begin_short_backtrace::he6df152596625789
[INFO] [stdout]                                at /rustc/82e1608dfa6e0b5569232559e3d385fea5a93112/library/std/src/sys_common/backtrace.rs:154:18
[INFO] [stdout]   35:     0x562bf5ecd247 - std::thread::Builder::spawn_unchecked_::{{closure}}::{{closure}}::ha94be15d1e0acf36
[INFO] [stdout]                                at /rustc/82e1608dfa6e0b5569232559e3d385fea5a93112/library/std/src/thread/mod.rs:529:17
[INFO] [stdout]   36:     0x562bf5ecd247 - <core::panic::unwind_safe::AssertUnwindSafe<F> as core::ops::function::FnOnce<()>>::call_once::h9dc6bd6372f16606
[INFO] [stdout]                                at /rustc/82e1608dfa6e0b5569232559e3d385fea5a93112/library/core/src/panic/unwind_safe.rs:272:9
[INFO] [stdout]   37:     0x562bf5ecd247 - std::panicking::try::do_call::h9057517f80303cd4
[INFO] [stdout]                                at /rustc/82e1608dfa6e0b5569232559e3d385fea5a93112/library/std/src/panicking.rs:552:40
[INFO] [stdout]   38:     0x562bf5ecd247 - std::panicking::try::he3a30b11ee45340c
[INFO] [stdout]                                at /rustc/82e1608dfa6e0b5569232559e3d385fea5a93112/library/std/src/panicking.rs:516:19
[INFO] [stdout]   39:     0x562bf5ecd247 - std::panic::catch_unwind::h410458cfd3528b8b
[INFO] [stdout]                                at /rustc/82e1608dfa6e0b5569232559e3d385fea5a93112/library/std/src/panic.rs:142:14
[INFO] [stdout]   40:     0x562bf5ecd247 - std::thread::Builder::spawn_unchecked_::{{closure}}::h72ac3bdb567b737b
[INFO] [stdout]                                at /rustc/82e1608dfa6e0b5569232559e3d385fea5a93112/library/std/src/thread/mod.rs:528:30
[INFO] [stdout]   41:     0x562bf5ecd247 - core::ops::function::FnOnce::call_once{{vtable.shim}}::h38f34da3654a8344
[INFO] [stdout]                                at /rustc/82e1608dfa6e0b5569232559e3d385fea5a93112/library/core/src/ops/function.rs:250:5
[INFO] [stdout]   42:     0x562bf60bb5d5 - <alloc::boxed::Box<F,A> as core::ops::function::FnOnce<Args>>::call_once::hc7eafaff61e32df9
[INFO] [stdout]                                at /rustc/82e1608dfa6e0b5569232559e3d385fea5a93112/library/alloc/src/boxed.rs:2007:9
[INFO] [stdout]   43:     0x562bf60bb5d5 - <alloc::boxed::Box<F,A> as core::ops::function::FnOnce<Args>>::call_once::h6ba4a5de48dd2304
[INFO] [stdout]                                at /rustc/82e1608dfa6e0b5569232559e3d385fea5a93112/library/alloc/src/boxed.rs:2007:9
[INFO] [stdout]   44:     0x562bf60bb5d5 - std::sys::unix::thread::Thread::new::thread_start::he469335aef763e45
[INFO] [stdout]                                at /rustc/82e1608dfa6e0b5569232559e3d385fea5a93112/library/std/src/sys/unix/thread.rs:108:17
[INFO] [stdout]   45:     0x7f2b4b44aac3 - <unknown>
[INFO] [stdout]   46:     0x7f2b4b4dbbf4 - __clone
[INFO] [stdout]   47:                0x0 - <unknown>
[INFO] [stdout] 
[INFO] [stdout] ---- y2015::d11::tests::test_next stdout ----
[INFO] [stdout] thread 'y2015::d11::tests::test_next' panicked at src/y2015/d11.rs:134:9:
[INFO] [stdout] assertion `left == right` failed
[INFO] [stdout]   left: "ghkaabcc"
[INFO] [stdout]  right: "ghjaabcc"
[INFO] [stdout] stack backtrace:
[INFO] [stdout]    0:     0x562bf60b4a8c - std::backtrace_rs::backtrace::libunwind::trace::ha637c64ce894333a
[INFO] [stdout]                                at /rustc/82e1608dfa6e0b5569232559e3d385fea5a93112/library/std/src/../../backtrace/src/backtrace/libunwind.rs:104:5
[INFO] [stdout]    1:     0x562bf60b4a8c - std::backtrace_rs::backtrace::trace_unsynchronized::h47f62dea28e0c88d
[INFO] [stdout]                                at /rustc/82e1608dfa6e0b5569232559e3d385fea5a93112/library/std/src/../../backtrace/src/backtrace/mod.rs:66:5
[INFO] [stdout]    2:     0x562bf60b4a8c - std::sys_common::backtrace::_print_fmt::h9eef0abe20ede486
[INFO] [stdout]                                at /rustc/82e1608dfa6e0b5569232559e3d385fea5a93112/library/std/src/sys_common/backtrace.rs:67:5
[INFO] [stdout]    3:     0x562bf60b4a8c - <std::sys_common::backtrace::_print::DisplayBacktrace as core::fmt::Display>::fmt::hed7f999df88cc644
[INFO] [stdout]                                at /rustc/82e1608dfa6e0b5569232559e3d385fea5a93112/library/std/src/sys_common/backtrace.rs:44:22
[INFO] [stdout]    4:     0x562bf60dec70 - core::fmt::rt::Argument::fmt::h1539a9308b8d058d
[INFO] [stdout]                                at /rustc/82e1608dfa6e0b5569232559e3d385fea5a93112/library/core/src/fmt/rt.rs:142:9
[INFO] [stdout]    5:     0x562bf60dec70 - core::fmt::write::h3a39390d8560d9c9
[INFO] [stdout]                                at /rustc/82e1608dfa6e0b5569232559e3d385fea5a93112/library/core/src/fmt/mod.rs:1120:17
[INFO] [stdout]    6:     0x562bf60b243f - std::io::Write::write_fmt::h040b369f3a0f9cbc
[INFO] [stdout]                                at /rustc/82e1608dfa6e0b5569232559e3d385fea5a93112/library/std/src/io/mod.rs:1762:15
[INFO] [stdout]    7:     0x562bf60b4874 - std::sys_common::backtrace::_print::h894006fb5c6f3d45
[INFO] [stdout]                                at /rustc/82e1608dfa6e0b5569232559e3d385fea5a93112/library/std/src/sys_common/backtrace.rs:47:5
[INFO] [stdout]    8:     0x562bf60b4874 - std::sys_common::backtrace::print::h23a2d212c6fff936
[INFO] [stdout]                                at /rustc/82e1608dfa6e0b5569232559e3d385fea5a93112/library/std/src/sys_common/backtrace.rs:34:9
[INFO] [stdout]    9:     0x562bf60b6537 - std::panicking::default_hook::{{closure}}::h8a1d2ee00185001a
[INFO] [stdout]   10:     0x562bf60b6223 - std::panicking::default_hook::h6038f2eba384e475
[INFO] [stdout]                                at /rustc/82e1608dfa6e0b5569232559e3d385fea5a93112/library/std/src/panicking.rs:289:9
[INFO] [stdout]   11:     0x562bf5efb867 - <alloc::boxed::Box<F,A> as core::ops::function::Fn<Args>>::call::h0ad024c9bdc6d768
[INFO] [stdout]                                at /rustc/82e1608dfa6e0b5569232559e3d385fea5a93112/library/alloc/src/boxed.rs:2021:9
[INFO] [stdout]   12:     0x562bf5efb867 - test::test_main::{{closure}}::h7500b54257359db6
[INFO] [stdout]                                at /rustc/82e1608dfa6e0b5569232559e3d385fea5a93112/library/test/src/lib.rs:138:21
[INFO] [stdout]   13:     0x562bf60b6b48 - <alloc::boxed::Box<F,A> as core::ops::function::Fn<Args>>::call::h1f8f335eaa9cfaee
[INFO] [stdout]                                at /rustc/82e1608dfa6e0b5569232559e3d385fea5a93112/library/alloc/src/boxed.rs:2021:9
[INFO] [stdout]   14:     0x562bf60b6b48 - std::panicking::rust_panic_with_hook::h2b5517d590cab22e
[INFO] [stdout]                                at /rustc/82e1608dfa6e0b5569232559e3d385fea5a93112/library/std/src/panicking.rs:783:13
[INFO] [stdout]   15:     0x562bf60b689e - std::panicking::begin_panic_handler::{{closure}}::h233112c06e0ef43e
[INFO] [stdout]                                at /rustc/82e1608dfa6e0b5569232559e3d385fea5a93112/library/std/src/panicking.rs:657:13
[INFO] [stdout]   16:     0x562bf60b4f56 - std::sys_common::backtrace::__rust_end_short_backtrace::h6e893f24d7ebbff8
[INFO] [stdout]                                at /rustc/82e1608dfa6e0b5569232559e3d385fea5a93112/library/std/src/sys_common/backtrace.rs:170:18
[INFO] [stdout]   17:     0x562bf60b6602 - rust_begin_unwind
[INFO] [stdout]                                at /rustc/82e1608dfa6e0b5569232559e3d385fea5a93112/library/std/src/panicking.rs:645:5
[INFO] [stdout]   18:     0x562bf5d89225 - core::panicking::panic_fmt::hbf0e066aabfa482c
[INFO] [stdout]                                at /rustc/82e1608dfa6e0b5569232559e3d385fea5a93112/library/core/src/panicking.rs:72:14
[INFO] [stdout]   19:     0x562bf5d8967b - core::panicking::assert_failed_inner::h0bba8b7c26ee4492
[INFO] [stdout]   20:     0x562bf5e35a0e - core::panicking::assert_failed::hde24a41fb2e6d058
[INFO] [stdout]                                at /rustc/82e1608dfa6e0b5569232559e3d385fea5a93112/library/core/src/panicking.rs:279:5
[INFO] [stdout]   21:     0x562bf5e9ee9c - advent_of_code::y2015::d11::tests::test_next::hf19df719003b3943
[INFO] [stdout]                                at /opt/rustwide/workdir/src/y2015/d11.rs:134:3
[INFO] [stdout]   22:     0x562bf5e9eb97 - advent_of_code::y2015::d11::tests::test_next::{{closure}}::hd39cdfe0f625e0ac
[INFO] [stdout]                                at /opt/rustwide/workdir/src/y2015/d11.rs:132:16
[INFO] [stdout]   23:     0x562bf5e555e6 - core::ops::function::FnOnce::call_once::h4676ce4aa2701fe5
[INFO] [stdout]                                at /rustc/82e1608dfa6e0b5569232559e3d385fea5a93112/library/core/src/ops/function.rs:250:5
[INFO] [stdout]   24:     0x562bf5f00ebf - core::ops::function::FnOnce::call_once::h2b5d431d5046312d
[INFO] [stdout]                                at /rustc/82e1608dfa6e0b5569232559e3d385fea5a93112/library/core/src/ops/function.rs:250:5
[INFO] [stdout]   25:     0x562bf5f00ebf - test::__rust_begin_short_backtrace::h7714669af176e207
[INFO] [stdout]                                at /rustc/82e1608dfa6e0b5569232559e3d385fea5a93112/library/test/src/lib.rs:628:18
[INFO] [stdout]   26:     0x562bf5effed5 - test::run_test_in_process::{{closure}}::h85218797dcbcec12
[INFO] [stdout]                                at /rustc/82e1608dfa6e0b5569232559e3d385fea5a93112/library/test/src/lib.rs:651:60
[INFO] [stdout]   27:     0x562bf5effed5 - <core::panic::unwind_safe::AssertUnwindSafe<F> as core::ops::function::FnOnce<()>>::call_once::h76c106ea31c14d7b
[INFO] [stdout]                                at /rustc/82e1608dfa6e0b5569232559e3d385fea5a93112/library/core/src/panic/unwind_safe.rs:272:9
[INFO] [stdout]   28:     0x562bf5effed5 - std::panicking::try::do_call::h3bd5d0f6620ee946
[INFO] [stdout]                                at /rustc/82e1608dfa6e0b5569232559e3d385fea5a93112/library/std/src/panicking.rs:552:40
[INFO] [stdout]   29:     0x562bf5effed5 - std::panicking::try::h232e535e4744fe31
[INFO] [stdout]                                at /rustc/82e1608dfa6e0b5569232559e3d385fea5a93112/library/std/src/panicking.rs:516:19
[INFO] [stdout]   30:     0x562bf5effed5 - std::panic::catch_unwind::h3ce3bd6ca8dbac68
[INFO] [stdout]                                at /rustc/82e1608dfa6e0b5569232559e3d385fea5a93112/library/std/src/panic.rs:142:14
[INFO] [stdout]   31:     0x562bf5effed5 - test::run_test_in_process::hc97b257c9621286a
[INFO] [stdout]                                at /rustc/82e1608dfa6e0b5569232559e3d385fea5a93112/library/test/src/lib.rs:651:27
[INFO] [stdout]   32:     0x562bf5effed5 - test::run_test::{{closure}}::h2aa798823a438d38
[INFO] [stdout]                                at /rustc/82e1608dfa6e0b5569232559e3d385fea5a93112/library/test/src/lib.rs:574:43
[INFO] [stdout]   33:     0x562bf5ec8196 - test::run_test::{{closure}}::h87d231c78fb59832
[INFO] [stdout]                                at /rustc/82e1608dfa6e0b5569232559e3d385fea5a93112/library/test/src/lib.rs:602:41
[INFO] [stdout]   34:     0x562bf5ec8196 - std::sys_common::backtrace::__rust_begin_short_backtrace::he6df152596625789
[INFO] [stdout]                                at /rustc/82e1608dfa6e0b5569232559e3d385fea5a93112/library/std/src/sys_common/backtrace.rs:154:18
[INFO] [stdout]   35:     0x562bf5ecd247 - std::thread::Builder::spawn_unchecked_::{{closure}}::{{closure}}::ha94be15d1e0acf36
[INFO] [stdout]                                at /rustc/82e1608dfa6e0b5569232559e3d385fea5a93112/library/std/src/thread/mod.rs:529:17
[INFO] [stdout]   36:     0x562bf5ecd247 - <core::panic::unwind_safe::AssertUnwindSafe<F> as core::ops::function::FnOnce<()>>::call_once::h9dc6bd6372f16606
[INFO] [stdout]                                at /rustc/82e1608dfa6e0b5569232559e3d385fea5a93112/library/core/src/panic/unwind_safe.rs:272:9
[INFO] [stdout]   37:     0x562bf5ecd247 - std::panicking::try::do_call::h9057517f80303cd4
[INFO] [stdout]                                at /rustc/82e1608dfa6e0b5569232559e3d385fea5a93112/library/std/src/panicking.rs:552:40
[INFO] [stdout]   38:     0x562bf5ecd247 - std::panicking::try::he3a30b11ee45340c
[INFO] [stdout]                                at /rustc/82e1608dfa6e0b5569232559e3d385fea5a93112/library/std/src/panicking.rs:516:19
[INFO] [stdout]   39:     0x562bf5ecd247 - std::panic::catch_unwind::h410458cfd3528b8b
[INFO] [stdout]                                at /rustc/82e1608dfa6e0b5569232559e3d385fea5a93112/library/std/src/panic.rs:142:14
[INFO] [stdout]   40:     0x562bf5ecd247 - std::thread::Builder::spawn_unchecked_::{{closure}}::h72ac3bdb567b737b
[INFO] [stdout]                                at /rustc/82e1608dfa6e0b5569232559e3d385fea5a93112/library/std/src/thread/mod.rs:528:30
[INFO] [stdout]   41:     0x562bf5ecd247 - core::ops::function::FnOnce::call_once{{vtable.shim}}::h38f34da3654a8344
[INFO] [stdout]                                at /rustc/82e1608dfa6e0b5569232559e3d385fea5a93112/library/core/src/ops/function.rs:250:5
[INFO] [stdout]   42:     0x562bf60bb5d5 - <alloc::boxed::Box<F,A> as core::ops::function::FnOnce<Args>>::call_once::hc7eafaff61e32df9
[INFO] [stdout]                                at /rustc/82e1608dfa6e0b5569232559e3d385fea5a93112/library/alloc/src/boxed.rs:2007:9
[INFO] [stdout]   43:     0x562bf60bb5d5 - <alloc::boxed::Box<F,A> as core::ops::function::FnOnce<Args>>::call_once::h6ba4a5de48dd2304
[INFO] [stdout]                                at /rustc/82e1608dfa6e0b5569232559e3d385fea5a93112/library/alloc/src/boxed.rs:2007:9
[INFO] [stdout]   44:     0x562bf60bb5d5 - std::sys::unix::thread::Thread::new::thread_start::he469335aef763e45
[INFO] [stdout]                                at /rustc/82e1608dfa6e0b5569232559e3d385fea5a93112/library/std/src/sys/unix/thread.rs:108:17
[INFO] [stdout]   45:     0x7f2b4b44aac3 - <unknown>
[INFO] [stdout]   46:     0x7f2b4b4dbbf4 - __clone
[INFO] [stdout]   47:                0x0 - <unknown>
[INFO] [stdout] 
[INFO] [stdout] 
[INFO] [stdout] failures:
[INFO] [stdout]     y2015::d11::tests::test_next
[INFO] [stdout]     y2022::d06::tests::example_part2
[INFO] [stdout] 
[INFO] [stdout] test result: FAILED. 107 passed; 2 failed; 0 ignored; 0 measured; 0 filtered out; finished in 6.31s
[INFO] [stdout] 
[INFO] [stderr] error: test failed, to rerun pass `--lib`
[INFO] running `Command { std: "docker" "inspect" "d546d67c3bd51d705cdb1edef025f45db2cc0eea317a376c70d00e569e936738", kill_on_drop: false }`
[INFO] running `Command { std: "docker" "rm" "-f" "d546d67c3bd51d705cdb1edef025f45db2cc0eea317a376c70d00e569e936738", kill_on_drop: false }`
[INFO] [stdout] d546d67c3bd51d705cdb1edef025f45db2cc0eea317a376c70d00e569e936738
[INFO] testing seysn/advent-of-code-rust against beta-2023-12-22 for beta-1.76-1
[INFO] running `Command { std: "git" "clone" "/workspace/cache/git-repos/https%3A%2F%2Fgithub.com%2Fseysn%2Fadvent-of-code-rust" "/workspace/builds/worker-0-tc2/source", kill_on_drop: false }`
[INFO] [stderr] Cloning into '/workspace/builds/worker-0-tc2/source'...
[INFO] [stderr] done.
[INFO] validating manifest of git repo https://github.com/seysn/advent-of-code-rust on toolchain beta-2023-12-22
[INFO] running `Command { std: CARGO_HOME="/workspace/cargo-home" RUSTUP_HOME="/workspace/rustup-home" "/workspace/cargo-home/bin/cargo" "+beta-2023-12-22" "metadata" "--manifest-path" "Cargo.toml" "--no-deps", kill_on_drop: false }`
[INFO] started tweaking git repo https://github.com/seysn/advent-of-code-rust
[INFO] finished tweaking git repo https://github.com/seysn/advent-of-code-rust
[INFO] tweaked toml for git repo https://github.com/seysn/advent-of-code-rust written to /workspace/builds/worker-0-tc2/source/Cargo.toml
[INFO] crate git repo https://github.com/seysn/advent-of-code-rust already has a lockfile, it will not be regenerated
[INFO] running `Command { std: CARGO_HOME="/workspace/cargo-home" RUSTUP_HOME="/workspace/rustup-home" "/workspace/cargo-home/bin/cargo" "+beta-2023-12-22" "fetch" "--manifest-path" "Cargo.toml", kill_on_drop: false }`
[INFO] running `Command { std: "docker" "create" "-v" "/var/lib/crater-agent-workspace/builds/worker-0-tc2/target:/opt/rustwide/target:rw,Z" "-v" "/var/lib/crater-agent-workspace/builds/worker-0-tc2/source:/opt/rustwide/workdir:ro,Z" "-v" "/var/lib/crater-agent-workspace/cargo-home:/opt/rustwide/cargo-home:ro,Z" "-v" "/var/lib/crater-agent-workspace/rustup-home:/opt/rustwide/rustup-home:ro,Z" "-e" "SOURCE_DIR=/opt/rustwide/workdir" "-e" "CARGO_TARGET_DIR=/opt/rustwide/target" "-e" "CARGO_HOME=/opt/rustwide/cargo-home" "-e" "RUSTUP_HOME=/opt/rustwide/rustup-home" "-w" "/opt/rustwide/workdir" "-m" "1610612736" "--user" "0:0" "--network" "none" "ghcr.io/rust-lang/crates-build-env/linux@sha256:2788e3201cd34a07e3172128adcd8b3090168a8e3bcc40d7c032b9dda1df7d1c" "/opt/rustwide/cargo-home/bin/cargo" "+beta-2023-12-22" "metadata" "--no-deps" "--format-version=1", kill_on_drop: false }`
[INFO] [stdout] 43f949e59a6da8fbec3e44e0b2c337703050dec0de11dc9b5d215a1bbc21f493
[INFO] running `Command { std: "docker" "start" "-a" "43f949e59a6da8fbec3e44e0b2c337703050dec0de11dc9b5d215a1bbc21f493", kill_on_drop: false }`
[INFO] running `Command { std: "docker" "inspect" "43f949e59a6da8fbec3e44e0b2c337703050dec0de11dc9b5d215a1bbc21f493", kill_on_drop: false }`
[INFO] running `Command { std: "docker" "rm" "-f" "43f949e59a6da8fbec3e44e0b2c337703050dec0de11dc9b5d215a1bbc21f493", kill_on_drop: false }`
[INFO] [stdout] 43f949e59a6da8fbec3e44e0b2c337703050dec0de11dc9b5d215a1bbc21f493
[INFO] running `Command { std: "docker" "create" "-v" "/var/lib/crater-agent-workspace/builds/worker-0-tc2/target:/opt/rustwide/target:rw,Z" "-v" "/var/lib/crater-agent-workspace/builds/worker-0-tc2/source:/opt/rustwide/workdir:ro,Z" "-v" "/var/lib/crater-agent-workspace/cargo-home:/opt/rustwide/cargo-home:ro,Z" "-v" "/var/lib/crater-agent-workspace/rustup-home:/opt/rustwide/rustup-home:ro,Z" "-e" "SOURCE_DIR=/opt/rustwide/workdir" "-e" "CARGO_TARGET_DIR=/opt/rustwide/target" "-e" "CARGO_INCREMENTAL=0" "-e" "RUST_BACKTRACE=full" "-e" "RUSTFLAGS=--cap-lints=warn" "-e" "RUSTDOCFLAGS=--cap-lints=warn" "-e" "CARGO_HOME=/opt/rustwide/cargo-home" "-e" "RUSTUP_HOME=/opt/rustwide/rustup-home" "-w" "/opt/rustwide/workdir" "-m" "1610612736" "--user" "0:0" "--network" "none" "ghcr.io/rust-lang/crates-build-env/linux@sha256:2788e3201cd34a07e3172128adcd8b3090168a8e3bcc40d7c032b9dda1df7d1c" "/opt/rustwide/cargo-home/bin/cargo" "+beta-2023-12-22" "build" "--frozen" "--message-format=json", kill_on_drop: false }`
[INFO] [stdout] ebdb8d9cf8b2ef67277156ffb1468a971fe968a704368baf8bf5a386f04ed69c
[INFO] running `Command { std: "docker" "start" "-a" "ebdb8d9cf8b2ef67277156ffb1468a971fe968a704368baf8bf5a386f04ed69c", kill_on_drop: false }`
[INFO] [stderr]    Compiling libc v0.2.112
[INFO] [stderr]    Compiling autocfg v1.0.1
[INFO] [stderr]    Compiling cfg-if v1.0.0
[INFO] [stderr]    Compiling memchr v2.4.1
[INFO] [stderr]    Compiling log v0.4.14
[INFO] [stderr]    Compiling pkg-config v0.3.24
[INFO] [stderr]    Compiling pin-project-lite v0.2.8
[INFO] [stderr]    Compiling cc v1.0.72
[INFO] [stderr]    Compiling bytes v1.1.0
[INFO] [stderr]    Compiling futures-core v0.3.19
[INFO] [stderr]    Compiling version_check v0.9.4
[INFO] [stderr]    Compiling proc-macro2 v1.0.36
[INFO] [stderr]    Compiling indexmap v1.7.0
[INFO] [stderr]    Compiling itoa v1.0.1
[INFO] [stderr]    Compiling futures-task v0.3.19
[INFO] [stderr]    Compiling lazy_static v1.4.0
[INFO] [stderr]    Compiling unicode-xid v0.2.2
[INFO] [stderr]    Compiling hashbrown v0.11.2
[INFO] [stderr]    Compiling openssl v0.10.38
[INFO] [stderr]    Compiling foreign-types-shared v0.1.1
[INFO] [stderr]    Compiling bitflags v1.3.2
[INFO] [stderr]    Compiling futures-util v0.3.19
[INFO] [stderr]    Compiling mio v0.7.14
[INFO] [stderr]    Compiling num_cpus v1.13.1
[INFO] [stderr]    Compiling fnv v1.0.7
[INFO] [stderr]    Compiling http v0.2.6
[INFO] [stderr]    Compiling foreign-types v0.3.2
[INFO] [stderr]    Compiling tracing-core v0.1.21
[INFO] [stderr]    Compiling openssl-sys v0.9.72
[INFO] [stderr]    Compiling tokio v1.15.0
[INFO] [stderr]    Compiling quote v1.0.14
[INFO] [stderr]    Compiling proc-macro-error-attr v1.0.4
[INFO] [stderr]    Compiling once_cell v1.9.0
[INFO] [stderr]    Compiling slab v0.4.5
[INFO] [stderr]    Compiling syn v1.0.84
[INFO] [stderr]    Compiling pin-utils v0.1.0
[INFO] [stderr]    Compiling native-tls v0.2.8
[INFO] [stderr]    Compiling futures-io v0.3.19
[INFO] [stderr]    Compiling futures-channel v0.3.19
[INFO] [stderr]    Compiling tinyvec_macros v0.1.0
[INFO] [stderr]    Compiling httparse v1.5.1
[INFO] [stderr]    Compiling serde v1.0.132
[INFO] [stderr]    Compiling matches v0.1.9
[INFO] [stderr]    Compiling futures-sink v0.3.19
[INFO] [stderr]    Compiling tinyvec v1.5.1
[INFO] [stderr]    Compiling tracing v0.1.29
[INFO] [stderr]    Compiling proc-macro-error v1.0.4
[INFO] [stderr]    Compiling percent-encoding v2.1.0
[INFO] [stderr]    Compiling itoa v0.4.8
[INFO] [stderr]    Compiling openssl-probe v0.1.4
[INFO] [stderr]    Compiling try-lock v0.2.3
[INFO] [stderr]    Compiling want v0.3.0
[INFO] [stderr]    Compiling form_urlencoded v1.0.1
[INFO] [stderr]    Compiling unicode-normalization v0.1.19
[INFO] [stderr]    Compiling http-body v0.4.4
[INFO] [stderr]    Compiling socket2 v0.4.2
[INFO] [stderr]    Compiling tower-service v0.3.1
[INFO] [stderr]    Compiling ryu v1.0.9
[INFO] [stderr]    Compiling unicode-bidi v0.3.7
[INFO] [stderr]    Compiling httpdate v1.0.2
[INFO] [stderr]    Compiling unicode-segmentation v1.8.0
[INFO] [stderr]    Compiling tokio-util v0.6.9
[INFO] [stderr]    Compiling encoding_rs v0.8.30
[INFO] [stderr]    Compiling heck v0.3.3
[INFO] [stderr]    Compiling idna v0.2.3
[INFO] [stderr]    Compiling serde_json v1.0.73
[INFO] [stderr]    Compiling h2 v0.3.9
[INFO] [stderr]    Compiling tokio-native-tls v0.3.0
[INFO] [stderr]    Compiling url v2.2.2
[INFO] [stderr]    Compiling atty v0.2.14
[INFO] [stderr]    Compiling os_str_bytes v6.0.0
[INFO] [stderr]    Compiling aho-corasick v0.7.18
[INFO] [stderr]    Compiling serde_urlencoded v0.7.0
[INFO] [stderr]    Compiling regex-syntax v0.6.25
[INFO] [stderr]    Compiling base64 v0.13.0
[INFO] [stderr]    Compiling textwrap v0.14.2
[INFO] [stderr]    Compiling strsim v0.10.0
[INFO] [stderr]    Compiling mime v0.3.16
[INFO] [stderr]    Compiling termcolor v1.1.2
[INFO] [stderr]    Compiling either v1.6.1
[INFO] [stderr]    Compiling ipnet v2.3.1
[INFO] [stderr]    Compiling itertools v0.10.3
[INFO] [stderr]    Compiling md5 v0.7.0
[INFO] [stderr]    Compiling regex v1.5.4
[INFO] [stderr]    Compiling clap_derive v3.0.0
[INFO] [stderr]    Compiling hyper v0.14.16
[INFO] [stderr]    Compiling clap v3.0.0
[INFO] [stderr]    Compiling hyper-tls v0.5.0
[INFO] [stderr]    Compiling reqwest v0.11.8
[INFO] [stderr]    Compiling advent-of-code v0.1.0 (/opt/rustwide/workdir)
[INFO] [stderr]     Finished dev [unoptimized + debuginfo] target(s) in 32.89s
[INFO] running `Command { std: "docker" "inspect" "ebdb8d9cf8b2ef67277156ffb1468a971fe968a704368baf8bf5a386f04ed69c", kill_on_drop: false }`
[INFO] running `Command { std: "docker" "rm" "-f" "ebdb8d9cf8b2ef67277156ffb1468a971fe968a704368baf8bf5a386f04ed69c", kill_on_drop: false }`
[INFO] [stdout] ebdb8d9cf8b2ef67277156ffb1468a971fe968a704368baf8bf5a386f04ed69c
[INFO] running `Command { std: "docker" "create" "-v" "/var/lib/crater-agent-workspace/builds/worker-0-tc2/target:/opt/rustwide/target:rw,Z" "-v" "/var/lib/crater-agent-workspace/builds/worker-0-tc2/source:/opt/rustwide/workdir:ro,Z" "-v" "/var/lib/crater-agent-workspace/cargo-home:/opt/rustwide/cargo-home:ro,Z" "-v" "/var/lib/crater-agent-workspace/rustup-home:/opt/rustwide/rustup-home:ro,Z" "-e" "SOURCE_DIR=/opt/rustwide/workdir" "-e" "CARGO_TARGET_DIR=/opt/rustwide/target" "-e" "CARGO_INCREMENTAL=0" "-e" "RUST_BACKTRACE=full" "-e" "RUSTFLAGS=--cap-lints=warn" "-e" "RUSTDOCFLAGS=--cap-lints=warn" "-e" "CARGO_HOME=/opt/rustwide/cargo-home" "-e" "RUSTUP_HOME=/opt/rustwide/rustup-home" "-w" "/opt/rustwide/workdir" "-m" "1610612736" "--user" "0:0" "--network" "none" "ghcr.io/rust-lang/crates-build-env/linux@sha256:2788e3201cd34a07e3172128adcd8b3090168a8e3bcc40d7c032b9dda1df7d1c" "/opt/rustwide/cargo-home/bin/cargo" "+beta-2023-12-22" "test" "--frozen" "--no-run" "--message-format=json", kill_on_drop: false }`
[INFO] [stdout] 4975ebf752caa2bfb704227c66678c78a5a99d8f6a60f124f8a3b2682d21b2f5
[INFO] running `Command { std: "docker" "start" "-a" "4975ebf752caa2bfb704227c66678c78a5a99d8f6a60f124f8a3b2682d21b2f5", kill_on_drop: false }`
[INFO] [stderr]    Compiling advent-of-code v0.1.0 (/opt/rustwide/workdir)
[INFO] [stderr]     Finished test [unoptimized + debuginfo] target(s) in 4.33s
[INFO] running `Command { std: "docker" "inspect" "4975ebf752caa2bfb704227c66678c78a5a99d8f6a60f124f8a3b2682d21b2f5", kill_on_drop: false }`
[INFO] running `Command { std: "docker" "rm" "-f" "4975ebf752caa2bfb704227c66678c78a5a99d8f6a60f124f8a3b2682d21b2f5", kill_on_drop: false }`
[INFO] [stdout] 4975ebf752caa2bfb704227c66678c78a5a99d8f6a60f124f8a3b2682d21b2f5
[INFO] running `Command { std: "docker" "create" "-v" "/var/lib/crater-agent-workspace/builds/worker-0-tc2/target:/opt/rustwide/target:rw,Z" "-v" "/var/lib/crater-agent-workspace/builds/worker-0-tc2/source:/opt/rustwide/workdir:ro,Z" "-v" "/var/lib/crater-agent-workspace/cargo-home:/opt/rustwide/cargo-home:ro,Z" "-v" "/var/lib/crater-agent-workspace/rustup-home:/opt/rustwide/rustup-home:ro,Z" "-e" "SOURCE_DIR=/opt/rustwide/workdir" "-e" "CARGO_TARGET_DIR=/opt/rustwide/target" "-e" "CARGO_INCREMENTAL=0" "-e" "RUST_BACKTRACE=full" "-e" "RUSTFLAGS=--cap-lints=warn" "-e" "RUSTDOCFLAGS=--cap-lints=warn" "-e" "CARGO_HOME=/opt/rustwide/cargo-home" "-e" "RUSTUP_HOME=/opt/rustwide/rustup-home" "-w" "/opt/rustwide/workdir" "-m" "1610612736" "--user" "0:0" "--network" "none" "ghcr.io/rust-lang/crates-build-env/linux@sha256:2788e3201cd34a07e3172128adcd8b3090168a8e3bcc40d7c032b9dda1df7d1c" "/opt/rustwide/cargo-home/bin/cargo" "+beta-2023-12-22" "test" "--frozen", kill_on_drop: false }`
[INFO] [stdout] 99882e1417d7784d9c50fbb1ad62a557e9bfd7b9276f7fea4e17e44e1a82ab14
[INFO] running `Command { std: "docker" "start" "-a" "99882e1417d7784d9c50fbb1ad62a557e9bfd7b9276f7fea4e17e44e1a82ab14", kill_on_drop: false }`
[INFO] [stderr]     Finished test [unoptimized + debuginfo] target(s) in 0.05s
[INFO] [stderr]      Running unittests src/lib.rs (/opt/rustwide/target/debug/deps/advent_of_code-09ceae6a6aeac964)
[INFO] [stdout] 
[INFO] [stdout] running 109 tests
[INFO] [stdout] test y2015::d01::tests::example_part2 ... ok
[INFO] [stdout] test y2015::d01::tests::example_part1 ... ok
[INFO] [stdout] test y2015::d02::tests::example_part2 ... ok
[INFO] [stdout] test y2015::d02::tests::example_part1 ... ok
[INFO] [stdout] test y2015::d03::tests::example_part1 ... ok
[INFO] [stdout] test y2015::d03::tests::example_part2 ... ok
[INFO] [stdout] test y2015::d05::tests::example_part2 ... ok
[INFO] [stdout] test y2015::d08::tests::example_part1 ... ok
[INFO] [stdout] test y2015::d08::tests::example_part2 ... ok
[INFO] [stdout] test y2015::d05::tests::example_part1 ... ok
[INFO] [stdout] test y2015::d10::tests::test_step ... ok
[INFO] [stdout] test y2015::d11::tests::test_increment ... ok
[INFO] [stdout] test y2015::d06::tests::test_parser ... ok
[INFO] [stdout] test y2015::d11::tests::test_valid ... ok
[INFO] [stdout] test y2015::d12::tests::example_part1 ... ok
[INFO] [stdout] test y2015::d12::tests::example_part2 ... ok
[INFO] [stdout] test y2015::d09::tests::example_part1 ... ok
[INFO] [stdout] test y2016::d01::tests::example_part1 ... ok
[INFO] [stdout] test y2015::d09::tests::example_part2 ... ok
[INFO] [stdout] test y2016::d01::tests::example_part2 ... ok
[INFO] [stdout] test y2020::d01::tests::example_part1 ... ok
[INFO] [stdout] test y2020::d01::tests::example_part2 ... ok
[INFO] [stdout] test y2020::d02::tests::example_part1 ... ok
[INFO] [stdout] test y2020::d02::tests::example_part2 ... ok
[INFO] [stdout] test y2020::d03::tests::example_part1 ... ok
[INFO] [stdout] test y2020::d03::tests::example_part2 ... ok
[INFO] [stdout] test y2021::d01::tests::example_part1 ... ok
[INFO] [stdout] test y2021::d01::tests::example_part2 ... ok
[INFO] [stdout] test y2021::d02::tests::example_part2 ... ok
[INFO] [stdout] test y2021::d02::tests::example_part1 ... ok
[INFO] [stdout] test y2021::d03::tests::example_part2 ... ok
[INFO] [stdout] test y2021::d04::tests::example_part1 ... ok
[INFO] [stdout] test y2021::d03::tests::example_part1 ... ok
[INFO] [stdout] test y2021::d05::tests::example_part1 ... ok
[INFO] [stdout] test y2021::d04::tests::example_part2 ... ok
[INFO] [stdout] test y2021::d05::tests::example_part2 ... ok
[INFO] [stdout] test y2021::d06::tests::example_part1 ... ok
[INFO] [stdout] test y2021::d07::tests::example_part1 ... ok
[INFO] [stdout] test y2021::d07::tests::example_part2 ... ok
[INFO] [stdout] test y2021::d06::tests::example_part2 ... ok
[INFO] [stdout] test y2021::d08::tests::example_part1 ... ok
[INFO] [stdout] test y2021::d08::tests::example_part2 ... ok
[INFO] [stdout] test y2021::d09::tests::example_part1 ... ok
[INFO] [stdout] test y2021::d09::tests::example_part2 ... ok
[INFO] [stdout] test y2021::d10::tests::example_part1 ... ok
[INFO] [stdout] test y2022::d01::tests::example_part1 ... ok
[INFO] [stdout] test y2021::d10::tests::example_part2 ... ok
[INFO] [stdout] test y2022::d02::tests::example_part1 ... ok
[INFO] [stdout] test y2022::d02::tests::example_part2 ... ok
[INFO] [stdout] test y2022::d03::tests::example_part1 ... ok
[INFO] [stdout] test y2022::d03::tests::example_part2 ... ok
[INFO] [stdout] test y2022::d04::tests::example_part1 ... ok
[INFO] [stdout] test y2022::d04::tests::example_part2 ... ok
[INFO] [stdout] test y2022::d01::tests::example_part2 ... ok
[INFO] [stdout] test y2022::d05::tests::example_part1 ... ok
[INFO] [stdout] test y2022::d06::tests::example_part1 ... ok
[INFO] [stdout] test y2022::d05::tests::example_part2 ... ok
[INFO] [stdout] test y2022::d07::tests::example_part1 ... ok
[INFO] [stdout] test y2022::d07::tests::example_part2 ... ok
[INFO] [stdout] test y2015::d07::tests::example_part1 ... ok
[INFO] [stdout] test y2022::d08::tests::example_get ... ok
[INFO] [stdout] test y2022::d08::tests::example_part1 ... ok
[INFO] [stdout] test y2022::d08::tests::example_part2 ... ok
[INFO] [stdout] test y2022::d09::tests::example_part2 ... ok
[INFO] [stdout] test y2022::d10::tests::example_part1 ... ok
[INFO] [stdout] test y2022::d09::tests::example_part1 ... ok
[INFO] [stdout] test y2015::d13::tests::example ... ok
[INFO] [stdout] test y2022::d10::tests::example_part2 ... ok
[INFO] [stdout] test y2022::d11::tests::example_part1 ... ok
[INFO] [stdout] test y2022::d12::tests::example_part1 ... ok
[INFO] [stdout] test y2023::d01::tests::example_part1 ... ok
[INFO] [stdout] test y2022::d12::tests::example_part2 ... ok
[INFO] [stdout] test y2023::d01::tests::example_part2 ... ok
[INFO] [stdout] test y2023::d02::tests::example_part2 ... ok
[INFO] [stdout] test y2023::d02::tests::example_part1 ... ok
[INFO] [stdout] test y2023::d03::tests::example_part2 ... ok
[INFO] [stdout] test y2023::d04::tests::example_part1 ... ok
[INFO] [stdout] test y2023::d04::tests::example_part2 ... ok
[INFO] [stdout] test y2023::d03::tests::example_part1 ... ok
[INFO] [stdout] test y2023::d05::tests::example_part1 ... ok
[INFO] [stdout] test y2023::d06::tests::example_part1 ... ok
[INFO] [stdout] test y2023::d05::tests::example_part2 ... ok
[INFO] [stdout] test y2023::d06::tests::example_part2 ... ok
[INFO] [stdout] test y2023::d07::tests::example_part2 ... ok
[INFO] [stdout] test y2022::d11::tests::example_part2 ... ok
[INFO] [stdout] test y2023::d07::tests::example_part1 ... ok
[INFO] [stdout] test y2023::d09::tests::example_part1 ... ok
[INFO] [stdout] test y2023::d08::tests::example_part2 ... ok
[INFO] [stdout] test y2023::d09::tests::example_part2 ... ok
[INFO] [stdout] test y2023::d08::tests::example_part1 ... ok
[INFO] [stdout] test y2023::d11::tests::example_part1 ... ok
[INFO] [stdout] test y2023::d11::tests::example_part2 ... ok
[INFO] [stdout] test y2023::d10::tests::example_part2 ... ok
[INFO] [stdout] test y2023::d10::tests::example_part1 ... ok
[INFO] [stdout] test y2023::d12::tests::example_part1 ... ok
[INFO] [stdout] test y2023::d13::tests::example_part1 ... ok
[INFO] [stdout] test y2023::d13::tests::example_part2 ... ok
[INFO] [stdout] test y2023::d14::tests::example_part1 ... ok
[INFO] [stdout] test y2023::d15::tests::example_part1 ... ok
[INFO] [stdout] test y2023::d15::tests::example_part2 ... ok
[INFO] [stdout] test y2023::d14::tests::example_part2 ... ok
[INFO] [stdout] test y2023::d16::tests::example_part1 ... ok
[INFO] [stdout] test y2023::d16::tests::example_part2 ... ok
[INFO] [stdout] test y2023::d12::tests::example_part2 ... ok
[INFO] [stdout] test y2022::d06::tests::example_part2 ... FAILED
[INFO] [stdout] test y2015::d06::tests::example_part1 ... ok
[INFO] [stdout] test y2015::d06::tests::example_part2 ... ok
[INFO] [stdout] test y2015::d11::tests::test_next ... FAILED
[INFO] [stdout] test y2015::d04::tests::example_part1 ... ok
[INFO] [stdout] 
[INFO] [stdout] failures:
[INFO] [stdout] 
[INFO] [stdout] ---- y2022::d06::tests::example_part2 stdout ----
[INFO] [stdout] thread 'y2022::d06::tests::example_part2' panicked at src/y2022/d06.rs:42:9:
[INFO] [stdout] assertion `left == right` failed
[INFO] [stdout]   left: 7
[INFO] [stdout]  right: 19
[INFO] [stdout] stack backtrace:
[INFO] [stdout]    0:     0x55a6259cb0c6 - std::backtrace_rs::backtrace::libunwind::trace::h261606ad26a499c1
[INFO] [stdout]                                at /rustc/0e09125c6c3c2fd70d7de961bcf0e51575235fad/library/std/src/../../backtrace/src/backtrace/libunwind.rs:104:5
[INFO] [stdout]    1:     0x55a6259cb0c6 - std::backtrace_rs::backtrace::trace_unsynchronized::hd183f0625477fb28
[INFO] [stdout]                                at /rustc/0e09125c6c3c2fd70d7de961bcf0e51575235fad/library/std/src/../../backtrace/src/backtrace/mod.rs:66:5
[INFO] [stdout]    2:     0x55a6259cb0c6 - std::sys_common::backtrace::_print_fmt::hd7f8fef21b4eda67
[INFO] [stdout]                                at /rustc/0e09125c6c3c2fd70d7de961bcf0e51575235fad/library/std/src/sys_common/backtrace.rs:68:5
[INFO] [stdout]    3:     0x55a6259cb0c6 - <std::sys_common::backtrace::_print::DisplayBacktrace as core::fmt::Display>::fmt::h623d9b51f2f453f1
[INFO] [stdout]                                at /rustc/0e09125c6c3c2fd70d7de961bcf0e51575235fad/library/std/src/sys_common/backtrace.rs:44:22
[INFO] [stdout]    4:     0x55a6259f45b0 - core::fmt::rt::Argument::fmt::h9f417ac76a86f368
[INFO] [stdout]                                at /rustc/0e09125c6c3c2fd70d7de961bcf0e51575235fad/library/core/src/fmt/rt.rs:142:9
[INFO] [stdout]    5:     0x55a6259f45b0 - core::fmt::write::hc9b6faf4ac2aeff7
[INFO] [stdout]                                at /rustc/0e09125c6c3c2fd70d7de961bcf0e51575235fad/library/core/src/fmt/mod.rs:1120:17
[INFO] [stdout]    6:     0x55a6259c8b2f - std::io::Write::write_fmt::he04625a3a989fec3
[INFO] [stdout]                                at /rustc/0e09125c6c3c2fd70d7de961bcf0e51575235fad/library/std/src/io/mod.rs:1810:15
[INFO] [stdout]    7:     0x55a6259caea4 - std::sys_common::backtrace::_print::hd5d66399c7df88a2
[INFO] [stdout]                                at /rustc/0e09125c6c3c2fd70d7de961bcf0e51575235fad/library/std/src/sys_common/backtrace.rs:47:5
[INFO] [stdout]    8:     0x55a6259caea4 - std::sys_common::backtrace::print::he81ed2da642d37e5
[INFO] [stdout]                                at /rustc/0e09125c6c3c2fd70d7de961bcf0e51575235fad/library/std/src/sys_common/backtrace.rs:34:9
[INFO] [stdout]    9:     0x55a6259ccc17 - std::panicking::default_hook::{{closure}}::h85773f4fa117163d
[INFO] [stdout]   10:     0x55a6259cc8fd - std::panicking::default_hook::h6a1694a91d09b278
[INFO] [stdout]                                at /rustc/0e09125c6c3c2fd70d7de961bcf0e51575235fad/library/std/src/panicking.rs:289:9
[INFO] [stdout]   11:     0x55a62580f297 - <alloc::boxed::Box<F,A> as core::ops::function::Fn<Args>>::call::h616ac37fa3cd6c8f
[INFO] [stdout]                                at /rustc/0e09125c6c3c2fd70d7de961bcf0e51575235fad/library/alloc/src/boxed.rs:2029:9
[INFO] [stdout]   12:     0x55a62580f297 - test::test_main::{{closure}}::h00d84697cefdcbb6
[INFO] [stdout]                                at /rustc/0e09125c6c3c2fd70d7de961bcf0e51575235fad/library/test/src/lib.rs:138:21
[INFO] [stdout]   13:     0x55a6259cd236 - <alloc::boxed::Box<F,A> as core::ops::function::Fn<Args>>::call::hcb3fe3b9bb537ba8
[INFO] [stdout]                                at /rustc/0e09125c6c3c2fd70d7de961bcf0e51575235fad/library/alloc/src/boxed.rs:2029:9
[INFO] [stdout]   14:     0x55a6259cd236 - std::panicking::rust_panic_with_hook::h0a7ad96e90f7145b
[INFO] [stdout]                                at /rustc/0e09125c6c3c2fd70d7de961bcf0e51575235fad/library/std/src/panicking.rs:783:13
[INFO] [stdout]   15:     0x55a6259ccf82 - std::panicking::begin_panic_handler::{{closure}}::h7919090525c6485e
[INFO] [stdout]                                at /rustc/0e09125c6c3c2fd70d7de961bcf0e51575235fad/library/std/src/panicking.rs:657:13
[INFO] [stdout]   16:     0x55a6259cb5c6 - std::sys_common::backtrace::__rust_end_short_backtrace::hf3289479464f7dfe
[INFO] [stdout]                                at /rustc/0e09125c6c3c2fd70d7de961bcf0e51575235fad/library/std/src/sys_common/backtrace.rs:171:18
[INFO] [stdout]   17:     0x55a6259ccce0 - rust_begin_unwind
[INFO] [stdout]                                at /rustc/0e09125c6c3c2fd70d7de961bcf0e51575235fad/library/std/src/panicking.rs:645:5
[INFO] [stdout]   18:     0x55a62569a205 - core::panicking::panic_fmt::hcc9f77c5c132af55
[INFO] [stdout]                                at /rustc/0e09125c6c3c2fd70d7de961bcf0e51575235fad/library/core/src/panicking.rs:72:14
[INFO] [stdout]   19:     0x55a62569a67b - core::panicking::assert_failed_inner::h9f13e27dd63c3a08
[INFO] [stdout]                                at /rustc/0e09125c6c3c2fd70d7de961bcf0e51575235fad/library/core/src/panicking.rs:342:17
[INFO] [stdout]   20:     0x55a62597e5ce - core::panicking::assert_failed::hda388066d76e9d07
[INFO] [stdout]                                at /rustc/0e09125c6c3c2fd70d7de961bcf0e51575235fad/library/core/src/panicking.rs:297:5
[INFO] [stdout]   21:     0x55a6257bea81 - advent_of_code::y2022::d06::tests::example_part2::hdaa5fe6110d128fe
[INFO] [stdout]                                at /opt/rustwide/workdir/src/y2022/d06.rs:42:3
[INFO] [stdout]   22:     0x55a6257be9d7 - advent_of_code::y2022::d06::tests::example_part2::{{closure}}::hb56a77fd87795d92
[INFO] [stdout]                                at /opt/rustwide/workdir/src/y2022/d06.rs:41:20
[INFO] [stdout]   23:     0x55a62578a186 - core::ops::function::FnOnce::call_once::hb93d6290c6bf3556
[INFO] [stdout]                                at /rustc/0e09125c6c3c2fd70d7de961bcf0e51575235fad/library/core/src/ops/function.rs:250:5
[INFO] [stdout]   24:     0x55a625814b6f - core::ops::function::FnOnce::call_once::hd64d26f405258157
[INFO] [stdout]                                at /rustc/0e09125c6c3c2fd70d7de961bcf0e51575235fad/library/core/src/ops/function.rs:250:5
[INFO] [stdout]   25:     0x55a625814b6f - test::__rust_begin_short_backtrace::he21b0b7a6d731bf9
[INFO] [stdout]                                at /rustc/0e09125c6c3c2fd70d7de961bcf0e51575235fad/library/test/src/lib.rs:627:18
[INFO] [stdout]   26:     0x55a6258138f1 - test::run_test_in_process::{{closure}}::hf5c73986d7bdfde2
[INFO] [stdout]                                at /rustc/0e09125c6c3c2fd70d7de961bcf0e51575235fad/library/test/src/lib.rs:650:60
[INFO] [stdout]   27:     0x55a6258138f1 - <core::panic::unwind_safe::AssertUnwindSafe<F> as core::ops::function::FnOnce<()>>::call_once::h330011ad032aadc0
[INFO] [stdout]                                at /rustc/0e09125c6c3c2fd70d7de961bcf0e51575235fad/library/core/src/panic/unwind_safe.rs:272:9
[INFO] [stdout]   28:     0x55a6258138f1 - std::panicking::try::do_call::he61b0a958b795a41
[INFO] [stdout]                                at /rustc/0e09125c6c3c2fd70d7de961bcf0e51575235fad/library/std/src/panicking.rs:552:40
[INFO] [stdout]   29:     0x55a6258138f1 - std::panicking::try::h7309da130f906eb7
[INFO] [stdout]                                at /rustc/0e09125c6c3c2fd70d7de961bcf0e51575235fad/library/std/src/panicking.rs:516:19
[INFO] [stdout]   30:     0x55a6258138f1 - std::panic::catch_unwind::hc5c3a06fdaf0a92a
[INFO] [stdout]                                at /rustc/0e09125c6c3c2fd70d7de961bcf0e51575235fad/library/std/src/panic.rs:142:14
[INFO] [stdout]   31:     0x55a6258138f1 - test::run_test_in_process::h7e7b7c71c3324e0f
[INFO] [stdout]                                at /rustc/0e09125c6c3c2fd70d7de961bcf0e51575235fad/library/test/src/lib.rs:650:27
[INFO] [stdout]   32:     0x55a6258138f1 - test::run_test::{{closure}}::h1f509f28f5cf20b1
[INFO] [stdout]                                at /rustc/0e09125c6c3c2fd70d7de961bcf0e51575235fad/library/test/src/lib.rs:573:43
[INFO] [stdout]   33:     0x55a6257dac26 - test::run_test::{{closure}}::h1754218abf443f6d
[INFO] [stdout]                                at /rustc/0e09125c6c3c2fd70d7de961bcf0e51575235fad/library/test/src/lib.rs:601:41
[INFO] [stdout]   34:     0x55a6257dac26 - std::sys_common::backtrace::__rust_begin_short_backtrace::h2ee174b9d5954948
[INFO] [stdout]                                at /rustc/0e09125c6c3c2fd70d7de961bcf0e51575235fad/library/std/src/sys_common/backtrace.rs:155:18
[INFO] [stdout]   35:     0x55a6257dfc87 - std::thread::Builder::spawn_unchecked_::{{closure}}::{{closure}}::hf60bee9c1a17ef09
[INFO] [stdout]                                at /rustc/0e09125c6c3c2fd70d7de961bcf0e51575235fad/library/std/src/thread/mod.rs:529:17
[INFO] [stdout]   36:     0x55a6257dfc87 - <core::panic::unwind_safe::AssertUnwindSafe<F> as core::ops::function::FnOnce<()>>::call_once::h33d0dddec5216160
[INFO] [stdout]                                at /rustc/0e09125c6c3c2fd70d7de961bcf0e51575235fad/library/core/src/panic/unwind_safe.rs:272:9
[INFO] [stdout]   37:     0x55a6257dfc87 - std::panicking::try::do_call::h144b3048b546f835
[INFO] [stdout]                                at /rustc/0e09125c6c3c2fd70d7de961bcf0e51575235fad/library/std/src/panicking.rs:552:40
[INFO] [stdout]   38:     0x55a6257dfc87 - std::panicking::try::h978244d04646189f
[INFO] [stdout]                                at /rustc/0e09125c6c3c2fd70d7de961bcf0e51575235fad/library/std/src/panicking.rs:516:19
[INFO] [stdout]   39:     0x55a6257dfc87 - std::panic::catch_unwind::hdf436369d188fe86
[INFO] [stdout]                                at /rustc/0e09125c6c3c2fd70d7de961bcf0e51575235fad/library/std/src/panic.rs:142:14
[INFO] [stdout]   40:     0x55a6257dfc87 - std::thread::Builder::spawn_unchecked_::{{closure}}::h87329cbdd33c79ec
[INFO] [stdout]                                at /rustc/0e09125c6c3c2fd70d7de961bcf0e51575235fad/library/std/src/thread/mod.rs:528:30
[INFO] [stdout]   41:     0x55a6257dfc87 - core::ops::function::FnOnce::call_once{{vtable.shim}}::h401abbe67897d450
[INFO] [stdout]                                at /rustc/0e09125c6c3c2fd70d7de961bcf0e51575235fad/library/core/src/ops/function.rs:250:5
[INFO] [stdout]   42:     0x55a6259d1ce5 - <alloc::boxed::Box<F,A> as core::ops::function::FnOnce<Args>>::call_once::h5d7c8f150ab9c84c
[INFO] [stdout]                                at /rustc/0e09125c6c3c2fd70d7de961bcf0e51575235fad/library/alloc/src/boxed.rs:2015:9
[INFO] [stdout]   43:     0x55a6259d1ce5 - <alloc::boxed::Box<F,A> as core::ops::function::FnOnce<Args>>::call_once::h570d5b005c242c15
[INFO] [stdout]                                at /rustc/0e09125c6c3c2fd70d7de961bcf0e51575235fad/library/alloc/src/boxed.rs:2015:9
[INFO] [stdout]   44:     0x55a6259d1ce5 - std::sys::unix::thread::Thread::new::thread_start::h36b0a20c0b2361ad
[INFO] [stdout]                                at /rustc/0e09125c6c3c2fd70d7de961bcf0e51575235fad/library/std/src/sys/unix/thread.rs:108:17
[INFO] [stdout]   45:     0x7fea408d8ac3 - <unknown>
[INFO] [stdout]   46:     0x7fea40969bf4 - __clone
[INFO] [stdout]   47:                0x0 - <unknown>
[INFO] [stdout] 
[INFO] [stdout] ---- y2015::d11::tests::test_next stdout ----
[INFO] [stdout] thread 'y2015::d11::tests::test_next' panicked at src/y2015/d11.rs:134:9:
[INFO] [stdout] assertion `left == right` failed
[INFO] [stdout]   left: "ghkaabcc"
[INFO] [stdout]  right: "ghjaabcc"
[INFO] [stdout] stack backtrace:
[INFO] [stdout]    0:     0x55a6259cb0c6 - std::backtrace_rs::backtrace::libunwind::trace::h261606ad26a499c1
[INFO] [stdout]                                at /rustc/0e09125c6c3c2fd70d7de961bcf0e51575235fad/library/std/src/../../backtrace/src/backtrace/libunwind.rs:104:5
[INFO] [stdout]    1:     0x55a6259cb0c6 - std::backtrace_rs::backtrace::trace_unsynchronized::hd183f0625477fb28
[INFO] [stdout]                                at /rustc/0e09125c6c3c2fd70d7de961bcf0e51575235fad/library/std/src/../../backtrace/src/backtrace/mod.rs:66:5
[INFO] [stdout]    2:     0x55a6259cb0c6 - std::sys_common::backtrace::_print_fmt::hd7f8fef21b4eda67
[INFO] [stdout]                                at /rustc/0e09125c6c3c2fd70d7de961bcf0e51575235fad/library/std/src/sys_common/backtrace.rs:68:5
[INFO] [stdout]    3:     0x55a6259cb0c6 - <std::sys_common::backtrace::_print::DisplayBacktrace as core::fmt::Display>::fmt::h623d9b51f2f453f1
[INFO] [stdout]                                at /rustc/0e09125c6c3c2fd70d7de961bcf0e51575235fad/library/std/src/sys_common/backtrace.rs:44:22
[INFO] [stdout]    4:     0x55a6259f45b0 - core::fmt::rt::Argument::fmt::h9f417ac76a86f368
[INFO] [stdout]                                at /rustc/0e09125c6c3c2fd70d7de961bcf0e51575235fad/library/core/src/fmt/rt.rs:142:9
[INFO] [stdout]    5:     0x55a6259f45b0 - core::fmt::write::hc9b6faf4ac2aeff7
[INFO] [stdout]                                at /rustc/0e09125c6c3c2fd70d7de961bcf0e51575235fad/library/core/src/fmt/mod.rs:1120:17
[INFO] [stdout]    6:     0x55a6259c8b2f - std::io::Write::write_fmt::he04625a3a989fec3
[INFO] [stdout]                                at /rustc/0e09125c6c3c2fd70d7de961bcf0e51575235fad/library/std/src/io/mod.rs:1810:15
[INFO] [stdout]    7:     0x55a6259caea4 - std::sys_common::backtrace::_print::hd5d66399c7df88a2
[INFO] [stdout]                                at /rustc/0e09125c6c3c2fd70d7de961bcf0e51575235fad/library/std/src/sys_common/backtrace.rs:47:5
[INFO] [stdout]    8:     0x55a6259caea4 - std::sys_common::backtrace::print::he81ed2da642d37e5
[INFO] [stdout]                                at /rustc/0e09125c6c3c2fd70d7de961bcf0e51575235fad/library/std/src/sys_common/backtrace.rs:34:9
[INFO] [stdout]    9:     0x55a6259ccc17 - std::panicking::default_hook::{{closure}}::h85773f4fa117163d
[INFO] [stdout]   10:     0x55a6259cc8fd - std::panicking::default_hook::h6a1694a91d09b278
[INFO] [stdout]                                at /rustc/0e09125c6c3c2fd70d7de961bcf0e51575235fad/library/std/src/panicking.rs:289:9
[INFO] [stdout]   11:     0x55a62580f297 - <alloc::boxed::Box<F,A> as core::ops::function::Fn<Args>>::call::h616ac37fa3cd6c8f
[INFO] [stdout]                                at /rustc/0e09125c6c3c2fd70d7de961bcf0e51575235fad/library/alloc/src/boxed.rs:2029:9
[INFO] [stdout]   12:     0x55a62580f297 - test::test_main::{{closure}}::h00d84697cefdcbb6
[INFO] [stdout]                                at /rustc/0e09125c6c3c2fd70d7de961bcf0e51575235fad/library/test/src/lib.rs:138:21
[INFO] [stdout]   13:     0x55a6259cd236 - <alloc::boxed::Box<F,A> as core::ops::function::Fn<Args>>::call::hcb3fe3b9bb537ba8
[INFO] [stdout]                                at /rustc/0e09125c6c3c2fd70d7de961bcf0e51575235fad/library/alloc/src/boxed.rs:2029:9
[INFO] [stdout]   14:     0x55a6259cd236 - std::panicking::rust_panic_with_hook::h0a7ad96e90f7145b
[INFO] [stdout]                                at /rustc/0e09125c6c3c2fd70d7de961bcf0e51575235fad/library/std/src/panicking.rs:783:13
[INFO] [stdout]   15:     0x55a6259ccf82 - std::panicking::begin_panic_handler::{{closure}}::h7919090525c6485e
[INFO] [stdout]                                at /rustc/0e09125c6c3c2fd70d7de961bcf0e51575235fad/library/std/src/panicking.rs:657:13
[INFO] [stdout]   16:     0x55a6259cb5c6 - std::sys_common::backtrace::__rust_end_short_backtrace::hf3289479464f7dfe
[INFO] [stdout]                                at /rustc/0e09125c6c3c2fd70d7de961bcf0e51575235fad/library/std/src/sys_common/backtrace.rs:171:18
[INFO] [stdout]   17:     0x55a6259ccce0 - rust_begin_unwind
[INFO] [stdout]                                at /rustc/0e09125c6c3c2fd70d7de961bcf0e51575235fad/library/std/src/panicking.rs:645:5
[INFO] [stdout]   18:     0x55a62569a205 - core::panicking::panic_fmt::hcc9f77c5c132af55
[INFO] [stdout]                                at /rustc/0e09125c6c3c2fd70d7de961bcf0e51575235fad/library/core/src/panicking.rs:72:14
[INFO] [stdout]   19:     0x55a62569a67b - core::panicking::assert_failed_inner::h9f13e27dd63c3a08
[INFO] [stdout]                                at /rustc/0e09125c6c3c2fd70d7de961bcf0e51575235fad/library/core/src/panicking.rs:342:17
[INFO] [stdout]   20:     0x55a62579cfce - core::panicking::assert_failed::hc601b75a3d2c71ab
[INFO] [stdout]                                at /rustc/0e09125c6c3c2fd70d7de961bcf0e51575235fad/library/core/src/panicking.rs:297:5
[INFO] [stdout]   21:     0x55a625784acc - advent_of_code::y2015::d11::tests::test_next::h511e7547128363d9
[INFO] [stdout]                                at /opt/rustwide/workdir/src/y2015/d11.rs:134:3
[INFO] [stdout]   22:     0x55a6257847c7 - advent_of_code::y2015::d11::tests::test_next::{{closure}}::h0c0078cceeaba492
[INFO] [stdout]                                at /opt/rustwide/workdir/src/y2015/d11.rs:132:16
[INFO] [stdout]   23:     0x55a62578a106 - core::ops::function::FnOnce::call_once::hb465fe96e182ff72
[INFO] [stdout]                                at /rustc/0e09125c6c3c2fd70d7de961bcf0e51575235fad/library/core/src/ops/function.rs:250:5
[INFO] [stdout]   24:     0x55a625814b6f - core::ops::function::FnOnce::call_once::hd64d26f405258157
[INFO] [stdout]                                at /rustc/0e09125c6c3c2fd70d7de961bcf0e51575235fad/library/core/src/ops/function.rs:250:5
[INFO] [stdout]   25:     0x55a625814b6f - test::__rust_begin_short_backtrace::he21b0b7a6d731bf9
[INFO] [stdout]                                at /rustc/0e09125c6c3c2fd70d7de961bcf0e51575235fad/library/test/src/lib.rs:627:18
[INFO] [stdout]   26:     0x55a6258138f1 - test::run_test_in_process::{{closure}}::hf5c73986d7bdfde2
[INFO] [stdout]                                at /rustc/0e09125c6c3c2fd70d7de961bcf0e51575235fad/library/test/src/lib.rs:650:60
[INFO] [stdout]   27:     0x55a6258138f1 - <core::panic::unwind_safe::AssertUnwindSafe<F> as core::ops::function::FnOnce<()>>::call_once::h330011ad032aadc0
[INFO] [stdout]                                at /rustc/0e09125c6c3c2fd70d7de961bcf0e51575235fad/library/core/src/panic/unwind_safe.rs:272:9
[INFO] [stdout]   28:     0x55a6258138f1 - std::panicking::try::do_call::he61b0a958b795a41
[INFO] [stdout]                                at /rustc/0e09125c6c3c2fd70d7de961bcf0e51575235fad/library/std/src/panicking.rs:552:40
[INFO] [stdout]   29:     0x55a6258138f1 - std::panicking::try::h7309da130f906eb7
[INFO] [stdout]                                at /rustc/0e09125c6c3c2fd70d7de961bcf0e51575235fad/library/std/src/panicking.rs:516:19
[INFO] [stdout]   30:     0x55a6258138f1 - std::panic::catch_unwind::hc5c3a06fdaf0a92a
[INFO] [stdout]                                at /rustc/0e09125c6c3c2fd70d7de961bcf0e51575235fad/library/std/src/panic.rs:142:14
[INFO] [stdout]   31:     0x55a6258138f1 - test::run_test_in_process::h7e7b7c71c3324e0f
[INFO] [stdout]                                at /rustc/0e09125c6c3c2fd70d7de961bcf0e51575235fad/library/test/src/lib.rs:650:27
[INFO] [stdout]   32:     0x55a6258138f1 - test::run_test::{{closure}}::h1f509f28f5cf20b1
[INFO] [stdout]                                at /rustc/0e09125c6c3c2fd70d7de961bcf0e51575235fad/library/test/src/lib.rs:573:43
[INFO] [stdout]   33:     0x55a6257dac26 - test::run_test::{{closure}}::h1754218abf443f6d
[INFO] [stdout]                                at /rustc/0e09125c6c3c2fd70d7de961bcf0e51575235fad/library/test/src/lib.rs:601:41
[INFO] [stdout]   34:     0x55a6257dac26 - std::sys_common::backtrace::__rust_begin_short_backtrace::h2ee174b9d5954948
[INFO] [stdout]                                at /rustc/0e09125c6c3c2fd70d7de961bcf0e51575235fad/library/std/src/sys_common/backtrace.rs:155:18
[INFO] [stdout]   35:     0x55a6257dfc87 - std::thread::Builder::spawn_unchecked_::{{closure}}::{{closure}}::hf60bee9c1a17ef09
[INFO] [stdout]                                at /rustc/0e09125c6c3c2fd70d7de961bcf0e51575235fad/library/std/src/thread/mod.rs:529:17
[INFO] [stdout]   36:     0x55a6257dfc87 - <core::panic::unwind_safe::AssertUnwindSafe<F> as core::ops::function::FnOnce<()>>::call_once::h33d0dddec5216160
[INFO] [stdout]                                at /rustc/0e09125c6c3c2fd70d7de961bcf0e51575235fad/library/core/src/panic/unwind_safe.rs:272:9
[INFO] [stdout]   37:     0x55a6257dfc87 - std::panicking::try::do_call::h144b3048b546f835
[INFO] [stdout]                                at /rustc/0e09125c6c3c2fd70d7de961bcf0e51575235fad/library/std/src/panicking.rs:552:40
[INFO] [stdout]   38:     0x55a6257dfc87 - std::panicking::try::h978244d04646189f
[INFO] [stdout]                                at /rustc/0e09125c6c3c2fd70d7de961bcf0e51575235fad/library/std/src/panicking.rs:516:19
[INFO] [stdout]   39:     0x55a6257dfc87 - std::panic::catch_unwind::hdf436369d188fe86
[INFO] [stdout]                                at /rustc/0e09125c6c3c2fd70d7de961bcf0e51575235fad/library/std/src/panic.rs:142:14
[INFO] [stdout]   40:     0x55a6257dfc87 - std::thread::Builder::spawn_unchecked_::{{closure}}::h87329cbdd33c79ec
[INFO] [stdout]                                at /rustc/0e09125c6c3c2fd70d7de961bcf0e51575235fad/library/std/src/thread/mod.rs:528:30
[INFO] [stdout]   41:     0x55a6257dfc87 - core::ops::function::FnOnce::call_once{{vtable.shim}}::h401abbe67897d450
[INFO] [stdout]                                at /rustc/0e09125c6c3c2fd70d7de961bcf0e51575235fad/library/core/src/ops/function.rs:250:5
[INFO] [stdout]   42:     0x55a6259d1ce5 - <alloc::boxed::Box<F,A> as core::ops::function::FnOnce<Args>>::call_once::h5d7c8f150ab9c84c
[INFO] [stdout]                                at /rustc/0e09125c6c3c2fd70d7de961bcf0e51575235fad/library/alloc/src/boxed.rs:2015:9
[INFO] [stdout]   43:     0x55a6259d1ce5 - <alloc::boxed::Box<F,A> as core::ops::function::FnOnce<Args>>::call_once::h570d5b005c242c15
[INFO] [stdout]                                at /rustc/0e09125c6c3c2fd70d7de961bcf0e51575235fad/library/alloc/src/boxed.rs:2015:9
[INFO] [stdout]   44:     0x55a6259d1ce5 - std::sys::unix::thread::Thread::new::thread_start::h36b0a20c0b2361ad
[INFO] [stdout]                                at /rustc/0e09125c6c3c2fd70d7de961bcf0e51575235fad/library/std/src/sys/unix/thread.rs:108:17
[INFO] [stdout]   45:     0x7fea408d8ac3 - <unknown>
[INFO] [stdout]   46:     0x7fea40969bf4 - __clone
[INFO] [stdout]   47:                0x0 - <unknown>
[INFO] [stdout] 
[INFO] [stdout] 
[INFO] [stdout] failures:
[INFO] [stdout]     y2015::d11::tests::test_next
[INFO] [stdout]     y2022::d06::tests::example_part2
[INFO] [stdout] 
[INFO] [stdout] test result: FAILED. 107 passed; 2 failed; 0 ignored; 0 measured; 0 filtered out; finished in 3.12s
[INFO] [stdout] 
[INFO] [stderr] error: test failed, to rerun pass `--lib`
[INFO] running `Command { std: "docker" "inspect" "99882e1417d7784d9c50fbb1ad62a557e9bfd7b9276f7fea4e17e44e1a82ab14", kill_on_drop: false }`
[INFO] running `Command { std: "docker" "rm" "-f" "99882e1417d7784d9c50fbb1ad62a557e9bfd7b9276f7fea4e17e44e1a82ab14", kill_on_drop: false }`
[INFO] [stdout] 99882e1417d7784d9c50fbb1ad62a557e9bfd7b9276f7fea4e17e44e1a82ab14
