[INFO] cloning repository https://github.com/sessokosga/Japanese-number-converter
[INFO] running `Command { std: "git" "-c" "credential.helper=" "-c" "credential.helper=/workspace/cargo-home/bin/git-credential-null" "clone" "--bare" "https://github.com/sessokosga/Japanese-number-converter" "/workspace/cache/git-repos/https%3A%2F%2Fgithub.com%2Fsessokosga%2FJapanese-number-converter", kill_on_drop: false }`
[INFO] [stderr] Cloning into bare repository '/workspace/cache/git-repos/https%3A%2F%2Fgithub.com%2Fsessokosga%2FJapanese-number-converter'...
[INFO] running `Command { std: "git" "rev-parse" "HEAD", kill_on_drop: false }`
[INFO] [stdout] 8a78b3ea6bacaecfac811485f69aa0ad9532c1f3
[INFO] testing sessokosga/Japanese-number-converter against 1.75.0 for beta-1.76-1
[INFO] running `Command { std: "git" "clone" "/workspace/cache/git-repos/https%3A%2F%2Fgithub.com%2Fsessokosga%2FJapanese-number-converter" "/workspace/builds/worker-0-tc1/source", kill_on_drop: false }`
[INFO] [stderr] Cloning into '/workspace/builds/worker-0-tc1/source'...
[INFO] [stderr] done.
[INFO] validating manifest of git repo https://github.com/sessokosga/Japanese-number-converter on toolchain 1.75.0
[INFO] running `Command { std: CARGO_HOME="/workspace/cargo-home" RUSTUP_HOME="/workspace/rustup-home" "/workspace/cargo-home/bin/cargo" "+1.75.0" "metadata" "--manifest-path" "Cargo.toml" "--no-deps", kill_on_drop: false }`
[INFO] started tweaking git repo https://github.com/sessokosga/Japanese-number-converter
[INFO] finished tweaking git repo https://github.com/sessokosga/Japanese-number-converter
[INFO] tweaked toml for git repo https://github.com/sessokosga/Japanese-number-converter written to /workspace/builds/worker-0-tc1/source/Cargo.toml
[INFO] crate git repo https://github.com/sessokosga/Japanese-number-converter already has a lockfile, it will not be regenerated
[INFO] running `Command { std: CARGO_HOME="/workspace/cargo-home" RUSTUP_HOME="/workspace/rustup-home" "/workspace/cargo-home/bin/cargo" "+1.75.0" "fetch" "--manifest-path" "Cargo.toml", kill_on_drop: false }`
[INFO] [stderr] warning: unused manifest key: package.author
[INFO] [stderr]     Blocking waiting for file lock on package cache
[INFO] [stderr]     Blocking waiting for file lock on package cache
[INFO] running `Command { std: "docker" "create" "-v" "/var/lib/crater-agent-workspace/builds/worker-0-tc1/target:/opt/rustwide/target:rw,Z" "-v" "/var/lib/crater-agent-workspace/builds/worker-0-tc1/source:/opt/rustwide/workdir:ro,Z" "-v" "/var/lib/crater-agent-workspace/cargo-home:/opt/rustwide/cargo-home:ro,Z" "-v" "/var/lib/crater-agent-workspace/rustup-home:/opt/rustwide/rustup-home:ro,Z" "-e" "SOURCE_DIR=/opt/rustwide/workdir" "-e" "CARGO_TARGET_DIR=/opt/rustwide/target" "-e" "CARGO_HOME=/opt/rustwide/cargo-home" "-e" "RUSTUP_HOME=/opt/rustwide/rustup-home" "-w" "/opt/rustwide/workdir" "-m" "1610612736" "--user" "0:0" "--network" "none" "ghcr.io/rust-lang/crates-build-env/linux@sha256:2788e3201cd34a07e3172128adcd8b3090168a8e3bcc40d7c032b9dda1df7d1c" "/opt/rustwide/cargo-home/bin/cargo" "+1.75.0" "metadata" "--no-deps" "--format-version=1", kill_on_drop: false }`
[INFO] [stdout] 73b6aa4b80ccfa1dec3ff63a2555b9a64915819e47029f844268f06e506cba1e
[INFO] running `Command { std: "docker" "start" "-a" "73b6aa4b80ccfa1dec3ff63a2555b9a64915819e47029f844268f06e506cba1e", kill_on_drop: false }`
[INFO] running `Command { std: "docker" "inspect" "73b6aa4b80ccfa1dec3ff63a2555b9a64915819e47029f844268f06e506cba1e", kill_on_drop: false }`
[INFO] running `Command { std: "docker" "rm" "-f" "73b6aa4b80ccfa1dec3ff63a2555b9a64915819e47029f844268f06e506cba1e", kill_on_drop: false }`
[INFO] [stdout] 73b6aa4b80ccfa1dec3ff63a2555b9a64915819e47029f844268f06e506cba1e
[INFO] running `Command { std: "docker" "create" "-v" "/var/lib/crater-agent-workspace/builds/worker-0-tc1/target:/opt/rustwide/target:rw,Z" "-v" "/var/lib/crater-agent-workspace/builds/worker-0-tc1/source:/opt/rustwide/workdir:ro,Z" "-v" "/var/lib/crater-agent-workspace/cargo-home:/opt/rustwide/cargo-home:ro,Z" "-v" "/var/lib/crater-agent-workspace/rustup-home:/opt/rustwide/rustup-home:ro,Z" "-e" "SOURCE_DIR=/opt/rustwide/workdir" "-e" "CARGO_TARGET_DIR=/opt/rustwide/target" "-e" "CARGO_INCREMENTAL=0" "-e" "RUST_BACKTRACE=full" "-e" "RUSTFLAGS=--cap-lints=warn" "-e" "RUSTDOCFLAGS=--cap-lints=warn" "-e" "CARGO_HOME=/opt/rustwide/cargo-home" "-e" "RUSTUP_HOME=/opt/rustwide/rustup-home" "-w" "/opt/rustwide/workdir" "-m" "1610612736" "--user" "0:0" "--network" "none" "ghcr.io/rust-lang/crates-build-env/linux@sha256:2788e3201cd34a07e3172128adcd8b3090168a8e3bcc40d7c032b9dda1df7d1c" "/opt/rustwide/cargo-home/bin/cargo" "+1.75.0" "build" "--frozen" "--message-format=json", kill_on_drop: false }`
[INFO] [stdout] 8a446839e54a708b6536bf6989e54d118c5cea09c49afd7a3be108b420c95fa1
[INFO] running `Command { std: "docker" "start" "-a" "8a446839e54a708b6536bf6989e54d118c5cea09c49afd7a3be108b420c95fa1", kill_on_drop: false }`
[INFO] [stderr] warning: unused manifest key: package.author
[INFO] [stderr]    Compiling japanese_number_converter v0.1.0 (/opt/rustwide/workdir)
[INFO] [stderr]     Finished dev [unoptimized + debuginfo] target(s) in 0.13s
[INFO] running `Command { std: "docker" "inspect" "8a446839e54a708b6536bf6989e54d118c5cea09c49afd7a3be108b420c95fa1", kill_on_drop: false }`
[INFO] running `Command { std: "docker" "rm" "-f" "8a446839e54a708b6536bf6989e54d118c5cea09c49afd7a3be108b420c95fa1", kill_on_drop: false }`
[INFO] [stdout] 8a446839e54a708b6536bf6989e54d118c5cea09c49afd7a3be108b420c95fa1
[INFO] running `Command { std: "docker" "create" "-v" "/var/lib/crater-agent-workspace/builds/worker-0-tc1/target:/opt/rustwide/target:rw,Z" "-v" "/var/lib/crater-agent-workspace/builds/worker-0-tc1/source:/opt/rustwide/workdir:ro,Z" "-v" "/var/lib/crater-agent-workspace/cargo-home:/opt/rustwide/cargo-home:ro,Z" "-v" "/var/lib/crater-agent-workspace/rustup-home:/opt/rustwide/rustup-home:ro,Z" "-e" "SOURCE_DIR=/opt/rustwide/workdir" "-e" "CARGO_TARGET_DIR=/opt/rustwide/target" "-e" "CARGO_INCREMENTAL=0" "-e" "RUST_BACKTRACE=full" "-e" "RUSTFLAGS=--cap-lints=warn" "-e" "RUSTDOCFLAGS=--cap-lints=warn" "-e" "CARGO_HOME=/opt/rustwide/cargo-home" "-e" "RUSTUP_HOME=/opt/rustwide/rustup-home" "-w" "/opt/rustwide/workdir" "-m" "1610612736" "--user" "0:0" "--network" "none" "ghcr.io/rust-lang/crates-build-env/linux@sha256:2788e3201cd34a07e3172128adcd8b3090168a8e3bcc40d7c032b9dda1df7d1c" "/opt/rustwide/cargo-home/bin/cargo" "+1.75.0" "test" "--frozen" "--no-run" "--message-format=json", kill_on_drop: false }`
[INFO] [stdout] 8c8659fe568793dbf0d9bf22e5ed04a3db9e3d19b30c2d9c1b77b18476c8d553
[INFO] running `Command { std: "docker" "start" "-a" "8c8659fe568793dbf0d9bf22e5ed04a3db9e3d19b30c2d9c1b77b18476c8d553", kill_on_drop: false }`
[INFO] [stderr] warning: unused manifest key: package.author
[INFO] [stderr]    Compiling japanese_number_converter v0.1.0 (/opt/rustwide/workdir)
[INFO] [stderr]     Finished test [unoptimized + debuginfo] target(s) in 0.44s
[INFO] running `Command { std: "docker" "inspect" "8c8659fe568793dbf0d9bf22e5ed04a3db9e3d19b30c2d9c1b77b18476c8d553", kill_on_drop: false }`
[INFO] running `Command { std: "docker" "rm" "-f" "8c8659fe568793dbf0d9bf22e5ed04a3db9e3d19b30c2d9c1b77b18476c8d553", kill_on_drop: false }`
[INFO] [stdout] 8c8659fe568793dbf0d9bf22e5ed04a3db9e3d19b30c2d9c1b77b18476c8d553
[INFO] running `Command { std: "docker" "create" "-v" "/var/lib/crater-agent-workspace/builds/worker-0-tc1/target:/opt/rustwide/target:rw,Z" "-v" "/var/lib/crater-agent-workspace/builds/worker-0-tc1/source:/opt/rustwide/workdir:ro,Z" "-v" "/var/lib/crater-agent-workspace/cargo-home:/opt/rustwide/cargo-home:ro,Z" "-v" "/var/lib/crater-agent-workspace/rustup-home:/opt/rustwide/rustup-home:ro,Z" "-e" "SOURCE_DIR=/opt/rustwide/workdir" "-e" "CARGO_TARGET_DIR=/opt/rustwide/target" "-e" "CARGO_INCREMENTAL=0" "-e" "RUST_BACKTRACE=full" "-e" "RUSTFLAGS=--cap-lints=warn" "-e" "RUSTDOCFLAGS=--cap-lints=warn" "-e" "CARGO_HOME=/opt/rustwide/cargo-home" "-e" "RUSTUP_HOME=/opt/rustwide/rustup-home" "-w" "/opt/rustwide/workdir" "-m" "1610612736" "--user" "0:0" "--network" "none" "ghcr.io/rust-lang/crates-build-env/linux@sha256:2788e3201cd34a07e3172128adcd8b3090168a8e3bcc40d7c032b9dda1df7d1c" "/opt/rustwide/cargo-home/bin/cargo" "+1.75.0" "test" "--frozen", kill_on_drop: false }`
[INFO] [stdout] c54878242a0eb400d07d507e55f7646a4b4220ff93b5efbe1c6987357376f7bf
[INFO] running `Command { std: "docker" "start" "-a" "c54878242a0eb400d07d507e55f7646a4b4220ff93b5efbe1c6987357376f7bf", kill_on_drop: false }`
[INFO] [stderr] warning: unused manifest key: package.author
[INFO] [stderr]     Finished test [unoptimized + debuginfo] target(s) in 0.01s
[INFO] [stderr]      Running unittests src/japanese_number_converter.rs (/opt/rustwide/target/debug/deps/japanese_number_converter-d8e6867646704bc5)
[INFO] [stdout] 
[INFO] [stderr]    Doc-tests japanese_number_converter
[INFO] [stdout] running 0 tests
[INFO] [stdout] 
[INFO] [stdout] test result: ok. 0 passed; 0 failed; 0 ignored; 0 measured; 0 filtered out; finished in 0.00s
[INFO] [stdout] 
[INFO] [stdout] 
[INFO] [stdout] running 3 tests
[INFO] [stdout] test src/japanese_number_converter.rs - JapaneseNumber::convert (line 43) ... FAILED
[INFO] [stdout] test src/japanese_number_converter.rs - JapaneseNumber::convert (line 29) ... ok
[INFO] [stdout] test src/japanese_number_converter.rs - (line 11) ... ok
[INFO] [stdout] 
[INFO] [stdout] failures:
[INFO] [stdout] 
[INFO] [stdout] ---- src/japanese_number_converter.rs - JapaneseNumber::convert (line 43) stdout ----
[INFO] [stdout] error: literal out of range for `usize`
[INFO] [stdout]  --> src/japanese_number_converter.rs:46:33
[INFO] [stdout]   |
[INFO] [stdout] 6 |         JapaneseNumber::convert(1844_6744_0737_0955_1616);
[INFO] [stdout]   |                                 ^^^^^^^^^^^^^^^^^^^^^^^^
[INFO] [stdout]   |
[INFO] [stdout]   = note: the literal `1844_6744_0737_0955_1616` does not fit into the type `usize` whose range is `0..=18446744073709551615`
[INFO] [stdout]   = note: `#[deny(overflowing_literals)]` on by default
[INFO] [stdout] 
[INFO] [stdout] error: aborting due to previous error
[INFO] [stdout] 
[INFO] [stdout] Couldn't compile the test.
[INFO] [stdout] 
[INFO] [stdout] failures:
[INFO] [stdout]     src/japanese_number_converter.rs - JapaneseNumber::convert (line 43)
[INFO] [stdout] 
[INFO] [stdout] test result: FAILED. 2 passed; 1 failed; 0 ignored; 0 measured; 0 filtered out; finished in 0.38s
[INFO] [stdout] 
[INFO] [stderr] error: doctest failed, to rerun pass `--doc`
[INFO] running `Command { std: "docker" "inspect" "c54878242a0eb400d07d507e55f7646a4b4220ff93b5efbe1c6987357376f7bf", kill_on_drop: false }`
[INFO] running `Command { std: "docker" "rm" "-f" "c54878242a0eb400d07d507e55f7646a4b4220ff93b5efbe1c6987357376f7bf", kill_on_drop: false }`
[INFO] [stdout] c54878242a0eb400d07d507e55f7646a4b4220ff93b5efbe1c6987357376f7bf
[INFO] testing sessokosga/Japanese-number-converter against beta-2023-12-22 for beta-1.76-1
[INFO] running `Command { std: "git" "clone" "/workspace/cache/git-repos/https%3A%2F%2Fgithub.com%2Fsessokosga%2FJapanese-number-converter" "/workspace/builds/worker-0-tc2/source", kill_on_drop: false }`
[INFO] [stderr] Cloning into '/workspace/builds/worker-0-tc2/source'...
[INFO] [stderr] done.
[INFO] validating manifest of git repo https://github.com/sessokosga/Japanese-number-converter on toolchain beta-2023-12-22
[INFO] running `Command { std: CARGO_HOME="/workspace/cargo-home" RUSTUP_HOME="/workspace/rustup-home" "/workspace/cargo-home/bin/cargo" "+beta-2023-12-22" "metadata" "--manifest-path" "Cargo.toml" "--no-deps", kill_on_drop: false }`
[INFO] started tweaking git repo https://github.com/sessokosga/Japanese-number-converter
[INFO] finished tweaking git repo https://github.com/sessokosga/Japanese-number-converter
[INFO] tweaked toml for git repo https://github.com/sessokosga/Japanese-number-converter written to /workspace/builds/worker-0-tc2/source/Cargo.toml
[INFO] crate git repo https://github.com/sessokosga/Japanese-number-converter already has a lockfile, it will not be regenerated
[INFO] running `Command { std: CARGO_HOME="/workspace/cargo-home" RUSTUP_HOME="/workspace/rustup-home" "/workspace/cargo-home/bin/cargo" "+beta-2023-12-22" "fetch" "--manifest-path" "Cargo.toml", kill_on_drop: false }`
[INFO] [stderr] warning: unused manifest key: package.author
[INFO] running `Command { std: "docker" "create" "-v" "/var/lib/crater-agent-workspace/builds/worker-0-tc2/target:/opt/rustwide/target:rw,Z" "-v" "/var/lib/crater-agent-workspace/builds/worker-0-tc2/source:/opt/rustwide/workdir:ro,Z" "-v" "/var/lib/crater-agent-workspace/cargo-home:/opt/rustwide/cargo-home:ro,Z" "-v" "/var/lib/crater-agent-workspace/rustup-home:/opt/rustwide/rustup-home:ro,Z" "-e" "SOURCE_DIR=/opt/rustwide/workdir" "-e" "CARGO_TARGET_DIR=/opt/rustwide/target" "-e" "CARGO_HOME=/opt/rustwide/cargo-home" "-e" "RUSTUP_HOME=/opt/rustwide/rustup-home" "-w" "/opt/rustwide/workdir" "-m" "1610612736" "--user" "0:0" "--network" "none" "ghcr.io/rust-lang/crates-build-env/linux@sha256:2788e3201cd34a07e3172128adcd8b3090168a8e3bcc40d7c032b9dda1df7d1c" "/opt/rustwide/cargo-home/bin/cargo" "+beta-2023-12-22" "metadata" "--no-deps" "--format-version=1", kill_on_drop: false }`
[INFO] [stdout] 1dab303b310a46874799e76721e280d84f231b0d239aa3e67e71e526a762b88b
[INFO] running `Command { std: "docker" "start" "-a" "1dab303b310a46874799e76721e280d84f231b0d239aa3e67e71e526a762b88b", kill_on_drop: false }`
[INFO] running `Command { std: "docker" "inspect" "1dab303b310a46874799e76721e280d84f231b0d239aa3e67e71e526a762b88b", kill_on_drop: false }`
[INFO] running `Command { std: "docker" "rm" "-f" "1dab303b310a46874799e76721e280d84f231b0d239aa3e67e71e526a762b88b", kill_on_drop: false }`
[INFO] [stdout] 1dab303b310a46874799e76721e280d84f231b0d239aa3e67e71e526a762b88b
[INFO] running `Command { std: "docker" "create" "-v" "/var/lib/crater-agent-workspace/builds/worker-0-tc2/target:/opt/rustwide/target:rw,Z" "-v" "/var/lib/crater-agent-workspace/builds/worker-0-tc2/source:/opt/rustwide/workdir:ro,Z" "-v" "/var/lib/crater-agent-workspace/cargo-home:/opt/rustwide/cargo-home:ro,Z" "-v" "/var/lib/crater-agent-workspace/rustup-home:/opt/rustwide/rustup-home:ro,Z" "-e" "SOURCE_DIR=/opt/rustwide/workdir" "-e" "CARGO_TARGET_DIR=/opt/rustwide/target" "-e" "CARGO_INCREMENTAL=0" "-e" "RUST_BACKTRACE=full" "-e" "RUSTFLAGS=--cap-lints=warn" "-e" "RUSTDOCFLAGS=--cap-lints=warn" "-e" "CARGO_HOME=/opt/rustwide/cargo-home" "-e" "RUSTUP_HOME=/opt/rustwide/rustup-home" "-w" "/opt/rustwide/workdir" "-m" "1610612736" "--user" "0:0" "--network" "none" "ghcr.io/rust-lang/crates-build-env/linux@sha256:2788e3201cd34a07e3172128adcd8b3090168a8e3bcc40d7c032b9dda1df7d1c" "/opt/rustwide/cargo-home/bin/cargo" "+beta-2023-12-22" "build" "--frozen" "--message-format=json", kill_on_drop: false }`
[INFO] [stdout] 0308b7b9fe20d8aab0802c56be8baab773d4a43ab6195d0691db465810741968
[INFO] running `Command { std: "docker" "start" "-a" "0308b7b9fe20d8aab0802c56be8baab773d4a43ab6195d0691db465810741968", kill_on_drop: false }`
[INFO] [stderr] warning: unused manifest key: package.author
[INFO] [stderr]    Compiling japanese_number_converter v0.1.0 (/opt/rustwide/workdir)
[INFO] [stderr]     Finished dev [unoptimized + debuginfo] target(s) in 0.19s
[INFO] running `Command { std: "docker" "inspect" "0308b7b9fe20d8aab0802c56be8baab773d4a43ab6195d0691db465810741968", kill_on_drop: false }`
[INFO] running `Command { std: "docker" "rm" "-f" "0308b7b9fe20d8aab0802c56be8baab773d4a43ab6195d0691db465810741968", kill_on_drop: false }`
[INFO] [stdout] 0308b7b9fe20d8aab0802c56be8baab773d4a43ab6195d0691db465810741968
[INFO] running `Command { std: "docker" "create" "-v" "/var/lib/crater-agent-workspace/builds/worker-0-tc2/target:/opt/rustwide/target:rw,Z" "-v" "/var/lib/crater-agent-workspace/builds/worker-0-tc2/source:/opt/rustwide/workdir:ro,Z" "-v" "/var/lib/crater-agent-workspace/cargo-home:/opt/rustwide/cargo-home:ro,Z" "-v" "/var/lib/crater-agent-workspace/rustup-home:/opt/rustwide/rustup-home:ro,Z" "-e" "SOURCE_DIR=/opt/rustwide/workdir" "-e" "CARGO_TARGET_DIR=/opt/rustwide/target" "-e" "CARGO_INCREMENTAL=0" "-e" "RUST_BACKTRACE=full" "-e" "RUSTFLAGS=--cap-lints=warn" "-e" "RUSTDOCFLAGS=--cap-lints=warn" "-e" "CARGO_HOME=/opt/rustwide/cargo-home" "-e" "RUSTUP_HOME=/opt/rustwide/rustup-home" "-w" "/opt/rustwide/workdir" "-m" "1610612736" "--user" "0:0" "--network" "none" "ghcr.io/rust-lang/crates-build-env/linux@sha256:2788e3201cd34a07e3172128adcd8b3090168a8e3bcc40d7c032b9dda1df7d1c" "/opt/rustwide/cargo-home/bin/cargo" "+beta-2023-12-22" "test" "--frozen" "--no-run" "--message-format=json", kill_on_drop: false }`
[INFO] [stdout] 99e724b786e3cf3337d91628aa61b6ad6c95b3760831baad70c9491921134e5d
[INFO] running `Command { std: "docker" "start" "-a" "99e724b786e3cf3337d91628aa61b6ad6c95b3760831baad70c9491921134e5d", kill_on_drop: false }`
[INFO] [stderr] warning: unused manifest key: package.author
[INFO] [stderr]    Compiling japanese_number_converter v0.1.0 (/opt/rustwide/workdir)
[INFO] [stderr]     Finished test [unoptimized + debuginfo] target(s) in 0.42s
[INFO] running `Command { std: "docker" "inspect" "99e724b786e3cf3337d91628aa61b6ad6c95b3760831baad70c9491921134e5d", kill_on_drop: false }`
[INFO] running `Command { std: "docker" "rm" "-f" "99e724b786e3cf3337d91628aa61b6ad6c95b3760831baad70c9491921134e5d", kill_on_drop: false }`
[INFO] [stdout] 99e724b786e3cf3337d91628aa61b6ad6c95b3760831baad70c9491921134e5d
[INFO] running `Command { std: "docker" "create" "-v" "/var/lib/crater-agent-workspace/builds/worker-0-tc2/target:/opt/rustwide/target:rw,Z" "-v" "/var/lib/crater-agent-workspace/builds/worker-0-tc2/source:/opt/rustwide/workdir:ro,Z" "-v" "/var/lib/crater-agent-workspace/cargo-home:/opt/rustwide/cargo-home:ro,Z" "-v" "/var/lib/crater-agent-workspace/rustup-home:/opt/rustwide/rustup-home:ro,Z" "-e" "SOURCE_DIR=/opt/rustwide/workdir" "-e" "CARGO_TARGET_DIR=/opt/rustwide/target" "-e" "CARGO_INCREMENTAL=0" "-e" "RUST_BACKTRACE=full" "-e" "RUSTFLAGS=--cap-lints=warn" "-e" "RUSTDOCFLAGS=--cap-lints=warn" "-e" "CARGO_HOME=/opt/rustwide/cargo-home" "-e" "RUSTUP_HOME=/opt/rustwide/rustup-home" "-w" "/opt/rustwide/workdir" "-m" "1610612736" "--user" "0:0" "--network" "none" "ghcr.io/rust-lang/crates-build-env/linux@sha256:2788e3201cd34a07e3172128adcd8b3090168a8e3bcc40d7c032b9dda1df7d1c" "/opt/rustwide/cargo-home/bin/cargo" "+beta-2023-12-22" "test" "--frozen", kill_on_drop: false }`
[INFO] [stdout] 30fdcd70da3318282c837bf73c040559c3406a92208df82e112c5badd337df63
[INFO] running `Command { std: "docker" "start" "-a" "30fdcd70da3318282c837bf73c040559c3406a92208df82e112c5badd337df63", kill_on_drop: false }`
[INFO] [stderr] warning: unused manifest key: package.author
[INFO] [stderr]     Finished test [unoptimized + debuginfo] target(s) in 0.01s
[INFO] [stderr]      Running unittests src/japanese_number_converter.rs (/opt/rustwide/target/debug/deps/japanese_number_converter-8a9e1bd55b5e8109)
[INFO] [stdout] 
[INFO] [stdout] running 0 tests
[INFO] [stdout] 
[INFO] [stdout] test result: ok. 0 passed; 0 failed; 0 ignored; 0 measured; 0 filtered out; finished in 0.00s
[INFO] [stdout] 
[INFO] [stderr]    Doc-tests japanese_number_converter
[INFO] [stdout] 
[INFO] [stdout] running 3 tests
[INFO] [stdout] test src/japanese_number_converter.rs - JapaneseNumber::convert (line 43) ... FAILED
[INFO] [stdout] test src/japanese_number_converter.rs - (line 11) ... ok
[INFO] [stderr] error: doctest failed, to rerun pass `--doc`
[INFO] [stdout] test src/japanese_number_converter.rs - JapaneseNumber::convert (line 29) ... ok
[INFO] [stdout] 
[INFO] [stdout] failures:
[INFO] [stdout] 
[INFO] [stdout] ---- src/japanese_number_converter.rs - JapaneseNumber::convert (line 43) stdout ----
[INFO] [stdout] error: literal out of range for `usize`
[INFO] [stdout]  --> src/japanese_number_converter.rs:46:33
[INFO] [stdout]   |
[INFO] [stdout] 6 |         JapaneseNumber::convert(1844_6744_0737_0955_1616);
[INFO] [stdout]   |                                 ^^^^^^^^^^^^^^^^^^^^^^^^
[INFO] [stdout]   |
[INFO] [stdout]   = note: the literal `1844_6744_0737_0955_1616` does not fit into the type `usize` whose range is `0..=18446744073709551615`
[INFO] [stdout]   = note: `#[deny(overflowing_literals)]` on by default
[INFO] [stdout] 
[INFO] [stdout] error: aborting due to 1 previous error
[INFO] [stdout] 
[INFO] [stdout] Couldn't compile the test.
[INFO] [stdout] 
[INFO] [stdout] failures:
[INFO] [stdout]     src/japanese_number_converter.rs - JapaneseNumber::convert (line 43)
[INFO] [stdout] 
[INFO] [stdout] test result: FAILED. 2 passed; 1 failed; 0 ignored; 0 measured; 0 filtered out; finished in 0.39s
[INFO] [stdout] 
[INFO] running `Command { std: "docker" "inspect" "30fdcd70da3318282c837bf73c040559c3406a92208df82e112c5badd337df63", kill_on_drop: false }`
[INFO] running `Command { std: "docker" "rm" "-f" "30fdcd70da3318282c837bf73c040559c3406a92208df82e112c5badd337df63", kill_on_drop: false }`
[INFO] [stdout] 30fdcd70da3318282c837bf73c040559c3406a92208df82e112c5badd337df63
