[INFO] cloning repository https://github.com/senrust/toy_compiler2
[INFO] running `Command { std: "git" "-c" "credential.helper=" "-c" "credential.helper=/workspace/cargo-home/bin/git-credential-null" "clone" "--bare" "https://github.com/senrust/toy_compiler2" "/workspace/cache/git-repos/https%3A%2F%2Fgithub.com%2Fsenrust%2Ftoy_compiler2", kill_on_drop: false }`
[INFO] [stderr] Cloning into bare repository '/workspace/cache/git-repos/https%3A%2F%2Fgithub.com%2Fsenrust%2Ftoy_compiler2'...
[INFO] running `Command { std: "git" "rev-parse" "HEAD", kill_on_drop: false }`
[INFO] [stdout] 3325a5d71a27e4498c21573ba00c038e2c470d5e
[INFO] testing senrust/toy_compiler2 against 1.75.0 for beta-1.76-1
[INFO] running `Command { std: "git" "clone" "/workspace/cache/git-repos/https%3A%2F%2Fgithub.com%2Fsenrust%2Ftoy_compiler2" "/workspace/builds/worker-5-tc1/source", kill_on_drop: false }`
[INFO] [stderr] Cloning into '/workspace/builds/worker-5-tc1/source'...
[INFO] [stderr] done.
[INFO] validating manifest of git repo https://github.com/senrust/toy_compiler2 on toolchain 1.75.0
[INFO] running `Command { std: CARGO_HOME="/workspace/cargo-home" RUSTUP_HOME="/workspace/rustup-home" "/workspace/cargo-home/bin/cargo" "+1.75.0" "metadata" "--manifest-path" "Cargo.toml" "--no-deps", kill_on_drop: false }`
[INFO] started tweaking git repo https://github.com/senrust/toy_compiler2
[INFO] finished tweaking git repo https://github.com/senrust/toy_compiler2
[INFO] tweaked toml for git repo https://github.com/senrust/toy_compiler2 written to /workspace/builds/worker-5-tc1/source/Cargo.toml
[INFO] crate git repo https://github.com/senrust/toy_compiler2 already has a lockfile, it will not be regenerated
[INFO] running `Command { std: CARGO_HOME="/workspace/cargo-home" RUSTUP_HOME="/workspace/rustup-home" "/workspace/cargo-home/bin/cargo" "+1.75.0" "fetch" "--manifest-path" "Cargo.toml", kill_on_drop: false }`
[INFO] running `Command { std: "docker" "create" "-v" "/var/lib/crater-agent-workspace/builds/worker-5-tc1/target:/opt/rustwide/target:rw,Z" "-v" "/var/lib/crater-agent-workspace/builds/worker-5-tc1/source:/opt/rustwide/workdir:ro,Z" "-v" "/var/lib/crater-agent-workspace/cargo-home:/opt/rustwide/cargo-home:ro,Z" "-v" "/var/lib/crater-agent-workspace/rustup-home:/opt/rustwide/rustup-home:ro,Z" "-e" "SOURCE_DIR=/opt/rustwide/workdir" "-e" "CARGO_TARGET_DIR=/opt/rustwide/target" "-e" "CARGO_HOME=/opt/rustwide/cargo-home" "-e" "RUSTUP_HOME=/opt/rustwide/rustup-home" "-w" "/opt/rustwide/workdir" "-m" "1610612736" "--user" "0:0" "--network" "none" "ghcr.io/rust-lang/crates-build-env/linux@sha256:2788e3201cd34a07e3172128adcd8b3090168a8e3bcc40d7c032b9dda1df7d1c" "/opt/rustwide/cargo-home/bin/cargo" "+1.75.0" "metadata" "--no-deps" "--format-version=1", kill_on_drop: false }`
[INFO] [stdout] e56c5f85b2106a57362ba254a1373619b13c5fb69ec600e54fd9f71bb67bcf61
[INFO] running `Command { std: "docker" "start" "-a" "e56c5f85b2106a57362ba254a1373619b13c5fb69ec600e54fd9f71bb67bcf61", kill_on_drop: false }`
[INFO] running `Command { std: "docker" "inspect" "e56c5f85b2106a57362ba254a1373619b13c5fb69ec600e54fd9f71bb67bcf61", kill_on_drop: false }`
[INFO] running `Command { std: "docker" "rm" "-f" "e56c5f85b2106a57362ba254a1373619b13c5fb69ec600e54fd9f71bb67bcf61", kill_on_drop: false }`
[INFO] [stdout] e56c5f85b2106a57362ba254a1373619b13c5fb69ec600e54fd9f71bb67bcf61
[INFO] running `Command { std: "docker" "create" "-v" "/var/lib/crater-agent-workspace/builds/worker-5-tc1/target:/opt/rustwide/target:rw,Z" "-v" "/var/lib/crater-agent-workspace/builds/worker-5-tc1/source:/opt/rustwide/workdir:ro,Z" "-v" "/var/lib/crater-agent-workspace/cargo-home:/opt/rustwide/cargo-home:ro,Z" "-v" "/var/lib/crater-agent-workspace/rustup-home:/opt/rustwide/rustup-home:ro,Z" "-e" "SOURCE_DIR=/opt/rustwide/workdir" "-e" "CARGO_TARGET_DIR=/opt/rustwide/target" "-e" "CARGO_INCREMENTAL=0" "-e" "RUST_BACKTRACE=full" "-e" "RUSTFLAGS=--cap-lints=warn" "-e" "RUSTDOCFLAGS=--cap-lints=warn" "-e" "CARGO_HOME=/opt/rustwide/cargo-home" "-e" "RUSTUP_HOME=/opt/rustwide/rustup-home" "-w" "/opt/rustwide/workdir" "-m" "1610612736" "--user" "0:0" "--network" "none" "ghcr.io/rust-lang/crates-build-env/linux@sha256:2788e3201cd34a07e3172128adcd8b3090168a8e3bcc40d7c032b9dda1df7d1c" "/opt/rustwide/cargo-home/bin/cargo" "+1.75.0" "build" "--frozen" "--message-format=json", kill_on_drop: false }`
[INFO] [stdout] b3757d2fca02545d52e0f18d26e540dfeb6ccc8a16b6f1ccba7da58c868cecd8
[INFO] running `Command { std: "docker" "start" "-a" "b3757d2fca02545d52e0f18d26e540dfeb6ccc8a16b6f1ccba7da58c868cecd8", kill_on_drop: false }`
[INFO] [stderr]    Compiling compiler v0.1.0 (/opt/rustwide/workdir)
[INFO] [stdout] warning: call to `.deref()` on a reference in this situation does nothing
[INFO] [stdout]   --> src/definition/functions.rs:27:29
[INFO] [stdout]    |
[INFO] [stdout] 27 |                 if *self_arg.deref() != *rhs_arg.deref() {
[INFO] [stdout]    |                             ^^^^^^^^ help: remove this redundant call
[INFO] [stdout]    |
[INFO] [stdout]    = note: the type `types::Type` does not implement `Deref`, so calling `deref` on `&types::Type` copies the reference, which does not do anything and can be removed
[INFO] [stdout]    = note: `#[warn(noop_method_call)]` on by default
[INFO] [stdout] 
[INFO] [stdout] 
[INFO] [stdout] warning: call to `.deref()` on a reference in this situation does nothing
[INFO] [stdout]   --> src/definition/functions.rs:27:49
[INFO] [stdout]    |
[INFO] [stdout] 27 |                 if *self_arg.deref() != *rhs_arg.deref() {
[INFO] [stdout]    |                                                 ^^^^^^^^ help: remove this redundant call
[INFO] [stdout]    |
[INFO] [stdout]    = note: the type `types::Type` does not implement `Deref`, so calling `deref` on `&types::Type` copies the reference, which does not do anything and can be removed
[INFO] [stdout] 
[INFO] [stdout] 
[INFO] [stdout] warning: 2 warnings emitted
[INFO] [stdout] 
[INFO] [stdout] 
[INFO] [stdout] warning: call to `.deref()` on a reference in this situation does nothing
[INFO] [stdout]   --> src/definition/functions.rs:27:29
[INFO] [stdout]    |
[INFO] [stdout] 27 |                 if *self_arg.deref() != *rhs_arg.deref() {
[INFO] [stdout]    |                             ^^^^^^^^ help: remove this redundant call
[INFO] [stdout]    |
[INFO] [stdout]    = note: the type `types::Type` does not implement `Deref`, so calling `deref` on `&types::Type` copies the reference, which does not do anything and can be removed
[INFO] [stdout]    = note: `#[warn(noop_method_call)]` on by default
[INFO] [stdout] 
[INFO] [stdout] 
[INFO] [stdout] warning: call to `.deref()` on a reference in this situation does nothing
[INFO] [stdout]   --> src/definition/functions.rs:27:49
[INFO] [stdout]    |
[INFO] [stdout] 27 |                 if *self_arg.deref() != *rhs_arg.deref() {
[INFO] [stdout]    |                                                 ^^^^^^^^ help: remove this redundant call
[INFO] [stdout]    |
[INFO] [stdout]    = note: the type `types::Type` does not implement `Deref`, so calling `deref` on `&types::Type` copies the reference, which does not do anything and can be removed
[INFO] [stdout] 
[INFO] [stdout] 
[INFO] [stdout] warning: 2 warnings emitted
[INFO] [stdout] 
[INFO] [stdout] 
[INFO] [stderr]     Finished dev [unoptimized + debuginfo] target(s) in 1.39s
[INFO] running `Command { std: "docker" "inspect" "b3757d2fca02545d52e0f18d26e540dfeb6ccc8a16b6f1ccba7da58c868cecd8", kill_on_drop: false }`
[INFO] running `Command { std: "docker" "rm" "-f" "b3757d2fca02545d52e0f18d26e540dfeb6ccc8a16b6f1ccba7da58c868cecd8", kill_on_drop: false }`
[INFO] [stdout] b3757d2fca02545d52e0f18d26e540dfeb6ccc8a16b6f1ccba7da58c868cecd8
[INFO] running `Command { std: "docker" "create" "-v" "/var/lib/crater-agent-workspace/builds/worker-5-tc1/target:/opt/rustwide/target:rw,Z" "-v" "/var/lib/crater-agent-workspace/builds/worker-5-tc1/source:/opt/rustwide/workdir:ro,Z" "-v" "/var/lib/crater-agent-workspace/cargo-home:/opt/rustwide/cargo-home:ro,Z" "-v" "/var/lib/crater-agent-workspace/rustup-home:/opt/rustwide/rustup-home:ro,Z" "-e" "SOURCE_DIR=/opt/rustwide/workdir" "-e" "CARGO_TARGET_DIR=/opt/rustwide/target" "-e" "CARGO_INCREMENTAL=0" "-e" "RUST_BACKTRACE=full" "-e" "RUSTFLAGS=--cap-lints=warn" "-e" "RUSTDOCFLAGS=--cap-lints=warn" "-e" "CARGO_HOME=/opt/rustwide/cargo-home" "-e" "RUSTUP_HOME=/opt/rustwide/rustup-home" "-w" "/opt/rustwide/workdir" "-m" "1610612736" "--user" "0:0" "--network" "none" "ghcr.io/rust-lang/crates-build-env/linux@sha256:2788e3201cd34a07e3172128adcd8b3090168a8e3bcc40d7c032b9dda1df7d1c" "/opt/rustwide/cargo-home/bin/cargo" "+1.75.0" "test" "--frozen" "--no-run" "--message-format=json", kill_on_drop: false }`
[INFO] [stdout] feac89cdb6847e40a7a6f8240eeb532ab8e088c9eb35176d2248ed968c978fe7
[INFO] running `Command { std: "docker" "start" "-a" "feac89cdb6847e40a7a6f8240eeb532ab8e088c9eb35176d2248ed968c978fe7", kill_on_drop: false }`
[INFO] [stdout] warning: call to `.deref()` on a reference in this situation does nothing
[INFO] [stdout]   --> src/definition/functions.rs:27:29
[INFO] [stdout]    |
[INFO] [stdout] 27 |                 if *self_arg.deref() != *rhs_arg.deref() {
[INFO] [stdout]    |                             ^^^^^^^^ help: remove this redundant call
[INFO] [stdout]    |
[INFO] [stdout]    = note: the type `types::Type` does not implement `Deref`, so calling `deref` on `&types::Type` copies the reference, which does not do anything and can be removed
[INFO] [stdout]    = note: `#[warn(noop_method_call)]` on by default
[INFO] [stdout] 
[INFO] [stdout] 
[INFO] [stderr]    Compiling compiler v0.1.0 (/opt/rustwide/workdir)
[INFO] [stdout] warning: call to `.deref()` on a reference in this situation does nothing
[INFO] [stdout]   --> src/definition/functions.rs:27:49
[INFO] [stdout]    |
[INFO] [stdout] 27 |                 if *self_arg.deref() != *rhs_arg.deref() {
[INFO] [stdout]    |                                                 ^^^^^^^^ help: remove this redundant call
[INFO] [stdout]    |
[INFO] [stdout]    = note: the type `types::Type` does not implement `Deref`, so calling `deref` on `&types::Type` copies the reference, which does not do anything and can be removed
[INFO] [stdout] 
[INFO] [stdout] 
[INFO] [stdout] warning: 2 warnings emitted
[INFO] [stdout] 
[INFO] [stdout] 
[INFO] [stdout] warning: call to `.deref()` on a reference in this situation does nothing
[INFO] [stdout]   --> src/definition/functions.rs:27:29
[INFO] [stdout]    |
[INFO] [stdout] 27 |                 if *self_arg.deref() != *rhs_arg.deref() {
[INFO] [stdout]    |                             ^^^^^^^^ help: remove this redundant call
[INFO] [stdout]    |
[INFO] [stdout]    = note: the type `types::Type` does not implement `Deref`, so calling `deref` on `&types::Type` copies the reference, which does not do anything and can be removed
[INFO] [stdout]    = note: `#[warn(noop_method_call)]` on by default
[INFO] [stdout] 
[INFO] [stdout] 
[INFO] [stdout] warning: call to `.deref()` on a reference in this situation does nothing
[INFO] [stdout]   --> src/definition/functions.rs:27:49
[INFO] [stdout]    |
[INFO] [stdout] 27 |                 if *self_arg.deref() != *rhs_arg.deref() {
[INFO] [stdout]    |                                                 ^^^^^^^^ help: remove this redundant call
[INFO] [stdout]    |
[INFO] [stdout]    = note: the type `types::Type` does not implement `Deref`, so calling `deref` on `&types::Type` copies the reference, which does not do anything and can be removed
[INFO] [stdout] 
[INFO] [stdout] 
[INFO] [stdout] warning: 2 warnings emitted
[INFO] [stdout] 
[INFO] [stdout] 
[INFO] [stdout] warning: call to `.deref()` on a reference in this situation does nothing
[INFO] [stdout]   --> src/definition/functions.rs:27:29
[INFO] [stdout]    |
[INFO] [stdout] 27 |                 if *self_arg.deref() != *rhs_arg.deref() {
[INFO] [stdout]    |                             ^^^^^^^^ help: remove this redundant call
[INFO] [stdout]    |
[INFO] [stdout]    = note: the type `types::Type` does not implement `Deref`, so calling `deref` on `&types::Type` copies the reference, which does not do anything and can be removed
[INFO] [stdout]    = note: `#[warn(noop_method_call)]` on by default
[INFO] [stdout] 
[INFO] [stdout] 
[INFO] [stdout] warning: call to `.deref()` on a reference in this situation does nothing
[INFO] [stdout]   --> src/definition/functions.rs:27:49
[INFO] [stdout]    |
[INFO] [stdout] 27 |                 if *self_arg.deref() != *rhs_arg.deref() {
[INFO] [stdout]    |                                                 ^^^^^^^^ help: remove this redundant call
[INFO] [stdout]    |
[INFO] [stdout]    = note: the type `types::Type` does not implement `Deref`, so calling `deref` on `&types::Type` copies the reference, which does not do anything and can be removed
[INFO] [stdout] 
[INFO] [stdout] 
[INFO] [stdout] warning: call to `.deref()` on a reference in this situation does nothing
[INFO] [stdout]   --> src/definition/functions.rs:27:29
[INFO] [stdout]    |
[INFO] [stdout] 27 |                 if *self_arg.deref() != *rhs_arg.deref() {
[INFO] [stdout]    |                             ^^^^^^^^ help: remove this redundant call
[INFO] [stdout]    |
[INFO] [stdout]    = note: the type `types::Type` does not implement `Deref`, so calling `deref` on `&types::Type` copies the reference, which does not do anything and can be removed
[INFO] [stdout]    = note: `#[warn(noop_method_call)]` on by default
[INFO] [stdout] 
[INFO] [stdout] 
[INFO] [stdout] warning: call to `.deref()` on a reference in this situation does nothing
[INFO] [stdout]   --> src/definition/functions.rs:27:49
[INFO] [stdout]    |
[INFO] [stdout] 27 |                 if *self_arg.deref() != *rhs_arg.deref() {
[INFO] [stdout]    |                                                 ^^^^^^^^ help: remove this redundant call
[INFO] [stdout]    |
[INFO] [stdout]    = note: the type `types::Type` does not implement `Deref`, so calling `deref` on `&types::Type` copies the reference, which does not do anything and can be removed
[INFO] [stdout] 
[INFO] [stdout] 
[INFO] [stdout] warning: 2 warnings emitted
[INFO] [stdout] 
[INFO] [stdout] 
[INFO] [stdout] warning: 2 warnings emitted
[INFO] [stdout] 
[INFO] [stdout] 
[INFO] [stderr]     Finished test [unoptimized + debuginfo] target(s) in 0.43s
[INFO] running `Command { std: "docker" "inspect" "feac89cdb6847e40a7a6f8240eeb532ab8e088c9eb35176d2248ed968c978fe7", kill_on_drop: false }`
[INFO] running `Command { std: "docker" "rm" "-f" "feac89cdb6847e40a7a6f8240eeb532ab8e088c9eb35176d2248ed968c978fe7", kill_on_drop: false }`
[INFO] [stdout] feac89cdb6847e40a7a6f8240eeb532ab8e088c9eb35176d2248ed968c978fe7
[INFO] running `Command { std: "docker" "create" "-v" "/var/lib/crater-agent-workspace/builds/worker-5-tc1/target:/opt/rustwide/target:rw,Z" "-v" "/var/lib/crater-agent-workspace/builds/worker-5-tc1/source:/opt/rustwide/workdir:ro,Z" "-v" "/var/lib/crater-agent-workspace/cargo-home:/opt/rustwide/cargo-home:ro,Z" "-v" "/var/lib/crater-agent-workspace/rustup-home:/opt/rustwide/rustup-home:ro,Z" "-e" "SOURCE_DIR=/opt/rustwide/workdir" "-e" "CARGO_TARGET_DIR=/opt/rustwide/target" "-e" "CARGO_INCREMENTAL=0" "-e" "RUST_BACKTRACE=full" "-e" "RUSTFLAGS=--cap-lints=warn" "-e" "RUSTDOCFLAGS=--cap-lints=warn" "-e" "CARGO_HOME=/opt/rustwide/cargo-home" "-e" "RUSTUP_HOME=/opt/rustwide/rustup-home" "-w" "/opt/rustwide/workdir" "-m" "1610612736" "--user" "0:0" "--network" "none" "ghcr.io/rust-lang/crates-build-env/linux@sha256:2788e3201cd34a07e3172128adcd8b3090168a8e3bcc40d7c032b9dda1df7d1c" "/opt/rustwide/cargo-home/bin/cargo" "+1.75.0" "test" "--frozen", kill_on_drop: false }`
[INFO] [stdout] e530daa80e3c9cc26e8366fa32ebae1976aff9b837389079614802c248df9dca
[INFO] running `Command { std: "docker" "start" "-a" "e530daa80e3c9cc26e8366fa32ebae1976aff9b837389079614802c248df9dca", kill_on_drop: false }`
[INFO] [stderr] warning: call to `.deref()` on a reference in this situation does nothing
[INFO] [stderr]   --> src/definition/functions.rs:27:29
[INFO] [stderr]    |
[INFO] [stderr] 27 |                 if *self_arg.deref() != *rhs_arg.deref() {
[INFO] [stderr]    |                             ^^^^^^^^ help: remove this redundant call
[INFO] [stderr]    |
[INFO] [stderr]    = note: the type `types::Type` does not implement `Deref`, so calling `deref` on `&types::Type` copies the reference, which does not do anything and can be removed
[INFO] [stderr]    = note: `#[warn(noop_method_call)]` on by default
[INFO] [stderr] 
[INFO] [stderr] warning: call to `.deref()` on a reference in this situation does nothing
[INFO] [stderr]   --> src/definition/functions.rs:27:49
[INFO] [stderr]    |
[INFO] [stderr] 27 |                 if *self_arg.deref() != *rhs_arg.deref() {
[INFO] [stderr]    |                                                 ^^^^^^^^ help: remove this redundant call
[INFO] [stderr]    |
[INFO] [stderr]    = note: the type `types::Type` does not implement `Deref`, so calling `deref` on `&types::Type` copies the reference, which does not do anything and can be removed
[INFO] [stderr] 
[INFO] [stderr] warning: `compiler` (lib) generated 2 warnings (run `cargo fix --lib -p compiler` to apply 2 suggestions)
[INFO] [stderr] warning: `compiler` (bin "compiler") generated 2 warnings (2 duplicates)
[INFO] [stderr] warning: `compiler` (bin "compiler" test) generated 2 warnings (2 duplicates)
[INFO] [stderr] warning: `compiler` (lib test) generated 2 warnings (2 duplicates)
[INFO] [stderr]     Finished test [unoptimized + debuginfo] target(s) in 0.00s
[INFO] [stderr]      Running unittests src/lib.rs (/opt/rustwide/target/debug/deps/compiler-7da0cd4b214fef25)
[INFO] [stdout] 
[INFO] [stdout] running 0 tests
[INFO] [stdout] 
[INFO] [stdout] test result: ok. 0 passed; 0 failed; 0 ignored; 0 measured; 0 filtered out; finished in 0.00s
[INFO] [stdout] 
[INFO] [stderr]      Running unittests src/main.rs (/opt/rustwide/target/debug/deps/compiler-4fb59f50676c2e1d)
[INFO] [stdout] 
[INFO] [stdout] running 0 tests
[INFO] [stdout] 
[INFO] [stdout] test result: ok. 0 passed; 0 failed; 0 ignored; 0 measured; 0 filtered out; finished in 0.00s
[INFO] [stdout] 
[INFO] [stderr]      Running tests/test.rs (/opt/rustwide/target/debug/deps/test-bd13f66d0da8c1d4)
[INFO] [stdout] 
[INFO] [stdout] running 27 tests
[INFO] [stdout] test address_test ... FAILED
[INFO] [stdout] test add_test ... FAILED
[INFO] [stdout] test assign_test ... FAILED
[INFO] [stdout] test break_test ... FAILED
[INFO] [stdout] test assignope_test ... FAILED
[INFO] [stdout] test array_test ... FAILED
[INFO] [stdout] test bitoperation_test ... FAILED
[INFO] [stdout] test equality_test ... FAILED
[INFO] [stdout] test brackets_test ... FAILED
[INFO] [stdout] test expressions_test ... FAILED
[INFO] [stdout] test for_test ... FAILED
[INFO] [stdout] test funccall_test ... FAILED
[INFO] [stdout] test funccallargs_test ... FAILED
[INFO] [stdout] test if_test ... FAILED
[INFO] [stdout] test increment_test ... FAILED
[INFO] [stdout] test initialize_declaration_test ... FAILED
[INFO] [stdout] test logical_test ... FAILED
[INFO] [stdout] test mul_test ... FAILED
[INFO] [stdout] test multsentence_test ... FAILED
[INFO] [stdout] test not_test ... FAILED
[INFO] [stdout] test parenthesis_test ... FAILED
[INFO] [stderr] double free or corruption (out)
[INFO] [stderr] error: test failed, to rerun pass `--test test`
[INFO] [stderr] 
[INFO] [stderr] Caused by:
[INFO] [stderr]   process didn't exit successfully: `/opt/rustwide/target/debug/deps/test-bd13f66d0da8c1d4` (signal: 6, SIGABRT: process abort signal)
[INFO] running `Command { std: "docker" "inspect" "e530daa80e3c9cc26e8366fa32ebae1976aff9b837389079614802c248df9dca", kill_on_drop: false }`
[INFO] running `Command { std: "docker" "rm" "-f" "e530daa80e3c9cc26e8366fa32ebae1976aff9b837389079614802c248df9dca", kill_on_drop: false }`
[INFO] [stdout] e530daa80e3c9cc26e8366fa32ebae1976aff9b837389079614802c248df9dca
