[INFO] cloning repository https://github.com/sempruijs/learn-rust
[INFO] running `Command { std: "git" "-c" "credential.helper=" "-c" "credential.helper=/workspace/cargo-home/bin/git-credential-null" "clone" "--bare" "https://github.com/sempruijs/learn-rust" "/workspace/cache/git-repos/https%3A%2F%2Fgithub.com%2Fsempruijs%2Flearn-rust", kill_on_drop: false }`
[INFO] [stderr] Cloning into bare repository '/workspace/cache/git-repos/https%3A%2F%2Fgithub.com%2Fsempruijs%2Flearn-rust'...
[INFO] running `Command { std: "git" "rev-parse" "HEAD", kill_on_drop: false }`
[INFO] [stdout] dd7bab8cded49a56949884b6929a5351b2c14326
[INFO] testing sempruijs/learn-rust against 1.75.0 for beta-1.76-1
[INFO] running `Command { std: "git" "clone" "/workspace/cache/git-repos/https%3A%2F%2Fgithub.com%2Fsempruijs%2Flearn-rust" "/workspace/builds/worker-3-tc1/source", kill_on_drop: false }`
[INFO] [stderr] Cloning into '/workspace/builds/worker-3-tc1/source'...
[INFO] [stderr] done.
[INFO] validating manifest of git repo https://github.com/sempruijs/learn-rust on toolchain 1.75.0
[INFO] running `Command { std: CARGO_HOME="/workspace/cargo-home" RUSTUP_HOME="/workspace/rustup-home" "/workspace/cargo-home/bin/cargo" "+1.75.0" "metadata" "--manifest-path" "Cargo.toml" "--no-deps", kill_on_drop: false }`
[INFO] started tweaking git repo https://github.com/sempruijs/learn-rust
[INFO] finished tweaking git repo https://github.com/sempruijs/learn-rust
[INFO] tweaked toml for git repo https://github.com/sempruijs/learn-rust written to /workspace/builds/worker-3-tc1/source/Cargo.toml
[INFO] crate git repo https://github.com/sempruijs/learn-rust already has a lockfile, it will not be regenerated
[INFO] running `Command { std: CARGO_HOME="/workspace/cargo-home" RUSTUP_HOME="/workspace/rustup-home" "/workspace/cargo-home/bin/cargo" "+1.75.0" "fetch" "--manifest-path" "Cargo.toml", kill_on_drop: false }`
[INFO] [stderr] warning: profiles for the non root package will be ignored, specify profiles at the workspace root:
[INFO] [stderr] package:   /workspace/builds/worker-3-tc1/source/minigrep/Cargo.toml
[INFO] [stderr] workspace: /workspace/builds/worker-3-tc1/source/Cargo.toml
[INFO] [stderr] warning: virtual workspace defaulting to `resolver = "1"` despite one or more workspace members being on edition 2021 which implies `resolver = "2"`
[INFO] [stderr] note: to keep the current resolver, specify `workspace.resolver = "1"` in the workspace root's manifest
[INFO] [stderr] note: to use the edition 2021 resolver, specify `workspace.resolver = "2"` in the workspace root's manifest
[INFO] [stderr] note: for more details see https://doc.rust-lang.org/cargo/reference/resolver.html#resolver-versions
[INFO] running `Command { std: "docker" "create" "-v" "/var/lib/crater-agent-workspace/builds/worker-3-tc1/target:/opt/rustwide/target:rw,Z" "-v" "/var/lib/crater-agent-workspace/builds/worker-3-tc1/source:/opt/rustwide/workdir:ro,Z" "-v" "/var/lib/crater-agent-workspace/cargo-home:/opt/rustwide/cargo-home:ro,Z" "-v" "/var/lib/crater-agent-workspace/rustup-home:/opt/rustwide/rustup-home:ro,Z" "-e" "SOURCE_DIR=/opt/rustwide/workdir" "-e" "CARGO_TARGET_DIR=/opt/rustwide/target" "-e" "CARGO_HOME=/opt/rustwide/cargo-home" "-e" "RUSTUP_HOME=/opt/rustwide/rustup-home" "-w" "/opt/rustwide/workdir" "-m" "1610612736" "--user" "0:0" "--network" "none" "ghcr.io/rust-lang/crates-build-env/linux@sha256:2788e3201cd34a07e3172128adcd8b3090168a8e3bcc40d7c032b9dda1df7d1c" "/opt/rustwide/cargo-home/bin/cargo" "+1.75.0" "metadata" "--no-deps" "--format-version=1", kill_on_drop: false }`
[INFO] [stdout] d761fd9a204e9a2ecca7270349a9eeaeb241b9889d0f75c0c157c6791665de69
[INFO] running `Command { std: "docker" "start" "-a" "d761fd9a204e9a2ecca7270349a9eeaeb241b9889d0f75c0c157c6791665de69", kill_on_drop: false }`
[INFO] running `Command { std: "docker" "inspect" "d761fd9a204e9a2ecca7270349a9eeaeb241b9889d0f75c0c157c6791665de69", kill_on_drop: false }`
[INFO] running `Command { std: "docker" "rm" "-f" "d761fd9a204e9a2ecca7270349a9eeaeb241b9889d0f75c0c157c6791665de69", kill_on_drop: false }`
[INFO] [stdout] d761fd9a204e9a2ecca7270349a9eeaeb241b9889d0f75c0c157c6791665de69
[INFO] running `Command { std: "docker" "create" "-v" "/var/lib/crater-agent-workspace/builds/worker-3-tc1/target:/opt/rustwide/target:rw,Z" "-v" "/var/lib/crater-agent-workspace/builds/worker-3-tc1/source:/opt/rustwide/workdir:ro,Z" "-v" "/var/lib/crater-agent-workspace/cargo-home:/opt/rustwide/cargo-home:ro,Z" "-v" "/var/lib/crater-agent-workspace/rustup-home:/opt/rustwide/rustup-home:ro,Z" "-e" "SOURCE_DIR=/opt/rustwide/workdir" "-e" "CARGO_TARGET_DIR=/opt/rustwide/target" "-e" "CARGO_INCREMENTAL=0" "-e" "RUST_BACKTRACE=full" "-e" "RUSTFLAGS=--cap-lints=warn" "-e" "RUSTDOCFLAGS=--cap-lints=warn" "-e" "CARGO_HOME=/opt/rustwide/cargo-home" "-e" "RUSTUP_HOME=/opt/rustwide/rustup-home" "-w" "/opt/rustwide/workdir" "-m" "1610612736" "--user" "0:0" "--network" "none" "ghcr.io/rust-lang/crates-build-env/linux@sha256:2788e3201cd34a07e3172128adcd8b3090168a8e3bcc40d7c032b9dda1df7d1c" "/opt/rustwide/cargo-home/bin/cargo" "+1.75.0" "build" "--frozen" "--message-format=json", kill_on_drop: false }`
[INFO] [stdout] 6663991a1775bd57d9c46b5cb1b3eb5c171bd8c5c50282146f7f00139643c480
[INFO] running `Command { std: "docker" "start" "-a" "6663991a1775bd57d9c46b5cb1b3eb5c171bd8c5c50282146f7f00139643c480", kill_on_drop: false }`
[INFO] [stderr] warning: profiles for the non root package will be ignored, specify profiles at the workspace root:
[INFO] [stderr] package:   /opt/rustwide/workdir/minigrep/Cargo.toml
[INFO] [stderr] workspace: /opt/rustwide/workdir/Cargo.toml
[INFO] [stderr] warning: virtual workspace defaulting to `resolver = "1"` despite one or more workspace members being on edition 2021 which implies `resolver = "2"`
[INFO] [stderr] note: to keep the current resolver, specify `workspace.resolver = "1"` in the workspace root's manifest
[INFO] [stderr] note: to use the edition 2021 resolver, specify `workspace.resolver = "2"` in the workspace root's manifest
[INFO] [stderr] note: for more details see https://doc.rust-lang.org/cargo/reference/resolver.html#resolver-versions
[INFO] [stderr]    Compiling libc v0.2.139
[INFO] [stderr]    Compiling ppv-lite86 v0.2.17
[INFO] [stderr]    Compiling cargo-features v0.1.0 (/opt/rustwide/workdir/cargo-features)
[INFO] [stderr]    Compiling minigrep v0.1.0 (/opt/rustwide/workdir/minigrep)
[INFO] [stderr]    Compiling hello v0.1.0 (/opt/rustwide/workdir/hello)
[INFO] [stderr]    Compiling borrowing v0.1.0 (/opt/rustwide/workdir/borrowing)
[INFO] [stderr]    Compiling backyard v0.1.0 (/opt/rustwide/workdir/backyard)
[INFO] [stderr]    Compiling concurrency v0.1.0 (/opt/rustwide/workdir/concurrency)
[INFO] [stderr]    Compiling functions v0.1.0 (/opt/rustwide/workdir/functions)
[INFO] [stderr]    Compiling ownership v0.1.0 (/opt/rustwide/workdir/ownership)
[INFO] [stderr]    Compiling rectangles v0.1.0 (/opt/rustwide/workdir/rectangles)
[INFO] [stderr]    Compiling structs v0.1.0 (/opt/rustwide/workdir/structs)
[INFO] [stderr]    Compiling restaurant v0.1.0 (/opt/rustwide/workdir/restaurant)
[INFO] [stderr]    Compiling branches v0.1.0 (/opt/rustwide/workdir/branches)
[INFO] [stderr]    Compiling variables v0.1.0 (/opt/rustwide/workdir/variables)
[INFO] [stderr]    Compiling smart-pointer v0.1.0 (/opt/rustwide/workdir/smart-pointer)
[INFO] [stdout] warning: unused variable: `bla`
[INFO] [stdout]   --> borrowing/src/main.rs:23:9
[INFO] [stdout]    |
[INFO] [stdout] 23 | fn test(bla: String) {
[INFO] [stdout]    |         ^^^ help: if this is intentional, prefix it with an underscore: `_bla`
[INFO] [stdout]    |
[INFO] [stdout]    = note: `#[warn(unused_variables)]` on by default
[INFO] [stdout] 
[INFO] [stdout] 
[INFO] [stdout] warning: variable does not need to be mutable
[INFO] [stdout]   --> borrowing/src/main.rs:24:9
[INFO] [stdout]    |
[INFO] [stdout] 24 |     let mut x = 5;
[INFO] [stdout]    |         ----^
[INFO] [stdout]    |         |
[INFO] [stdout]    |         help: remove this `mut`
[INFO] [stdout]    |
[INFO] [stdout]    = note: `#[warn(unused_mut)]` on by default
[INFO] [stdout] 
[INFO] [stdout] 
[INFO] [stdout] warning: function `test` is never used
[INFO] [stdout]   --> borrowing/src/main.rs:23:4
[INFO] [stdout]    |
[INFO] [stdout] 23 | fn test(bla: String) {
[INFO] [stdout]    |    ^^^^
[INFO] [stdout]    |
[INFO] [stdout]    = note: `#[warn(dead_code)]` on by default
[INFO] [stdout] 
[INFO] [stdout] 
[INFO] [stdout] warning: unused variable: `origin`
[INFO] [stdout]  --> structs/src/main.rs:9:9
[INFO] [stdout]   |
[INFO] [stdout] 9 |     let origin = Point(0, 0, 0);
[INFO] [stdout]   |         ^^^^^^ help: if this is intentional, prefix it with an underscore: `_origin`
[INFO] [stdout]   |
[INFO] [stdout]   = note: `#[warn(unused_variables)]` on by default
[INFO] [stdout] 
[INFO] [stdout] 
[INFO] [stdout] warning: fields `active`, `email`, and `sign_in_count` are never read
[INFO] [stdout]   --> structs/src/main.rs:30:5
[INFO] [stdout]    |
[INFO] [stdout] 29 | struct User {
[INFO] [stdout]    |        ---- fields in this struct
[INFO] [stdout] 30 |     active: bool,
[INFO] [stdout]    |     ^^^^^^
[INFO] [stdout] 31 |     username: String,
[INFO] [stdout] 32 |     email: String,
[INFO] [stdout]    |     ^^^^^
[INFO] [stdout] 33 |     sign_in_count: u64,
[INFO] [stdout]    |     ^^^^^^^^^^^^^
[INFO] [stdout]    |
[INFO] [stdout]    = note: `#[warn(dead_code)]` on by default
[INFO] [stdout] 
[INFO] [stdout] 
[INFO] [stderr]    Compiling errors v0.1.0 (/opt/rustwide/workdir/errors)
[INFO] [stdout] warning: unused variable: `a`
[INFO] [stdout]   --> smart-pointer/src/main.rs:50:9
[INFO] [stdout]    |
[INFO] [stdout] 50 |     let a = CustomSmartPointer {
[INFO] [stdout]    |         ^ help: if this is intentional, prefix it with an underscore: `_a`
[INFO] [stdout]    |
[INFO] [stdout]    = note: `#[warn(unused_variables)]` on by default
[INFO] [stdout] 
[INFO] [stdout] 
[INFO] [stdout] warning: unused variable: `c`
[INFO] [stdout]   --> smart-pointer/src/main.rs:58:9
[INFO] [stdout]    |
[INFO] [stdout] 58 |     let c = CustomSmartPointer {
[INFO] [stdout]    |         ^ help: if this is intentional, prefix it with an underscore: `_c`
[INFO] [stdout] 
[INFO] [stdout] 
[INFO] [stdout] warning: unused variable: `n`
[INFO] [stdout]   --> smart-pointer/src/main.rs:69:9
[INFO] [stdout]    |
[INFO] [stdout] 69 |     let n = Cons(2, Rc::clone(&m));
[INFO] [stdout]    |         ^ help: if this is intentional, prefix it with an underscore: `_n`
[INFO] [stdout] 
[INFO] [stdout] 
[INFO] [stdout] warning: unused variable: `o`
[INFO] [stdout]   --> smart-pointer/src/main.rs:73:13
[INFO] [stdout]    |
[INFO] [stdout] 73 |         let o = Cons(4, Rc::clone(&m));
[INFO] [stdout]    |             ^ help: if this is intentional, prefix it with an underscore: `_o`
[INFO] [stdout] 
[INFO] [stdout] 
[INFO] [stderr]    Compiling enums v0.1.0 (/opt/rustwide/workdir/enums)
[INFO] [stderr]    Compiling pattern-matching v0.1.0 (/opt/rustwide/workdir/pattern-matching)
[INFO] [stderr]    Compiling advanced-features v0.1.0 (/opt/rustwide/workdir/advanced-features)
[INFO] [stderr]    Compiling generics v0.1.0 (/opt/rustwide/workdir/generics)
[INFO] [stderr]    Compiling loops v0.1.0 (/opt/rustwide/workdir/loops)
[INFO] [stderr]    Compiling slice v0.1.0 (/opt/rustwide/workdir/slice)
[INFO] [stdout] warning: 2 warnings emitted
[INFO] [stdout] 
[INFO] [stdout] 
[INFO] [stderr]    Compiling functional v0.1.0 (/opt/rustwide/workdir/functional)
[INFO] [stdout] warning: variants `Penny`, `Dime`, and `Quarter` are never constructed
[INFO] [stdout]  --> enums/src/main.rs:3:5
[INFO] [stdout]   |
[INFO] [stdout] 2 | enum Coin {
[INFO] [stdout]   |      ---- variants in this enum
[INFO] [stdout] 3 |     Penny,
[INFO] [stdout]   |     ^^^^^
[INFO] [stdout] 4 |     Nickel,
[INFO] [stdout] 5 |     Dime,
[INFO] [stdout]   |     ^^^^
[INFO] [stdout] 6 |     Quarter,
[INFO] [stdout]   |     ^^^^^^^
[INFO] [stdout]   |
[INFO] [stdout]   = note: `Coin` has a derived impl for the trait `Debug`, but this is intentionally ignored during dead code analysis
[INFO] [stdout]   = note: `#[warn(dead_code)]` on by default
[INFO] [stdout] 
[INFO] [stdout] 
[INFO] [stderr]    Compiling adder v0.1.0 (/opt/rustwide/workdir/adder)
[INFO] [stdout] warning: 3 warnings emitted
[INFO] [stdout] 
[INFO] [stdout] 
[INFO] [stderr]    Compiling collections v0.1.0 (/opt/rustwide/workdir/collections)
[INFO] [stdout] warning: fields `x` and `y` are never read
[INFO] [stdout]   --> generics/src/main.rs:37:5
[INFO] [stdout]    |
[INFO] [stdout] 36 | struct Point<T> {
[INFO] [stdout]    |        ----- fields in this struct
[INFO] [stdout] 37 |     x: T,
[INFO] [stdout]    |     ^
[INFO] [stdout] 38 |     y: T,
[INFO] [stdout]    |     ^
[INFO] [stdout]    |
[INFO] [stdout]    = note: `Point` has a derived impl for the trait `Debug`, but this is intentionally ignored during dead code analysis
[INFO] [stdout]    = note: `#[warn(dead_code)]` on by default
[INFO] [stdout] 
[INFO] [stdout] 
[INFO] [stdout] warning: field `value` is never read
[INFO] [stdout]  --> adder/src/lib.rs:2:5
[INFO] [stdout]   |
[INFO] [stdout] 1 | pub struct Guess {
[INFO] [stdout]   |            ----- field in this struct
[INFO] [stdout] 2 |     value: u32,
[INFO] [stdout]   |     ^^^^^
[INFO] [stdout]   |
[INFO] [stdout]   = note: `#[warn(dead_code)]` on by default
[INFO] [stdout] 
[INFO] [stdout] 
[INFO] [stdout] warning: associated function `new` is never used
[INFO] [stdout]  --> adder/src/lib.rs:6:8
[INFO] [stdout]   |
[INFO] [stdout] 5 | impl Guess {
[INFO] [stdout]   | ---------- associated function in this implementation
[INFO] [stdout] 6 |     fn new(x: i32) -> Guess {
[INFO] [stdout]   |        ^^^
[INFO] [stdout] 
[INFO] [stdout] 
[INFO] [stdout] warning: function `print_value_return_10` is never used
[INFO] [stdout]   --> adder/src/lib.rs:21:4
[INFO] [stdout]    |
[INFO] [stdout] 21 | fn print_value_return_10(v: i32) -> u8 {
[INFO] [stdout]    |    ^^^^^^^^^^^^^^^^^^^^^
[INFO] [stdout] 
[INFO] [stdout] 
[INFO] [stdout] warning: function `salut_name` is never used
[INFO] [stdout]   --> adder/src/lib.rs:26:4
[INFO] [stdout]    |
[INFO] [stdout] 26 | fn salut_name(n: &str) -> String {
[INFO] [stdout]    |    ^^^^^^^^^^
[INFO] [stdout] 
[INFO] [stdout] 
[INFO] [stdout] warning: fields `x` and `y` are never read
[INFO] [stdout]   --> adder/src/lib.rs:32:5
[INFO] [stdout]    |
[INFO] [stdout] 31 | struct Rectangle {
[INFO] [stdout]    |        --------- fields in this struct
[INFO] [stdout] 32 |     x: u32,
[INFO] [stdout]    |     ^
[INFO] [stdout] 33 |     y: u32,
[INFO] [stdout]    |     ^
[INFO] [stdout]    |
[INFO] [stdout]    = note: `Rectangle` has a derived impl for the trait `Debug`, but this is intentionally ignored during dead code analysis
[INFO] [stdout] 
[INFO] [stdout] 
[INFO] [stdout] warning: method `can_hold` is never used
[INFO] [stdout]   --> adder/src/lib.rs:37:8
[INFO] [stdout]    |
[INFO] [stdout] 36 | impl Rectangle {
[INFO] [stdout]    | -------------- method in this implementation
[INFO] [stdout] 37 |     fn can_hold(&self, other: &Rectangle) -> bool {
[INFO] [stdout]    |        ^^^^^^^^
[INFO] [stdout] 
[INFO] [stdout] 
[INFO] [stdout] warning: 4 warnings emitted
[INFO] [stdout] 
[INFO] [stdout] 
[INFO] [stdout] warning: 6 warnings emitted
[INFO] [stdout] 
[INFO] [stdout] 
[INFO] [stdout] warning: 1 warning emitted
[INFO] [stdout] 
[INFO] [stdout] 
[INFO] [stdout] warning: 1 warning emitted
[INFO] [stdout] 
[INFO] [stdout] 
[INFO] [stderr]    Compiling getrandom v0.2.8
[INFO] [stderr]    Compiling rand_core v0.6.4
[INFO] [stderr]    Compiling rand_chacha v0.3.1
[INFO] [stderr]    Compiling rand v0.8.5
[INFO] [stderr]    Compiling guessing-game v0.1.0 (/opt/rustwide/workdir/guessing-game)
[INFO] [stderr]     Finished dev [unoptimized + debuginfo] target(s) in 1.63s
[INFO] running `Command { std: "docker" "inspect" "6663991a1775bd57d9c46b5cb1b3eb5c171bd8c5c50282146f7f00139643c480", kill_on_drop: false }`
[INFO] running `Command { std: "docker" "rm" "-f" "6663991a1775bd57d9c46b5cb1b3eb5c171bd8c5c50282146f7f00139643c480", kill_on_drop: false }`
[INFO] [stdout] 6663991a1775bd57d9c46b5cb1b3eb5c171bd8c5c50282146f7f00139643c480
[INFO] running `Command { std: "docker" "create" "-v" "/var/lib/crater-agent-workspace/builds/worker-3-tc1/target:/opt/rustwide/target:rw,Z" "-v" "/var/lib/crater-agent-workspace/builds/worker-3-tc1/source:/opt/rustwide/workdir:ro,Z" "-v" "/var/lib/crater-agent-workspace/cargo-home:/opt/rustwide/cargo-home:ro,Z" "-v" "/var/lib/crater-agent-workspace/rustup-home:/opt/rustwide/rustup-home:ro,Z" "-e" "SOURCE_DIR=/opt/rustwide/workdir" "-e" "CARGO_TARGET_DIR=/opt/rustwide/target" "-e" "CARGO_INCREMENTAL=0" "-e" "RUST_BACKTRACE=full" "-e" "RUSTFLAGS=--cap-lints=warn" "-e" "RUSTDOCFLAGS=--cap-lints=warn" "-e" "CARGO_HOME=/opt/rustwide/cargo-home" "-e" "RUSTUP_HOME=/opt/rustwide/rustup-home" "-w" "/opt/rustwide/workdir" "-m" "1610612736" "--user" "0:0" "--network" "none" "ghcr.io/rust-lang/crates-build-env/linux@sha256:2788e3201cd34a07e3172128adcd8b3090168a8e3bcc40d7c032b9dda1df7d1c" "/opt/rustwide/cargo-home/bin/cargo" "+1.75.0" "test" "--frozen" "--no-run" "--message-format=json", kill_on_drop: false }`
[INFO] [stdout] 6f3f2542ec0d890e0e1eb2899e7e252eb7a8ed224b7a19bc95f03b73cd1969cd
[INFO] running `Command { std: "docker" "start" "-a" "6f3f2542ec0d890e0e1eb2899e7e252eb7a8ed224b7a19bc95f03b73cd1969cd", kill_on_drop: false }`
[INFO] [stderr] warning: profiles for the non root package will be ignored, specify profiles at the workspace root:
[INFO] [stderr] package:   /opt/rustwide/workdir/minigrep/Cargo.toml
[INFO] [stderr] workspace: /opt/rustwide/workdir/Cargo.toml
[INFO] [stderr] warning: virtual workspace defaulting to `resolver = "1"` despite one or more workspace members being on edition 2021 which implies `resolver = "2"`
[INFO] [stderr] note: to keep the current resolver, specify `workspace.resolver = "1"` in the workspace root's manifest
[INFO] [stderr] note: to use the edition 2021 resolver, specify `workspace.resolver = "2"` in the workspace root's manifest
[INFO] [stderr] note: for more details see https://doc.rust-lang.org/cargo/reference/resolver.html#resolver-versions
[INFO] [stdout] warning: field `value` is never read
[INFO] [stdout]  --> adder/src/lib.rs:2:5
[INFO] [stdout]   |
[INFO] [stdout] 1 | pub struct Guess {
[INFO] [stdout]   |            ----- field in this struct
[INFO] [stdout] 2 |     value: u32,
[INFO] [stdout]   |     ^^^^^
[INFO] [stdout]   |
[INFO] [stdout]   = note: `#[warn(dead_code)]` on by default
[INFO] [stdout] 
[INFO] [stdout] 
[INFO] [stdout] warning: associated function `new` is never used
[INFO] [stdout]  --> adder/src/lib.rs:6:8
[INFO] [stdout]   |
[INFO] [stdout] 5 | impl Guess {
[INFO] [stdout]   | ---------- associated function in this implementation
[INFO] [stdout] 6 |     fn new(x: i32) -> Guess {
[INFO] [stdout]   |        ^^^
[INFO] [stdout] 
[INFO] [stdout] 
[INFO] [stdout] warning: function `print_value_return_10` is never used
[INFO] [stdout]   --> adder/src/lib.rs:21:4
[INFO] [stdout]    |
[INFO] [stdout] 21 | fn print_value_return_10(v: i32) -> u8 {
[INFO] [stdout]    |    ^^^^^^^^^^^^^^^^^^^^^
[INFO] [stdout] 
[INFO] [stdout] 
[INFO] [stderr]    Compiling generics v0.1.0 (/opt/rustwide/workdir/generics)
[INFO] [stdout] warning: function `salut_name` is never used
[INFO] [stdout]   --> adder/src/lib.rs:26:4
[INFO] [stdout]    |
[INFO] [stdout] 26 | fn salut_name(n: &str) -> String {
[INFO] [stdout]    |    ^^^^^^^^^^
[INFO] [stdout] 
[INFO] [stdout] 
[INFO] [stdout] warning: fields `x` and `y` are never read
[INFO] [stdout]   --> adder/src/lib.rs:32:5
[INFO] [stdout]    |
[INFO] [stdout] 31 | struct Rectangle {
[INFO] [stdout]    |        --------- fields in this struct
[INFO] [stdout] 32 |     x: u32,
[INFO] [stdout]    |     ^
[INFO] [stdout] 33 |     y: u32,
[INFO] [stdout]    |     ^
[INFO] [stdout]    |
[INFO] [stdout]    = note: `Rectangle` has a derived impl for the trait `Debug`, but this is intentionally ignored during dead code analysis
[INFO] [stdout] 
[INFO] [stdout] 
[INFO] [stdout] warning: method `can_hold` is never used
[INFO] [stdout]   --> adder/src/lib.rs:37:8
[INFO] [stdout]    |
[INFO] [stdout] 36 | impl Rectangle {
[INFO] [stdout]    | -------------- method in this implementation
[INFO] [stdout] 37 |     fn can_hold(&self, other: &Rectangle) -> bool {
[INFO] [stdout]    |        ^^^^^^^^
[INFO] [stdout] 
[INFO] [stdout] 
[INFO] [stderr]    Compiling restaurant v0.1.0 (/opt/rustwide/workdir/restaurant)
[INFO] [stdout] warning: 6 warnings emitted
[INFO] [stdout] 
[INFO] [stdout] 
[INFO] [stderr]    Compiling backyard v0.1.0 (/opt/rustwide/workdir/backyard)
[INFO] [stderr]    Compiling concurrency v0.1.0 (/opt/rustwide/workdir/concurrency)
[INFO] [stderr]    Compiling ownership v0.1.0 (/opt/rustwide/workdir/ownership)
[INFO] [stderr]    Compiling rectangles v0.1.0 (/opt/rustwide/workdir/rectangles)
[INFO] [stderr]    Compiling hello v0.1.0 (/opt/rustwide/workdir/hello)
[INFO] [stderr]    Compiling advanced-features v0.1.0 (/opt/rustwide/workdir/advanced-features)
[INFO] [stderr]    Compiling errors v0.1.0 (/opt/rustwide/workdir/errors)
[INFO] [stderr]    Compiling adder v0.1.0 (/opt/rustwide/workdir/adder)
[INFO] [stderr]    Compiling cargo-features v0.1.0 (/opt/rustwide/workdir/cargo-features)
[INFO] [stderr]    Compiling minigrep v0.1.0 (/opt/rustwide/workdir/minigrep)
[INFO] [stderr]    Compiling functional v0.1.0 (/opt/rustwide/workdir/functional)
[INFO] [stderr]    Compiling enums v0.1.0 (/opt/rustwide/workdir/enums)
[INFO] [stderr]    Compiling guessing-game v0.1.0 (/opt/rustwide/workdir/guessing-game)
[INFO] [stdout] warning: fields `x` and `y` are never read
[INFO] [stdout]   --> generics/src/main.rs:37:5
[INFO] [stdout]    |
[INFO] [stdout] 36 | struct Point<T> {
[INFO] [stdout]    |        ----- fields in this struct
[INFO] [stdout] 37 |     x: T,
[INFO] [stdout]    |     ^
[INFO] [stdout] 38 |     y: T,
[INFO] [stdout]    |     ^
[INFO] [stdout]    |
[INFO] [stdout]    = note: `Point` has a derived impl for the trait `Debug`, but this is intentionally ignored during dead code analysis
[INFO] [stdout]    = note: `#[warn(dead_code)]` on by default
[INFO] [stdout] 
[INFO] [stdout] 
[INFO] [stdout] warning: variants `Penny`, `Dime`, and `Quarter` are never constructed
[INFO] [stdout]  --> enums/src/main.rs:3:5
[INFO] [stdout]   |
[INFO] [stdout] 2 | enum Coin {
[INFO] [stdout]   |      ---- variants in this enum
[INFO] [stdout] 3 |     Penny,
[INFO] [stdout]   |     ^^^^^
[INFO] [stdout] 4 |     Nickel,
[INFO] [stdout] 5 |     Dime,
[INFO] [stdout]   |     ^^^^
[INFO] [stdout] 6 |     Quarter,
[INFO] [stdout]   |     ^^^^^^^
[INFO] [stdout]   |
[INFO] [stdout]   = note: `Coin` has a derived impl for the trait `Debug`, but this is intentionally ignored during dead code analysis
[INFO] [stdout]   = note: `#[warn(dead_code)]` on by default
[INFO] [stdout] 
[INFO] [stdout] 
[INFO] [stderr]    Compiling loops v0.1.0 (/opt/rustwide/workdir/loops)
[INFO] [stderr]    Compiling smart-pointer v0.1.0 (/opt/rustwide/workdir/smart-pointer)
[INFO] [stderr]    Compiling branches v0.1.0 (/opt/rustwide/workdir/branches)
[INFO] [stdout] warning: 1 warning emitted
[INFO] [stdout] 
[INFO] [stdout] 
[INFO] [stderr]    Compiling pattern-matching v0.1.0 (/opt/rustwide/workdir/pattern-matching)
[INFO] [stdout] warning: 1 warning emitted
[INFO] [stdout] 
[INFO] [stdout] 
[INFO] [stderr]    Compiling structs v0.1.0 (/opt/rustwide/workdir/structs)
[INFO] [stderr]    Compiling functions v0.1.0 (/opt/rustwide/workdir/functions)
[INFO] [stderr]    Compiling collections v0.1.0 (/opt/rustwide/workdir/collections)
[INFO] [stderr]    Compiling borrowing v0.1.0 (/opt/rustwide/workdir/borrowing)
[INFO] [stderr]    Compiling slice v0.1.0 (/opt/rustwide/workdir/slice)
[INFO] [stderr]    Compiling variables v0.1.0 (/opt/rustwide/workdir/variables)
[INFO] [stdout] warning: unused variable: `origin`
[INFO] [stdout]  --> structs/src/main.rs:9:9
[INFO] [stdout]   |
[INFO] [stdout] 9 |     let origin = Point(0, 0, 0);
[INFO] [stdout]   |         ^^^^^^ help: if this is intentional, prefix it with an underscore: `_origin`
[INFO] [stdout]   |
[INFO] [stdout]   = note: `#[warn(unused_variables)]` on by default
[INFO] [stdout] 
[INFO] [stdout] 
[INFO] [stdout] warning: fields `active`, `email`, and `sign_in_count` are never read
[INFO] [stdout]   --> structs/src/main.rs:30:5
[INFO] [stdout]    |
[INFO] [stdout] 29 | struct User {
[INFO] [stdout]    |        ---- fields in this struct
[INFO] [stdout] 30 |     active: bool,
[INFO] [stdout]    |     ^^^^^^
[INFO] [stdout] 31 |     username: String,
[INFO] [stdout] 32 |     email: String,
[INFO] [stdout]    |     ^^^^^
[INFO] [stdout] 33 |     sign_in_count: u64,
[INFO] [stdout]    |     ^^^^^^^^^^^^^
[INFO] [stdout]    |
[INFO] [stdout]    = note: `#[warn(dead_code)]` on by default
[INFO] [stdout] 
[INFO] [stdout] 
[INFO] [stdout] warning: unused variable: `a`
[INFO] [stdout]   --> smart-pointer/src/main.rs:50:9
[INFO] [stdout]    |
[INFO] [stdout] 50 |     let a = CustomSmartPointer {
[INFO] [stdout]    |         ^ help: if this is intentional, prefix it with an underscore: `_a`
[INFO] [stdout]    |
[INFO] [stdout]    = note: `#[warn(unused_variables)]` on by default
[INFO] [stdout] 
[INFO] [stdout] 
[INFO] [stdout] warning: unused variable: `c`
[INFO] [stdout]   --> smart-pointer/src/main.rs:58:9
[INFO] [stdout]    |
[INFO] [stdout] 58 |     let c = CustomSmartPointer {
[INFO] [stdout]    |         ^ help: if this is intentional, prefix it with an underscore: `_c`
[INFO] [stdout] 
[INFO] [stdout] 
[INFO] [stdout] warning: unused variable: `n`
[INFO] [stdout]   --> smart-pointer/src/main.rs:69:9
[INFO] [stdout]    |
[INFO] [stdout] 69 |     let n = Cons(2, Rc::clone(&m));
[INFO] [stdout]    |         ^ help: if this is intentional, prefix it with an underscore: `_n`
[INFO] [stdout] 
[INFO] [stdout] 
[INFO] [stdout] warning: unused variable: `o`
[INFO] [stdout]   --> smart-pointer/src/main.rs:73:13
[INFO] [stdout]    |
[INFO] [stdout] 73 |         let o = Cons(4, Rc::clone(&m));
[INFO] [stdout]    |             ^ help: if this is intentional, prefix it with an underscore: `_o`
[INFO] [stdout] 
[INFO] [stdout] 
[INFO] [stdout] warning: unused variable: `bla`
[INFO] [stdout]   --> borrowing/src/main.rs:23:9
[INFO] [stdout]    |
[INFO] [stdout] 23 | fn test(bla: String) {
[INFO] [stdout]    |         ^^^ help: if this is intentional, prefix it with an underscore: `_bla`
[INFO] [stdout]    |
[INFO] [stdout]    = note: `#[warn(unused_variables)]` on by default
[INFO] [stdout] 
[INFO] [stdout] 
[INFO] [stdout] warning: variable does not need to be mutable
[INFO] [stdout]   --> borrowing/src/main.rs:24:9
[INFO] [stdout]    |
[INFO] [stdout] 24 |     let mut x = 5;
[INFO] [stdout]    |         ----^
[INFO] [stdout]    |         |
[INFO] [stdout]    |         help: remove this `mut`
[INFO] [stdout]    |
[INFO] [stdout]    = note: `#[warn(unused_mut)]` on by default
[INFO] [stdout] 
[INFO] [stdout] 
[INFO] [stdout] warning: function `test` is never used
[INFO] [stdout]   --> borrowing/src/main.rs:23:4
[INFO] [stdout]    |
[INFO] [stdout] 23 | fn test(bla: String) {
[INFO] [stdout]    |    ^^^^
[INFO] [stdout]    |
[INFO] [stdout]    = note: `#[warn(dead_code)]` on by default
[INFO] [stdout] 
[INFO] [stdout] 
[INFO] [stdout] warning: field `value` is never read
[INFO] [stdout]  --> adder/src/lib.rs:2:5
[INFO] [stdout]   |
[INFO] [stdout] 1 | pub struct Guess {
[INFO] [stdout]   |            ----- field in this struct
[INFO] [stdout] 2 |     value: u32,
[INFO] [stdout]   |     ^^^^^
[INFO] [stdout]   |
[INFO] [stdout]   = note: `#[warn(dead_code)]` on by default
[INFO] [stdout] 
[INFO] [stdout] 
[INFO] [stdout] warning: 2 warnings emitted
[INFO] [stdout] 
[INFO] [stdout] 
[INFO] [stdout] warning: 4 warnings emitted
[INFO] [stdout] 
[INFO] [stdout] 
[INFO] [stdout] warning: 3 warnings emitted
[INFO] [stdout] 
[INFO] [stdout] 
[INFO] [stdout] warning: 1 warning emitted
[INFO] [stdout] 
[INFO] [stdout] 
[INFO] [stderr]     Finished test [unoptimized + debuginfo] target(s) in 0.63s
[INFO] running `Command { std: "docker" "inspect" "6f3f2542ec0d890e0e1eb2899e7e252eb7a8ed224b7a19bc95f03b73cd1969cd", kill_on_drop: false }`
[INFO] running `Command { std: "docker" "rm" "-f" "6f3f2542ec0d890e0e1eb2899e7e252eb7a8ed224b7a19bc95f03b73cd1969cd", kill_on_drop: false }`
[INFO] [stdout] 6f3f2542ec0d890e0e1eb2899e7e252eb7a8ed224b7a19bc95f03b73cd1969cd
[INFO] running `Command { std: "docker" "create" "-v" "/var/lib/crater-agent-workspace/builds/worker-3-tc1/target:/opt/rustwide/target:rw,Z" "-v" "/var/lib/crater-agent-workspace/builds/worker-3-tc1/source:/opt/rustwide/workdir:ro,Z" "-v" "/var/lib/crater-agent-workspace/cargo-home:/opt/rustwide/cargo-home:ro,Z" "-v" "/var/lib/crater-agent-workspace/rustup-home:/opt/rustwide/rustup-home:ro,Z" "-e" "SOURCE_DIR=/opt/rustwide/workdir" "-e" "CARGO_TARGET_DIR=/opt/rustwide/target" "-e" "CARGO_INCREMENTAL=0" "-e" "RUST_BACKTRACE=full" "-e" "RUSTFLAGS=--cap-lints=warn" "-e" "RUSTDOCFLAGS=--cap-lints=warn" "-e" "CARGO_HOME=/opt/rustwide/cargo-home" "-e" "RUSTUP_HOME=/opt/rustwide/rustup-home" "-w" "/opt/rustwide/workdir" "-m" "1610612736" "--user" "0:0" "--network" "none" "ghcr.io/rust-lang/crates-build-env/linux@sha256:2788e3201cd34a07e3172128adcd8b3090168a8e3bcc40d7c032b9dda1df7d1c" "/opt/rustwide/cargo-home/bin/cargo" "+1.75.0" "test" "--frozen", kill_on_drop: false }`
[INFO] [stdout] 13e48af14ad288214486f1ac9bfda84fba4cf24d574f3c199bb7f3e019bb3f5a
[INFO] running `Command { std: "docker" "start" "-a" "13e48af14ad288214486f1ac9bfda84fba4cf24d574f3c199bb7f3e019bb3f5a", kill_on_drop: false }`
[INFO] [stderr] warning: profiles for the non root package will be ignored, specify profiles at the workspace root:
[INFO] [stderr] package:   /opt/rustwide/workdir/minigrep/Cargo.toml
[INFO] [stderr] workspace: /opt/rustwide/workdir/Cargo.toml
[INFO] [stderr] warning: virtual workspace defaulting to `resolver = "1"` despite one or more workspace members being on edition 2021 which implies `resolver = "2"`
[INFO] [stderr] note: to keep the current resolver, specify `workspace.resolver = "1"` in the workspace root's manifest
[INFO] [stderr] note: to use the edition 2021 resolver, specify `workspace.resolver = "2"` in the workspace root's manifest
[INFO] [stderr] note: for more details see https://doc.rust-lang.org/cargo/reference/resolver.html#resolver-versions
[INFO] [stderr] warning: field `value` is never read
[INFO] [stderr]  --> adder/src/lib.rs:2:5
[INFO] [stderr]   |
[INFO] [stderr] 1 | pub struct Guess {
[INFO] [stderr]   |            ----- field in this struct
[INFO] [stderr] 2 |     value: u32,
[INFO] [stderr]   |     ^^^^^
[INFO] [stderr]   |
[INFO] [stderr]   = note: `#[warn(dead_code)]` on by default
[INFO] [stderr] 
[INFO] [stderr] warning: associated function `new` is never used
[INFO] [stderr]  --> adder/src/lib.rs:6:8
[INFO] [stderr]   |
[INFO] [stderr] 5 | impl Guess {
[INFO] [stderr]   | ---------- associated function in this implementation
[INFO] [stderr] 6 |     fn new(x: i32) -> Guess {
[INFO] [stderr]   |        ^^^
[INFO] [stderr] 
[INFO] [stderr] warning: function `print_value_return_10` is never used
[INFO] [stderr]   --> adder/src/lib.rs:21:4
[INFO] [stderr]    |
[INFO] [stderr] 21 | fn print_value_return_10(v: i32) -> u8 {
[INFO] [stderr]    |    ^^^^^^^^^^^^^^^^^^^^^
[INFO] [stderr] 
[INFO] [stderr] warning: function `salut_name` is never used
[INFO] [stderr]   --> adder/src/lib.rs:26:4
[INFO] [stderr]    |
[INFO] [stderr] 26 | fn salut_name(n: &str) -> String {
[INFO] [stderr]    |    ^^^^^^^^^^
[INFO] [stderr] 
[INFO] [stderr] warning: fields `x` and `y` are never read
[INFO] [stderr]   --> adder/src/lib.rs:32:5
[INFO] [stderr]    |
[INFO] [stderr] 31 | struct Rectangle {
[INFO] [stderr]    |        --------- fields in this struct
[INFO] [stderr] 32 |     x: u32,
[INFO] [stderr]    |     ^
[INFO] [stderr] 33 |     y: u32,
[INFO] [stderr]    |     ^
[INFO] [stderr]    |
[INFO] [stderr]    = note: `Rectangle` has a derived impl for the trait `Debug`, but this is intentionally ignored during dead code analysis
[INFO] [stderr] 
[INFO] [stderr] warning: method `can_hold` is never used
[INFO] [stderr]   --> adder/src/lib.rs:37:8
[INFO] [stderr]    |
[INFO] [stderr] 36 | impl Rectangle {
[INFO] [stderr]    | -------------- method in this implementation
[INFO] [stderr] 37 |     fn can_hold(&self, other: &Rectangle) -> bool {
[INFO] [stderr]    |        ^^^^^^^^
[INFO] [stderr] 
[INFO] [stderr] warning: variants `Penny`, `Dime`, and `Quarter` are never constructed
[INFO] [stderr]  --> enums/src/main.rs:3:5
[INFO] [stderr]   |
[INFO] [stderr] 2 | enum Coin {
[INFO] [stderr]   |      ---- variants in this enum
[INFO] [stderr] 3 |     Penny,
[INFO] [stderr]   |     ^^^^^
[INFO] [stderr] 4 |     Nickel,
[INFO] [stderr] 5 |     Dime,
[INFO] [stderr]   |     ^^^^
[INFO] [stderr] 6 |     Quarter,
[INFO] [stderr]   |     ^^^^^^^
[INFO] [stderr]   |
[INFO] [stderr]   = note: `Coin` has a derived impl for the trait `Debug`, but this is intentionally ignored during dead code analysis
[INFO] [stderr]   = note: `#[warn(dead_code)]` on by default
[INFO] [stderr] 
[INFO] [stderr] warning: unused variable: `bla`
[INFO] [stderr]   --> borrowing/src/main.rs:23:9
[INFO] [stderr]    |
[INFO] [stderr] 23 | fn test(bla: String) {
[INFO] [stderr]    |         ^^^ help: if this is intentional, prefix it with an underscore: `_bla`
[INFO] [stderr]    |
[INFO] [stderr]    = note: `#[warn(unused_variables)]` on by default
[INFO] [stderr] 
[INFO] [stderr] warning: variable does not need to be mutable
[INFO] [stderr]   --> borrowing/src/main.rs:24:9
[INFO] [stderr]    |
[INFO] [stderr] 24 |     let mut x = 5;
[INFO] [stderr]    |         ----^
[INFO] [stderr]    |         |
[INFO] [stderr]    |         help: remove this `mut`
[INFO] [stderr]    |
[INFO] [stderr]    = note: `#[warn(unused_mut)]` on by default
[INFO] [stderr] 
[INFO] [stderr] warning: function `test` is never used
[INFO] [stderr]   --> borrowing/src/main.rs:23:4
[INFO] [stderr]    |
[INFO] [stderr] 23 | fn test(bla: String) {
[INFO] [stderr]    |    ^^^^
[INFO] [stderr]    |
[INFO] [stderr]    = note: `#[warn(dead_code)]` on by default
[INFO] [stderr] 
[INFO] [stderr] warning: unused variable: `a`
[INFO] [stderr]   --> smart-pointer/src/main.rs:50:9
[INFO] [stderr]    |
[INFO] [stderr] 50 |     let a = CustomSmartPointer {
[INFO] [stderr]    |         ^ help: if this is intentional, prefix it with an underscore: `_a`
[INFO] [stderr]    |
[INFO] [stderr]    = note: `#[warn(unused_variables)]` on by default
[INFO] [stderr] 
[INFO] [stderr] warning: unused variable: `c`
[INFO] [stderr]   --> smart-pointer/src/main.rs:58:9
[INFO] [stderr]    |
[INFO] [stderr] 58 |     let c = CustomSmartPointer {
[INFO] [stderr]    |         ^ help: if this is intentional, prefix it with an underscore: `_c`
[INFO] [stderr] 
[INFO] [stderr] warning: unused variable: `n`
[INFO] [stderr]   --> smart-pointer/src/main.rs:69:9
[INFO] [stderr]    |
[INFO] [stderr] 69 |     let n = Cons(2, Rc::clone(&m));
[INFO] [stderr]    |         ^ help: if this is intentional, prefix it with an underscore: `_n`
[INFO] [stderr] 
[INFO] [stderr] warning: unused variable: `o`
[INFO] [stderr]   --> smart-pointer/src/main.rs:73:13
[INFO] [stderr]    |
[INFO] [stderr] 73 |         let o = Cons(4, Rc::clone(&m));
[INFO] [stderr]    |             ^ help: if this is intentional, prefix it with an underscore: `_o`
[INFO] [stderr] 
[INFO] [stderr] warning: `adder` (lib) generated 6 warnings
[INFO] [stderr] warning: `enums` (bin "enums" test) generated 1 warning
[INFO] [stderr] warning: `borrowing` (bin "borrowing" test) generated 3 warnings (run `cargo fix --bin "borrowing" --tests` to apply 2 suggestions)
[INFO] [stderr] warning: `smart-pointer` (bin "smart-pointer" test) generated 4 warnings (run `cargo fix --bin "smart-pointer" --tests` to apply 4 suggestions)
[INFO] [stderr] warning: fields `x` and `y` are never read
[INFO] [stderr]   --> generics/src/main.rs:37:5
[INFO] [stderr]    |
[INFO] [stderr] 36 | struct Point<T> {
[INFO] [stderr]    |        ----- fields in this struct
[INFO] [stderr] 37 |     x: T,
[INFO] [stderr]    |     ^
[INFO] [stderr] 38 |     y: T,
[INFO] [stderr]    |     ^
[INFO] [stderr]    |
[INFO] [stderr]    = note: `Point` has a derived impl for the trait `Debug`, but this is intentionally ignored during dead code analysis
[INFO] [stderr]    = note: `#[warn(dead_code)]` on by default
[INFO] [stderr] 
[INFO] [stderr] warning: `generics` (bin "generics" test) generated 1 warning
[INFO] [stderr] warning: unused variable: `origin`
[INFO] [stderr]  --> structs/src/main.rs:9:9
[INFO] [stderr]   |
[INFO] [stderr] 9 |     let origin = Point(0, 0, 0);
[INFO] [stderr]   |         ^^^^^^ help: if this is intentional, prefix it with an underscore: `_origin`
[INFO] [stderr]   |
[INFO] [stderr]   = note: `#[warn(unused_variables)]` on by default
[INFO] [stderr] 
[INFO] [stderr] warning: fields `active`, `email`, and `sign_in_count` are never read
[INFO] [stderr]   --> structs/src/main.rs:30:5
[INFO] [stderr]    |
[INFO] [stderr] 29 | struct User {
[INFO] [stderr]    |        ---- fields in this struct
[INFO] [stderr] 30 |     active: bool,
[INFO] [stderr]    |     ^^^^^^
[INFO] [stderr] 31 |     username: String,
[INFO] [stderr] 32 |     email: String,
[INFO] [stderr]    |     ^^^^^
[INFO] [stderr] 33 |     sign_in_count: u64,
[INFO] [stderr]    |     ^^^^^^^^^^^^^
[INFO] [stderr]    |
[INFO] [stderr]    = note: `#[warn(dead_code)]` on by default
[INFO] [stderr] 
[INFO] [stderr] warning: `adder` (lib test) generated 1 warning (1 duplicate)
[INFO] [stderr] warning: `structs` (bin "structs" test) generated 2 warnings (run `cargo fix --bin "structs" --tests` to apply 1 suggestion)
[INFO] [stderr]     Finished test [unoptimized + debuginfo] target(s) in 0.01s
[INFO] [stderr]      Running unittests src/lib.rs (/opt/rustwide/target/debug/deps/adder-fa4da41ea553365d)
[INFO] [stdout] 
[INFO] [stdout] running 8 tests
[INFO] [stdout] test tests::fail_value_print ... ignored
[INFO] [stdout] test tests::it_works ... ok
[INFO] [stdout] test tests::larger_can_hold_smaller ... ok
[INFO] [stdout] test tests::salut_coreect ... ok
[INFO] [stdout] test tests::pass_value_print ... ok
[INFO] [stdout] test tests::three_adds_two ... ok
[INFO] [stdout] test tests::two_adds_two ... ok
[INFO] [stdout] test tests::greater_than_100 - should panic ... ok
[INFO] [stdout] 
[INFO] [stdout] test result: ok. 7 passed; 0 failed; 1 ignored; 0 measured; 0 filtered out; finished in 0.01s
[INFO] [stdout] 
[INFO] [stderr]      Running tests/intergration_test.rs (/opt/rustwide/target/debug/deps/intergration_test-81124bd66369afe1)
[INFO] [stdout] 
[INFO] [stdout] running 1 test
[INFO] [stdout] test it_works ... ok
[INFO] [stdout] 
[INFO] [stdout] test result: ok. 1 passed; 0 failed; 0 ignored; 0 measured; 0 filtered out; finished in 0.00s
[INFO] [stdout] 
[INFO] [stderr]      Running unittests src/main.rs (/opt/rustwide/target/debug/deps/advanced_features-5ef38736596cc034)
[INFO] [stdout] 
[INFO] [stdout] running 0 tests
[INFO] [stdout] 
[INFO] [stdout] test result: ok. 0 passed; 0 failed; 0 ignored; 0 measured; 0 filtered out; finished in 0.00s
[INFO] [stdout] 
[INFO] [stderr]      Running unittests src/main.rs (/opt/rustwide/target/debug/deps/backyard-b3fad7e3d0e93357)
[INFO] [stdout] 
[INFO] [stdout] running 0 tests
[INFO] [stdout] 
[INFO] [stdout] test result: ok. 0 passed; 0 failed; 0 ignored; 0 measured; 0 filtered out; finished in 0.00s
[INFO] [stdout] 
[INFO] [stderr]      Running unittests src/main.rs (/opt/rustwide/target/debug/deps/borrowing-f22f7089a4efc132)
[INFO] [stdout] 
[INFO] [stdout] running 0 tests
[INFO] [stdout] 
[INFO] [stdout] test result: ok. 0 passed; 0 failed; 0 ignored; 0 measured; 0 filtered out; finished in 0.00s
[INFO] [stdout] 
[INFO] [stderr]      Running unittests src/main.rs (/opt/rustwide/target/debug/deps/branches-3b0f4074fef10fb6)
[INFO] [stdout] 
[INFO] [stdout] running 0 tests
[INFO] [stdout] 
[INFO] [stdout] test result: ok. 0 passed; 0 failed; 0 ignored; 0 measured; 0 filtered out; finished in 0.00s
[INFO] [stdout] 
[INFO] [stderr]      Running unittests src/lib.rs (/opt/rustwide/target/debug/deps/cargo_features-c68666bcb5b14646)
[INFO] [stdout] 
[INFO] [stdout] running 0 tests
[INFO] [stdout] 
[INFO] [stdout] test result: ok. 0 passed; 0 failed; 0 ignored; 0 measured; 0 filtered out; finished in 0.00s
[INFO] [stdout] 
[INFO] [stderr]      Running unittests src/main.rs (/opt/rustwide/target/debug/deps/cargo_features-ab107894fafa0da3)
[INFO] [stdout] 
[INFO] [stdout] running 0 tests
[INFO] [stdout] 
[INFO] [stdout] test result: ok. 0 passed; 0 failed; 0 ignored; 0 measured; 0 filtered out; finished in 0.00s
[INFO] [stdout] 
[INFO] [stderr]      Running unittests src/main.rs (/opt/rustwide/target/debug/deps/collections-6102cff69f2bf549)
[INFO] [stdout] 
[INFO] [stdout] running 0 tests
[INFO] [stdout] 
[INFO] [stdout] test result: ok. 0 passed; 0 failed; 0 ignored; 0 measured; 0 filtered out; finished in 0.00s
[INFO] [stdout] 
[INFO] [stderr]      Running unittests src/main.rs (/opt/rustwide/target/debug/deps/concurrency-b02e0d8593d783d9)
[INFO] [stdout] 
[INFO] [stdout] running 0 tests
[INFO] [stdout] 
[INFO] [stdout] test result: ok. 0 passed; 0 failed; 0 ignored; 0 measured; 0 filtered out; finished in 0.00s
[INFO] [stdout] 
[INFO] [stderr]      Running unittests src/main.rs (/opt/rustwide/target/debug/deps/enums-c7d4ea2100c5c6e8)
[INFO] [stdout] 
[INFO] [stdout] running 0 tests
[INFO] [stdout] 
[INFO] [stdout] test result: ok. 0 passed; 0 failed; 0 ignored; 0 measured; 0 filtered out; finished in 0.00s
[INFO] [stdout] 
[INFO] [stderr]      Running unittests src/main.rs (/opt/rustwide/target/debug/deps/errors-4fdec8afda093bb4)
[INFO] [stdout] 
[INFO] [stdout] running 0 tests
[INFO] [stdout] 
[INFO] [stdout] test result: ok. 0 passed; 0 failed; 0 ignored; 0 measured; 0 filtered out; finished in 0.00s
[INFO] [stdout] 
[INFO] [stderr]      Running unittests src/main.rs (/opt/rustwide/target/debug/deps/functional-4d65e8730f6ceac6)
[INFO] [stdout] 
[INFO] [stdout] running 0 tests
[INFO] [stdout] 
[INFO] [stdout] test result: ok. 0 passed; 0 failed; 0 ignored; 0 measured; 0 filtered out; finished in 0.00s
[INFO] [stdout] 
[INFO] [stderr]      Running unittests src/main.rs (/opt/rustwide/target/debug/deps/functions-2e1862115dc96619)
[INFO] [stdout] 
[INFO] [stdout] running 0 tests
[INFO] [stdout] 
[INFO] [stdout] test result: ok. 0 passed; 0 failed; 0 ignored; 0 measured; 0 filtered out; finished in 0.00s
[INFO] [stdout] 
[INFO] [stderr]      Running unittests src/main.rs (/opt/rustwide/target/debug/deps/generics-1a264263fa524cc5)
[INFO] [stdout] 
[INFO] [stdout] running 0 tests
[INFO] [stdout] 
[INFO] [stdout] test result: ok. 0 passed; 0 failed; 0 ignored; 0 measured; 0 filtered out; finished in 0.00s
[INFO] [stdout] 
[INFO] [stderr]      Running unittests src/main.rs (/opt/rustwide/target/debug/deps/guessing_game-6f84f92a234f4030)
[INFO] [stdout] 
[INFO] [stdout] running 0 tests
[INFO] [stdout] 
[INFO] [stdout] test result: ok. 0 passed; 0 failed; 0 ignored; 0 measured; 0 filtered out; finished in 0.00s
[INFO] [stdout] 
[INFO] [stderr]      Running unittests src/lib.rs (/opt/rustwide/target/debug/deps/hello-1ff12553f1633f5d)
[INFO] [stdout] 
[INFO] [stdout] running 0 tests
[INFO] [stdout] 
[INFO] [stdout] test result: ok. 0 passed; 0 failed; 0 ignored; 0 measured; 0 filtered out; finished in 0.00s
[INFO] [stdout] 
[INFO] [stderr]      Running unittests src/main.rs (/opt/rustwide/target/debug/deps/hello-519a4c24fb259a64)
[INFO] [stdout] 
[INFO] [stdout] running 0 tests
[INFO] [stdout] 
[INFO] [stdout] test result: ok. 0 passed; 0 failed; 0 ignored; 0 measured; 0 filtered out; finished in 0.00s
[INFO] [stdout] 
[INFO] [stderr]      Running unittests src/main.rs (/opt/rustwide/target/debug/deps/loops-3ea38d2d2b9ff063)
[INFO] [stdout] 
[INFO] [stdout] running 0 tests
[INFO] [stdout] 
[INFO] [stdout] test result: ok. 0 passed; 0 failed; 0 ignored; 0 measured; 0 filtered out; finished in 0.00s
[INFO] [stdout] 
[INFO] [stderr]      Running unittests src/lib.rs (/opt/rustwide/target/debug/deps/minigrep-0e93ddc4d125ce13)
[INFO] [stdout] 
[INFO] [stdout] running 2 tests
[INFO] [stdout] test tests::case_insensitive ... ok
[INFO] [stdout] test tests::case_sensitive ... ok
[INFO] [stdout] 
[INFO] [stdout] test result: ok. 2 passed; 0 failed; 0 ignored; 0 measured; 0 filtered out; finished in 0.00s
[INFO] [stdout] 
[INFO] [stderr]      Running unittests src/main.rs (/opt/rustwide/target/debug/deps/minigrep-c6bfa95aadb96259)
[INFO] [stdout] 
[INFO] [stdout] running 0 tests
[INFO] [stdout] 
[INFO] [stdout] test result: ok. 0 passed; 0 failed; 0 ignored; 0 measured; 0 filtered out; finished in 0.00s
[INFO] [stdout] 
[INFO] [stderr]      Running unittests src/main.rs (/opt/rustwide/target/debug/deps/ownership-30e96e0166138928)
[INFO] [stdout] 
[INFO] [stdout] running 0 tests
[INFO] [stdout] 
[INFO] [stdout] test result: ok. 0 passed; 0 failed; 0 ignored; 0 measured; 0 filtered out; finished in 0.00s
[INFO] [stdout] 
[INFO] [stderr]      Running unittests src/main.rs (/opt/rustwide/target/debug/deps/pattern_matching-5751d49c75d6b93a)
[INFO] [stdout] 
[INFO] [stdout] running 0 tests
[INFO] [stdout] 
[INFO] [stdout] test result: ok. 0 passed; 0 failed; 0 ignored; 0 measured; 0 filtered out; finished in 0.00s
[INFO] [stdout] 
[INFO] [stderr]      Running unittests src/main.rs (/opt/rustwide/target/debug/deps/rectangles-30c38fa5cd31a337)
[INFO] [stdout] 
[INFO] [stdout] running 0 tests
[INFO] [stdout] 
[INFO] [stdout] test result: ok. 0 passed; 0 failed; 0 ignored; 0 measured; 0 filtered out; finished in 0.00s
[INFO] [stdout] 
[INFO] [stderr]      Running unittests src/lib.rs (/opt/rustwide/target/debug/deps/restaurant-a6cb8160c6af02b5)
[INFO] [stdout] 
[INFO] [stdout] running 0 tests
[INFO] [stdout] 
[INFO] [stdout] test result: ok. 0 passed; 0 failed; 0 ignored; 0 measured; 0 filtered out; finished in 0.00s
[INFO] [stdout] 
[INFO] [stderr]      Running unittests src/main.rs (/opt/rustwide/target/debug/deps/slice-5a7263b39d78c8c0)
[INFO] [stdout] 
[INFO] [stdout] running 0 tests
[INFO] [stdout] 
[INFO] [stdout] test result: ok. 0 passed; 0 failed; 0 ignored; 0 measured; 0 filtered out; finished in 0.00s
[INFO] [stdout] 
[INFO] [stderr]      Running unittests src/main.rs (/opt/rustwide/target/debug/deps/smart_pointer-8cc5380afbfc742f)
[INFO] [stdout] 
[INFO] [stdout] running 0 tests
[INFO] [stdout] 
[INFO] [stdout] test result: ok. 0 passed; 0 failed; 0 ignored; 0 measured; 0 filtered out; finished in 0.00s
[INFO] [stdout] 
[INFO] [stderr]      Running unittests src/main.rs (/opt/rustwide/target/debug/deps/structs-6814822b0e8ddd8b)
[INFO] [stdout] 
[INFO] [stdout] running 0 tests
[INFO] [stdout] 
[INFO] [stdout] test result: ok. 0 passed; 0 failed; 0 ignored; 0 measured; 0 filtered out; finished in 0.00s
[INFO] [stdout] 
[INFO] [stderr]      Running unittests src/main.rs (/opt/rustwide/target/debug/deps/variables-9449429416e3a0fd)
[INFO] [stdout] 
[INFO] [stdout] running 0 tests
[INFO] [stdout] 
[INFO] [stdout] test result: ok. 0 passed; 0 failed; 0 ignored; 0 measured; 0 filtered out; finished in 0.00s
[INFO] [stdout] 
[INFO] [stderr]    Doc-tests adder
[INFO] [stdout] 
[INFO] [stdout] running 0 tests
[INFO] [stdout] 
[INFO] [stdout] test result: ok. 0 passed; 0 failed; 0 ignored; 0 measured; 0 filtered out; finished in 0.00s
[INFO] [stdout] 
[INFO] [stderr]    Doc-tests cargo-features
[INFO] [stdout] 
[INFO] [stdout] running 1 test
[INFO] [stdout] test cargo-features/src/lib.rs - add_one (line 8) ... FAILED
[INFO] [stdout] 
[INFO] [stdout] failures:
[INFO] [stdout] 
[INFO] [stdout] ---- cargo-features/src/lib.rs - add_one (line 8) stdout ----
[INFO] [stdout] error[E0425]: cannot find value `cargo` in this scope
[INFO] [stdout]  --> cargo-features/src/lib.rs:10:14
[INFO] [stdout]   |
[INFO] [stdout] 4 | let answer = cargo-features::add_one(arg);
[INFO] [stdout]   |              ^^^^^ not found in this scope
[INFO] [stdout] 
[INFO] [stdout] error[E0433]: failed to resolve: use of undeclared crate or module `features`
[INFO] [stdout]  --> cargo-features/src/lib.rs:10:20
[INFO] [stdout]   |
[INFO] [stdout] 4 | let answer = cargo-features::add_one(arg);
[INFO] [stdout]   |                    ^^^^^^^^ use of undeclared crate or module `features`
[INFO] [stdout] 
[INFO] [stdout] error: aborting due to 2 previous errors
[INFO] [stdout] 
[INFO] [stdout] Some errors have detailed explanations: E0425, E0433.
[INFO] [stdout] For more information about an error, try `rustc --explain E0425`.
[INFO] [stdout] Couldn't compile the test.
[INFO] [stdout] 
[INFO] [stdout] failures:
[INFO] [stdout]     cargo-features/src/lib.rs - add_one (line 8)
[INFO] [stdout] 
[INFO] [stdout] test result: FAILED. 0 passed; 1 failed; 0 ignored; 0 measured; 0 filtered out; finished in 0.04s
[INFO] [stdout] 
[INFO] [stderr] error: doctest failed, to rerun pass `-p cargo-features --doc`
[INFO] running `Command { std: "docker" "inspect" "13e48af14ad288214486f1ac9bfda84fba4cf24d574f3c199bb7f3e019bb3f5a", kill_on_drop: false }`
[INFO] running `Command { std: "docker" "rm" "-f" "13e48af14ad288214486f1ac9bfda84fba4cf24d574f3c199bb7f3e019bb3f5a", kill_on_drop: false }`
[INFO] [stdout] 13e48af14ad288214486f1ac9bfda84fba4cf24d574f3c199bb7f3e019bb3f5a
[INFO] testing sempruijs/learn-rust against beta-2023-12-22 for beta-1.76-1
[INFO] running `Command { std: "git" "clone" "/workspace/cache/git-repos/https%3A%2F%2Fgithub.com%2Fsempruijs%2Flearn-rust" "/workspace/builds/worker-3-tc2/source", kill_on_drop: false }`
[INFO] [stderr] Cloning into '/workspace/builds/worker-3-tc2/source'...
[INFO] [stderr] done.
[INFO] validating manifest of git repo https://github.com/sempruijs/learn-rust on toolchain beta-2023-12-22
[INFO] running `Command { std: CARGO_HOME="/workspace/cargo-home" RUSTUP_HOME="/workspace/rustup-home" "/workspace/cargo-home/bin/cargo" "+beta-2023-12-22" "metadata" "--manifest-path" "Cargo.toml" "--no-deps", kill_on_drop: false }`
[INFO] started tweaking git repo https://github.com/sempruijs/learn-rust
[INFO] finished tweaking git repo https://github.com/sempruijs/learn-rust
[INFO] tweaked toml for git repo https://github.com/sempruijs/learn-rust written to /workspace/builds/worker-3-tc2/source/Cargo.toml
[INFO] crate git repo https://github.com/sempruijs/learn-rust already has a lockfile, it will not be regenerated
[INFO] running `Command { std: CARGO_HOME="/workspace/cargo-home" RUSTUP_HOME="/workspace/rustup-home" "/workspace/cargo-home/bin/cargo" "+beta-2023-12-22" "fetch" "--manifest-path" "Cargo.toml", kill_on_drop: false }`
[INFO] [stderr] warning: profiles for the non root package will be ignored, specify profiles at the workspace root:
[INFO] [stderr] package:   /workspace/builds/worker-3-tc2/source/minigrep/Cargo.toml
[INFO] [stderr] workspace: /workspace/builds/worker-3-tc2/source/Cargo.toml
[INFO] [stderr] warning: virtual workspace defaulting to `resolver = "1"` despite one or more workspace members being on edition 2021 which implies `resolver = "2"`
[INFO] [stderr] note: to keep the current resolver, specify `workspace.resolver = "1"` in the workspace root's manifest
[INFO] [stderr] note: to use the edition 2021 resolver, specify `workspace.resolver = "2"` in the workspace root's manifest
[INFO] [stderr] note: for more details see https://doc.rust-lang.org/cargo/reference/resolver.html#resolver-versions
[INFO] running `Command { std: "docker" "create" "-v" "/var/lib/crater-agent-workspace/builds/worker-3-tc2/target:/opt/rustwide/target:rw,Z" "-v" "/var/lib/crater-agent-workspace/builds/worker-3-tc2/source:/opt/rustwide/workdir:ro,Z" "-v" "/var/lib/crater-agent-workspace/cargo-home:/opt/rustwide/cargo-home:ro,Z" "-v" "/var/lib/crater-agent-workspace/rustup-home:/opt/rustwide/rustup-home:ro,Z" "-e" "SOURCE_DIR=/opt/rustwide/workdir" "-e" "CARGO_TARGET_DIR=/opt/rustwide/target" "-e" "CARGO_HOME=/opt/rustwide/cargo-home" "-e" "RUSTUP_HOME=/opt/rustwide/rustup-home" "-w" "/opt/rustwide/workdir" "-m" "1610612736" "--user" "0:0" "--network" "none" "ghcr.io/rust-lang/crates-build-env/linux@sha256:2788e3201cd34a07e3172128adcd8b3090168a8e3bcc40d7c032b9dda1df7d1c" "/opt/rustwide/cargo-home/bin/cargo" "+beta-2023-12-22" "metadata" "--no-deps" "--format-version=1", kill_on_drop: false }`
[INFO] [stdout] ed746bb140b922b37be5e15789a8e0a575ee98767d8359d2d66fb20e18149f86
[INFO] running `Command { std: "docker" "start" "-a" "ed746bb140b922b37be5e15789a8e0a575ee98767d8359d2d66fb20e18149f86", kill_on_drop: false }`
[INFO] running `Command { std: "docker" "inspect" "ed746bb140b922b37be5e15789a8e0a575ee98767d8359d2d66fb20e18149f86", kill_on_drop: false }`
[INFO] running `Command { std: "docker" "rm" "-f" "ed746bb140b922b37be5e15789a8e0a575ee98767d8359d2d66fb20e18149f86", kill_on_drop: false }`
[INFO] [stdout] ed746bb140b922b37be5e15789a8e0a575ee98767d8359d2d66fb20e18149f86
[INFO] running `Command { std: "docker" "create" "-v" "/var/lib/crater-agent-workspace/builds/worker-3-tc2/target:/opt/rustwide/target:rw,Z" "-v" "/var/lib/crater-agent-workspace/builds/worker-3-tc2/source:/opt/rustwide/workdir:ro,Z" "-v" "/var/lib/crater-agent-workspace/cargo-home:/opt/rustwide/cargo-home:ro,Z" "-v" "/var/lib/crater-agent-workspace/rustup-home:/opt/rustwide/rustup-home:ro,Z" "-e" "SOURCE_DIR=/opt/rustwide/workdir" "-e" "CARGO_TARGET_DIR=/opt/rustwide/target" "-e" "CARGO_INCREMENTAL=0" "-e" "RUST_BACKTRACE=full" "-e" "RUSTFLAGS=--cap-lints=warn" "-e" "RUSTDOCFLAGS=--cap-lints=warn" "-e" "CARGO_HOME=/opt/rustwide/cargo-home" "-e" "RUSTUP_HOME=/opt/rustwide/rustup-home" "-w" "/opt/rustwide/workdir" "-m" "1610612736" "--user" "0:0" "--network" "none" "ghcr.io/rust-lang/crates-build-env/linux@sha256:2788e3201cd34a07e3172128adcd8b3090168a8e3bcc40d7c032b9dda1df7d1c" "/opt/rustwide/cargo-home/bin/cargo" "+beta-2023-12-22" "build" "--frozen" "--message-format=json", kill_on_drop: false }`
[INFO] [stdout] 5b23ee8f448b67ffff56392a052c67685995486f2ff44672e55f3d34703669f7
[INFO] running `Command { std: "docker" "start" "-a" "5b23ee8f448b67ffff56392a052c67685995486f2ff44672e55f3d34703669f7", kill_on_drop: false }`
[INFO] [stderr] warning: profiles for the non root package will be ignored, specify profiles at the workspace root:
[INFO] [stderr] package:   /opt/rustwide/workdir/minigrep/Cargo.toml
[INFO] [stderr] workspace: /opt/rustwide/workdir/Cargo.toml
[INFO] [stderr] warning: virtual workspace defaulting to `resolver = "1"` despite one or more workspace members being on edition 2021 which implies `resolver = "2"`
[INFO] [stderr] note: to keep the current resolver, specify `workspace.resolver = "1"` in the workspace root's manifest
[INFO] [stderr] note: to use the edition 2021 resolver, specify `workspace.resolver = "2"` in the workspace root's manifest
[INFO] [stderr] note: for more details see https://doc.rust-lang.org/cargo/reference/resolver.html#resolver-versions
[INFO] [stderr]    Compiling libc v0.2.139
[INFO] [stderr]    Compiling ppv-lite86 v0.2.17
[INFO] [stderr]    Compiling hello v0.1.0 (/opt/rustwide/workdir/hello)
[INFO] [stderr]    Compiling cargo-features v0.1.0 (/opt/rustwide/workdir/cargo-features)
[INFO] [stderr]    Compiling minigrep v0.1.0 (/opt/rustwide/workdir/minigrep)
[INFO] [stderr]    Compiling functional v0.1.0 (/opt/rustwide/workdir/functional)
[INFO] [stderr]    Compiling smart-pointer v0.1.0 (/opt/rustwide/workdir/smart-pointer)
[INFO] [stderr]    Compiling restaurant v0.1.0 (/opt/rustwide/workdir/restaurant)
[INFO] [stderr]    Compiling branches v0.1.0 (/opt/rustwide/workdir/branches)
[INFO] [stderr]    Compiling rectangles v0.1.0 (/opt/rustwide/workdir/rectangles)
[INFO] [stderr]    Compiling variables v0.1.0 (/opt/rustwide/workdir/variables)
[INFO] [stderr]    Compiling generics v0.1.0 (/opt/rustwide/workdir/generics)
[INFO] [stderr]    Compiling backyard v0.1.0 (/opt/rustwide/workdir/backyard)
[INFO] [stderr]    Compiling concurrency v0.1.0 (/opt/rustwide/workdir/concurrency)
[INFO] [stderr]    Compiling collections v0.1.0 (/opt/rustwide/workdir/collections)
[INFO] [stderr]    Compiling enums v0.1.0 (/opt/rustwide/workdir/enums)
[INFO] [stderr]    Compiling ownership v0.1.0 (/opt/rustwide/workdir/ownership)
[INFO] [stdout] warning: unused variable: `a`
[INFO] [stdout]   --> smart-pointer/src/main.rs:50:9
[INFO] [stdout]    |
[INFO] [stdout] 50 |     let a = CustomSmartPointer {
[INFO] [stdout]    |         ^ help: if this is intentional, prefix it with an underscore: `_a`
[INFO] [stdout]    |
[INFO] [stdout]    = note: `#[warn(unused_variables)]` on by default
[INFO] [stdout] 
[INFO] [stdout] 
[INFO] [stdout] warning: unused variable: `c`
[INFO] [stdout]   --> smart-pointer/src/main.rs:58:9
[INFO] [stdout]    |
[INFO] [stdout] 58 |     let c = CustomSmartPointer {
[INFO] [stdout]    |         ^ help: if this is intentional, prefix it with an underscore: `_c`
[INFO] [stdout] 
[INFO] [stdout] 
[INFO] [stdout] warning: unused variable: `n`
[INFO] [stdout]   --> smart-pointer/src/main.rs:69:9
[INFO] [stdout]    |
[INFO] [stdout] 69 |     let n = Cons(2, Rc::clone(&m));
[INFO] [stdout]    |         ^ help: if this is intentional, prefix it with an underscore: `_n`
[INFO] [stdout] 
[INFO] [stdout] 
[INFO] [stdout] warning: unused variable: `o`
[INFO] [stdout]   --> smart-pointer/src/main.rs:73:13
[INFO] [stdout]    |
[INFO] [stdout] 73 |         let o = Cons(4, Rc::clone(&m));
[INFO] [stdout]    |             ^ help: if this is intentional, prefix it with an underscore: `_o`
[INFO] [stdout] 
[INFO] [stdout] 
[INFO] [stdout] warning: variants `Penny`, `Dime`, and `Quarter` are never constructed
[INFO] [stdout]  --> enums/src/main.rs:3:5
[INFO] [stdout]   |
[INFO] [stdout] 2 | enum Coin {
[INFO] [stdout]   |      ---- variants in this enum
[INFO] [stdout] 3 |     Penny,
[INFO] [stdout]   |     ^^^^^
[INFO] [stdout] 4 |     Nickel,
[INFO] [stdout] 5 |     Dime,
[INFO] [stdout]   |     ^^^^
[INFO] [stdout] 6 |     Quarter,
[INFO] [stdout]   |     ^^^^^^^
[INFO] [stdout]   |
[INFO] [stdout]   = note: `Coin` has a derived impl for the trait `Debug`, but this is intentionally ignored during dead code analysis
[INFO] [stdout]   = note: `#[warn(dead_code)]` on by default
[INFO] [stdout] 
[INFO] [stdout] 
[INFO] [stdout] warning: fields `x` and `y` are never read
[INFO] [stdout]   --> generics/src/main.rs:37:5
[INFO] [stdout]    |
[INFO] [stdout] 36 | struct Point<T> {
[INFO] [stdout]    |        ----- fields in this struct
[INFO] [stdout] 37 |     x: T,
[INFO] [stdout]    |     ^
[INFO] [stdout] 38 |     y: T,
[INFO] [stdout]    |     ^
[INFO] [stdout]    |
[INFO] [stdout]    = note: `Point` has a derived impl for the trait `Debug`, but this is intentionally ignored during dead code analysis
[INFO] [stdout]    = note: `#[warn(dead_code)]` on by default
[INFO] [stdout] 
[INFO] [stdout] 
[INFO] [stderr]    Compiling functions v0.1.0 (/opt/rustwide/workdir/functions)
[INFO] [stderr]    Compiling borrowing v0.1.0 (/opt/rustwide/workdir/borrowing)
[INFO] [stderr]    Compiling slice v0.1.0 (/opt/rustwide/workdir/slice)
[INFO] [stdout] warning: 1 warning emitted
[INFO] [stdout] 
[INFO] [stdout] 
[INFO] [stderr]    Compiling structs v0.1.0 (/opt/rustwide/workdir/structs)
[INFO] [stderr]    Compiling adder v0.1.0 (/opt/rustwide/workdir/adder)
[INFO] [stderr]    Compiling loops v0.1.0 (/opt/rustwide/workdir/loops)
[INFO] [stderr]    Compiling advanced-features v0.1.0 (/opt/rustwide/workdir/advanced-features)
[INFO] [stderr]    Compiling pattern-matching v0.1.0 (/opt/rustwide/workdir/pattern-matching)
[INFO] [stdout] warning: unused variable: `bla`
[INFO] [stdout]   --> borrowing/src/main.rs:23:9
[INFO] [stdout]    |
[INFO] [stdout] 23 | fn test(bla: String) {
[INFO] [stdout]    |         ^^^ help: if this is intentional, prefix it with an underscore: `_bla`
[INFO] [stdout]    |
[INFO] [stdout]    = note: `#[warn(unused_variables)]` on by default
[INFO] [stdout] 
[INFO] [stdout] 
[INFO] [stdout] warning: variable does not need to be mutable
[INFO] [stdout]   --> borrowing/src/main.rs:24:9
[INFO] [stdout]    |
[INFO] [stdout] 24 |     let mut x = 5;
[INFO] [stdout]    |         ----^
[INFO] [stdout]    |         |
[INFO] [stdout]    |         help: remove this `mut`
[INFO] [stdout]    |
[INFO] [stdout]    = note: `#[warn(unused_mut)]` on by default
[INFO] [stdout] 
[INFO] [stdout] 
[INFO] [stdout] warning: function `test` is never used
[INFO] [stdout]   --> borrowing/src/main.rs:23:4
[INFO] [stdout]    |
[INFO] [stdout] 23 | fn test(bla: String) {
[INFO] [stdout]    |    ^^^^
[INFO] [stdout]    |
[INFO] [stdout]    = note: `#[warn(dead_code)]` on by default
[INFO] [stdout] 
[INFO] [stdout] 
[INFO] [stdout] warning: unused variable: `origin`
[INFO] [stdout]  --> structs/src/main.rs:9:9
[INFO] [stdout]   |
[INFO] [stdout] 9 |     let origin = Point(0, 0, 0);
[INFO] [stdout]   |         ^^^^^^ help: if this is intentional, prefix it with an underscore: `_origin`
[INFO] [stdout]   |
[INFO] [stdout]   = note: `#[warn(unused_variables)]` on by default
[INFO] [stdout] 
[INFO] [stdout] 
[INFO] [stdout] warning: fields `active`, `email`, and `sign_in_count` are never read
[INFO] [stdout]   --> structs/src/main.rs:30:5
[INFO] [stdout]    |
[INFO] [stdout] 29 | struct User {
[INFO] [stdout]    |        ---- fields in this struct
[INFO] [stdout] 30 |     active: bool,
[INFO] [stdout]    |     ^^^^^^
[INFO] [stdout] 31 |     username: String,
[INFO] [stdout] 32 |     email: String,
[INFO] [stdout]    |     ^^^^^
[INFO] [stdout] 33 |     sign_in_count: u64,
[INFO] [stdout]    |     ^^^^^^^^^^^^^
[INFO] [stdout]    |
[INFO] [stdout]    = note: `#[warn(dead_code)]` on by default
[INFO] [stdout] 
[INFO] [stdout] 
[INFO] [stdout] warning: 4 warnings emitted
[INFO] [stdout] 
[INFO] [stdout] 
[INFO] [stdout] warning: field `value` is never read
[INFO] [stdout]  --> adder/src/lib.rs:2:5
[INFO] [stdout]   |
[INFO] [stdout] 1 | pub struct Guess {
[INFO] [stdout]   |            ----- field in this struct
[INFO] [stdout] 2 |     value: u32,
[INFO] [stdout]   |     ^^^^^
[INFO] [stdout]   |
[INFO] [stdout]   = note: `#[warn(dead_code)]` on by default
[INFO] [stdout] 
[INFO] [stdout] 
[INFO] [stdout] warning: associated function `new` is never used
[INFO] [stdout]  --> adder/src/lib.rs:6:8
[INFO] [stdout]   |
[INFO] [stdout] 5 | impl Guess {
[INFO] [stdout]   | ---------- associated function in this implementation
[INFO] [stdout] 6 |     fn new(x: i32) -> Guess {
[INFO] [stdout]   |        ^^^
[INFO] [stdout] 
[INFO] [stdout] 
[INFO] [stdout] warning: function `print_value_return_10` is never used
[INFO] [stdout]   --> adder/src/lib.rs:21:4
[INFO] [stdout]    |
[INFO] [stdout] 21 | fn print_value_return_10(v: i32) -> u8 {
[INFO] [stdout]    |    ^^^^^^^^^^^^^^^^^^^^^
[INFO] [stdout] 
[INFO] [stdout] 
[INFO] [stdout] warning: function `salut_name` is never used
[INFO] [stdout]   --> adder/src/lib.rs:26:4
[INFO] [stdout]    |
[INFO] [stdout] 26 | fn salut_name(n: &str) -> String {
[INFO] [stdout]    |    ^^^^^^^^^^
[INFO] [stdout] 
[INFO] [stdout] 
[INFO] [stdout] warning: fields `x` and `y` are never read
[INFO] [stdout]   --> adder/src/lib.rs:32:5
[INFO] [stdout]    |
[INFO] [stdout] 31 | struct Rectangle {
[INFO] [stdout]    |        --------- fields in this struct
[INFO] [stdout] 32 |     x: u32,
[INFO] [stdout]    |     ^
[INFO] [stdout] 33 |     y: u32,
[INFO] [stdout]    |     ^
[INFO] [stdout]    |
[INFO] [stdout]    = note: `Rectangle` has a derived impl for the trait `Debug`, but this is intentionally ignored during dead code analysis
[INFO] [stdout] 
[INFO] [stdout] 
[INFO] [stdout] warning: method `can_hold` is never used
[INFO] [stdout]   --> adder/src/lib.rs:37:8
[INFO] [stdout]    |
[INFO] [stdout] 36 | impl Rectangle {
[INFO] [stdout]    | -------------- method in this implementation
[INFO] [stdout] 37 |     fn can_hold(&self, other: &Rectangle) -> bool {
[INFO] [stdout]    |        ^^^^^^^^
[INFO] [stdout] 
[INFO] [stdout] 
[INFO] [stderr]    Compiling errors v0.1.0 (/opt/rustwide/workdir/errors)
[INFO] [stdout] warning: 1 warning emitted
[INFO] [stdout] 
[INFO] [stdout] 
[INFO] [stdout] warning: 6 warnings emitted
[INFO] [stdout] 
[INFO] [stdout] 
[INFO] [stdout] warning: 2 warnings emitted
[INFO] [stdout] 
[INFO] [stdout] 
[INFO] [stdout] warning: 3 warnings emitted
[INFO] [stdout] 
[INFO] [stdout] 
[INFO] [stderr]    Compiling getrandom v0.2.8
[INFO] [stderr]    Compiling rand_core v0.6.4
[INFO] [stderr]    Compiling rand_chacha v0.3.1
[INFO] [stderr]    Compiling rand v0.8.5
[INFO] [stderr]    Compiling guessing-game v0.1.0 (/opt/rustwide/workdir/guessing-game)
[INFO] [stderr]     Finished dev [unoptimized + debuginfo] target(s) in 1.69s
[INFO] running `Command { std: "docker" "inspect" "5b23ee8f448b67ffff56392a052c67685995486f2ff44672e55f3d34703669f7", kill_on_drop: false }`
[INFO] running `Command { std: "docker" "rm" "-f" "5b23ee8f448b67ffff56392a052c67685995486f2ff44672e55f3d34703669f7", kill_on_drop: false }`
[INFO] [stdout] 5b23ee8f448b67ffff56392a052c67685995486f2ff44672e55f3d34703669f7
[INFO] running `Command { std: "docker" "create" "-v" "/var/lib/crater-agent-workspace/builds/worker-3-tc2/target:/opt/rustwide/target:rw,Z" "-v" "/var/lib/crater-agent-workspace/builds/worker-3-tc2/source:/opt/rustwide/workdir:ro,Z" "-v" "/var/lib/crater-agent-workspace/cargo-home:/opt/rustwide/cargo-home:ro,Z" "-v" "/var/lib/crater-agent-workspace/rustup-home:/opt/rustwide/rustup-home:ro,Z" "-e" "SOURCE_DIR=/opt/rustwide/workdir" "-e" "CARGO_TARGET_DIR=/opt/rustwide/target" "-e" "CARGO_INCREMENTAL=0" "-e" "RUST_BACKTRACE=full" "-e" "RUSTFLAGS=--cap-lints=warn" "-e" "RUSTDOCFLAGS=--cap-lints=warn" "-e" "CARGO_HOME=/opt/rustwide/cargo-home" "-e" "RUSTUP_HOME=/opt/rustwide/rustup-home" "-w" "/opt/rustwide/workdir" "-m" "1610612736" "--user" "0:0" "--network" "none" "ghcr.io/rust-lang/crates-build-env/linux@sha256:2788e3201cd34a07e3172128adcd8b3090168a8e3bcc40d7c032b9dda1df7d1c" "/opt/rustwide/cargo-home/bin/cargo" "+beta-2023-12-22" "test" "--frozen" "--no-run" "--message-format=json", kill_on_drop: false }`
[INFO] [stdout] 629975b840d2503d7ad09d9dccd8c2353ab59b1736afaaf363d42b0243071bca
[INFO] running `Command { std: "docker" "start" "-a" "629975b840d2503d7ad09d9dccd8c2353ab59b1736afaaf363d42b0243071bca", kill_on_drop: false }`
[INFO] [stderr] warning: profiles for the non root package will be ignored, specify profiles at the workspace root:
[INFO] [stderr] package:   /opt/rustwide/workdir/minigrep/Cargo.toml
[INFO] [stderr] workspace: /opt/rustwide/workdir/Cargo.toml
[INFO] [stderr] warning: virtual workspace defaulting to `resolver = "1"` despite one or more workspace members being on edition 2021 which implies `resolver = "2"`
[INFO] [stderr] note: to keep the current resolver, specify `workspace.resolver = "1"` in the workspace root's manifest
[INFO] [stderr] note: to use the edition 2021 resolver, specify `workspace.resolver = "2"` in the workspace root's manifest
[INFO] [stderr] note: for more details see https://doc.rust-lang.org/cargo/reference/resolver.html#resolver-versions
[INFO] [stdout] warning: field `value` is never read
[INFO] [stdout]  --> adder/src/lib.rs:2:5
[INFO] [stdout]   |
[INFO] [stdout] 1 | pub struct Guess {
[INFO] [stdout]   |            ----- field in this struct
[INFO] [stdout] 2 |     value: u32,
[INFO] [stdout]   |     ^^^^^
[INFO] [stdout]   |
[INFO] [stdout]   = note: `#[warn(dead_code)]` on by default
[INFO] [stdout] 
[INFO] [stdout] 
[INFO] [stdout] warning: associated function `new` is never used
[INFO] [stdout]  --> adder/src/lib.rs:6:8
[INFO] [stdout]   |
[INFO] [stdout] 5 | impl Guess {
[INFO] [stdout]   | ---------- associated function in this implementation
[INFO] [stdout] 6 |     fn new(x: i32) -> Guess {
[INFO] [stdout]   |        ^^^
[INFO] [stdout] 
[INFO] [stdout] 
[INFO] [stdout] warning: function `print_value_return_10` is never used
[INFO] [stdout]   --> adder/src/lib.rs:21:4
[INFO] [stdout]    |
[INFO] [stdout] 21 | fn print_value_return_10(v: i32) -> u8 {
[INFO] [stdout]    |    ^^^^^^^^^^^^^^^^^^^^^
[INFO] [stdout] 
[INFO] [stdout] 
[INFO] [stdout] warning: function `salut_name` is never used
[INFO] [stdout]   --> adder/src/lib.rs:26:4
[INFO] [stdout]    |
[INFO] [stdout] 26 | fn salut_name(n: &str) -> String {
[INFO] [stdout]    |    ^^^^^^^^^^
[INFO] [stdout] 
[INFO] [stdout] 
[INFO] [stdout] warning: fields `x` and `y` are never read
[INFO] [stdout]   --> adder/src/lib.rs:32:5
[INFO] [stdout]    |
[INFO] [stdout] 31 | struct Rectangle {
[INFO] [stdout]    |        --------- fields in this struct
[INFO] [stdout] 32 |     x: u32,
[INFO] [stdout]    |     ^
[INFO] [stdout] 33 |     y: u32,
[INFO] [stdout]    |     ^
[INFO] [stdout]    |
[INFO] [stdout]    = note: `Rectangle` has a derived impl for the trait `Debug`, but this is intentionally ignored during dead code analysis
[INFO] [stdout] 
[INFO] [stdout] 
[INFO] [stdout] warning: method `can_hold` is never used
[INFO] [stdout]   --> adder/src/lib.rs:37:8
[INFO] [stdout]    |
[INFO] [stdout] 36 | impl Rectangle {
[INFO] [stdout]    | -------------- method in this implementation
[INFO] [stdout] 37 |     fn can_hold(&self, other: &Rectangle) -> bool {
[INFO] [stdout]    |        ^^^^^^^^
[INFO] [stdout] 
[INFO] [stdout] 
[INFO] [stdout] warning: 6 warnings emitted
[INFO] [stdout] 
[INFO] [stdout] 
[INFO] [stderr]    Compiling advanced-features v0.1.0 (/opt/rustwide/workdir/advanced-features)
[INFO] [stderr]    Compiling backyard v0.1.0 (/opt/rustwide/workdir/backyard)
[INFO] [stderr]    Compiling hello v0.1.0 (/opt/rustwide/workdir/hello)
[INFO] [stderr]    Compiling variables v0.1.0 (/opt/rustwide/workdir/variables)
[INFO] [stderr]    Compiling adder v0.1.0 (/opt/rustwide/workdir/adder)
[INFO] [stderr]    Compiling concurrency v0.1.0 (/opt/rustwide/workdir/concurrency)
[INFO] [stderr]    Compiling pattern-matching v0.1.0 (/opt/rustwide/workdir/pattern-matching)
[INFO] [stderr]    Compiling restaurant v0.1.0 (/opt/rustwide/workdir/restaurant)
[INFO] [stderr]    Compiling functional v0.1.0 (/opt/rustwide/workdir/functional)
[INFO] [stderr]    Compiling cargo-features v0.1.0 (/opt/rustwide/workdir/cargo-features)
[INFO] [stderr]    Compiling minigrep v0.1.0 (/opt/rustwide/workdir/minigrep)
[INFO] [stderr]    Compiling branches v0.1.0 (/opt/rustwide/workdir/branches)
[INFO] [stderr]    Compiling functions v0.1.0 (/opt/rustwide/workdir/functions)
[INFO] [stderr]    Compiling guessing-game v0.1.0 (/opt/rustwide/workdir/guessing-game)
[INFO] [stdout] warning: field `value` is never read
[INFO] [stdout]  --> adder/src/lib.rs:2:5
[INFO] [stdout]   |
[INFO] [stdout] 1 | pub struct Guess {
[INFO] [stdout]   |            ----- field in this struct
[INFO] [stdout] 2 |     value: u32,
[INFO] [stdout]   |     ^^^^^
[INFO] [stdout]   |
[INFO] [stdout]   = note: `#[warn(dead_code)]` on by default
[INFO] [stdout] 
[INFO] [stdout] 
[INFO] [stderr]    Compiling borrowing v0.1.0 (/opt/rustwide/workdir/borrowing)
[INFO] [stderr]    Compiling enums v0.1.0 (/opt/rustwide/workdir/enums)
[INFO] [stderr]    Compiling rectangles v0.1.0 (/opt/rustwide/workdir/rectangles)
[INFO] [stderr]    Compiling structs v0.1.0 (/opt/rustwide/workdir/structs)
[INFO] [stderr]    Compiling generics v0.1.0 (/opt/rustwide/workdir/generics)
[INFO] [stderr]    Compiling errors v0.1.0 (/opt/rustwide/workdir/errors)
[INFO] [stderr]    Compiling collections v0.1.0 (/opt/rustwide/workdir/collections)
[INFO] [stderr]    Compiling loops v0.1.0 (/opt/rustwide/workdir/loops)
[INFO] [stderr]    Compiling ownership v0.1.0 (/opt/rustwide/workdir/ownership)
[INFO] [stderr]    Compiling slice v0.1.0 (/opt/rustwide/workdir/slice)
[INFO] [stdout] warning: unused variable: `bla`
[INFO] [stdout]   --> borrowing/src/main.rs:23:9
[INFO] [stdout]    |
[INFO] [stdout] 23 | fn test(bla: String) {
[INFO] [stdout]    |         ^^^ help: if this is intentional, prefix it with an underscore: `_bla`
[INFO] [stdout]    |
[INFO] [stdout]    = note: `#[warn(unused_variables)]` on by default
[INFO] [stdout] 
[INFO] [stdout] 
[INFO] [stdout] warning: variable does not need to be mutable
[INFO] [stdout]   --> borrowing/src/main.rs:24:9
[INFO] [stdout]    |
[INFO] [stdout] 24 |     let mut x = 5;
[INFO] [stdout]    |         ----^
[INFO] [stdout]    |         |
[INFO] [stdout]    |         help: remove this `mut`
[INFO] [stdout]    |
[INFO] [stdout]    = note: `#[warn(unused_mut)]` on by default
[INFO] [stdout] 
[INFO] [stdout] 
[INFO] [stderr]    Compiling smart-pointer v0.1.0 (/opt/rustwide/workdir/smart-pointer)
[INFO] [stdout] warning: function `test` is never used
[INFO] [stdout]   --> borrowing/src/main.rs:23:4
[INFO] [stdout]    |
[INFO] [stdout] 23 | fn test(bla: String) {
[INFO] [stdout]    |    ^^^^
[INFO] [stdout]    |
[INFO] [stdout]    = note: `#[warn(dead_code)]` on by default
[INFO] [stdout] 
[INFO] [stdout] 
[INFO] [stdout] warning: unused variable: `origin`
[INFO] [stdout]  --> structs/src/main.rs:9:9
[INFO] [stdout]   |
[INFO] [stdout] 9 |     let origin = Point(0, 0, 0);
[INFO] [stdout]   |         ^^^^^^ help: if this is intentional, prefix it with an underscore: `_origin`
[INFO] [stdout]   |
[INFO] [stdout]   = note: `#[warn(unused_variables)]` on by default
[INFO] [stdout] 
[INFO] [stdout] 
[INFO] [stdout] warning: variants `Penny`, `Dime`, and `Quarter` are never constructed
[INFO] [stdout]  --> enums/src/main.rs:3:5
[INFO] [stdout]   |
[INFO] [stdout] 2 | enum Coin {
[INFO] [stdout]   |      ---- variants in this enum
[INFO] [stdout] 3 |     Penny,
[INFO] [stdout]   |     ^^^^^
[INFO] [stdout] 4 |     Nickel,
[INFO] [stdout] 5 |     Dime,
[INFO] [stdout]   |     ^^^^
[INFO] [stdout] 6 |     Quarter,
[INFO] [stdout]   |     ^^^^^^^
[INFO] [stdout]   |
[INFO] [stdout]   = note: `Coin` has a derived impl for the trait `Debug`, but this is intentionally ignored during dead code analysis
[INFO] [stdout]   = note: `#[warn(dead_code)]` on by default
[INFO] [stdout] 
[INFO] [stdout] 
[INFO] [stdout] warning: fields `active`, `email`, and `sign_in_count` are never read
[INFO] [stdout]   --> structs/src/main.rs:30:5
[INFO] [stdout]    |
[INFO] [stdout] 29 | struct User {
[INFO] [stdout]    |        ---- fields in this struct
[INFO] [stdout] 30 |     active: bool,
[INFO] [stdout]    |     ^^^^^^
[INFO] [stdout] 31 |     username: String,
[INFO] [stdout] 32 |     email: String,
[INFO] [stdout]    |     ^^^^^
[INFO] [stdout] 33 |     sign_in_count: u64,
[INFO] [stdout]    |     ^^^^^^^^^^^^^
[INFO] [stdout]    |
[INFO] [stdout]    = note: `#[warn(dead_code)]` on by default
[INFO] [stdout] 
[INFO] [stdout] 
[INFO] [stdout] warning: fields `x` and `y` are never read
[INFO] [stdout]   --> generics/src/main.rs:37:5
[INFO] [stdout]    |
[INFO] [stdout] 36 | struct Point<T> {
[INFO] [stdout]    |        ----- fields in this struct
[INFO] [stdout] 37 |     x: T,
[INFO] [stdout]    |     ^
[INFO] [stdout] 38 |     y: T,
[INFO] [stdout]    |     ^
[INFO] [stdout]    |
[INFO] [stdout]    = note: `Point` has a derived impl for the trait `Debug`, but this is intentionally ignored during dead code analysis
[INFO] [stdout]    = note: `#[warn(dead_code)]` on by default
[INFO] [stdout] 
[INFO] [stdout] 
[INFO] [stdout] warning: unused variable: `a`
[INFO] [stdout]   --> smart-pointer/src/main.rs:50:9
[INFO] [stdout]    |
[INFO] [stdout] 50 |     let a = CustomSmartPointer {
[INFO] [stdout]    |         ^ help: if this is intentional, prefix it with an underscore: `_a`
[INFO] [stdout]    |
[INFO] [stdout]    = note: `#[warn(unused_variables)]` on by default
[INFO] [stdout] 
[INFO] [stdout] 
[INFO] [stdout] warning: unused variable: `c`
[INFO] [stdout]   --> smart-pointer/src/main.rs:58:9
[INFO] [stdout]    |
[INFO] [stdout] 58 |     let c = CustomSmartPointer {
[INFO] [stdout]    |         ^ help: if this is intentional, prefix it with an underscore: `_c`
[INFO] [stdout] 
[INFO] [stdout] 
[INFO] [stdout] warning: unused variable: `n`
[INFO] [stdout]   --> smart-pointer/src/main.rs:69:9
[INFO] [stdout]    |
[INFO] [stdout] 69 |     let n = Cons(2, Rc::clone(&m));
[INFO] [stdout]    |         ^ help: if this is intentional, prefix it with an underscore: `_n`
[INFO] [stdout] 
[INFO] [stdout] 
[INFO] [stdout] warning: unused variable: `o`
[INFO] [stdout]   --> smart-pointer/src/main.rs:73:13
[INFO] [stdout]    |
[INFO] [stdout] 73 |         let o = Cons(4, Rc::clone(&m));
[INFO] [stdout]    |             ^ help: if this is intentional, prefix it with an underscore: `_o`
[INFO] [stdout] 
[INFO] [stdout] 
[INFO] [stdout] warning: 1 warning emitted
[INFO] [stdout] 
[INFO] [stdout] 
[INFO] [stdout] warning: 3 warnings emitted
[INFO] [stdout] 
[INFO] [stdout] 
[INFO] [stdout] warning: 2 warnings emitted
[INFO] [stdout] 
[INFO] [stdout] 
[INFO] [stdout] warning: 1 warning emitted
[INFO] [stdout] 
[INFO] [stdout] 
[INFO] [stdout] warning: 1 warning emitted
[INFO] [stdout] 
[INFO] [stdout] 
[INFO] [stdout] warning: 4 warnings emitted
[INFO] [stdout] 
[INFO] [stdout] 
[INFO] [stderr]     Finished test [unoptimized + debuginfo] target(s) in 0.64s
[INFO] running `Command { std: "docker" "inspect" "629975b840d2503d7ad09d9dccd8c2353ab59b1736afaaf363d42b0243071bca", kill_on_drop: false }`
[INFO] running `Command { std: "docker" "rm" "-f" "629975b840d2503d7ad09d9dccd8c2353ab59b1736afaaf363d42b0243071bca", kill_on_drop: false }`
[INFO] [stdout] 629975b840d2503d7ad09d9dccd8c2353ab59b1736afaaf363d42b0243071bca
[INFO] running `Command { std: "docker" "create" "-v" "/var/lib/crater-agent-workspace/builds/worker-3-tc2/target:/opt/rustwide/target:rw,Z" "-v" "/var/lib/crater-agent-workspace/builds/worker-3-tc2/source:/opt/rustwide/workdir:ro,Z" "-v" "/var/lib/crater-agent-workspace/cargo-home:/opt/rustwide/cargo-home:ro,Z" "-v" "/var/lib/crater-agent-workspace/rustup-home:/opt/rustwide/rustup-home:ro,Z" "-e" "SOURCE_DIR=/opt/rustwide/workdir" "-e" "CARGO_TARGET_DIR=/opt/rustwide/target" "-e" "CARGO_INCREMENTAL=0" "-e" "RUST_BACKTRACE=full" "-e" "RUSTFLAGS=--cap-lints=warn" "-e" "RUSTDOCFLAGS=--cap-lints=warn" "-e" "CARGO_HOME=/opt/rustwide/cargo-home" "-e" "RUSTUP_HOME=/opt/rustwide/rustup-home" "-w" "/opt/rustwide/workdir" "-m" "1610612736" "--user" "0:0" "--network" "none" "ghcr.io/rust-lang/crates-build-env/linux@sha256:2788e3201cd34a07e3172128adcd8b3090168a8e3bcc40d7c032b9dda1df7d1c" "/opt/rustwide/cargo-home/bin/cargo" "+beta-2023-12-22" "test" "--frozen", kill_on_drop: false }`
[INFO] [stdout] 803a89c5ebc91a6ad48f30734959883a8d38d69f3b24d1347f2861ebf7f4a3da
[INFO] running `Command { std: "docker" "start" "-a" "803a89c5ebc91a6ad48f30734959883a8d38d69f3b24d1347f2861ebf7f4a3da", kill_on_drop: false }`
[INFO] [stderr] warning: profiles for the non root package will be ignored, specify profiles at the workspace root:
[INFO] [stderr] package:   /opt/rustwide/workdir/minigrep/Cargo.toml
[INFO] [stderr] workspace: /opt/rustwide/workdir/Cargo.toml
[INFO] [stderr] warning: virtual workspace defaulting to `resolver = "1"` despite one or more workspace members being on edition 2021 which implies `resolver = "2"`
[INFO] [stderr] note: to keep the current resolver, specify `workspace.resolver = "1"` in the workspace root's manifest
[INFO] [stderr] note: to use the edition 2021 resolver, specify `workspace.resolver = "2"` in the workspace root's manifest
[INFO] [stderr] note: for more details see https://doc.rust-lang.org/cargo/reference/resolver.html#resolver-versions
[INFO] [stderr] warning: field `value` is never read
[INFO] [stderr]  --> adder/src/lib.rs:2:5
[INFO] [stderr]   |
[INFO] [stderr] 1 | pub struct Guess {
[INFO] [stderr]   |            ----- field in this struct
[INFO] [stderr] 2 |     value: u32,
[INFO] [stderr]   |     ^^^^^
[INFO] [stderr]   |
[INFO] [stderr]   = note: `#[warn(dead_code)]` on by default
[INFO] [stderr] 
[INFO] [stderr] warning: associated function `new` is never used
[INFO] [stderr]  --> adder/src/lib.rs:6:8
[INFO] [stderr]   |
[INFO] [stderr] 5 | impl Guess {
[INFO] [stderr]   | ---------- associated function in this implementation
[INFO] [stderr] 6 |     fn new(x: i32) -> Guess {
[INFO] [stderr]   |        ^^^
[INFO] [stderr] 
[INFO] [stderr] warning: function `print_value_return_10` is never used
[INFO] [stderr]   --> adder/src/lib.rs:21:4
[INFO] [stderr]    |
[INFO] [stderr] 21 | fn print_value_return_10(v: i32) -> u8 {
[INFO] [stderr]    |    ^^^^^^^^^^^^^^^^^^^^^
[INFO] [stderr] 
[INFO] [stderr] warning: function `salut_name` is never used
[INFO] [stderr]   --> adder/src/lib.rs:26:4
[INFO] [stderr]    |
[INFO] [stderr] 26 | fn salut_name(n: &str) -> String {
[INFO] [stderr]    |    ^^^^^^^^^^
[INFO] [stderr] 
[INFO] [stderr] warning: fields `x` and `y` are never read
[INFO] [stderr]   --> adder/src/lib.rs:32:5
[INFO] [stderr]    |
[INFO] [stderr] 31 | struct Rectangle {
[INFO] [stderr]    |        --------- fields in this struct
[INFO] [stderr] 32 |     x: u32,
[INFO] [stderr]    |     ^
[INFO] [stderr] 33 |     y: u32,
[INFO] [stderr]    |     ^
[INFO] [stderr]    |
[INFO] [stderr]    = note: `Rectangle` has a derived impl for the trait `Debug`, but this is intentionally ignored during dead code analysis
[INFO] [stderr] 
[INFO] [stderr] warning: method `can_hold` is never used
[INFO] [stderr]   --> adder/src/lib.rs:37:8
[INFO] [stderr]    |
[INFO] [stderr] 36 | impl Rectangle {
[INFO] [stderr]    | -------------- method in this implementation
[INFO] [stderr] 37 |     fn can_hold(&self, other: &Rectangle) -> bool {
[INFO] [stderr]    |        ^^^^^^^^
[INFO] [stderr] 
[INFO] [stderr] warning: unused variable: `origin`
[INFO] [stderr]  --> structs/src/main.rs:9:9
[INFO] [stderr]   |
[INFO] [stderr] 9 |     let origin = Point(0, 0, 0);
[INFO] [stderr]   |         ^^^^^^ help: if this is intentional, prefix it with an underscore: `_origin`
[INFO] [stderr]   |
[INFO] [stderr]   = note: `#[warn(unused_variables)]` on by default
[INFO] [stderr] 
[INFO] [stderr] warning: fields `active`, `email`, and `sign_in_count` are never read
[INFO] [stderr]   --> structs/src/main.rs:30:5
[INFO] [stderr]    |
[INFO] [stderr] 29 | struct User {
[INFO] [stderr]    |        ---- fields in this struct
[INFO] [stderr] 30 |     active: bool,
[INFO] [stderr]    |     ^^^^^^
[INFO] [stderr] 31 |     username: String,
[INFO] [stderr] 32 |     email: String,
[INFO] [stderr]    |     ^^^^^
[INFO] [stderr] 33 |     sign_in_count: u64,
[INFO] [stderr]    |     ^^^^^^^^^^^^^
[INFO] [stderr]    |
[INFO] [stderr]    = note: `#[warn(dead_code)]` on by default
[INFO] [stderr] 
[INFO] [stderr] warning: `adder` (lib) generated 6 warnings
[INFO] [stderr] warning: `structs` (bin "structs" test) generated 2 warnings (run `cargo fix --bin "structs" --tests` to apply 1 suggestion)
[INFO] [stderr] warning: unused variable: `bla`
[INFO] [stderr]   --> borrowing/src/main.rs:23:9
[INFO] [stderr]    |
[INFO] [stderr] 23 | fn test(bla: String) {
[INFO] [stderr]    |         ^^^ help: if this is intentional, prefix it with an underscore: `_bla`
[INFO] [stderr]    |
[INFO] [stderr]    = note: `#[warn(unused_variables)]` on by default
[INFO] [stderr] 
[INFO] [stderr] warning: variable does not need to be mutable
[INFO] [stderr]   --> borrowing/src/main.rs:24:9
[INFO] [stderr]    |
[INFO] [stderr] 24 |     let mut x = 5;
[INFO] [stderr]    |         ----^
[INFO] [stderr]    |         |
[INFO] [stderr]    |         help: remove this `mut`
[INFO] [stderr]    |
[INFO] [stderr]    = note: `#[warn(unused_mut)]` on by default
[INFO] [stderr] 
[INFO] [stderr] warning: function `test` is never used
[INFO] [stderr]   --> borrowing/src/main.rs:23:4
[INFO] [stderr]    |
[INFO] [stderr] 23 | fn test(bla: String) {
[INFO] [stderr]    |    ^^^^
[INFO] [stderr]    |
[INFO] [stderr]    = note: `#[warn(dead_code)]` on by default
[INFO] [stderr] 
[INFO] [stderr] warning: variants `Penny`, `Dime`, and `Quarter` are never constructed
[INFO] [stderr]  --> enums/src/main.rs:3:5
[INFO] [stderr]   |
[INFO] [stderr] 2 | enum Coin {
[INFO] [stderr]   |      ---- variants in this enum
[INFO] [stderr] 3 |     Penny,
[INFO] [stderr]   |     ^^^^^
[INFO] [stderr] 4 |     Nickel,
[INFO] [stderr] 5 |     Dime,
[INFO] [stderr]   |     ^^^^
[INFO] [stderr] 6 |     Quarter,
[INFO] [stderr]   |     ^^^^^^^
[INFO] [stderr]   |
[INFO] [stderr]   = note: `Coin` has a derived impl for the trait `Debug`, but this is intentionally ignored during dead code analysis
[INFO] [stderr]   = note: `#[warn(dead_code)]` on by default
[INFO] [stderr] 
[INFO] [stderr] warning: `borrowing` (bin "borrowing" test) generated 3 warnings (run `cargo fix --bin "borrowing" --tests` to apply 2 suggestions)
[INFO] [stderr] warning: `enums` (bin "enums" test) generated 1 warning
[INFO] [stderr] warning: unused variable: `a`
[INFO] [stderr]   --> smart-pointer/src/main.rs:50:9
[INFO] [stderr]    |
[INFO] [stderr] 50 |     let a = CustomSmartPointer {
[INFO] [stderr]    |         ^ help: if this is intentional, prefix it with an underscore: `_a`
[INFO] [stderr]    |
[INFO] [stderr]    = note: `#[warn(unused_variables)]` on by default
[INFO] [stderr] 
[INFO] [stderr] warning: unused variable: `c`
[INFO] [stderr]   --> smart-pointer/src/main.rs:58:9
[INFO] [stderr]    |
[INFO] [stderr] 58 |     let c = CustomSmartPointer {
[INFO] [stderr]    |         ^ help: if this is intentional, prefix it with an underscore: `_c`
[INFO] [stderr] 
[INFO] [stderr] warning: unused variable: `n`
[INFO] [stderr]   --> smart-pointer/src/main.rs:69:9
[INFO] [stderr]    |
[INFO] [stderr] 69 |     let n = Cons(2, Rc::clone(&m));
[INFO] [stderr]    |         ^ help: if this is intentional, prefix it with an underscore: `_n`
[INFO] [stderr] 
[INFO] [stderr] warning: unused variable: `o`
[INFO] [stderr]   --> smart-pointer/src/main.rs:73:13
[INFO] [stderr]    |
[INFO] [stderr] 73 |         let o = Cons(4, Rc::clone(&m));
[INFO] [stderr]    |             ^ help: if this is intentional, prefix it with an underscore: `_o`
[INFO] [stderr] 
[INFO] [stderr] warning: fields `x` and `y` are never read
[INFO] [stderr]   --> generics/src/main.rs:37:5
[INFO] [stderr]    |
[INFO] [stderr] 36 | struct Point<T> {
[INFO] [stderr]    |        ----- fields in this struct
[INFO] [stderr] 37 |     x: T,
[INFO] [stderr]    |     ^
[INFO] [stderr] 38 |     y: T,
[INFO] [stderr]    |     ^
[INFO] [stderr]    |
[INFO] [stderr]    = note: `Point` has a derived impl for the trait `Debug`, but this is intentionally ignored during dead code analysis
[INFO] [stderr]    = note: `#[warn(dead_code)]` on by default
[INFO] [stderr] 
[INFO] [stderr] warning: `adder` (lib test) generated 1 warning (1 duplicate)
[INFO] [stderr] warning: `smart-pointer` (bin "smart-pointer" test) generated 4 warnings (run `cargo fix --bin "smart-pointer" --tests` to apply 4 suggestions)
[INFO] [stderr] warning: `generics` (bin "generics" test) generated 1 warning
[INFO] [stderr]     Finished test [unoptimized + debuginfo] target(s) in 0.01s
[INFO] [stderr]      Running unittests src/lib.rs (/opt/rustwide/target/debug/deps/adder-74e665f337121f2a)
[INFO] [stdout] 
[INFO] [stdout] running 8 tests
[INFO] [stdout] test tests::fail_value_print ... ignored
[INFO] [stdout] test tests::it_works ... ok
[INFO] [stdout] test tests::pass_value_print ... ok
[INFO] [stdout] test tests::larger_can_hold_smaller ... ok
[INFO] [stdout] test tests::salut_coreect ... ok
[INFO] [stdout] test tests::three_adds_two ... ok
[INFO] [stdout] test tests::two_adds_two ... ok
[INFO] [stdout] test tests::greater_than_100 - should panic ... ok
[INFO] [stdout] 
[INFO] [stdout] test result: ok. 7 passed; 0 failed; 1 ignored; 0 measured; 0 filtered out; finished in 0.01s
[INFO] [stdout] 
[INFO] [stderr]      Running tests/intergration_test.rs (/opt/rustwide/target/debug/deps/intergration_test-dc57bdc19dd01b27)
[INFO] [stdout] 
[INFO] [stdout] running 1 test
[INFO] [stdout] test it_works ... ok
[INFO] [stdout] 
[INFO] [stdout] test result: ok. 1 passed; 0 failed; 0 ignored; 0 measured; 0 filtered out; finished in 0.00s
[INFO] [stdout] 
[INFO] [stderr]      Running unittests src/main.rs (/opt/rustwide/target/debug/deps/advanced_features-150ec933d545aa55)
[INFO] [stdout] 
[INFO] [stdout] running 0 tests
[INFO] [stdout] 
[INFO] [stdout] test result: ok. 0 passed; 0 failed; 0 ignored; 0 measured; 0 filtered out; finished in 0.00s
[INFO] [stdout] 
[INFO] [stderr]      Running unittests src/main.rs (/opt/rustwide/target/debug/deps/backyard-0d637f6e195473a0)
[INFO] [stdout] 
[INFO] [stdout] running 0 tests
[INFO] [stdout] 
[INFO] [stdout] test result: ok. 0 passed; 0 failed; 0 ignored; 0 measured; 0 filtered out; finished in 0.00s
[INFO] [stdout] 
[INFO] [stderr]      Running unittests src/main.rs (/opt/rustwide/target/debug/deps/borrowing-08f5d35ecab2899c)
[INFO] [stdout] 
[INFO] [stdout] running 0 tests
[INFO] [stdout] 
[INFO] [stdout] test result: ok. 0 passed; 0 failed; 0 ignored; 0 measured; 0 filtered out; finished in 0.00s
[INFO] [stdout] 
[INFO] [stderr]      Running unittests src/main.rs (/opt/rustwide/target/debug/deps/branches-c83df092a1423da7)
[INFO] [stdout] 
[INFO] [stdout] running 0 tests
[INFO] [stdout] 
[INFO] [stdout] test result: ok. 0 passed; 0 failed; 0 ignored; 0 measured; 0 filtered out; finished in 0.00s
[INFO] [stdout] 
[INFO] [stderr]      Running unittests src/lib.rs (/opt/rustwide/target/debug/deps/cargo_features-c98c74307ee843ee)
[INFO] [stdout] 
[INFO] [stdout] running 0 tests
[INFO] [stdout] 
[INFO] [stdout] test result: ok. 0 passed; 0 failed; 0 ignored; 0 measured; 0 filtered out; finished in 0.00s
[INFO] [stdout] 
[INFO] [stderr]      Running unittests src/main.rs (/opt/rustwide/target/debug/deps/cargo_features-13d2917114943769)
[INFO] [stdout] 
[INFO] [stdout] running 0 tests
[INFO] [stdout] 
[INFO] [stdout] test result: ok. 0 passed; 0 failed; 0 ignored; 0 measured; 0 filtered out; finished in 0.00s
[INFO] [stdout] 
[INFO] [stderr]      Running unittests src/main.rs (/opt/rustwide/target/debug/deps/collections-fb7958e13bcfcad7)
[INFO] [stdout] 
[INFO] [stdout] running 0 tests
[INFO] [stdout] 
[INFO] [stdout] test result: ok. 0 passed; 0 failed; 0 ignored; 0 measured; 0 filtered out; finished in 0.00s
[INFO] [stdout] 
[INFO] [stderr]      Running unittests src/main.rs (/opt/rustwide/target/debug/deps/concurrency-20c1caead6cfd3c4)
[INFO] [stdout] 
[INFO] [stdout] running 0 tests
[INFO] [stdout] 
[INFO] [stdout] test result: ok. 0 passed; 0 failed; 0 ignored; 0 measured; 0 filtered out; finished in 0.00s
[INFO] [stdout] 
[INFO] [stderr]      Running unittests src/main.rs (/opt/rustwide/target/debug/deps/enums-3da9d390720f8b4a)
[INFO] [stdout] 
[INFO] [stdout] running 0 tests
[INFO] [stdout] 
[INFO] [stdout] test result: ok. 0 passed; 0 failed; 0 ignored; 0 measured; 0 filtered out; finished in 0.00s
[INFO] [stdout] 
[INFO] [stderr]      Running unittests src/main.rs (/opt/rustwide/target/debug/deps/errors-b90d2e9a8873003d)
[INFO] [stdout] 
[INFO] [stdout] running 0 tests
[INFO] [stdout] 
[INFO] [stdout] test result: ok. 0 passed; 0 failed; 0 ignored; 0 measured; 0 filtered out; finished in 0.00s
[INFO] [stdout] 
[INFO] [stderr]      Running unittests src/main.rs (/opt/rustwide/target/debug/deps/functional-dcf99dcfb09b5783)
[INFO] [stdout] 
[INFO] [stdout] running 0 tests
[INFO] [stdout] 
[INFO] [stdout] test result: ok. 0 passed; 0 failed; 0 ignored; 0 measured; 0 filtered out; finished in 0.00s
[INFO] [stdout] 
[INFO] [stderr]      Running unittests src/main.rs (/opt/rustwide/target/debug/deps/functions-0cb219432c50e26c)
[INFO] [stdout] 
[INFO] [stdout] running 0 tests
[INFO] [stdout] 
[INFO] [stdout] test result: ok. 0 passed; 0 failed; 0 ignored; 0 measured; 0 filtered out; finished in 0.00s
[INFO] [stdout] 
[INFO] [stderr]      Running unittests src/main.rs (/opt/rustwide/target/debug/deps/generics-ded6a83fcd244f62)
[INFO] [stdout] 
[INFO] [stdout] running 0 tests
[INFO] [stdout] 
[INFO] [stdout] test result: ok. 0 passed; 0 failed; 0 ignored; 0 measured; 0 filtered out; finished in 0.00s
[INFO] [stdout] 
[INFO] [stderr]      Running unittests src/main.rs (/opt/rustwide/target/debug/deps/guessing_game-c802a92612a01013)
[INFO] [stdout] 
[INFO] [stdout] running 0 tests
[INFO] [stdout] 
[INFO] [stdout] test result: ok. 0 passed; 0 failed; 0 ignored; 0 measured; 0 filtered out; finished in 0.00s
[INFO] [stdout] 
[INFO] [stderr]      Running unittests src/lib.rs (/opt/rustwide/target/debug/deps/hello-b31fef5c05605716)
[INFO] [stdout] 
[INFO] [stdout] running 0 tests
[INFO] [stdout] 
[INFO] [stdout] test result: ok. 0 passed; 0 failed; 0 ignored; 0 measured; 0 filtered out; finished in 0.00s
[INFO] [stdout] 
[INFO] [stderr]      Running unittests src/main.rs (/opt/rustwide/target/debug/deps/hello-c465a94c222eebc5)
[INFO] [stdout] 
[INFO] [stdout] running 0 tests
[INFO] [stdout] 
[INFO] [stdout] test result: ok. 0 passed; 0 failed; 0 ignored; 0 measured; 0 filtered out; finished in 0.00s
[INFO] [stdout] 
[INFO] [stderr]      Running unittests src/main.rs (/opt/rustwide/target/debug/deps/loops-d0632a1c1f6ee27f)
[INFO] [stdout] 
[INFO] [stdout] running 0 tests
[INFO] [stdout] 
[INFO] [stdout] test result: ok. 0 passed; 0 failed; 0 ignored; 0 measured; 0 filtered out; finished in 0.00s
[INFO] [stdout] 
[INFO] [stderr]      Running unittests src/lib.rs (/opt/rustwide/target/debug/deps/minigrep-8e989f77a65f9f41)
[INFO] [stdout] 
[INFO] [stdout] running 2 tests
[INFO] [stdout] test tests::case_insensitive ... ok
[INFO] [stdout] test tests::case_sensitive ... ok
[INFO] [stdout] 
[INFO] [stdout] test result: ok. 2 passed; 0 failed; 0 ignored; 0 measured; 0 filtered out; finished in 0.00s
[INFO] [stdout] 
[INFO] [stderr]      Running unittests src/main.rs (/opt/rustwide/target/debug/deps/minigrep-3345754a8f94e67b)
[INFO] [stdout] 
[INFO] [stdout] running 0 tests
[INFO] [stdout] 
[INFO] [stdout] test result: ok. 0 passed; 0 failed; 0 ignored; 0 measured; 0 filtered out; finished in 0.00s
[INFO] [stdout] 
[INFO] [stderr]      Running unittests src/main.rs (/opt/rustwide/target/debug/deps/ownership-5a16fe96fd8dd962)
[INFO] [stdout] 
[INFO] [stdout] running 0 tests
[INFO] [stdout] 
[INFO] [stdout] test result: ok. 0 passed; 0 failed; 0 ignored; 0 measured; 0 filtered out; finished in 0.00s
[INFO] [stdout] 
[INFO] [stderr]      Running unittests src/main.rs (/opt/rustwide/target/debug/deps/pattern_matching-6be5ea3ea37c2b55)
[INFO] [stdout] 
[INFO] [stdout] running 0 tests
[INFO] [stdout] 
[INFO] [stdout] test result: ok. 0 passed; 0 failed; 0 ignored; 0 measured; 0 filtered out; finished in 0.00s
[INFO] [stdout] 
[INFO] [stderr]      Running unittests src/main.rs (/opt/rustwide/target/debug/deps/rectangles-69d68a63070950e2)
[INFO] [stdout] 
[INFO] [stdout] running 0 tests
[INFO] [stdout] 
[INFO] [stdout] test result: ok. 0 passed; 0 failed; 0 ignored; 0 measured; 0 filtered out; finished in 0.00s
[INFO] [stdout] 
[INFO] [stderr]      Running unittests src/lib.rs (/opt/rustwide/target/debug/deps/restaurant-a81567ddda669c4f)
[INFO] [stdout] 
[INFO] [stdout] running 0 tests
[INFO] [stdout] 
[INFO] [stdout] test result: ok. 0 passed; 0 failed; 0 ignored; 0 measured; 0 filtered out; finished in 0.00s
[INFO] [stdout] 
[INFO] [stderr]      Running unittests src/main.rs (/opt/rustwide/target/debug/deps/slice-533da1744dca8143)
[INFO] [stdout] 
[INFO] [stdout] running 0 tests
[INFO] [stdout] 
[INFO] [stdout] test result: ok. 0 passed; 0 failed; 0 ignored; 0 measured; 0 filtered out; finished in 0.00s
[INFO] [stdout] 
[INFO] [stderr]      Running unittests src/main.rs (/opt/rustwide/target/debug/deps/smart_pointer-982c753a17a641b5)
[INFO] [stdout] 
[INFO] [stdout] running 0 tests
[INFO] [stdout] 
[INFO] [stdout] test result: ok. 0 passed; 0 failed; 0 ignored; 0 measured; 0 filtered out; finished in 0.00s
[INFO] [stdout] 
[INFO] [stderr]      Running unittests src/main.rs (/opt/rustwide/target/debug/deps/structs-838c37a1ead4148f)
[INFO] [stdout] 
[INFO] [stdout] running 0 tests
[INFO] [stdout] 
[INFO] [stdout] test result: ok. 0 passed; 0 failed; 0 ignored; 0 measured; 0 filtered out; finished in 0.00s
[INFO] [stdout] 
[INFO] [stderr]      Running unittests src/main.rs (/opt/rustwide/target/debug/deps/variables-edb9a936eea3b136)
[INFO] [stdout] 
[INFO] [stdout] running 0 tests
[INFO] [stdout] 
[INFO] [stdout] test result: ok. 0 passed; 0 failed; 0 ignored; 0 measured; 0 filtered out; finished in 0.00s
[INFO] [stdout] 
[INFO] [stderr]    Doc-tests adder
[INFO] [stdout] 
[INFO] [stdout] running 0 tests
[INFO] [stdout] 
[INFO] [stdout] test result: ok. 0 passed; 0 failed; 0 ignored; 0 measured; 0 filtered out; finished in 0.00s
[INFO] [stdout] 
[INFO] [stderr]    Doc-tests cargo-features
[INFO] [stdout] 
[INFO] [stdout] running 1 test
[INFO] [stdout] test cargo-features/src/lib.rs - add_one (line 8) ... FAILED
[INFO] [stdout] 
[INFO] [stdout] failures:
[INFO] [stdout] 
[INFO] [stdout] ---- cargo-features/src/lib.rs - add_one (line 8) stdout ----
[INFO] [stdout] error[E0425]: cannot find value `cargo` in this scope
[INFO] [stdout]  --> cargo-features/src/lib.rs:10:14
[INFO] [stdout]   |
[INFO] [stdout] 4 | let answer = cargo-features::add_one(arg);
[INFO] [stdout]   |              ^^^^^ not found in this scope
[INFO] [stdout] 
[INFO] [stdout] error[E0433]: failed to resolve: use of undeclared crate or module `features`
[INFO] [stdout]  --> cargo-features/src/lib.rs:10:20
[INFO] [stdout]   |
[INFO] [stdout] 4 | let answer = cargo-features::add_one(arg);
[INFO] [stdout]   |                    ^^^^^^^^ use of undeclared crate or module `features`
[INFO] [stdout] 
[INFO] [stdout] error: aborting due to 2 previous errors
[INFO] [stdout] 
[INFO] [stdout] Some errors have detailed explanations: E0425, E0433.
[INFO] [stdout] For more information about an error, try `rustc --explain E0425`.
[INFO] [stdout] Couldn't compile the test.
[INFO] [stdout] 
[INFO] [stdout] failures:
[INFO] [stdout]     cargo-features/src/lib.rs - add_one (line 8)
[INFO] [stdout] 
[INFO] [stdout] test result: FAILED. 0 passed; 1 failed; 0 ignored; 0 measured; 0 filtered out; finished in 0.04s
[INFO] [stdout] 
[INFO] [stderr] error: doctest failed, to rerun pass `-p cargo-features --doc`
[INFO] running `Command { std: "docker" "inspect" "803a89c5ebc91a6ad48f30734959883a8d38d69f3b24d1347f2861ebf7f4a3da", kill_on_drop: false }`
[INFO] running `Command { std: "docker" "rm" "-f" "803a89c5ebc91a6ad48f30734959883a8d38d69f3b24d1347f2861ebf7f4a3da", kill_on_drop: false }`
[INFO] [stdout] 803a89c5ebc91a6ad48f30734959883a8d38d69f3b24d1347f2861ebf7f4a3da
