[INFO] cloning repository https://github.com/selfisekai/electron_tasje
[INFO] running `Command { std: "git" "-c" "credential.helper=" "-c" "credential.helper=/workspace/cargo-home/bin/git-credential-null" "clone" "--bare" "https://github.com/selfisekai/electron_tasje" "/workspace/cache/git-repos/https%3A%2F%2Fgithub.com%2Fselfisekai%2Felectron_tasje", kill_on_drop: false }`
[INFO] [stderr] Cloning into bare repository '/workspace/cache/git-repos/https%3A%2F%2Fgithub.com%2Fselfisekai%2Felectron_tasje'...
[INFO] running `Command { std: "git" "rev-parse" "HEAD", kill_on_drop: false }`
[INFO] [stdout] d5737f87a05706c71bbaa387adc858cf30d20b29
[INFO] testing selfisekai/electron_tasje against 1.75.0 for beta-1.76-1
[INFO] running `Command { std: "git" "clone" "/workspace/cache/git-repos/https%3A%2F%2Fgithub.com%2Fselfisekai%2Felectron_tasje" "/workspace/builds/worker-4-tc1/source", kill_on_drop: false }`
[INFO] [stderr] Cloning into '/workspace/builds/worker-4-tc1/source'...
[INFO] [stderr] done.
[INFO] validating manifest of git repo https://github.com/selfisekai/electron_tasje on toolchain 1.75.0
[INFO] running `Command { std: CARGO_HOME="/workspace/cargo-home" RUSTUP_HOME="/workspace/rustup-home" "/workspace/cargo-home/bin/cargo" "+1.75.0" "metadata" "--manifest-path" "Cargo.toml" "--no-deps", kill_on_drop: false }`
[INFO] started tweaking git repo https://github.com/selfisekai/electron_tasje
[INFO] finished tweaking git repo https://github.com/selfisekai/electron_tasje
[INFO] tweaked toml for git repo https://github.com/selfisekai/electron_tasje written to /workspace/builds/worker-4-tc1/source/Cargo.toml
[INFO] crate git repo https://github.com/selfisekai/electron_tasje already has a lockfile, it will not be regenerated
[INFO] running `Command { std: CARGO_HOME="/workspace/cargo-home" RUSTUP_HOME="/workspace/rustup-home" "/workspace/cargo-home/bin/cargo" "+1.75.0" "fetch" "--manifest-path" "Cargo.toml", kill_on_drop: false }`
[INFO] [stderr]     Updating crates.io index
[INFO] [stderr]  Downloading crates ...
[INFO] [stderr]   Downloaded pori v0.0.0
[INFO] [stderr]   Downloaded const_format_proc_macros v0.2.22
[INFO] [stderr]   Downloaded wax v0.5.0
[INFO] [stderr]   Downloaded serde_with_macros v2.0.0
[INFO] [stderr]   Downloaded asar v0.2.0
[INFO] [stderr]   Downloaded serde_with v2.0.0
[INFO] [stderr]   Downloaded libdeflate-sys v0.11.0
[INFO] [stderr]   Downloaded icns v0.3.1
[INFO] [stderr]   Downloaded const_format v0.2.26
[INFO] [stderr]   Downloaded oxipng v8.0.0
[INFO] [stderr]   Downloaded libdeflater v0.11.0
[INFO] [stderr]   Downloaded globreeks v0.1.1
[INFO] running `Command { std: "docker" "create" "-v" "/var/lib/crater-agent-workspace/builds/worker-4-tc1/target:/opt/rustwide/target:rw,Z" "-v" "/var/lib/crater-agent-workspace/builds/worker-4-tc1/source:/opt/rustwide/workdir:ro,Z" "-v" "/var/lib/crater-agent-workspace/cargo-home:/opt/rustwide/cargo-home:ro,Z" "-v" "/var/lib/crater-agent-workspace/rustup-home:/opt/rustwide/rustup-home:ro,Z" "-e" "SOURCE_DIR=/opt/rustwide/workdir" "-e" "CARGO_TARGET_DIR=/opt/rustwide/target" "-e" "CARGO_HOME=/opt/rustwide/cargo-home" "-e" "RUSTUP_HOME=/opt/rustwide/rustup-home" "-w" "/opt/rustwide/workdir" "-m" "1610612736" "--user" "0:0" "--network" "none" "ghcr.io/rust-lang/crates-build-env/linux@sha256:2788e3201cd34a07e3172128adcd8b3090168a8e3bcc40d7c032b9dda1df7d1c" "/opt/rustwide/cargo-home/bin/cargo" "+1.75.0" "metadata" "--no-deps" "--format-version=1", kill_on_drop: false }`
[INFO] [stdout] 6cb08bf7b7abe9bda599a3c368c9442760fd279c73dd32ebb141acabb2741f36
[INFO] running `Command { std: "docker" "start" "-a" "6cb08bf7b7abe9bda599a3c368c9442760fd279c73dd32ebb141acabb2741f36", kill_on_drop: false }`
[INFO] running `Command { std: "docker" "inspect" "6cb08bf7b7abe9bda599a3c368c9442760fd279c73dd32ebb141acabb2741f36", kill_on_drop: false }`
[INFO] running `Command { std: "docker" "rm" "-f" "6cb08bf7b7abe9bda599a3c368c9442760fd279c73dd32ebb141acabb2741f36", kill_on_drop: false }`
[INFO] [stdout] 6cb08bf7b7abe9bda599a3c368c9442760fd279c73dd32ebb141acabb2741f36
[INFO] running `Command { std: "docker" "create" "-v" "/var/lib/crater-agent-workspace/builds/worker-4-tc1/target:/opt/rustwide/target:rw,Z" "-v" "/var/lib/crater-agent-workspace/builds/worker-4-tc1/source:/opt/rustwide/workdir:ro,Z" "-v" "/var/lib/crater-agent-workspace/cargo-home:/opt/rustwide/cargo-home:ro,Z" "-v" "/var/lib/crater-agent-workspace/rustup-home:/opt/rustwide/rustup-home:ro,Z" "-e" "SOURCE_DIR=/opt/rustwide/workdir" "-e" "CARGO_TARGET_DIR=/opt/rustwide/target" "-e" "CARGO_INCREMENTAL=0" "-e" "RUST_BACKTRACE=full" "-e" "RUSTFLAGS=--cap-lints=warn" "-e" "RUSTDOCFLAGS=--cap-lints=warn" "-e" "CARGO_HOME=/opt/rustwide/cargo-home" "-e" "RUSTUP_HOME=/opt/rustwide/rustup-home" "-w" "/opt/rustwide/workdir" "-m" "1610612736" "--user" "0:0" "--network" "none" "ghcr.io/rust-lang/crates-build-env/linux@sha256:2788e3201cd34a07e3172128adcd8b3090168a8e3bcc40d7c032b9dda1df7d1c" "/opt/rustwide/cargo-home/bin/cargo" "+1.75.0" "build" "--frozen" "--message-format=json", kill_on_drop: false }`
[INFO] [stdout] 840214d4419f7ca423725a7c252242999f0723242d7cfd567d59470718f781d5
[INFO] running `Command { std: "docker" "start" "-a" "840214d4419f7ca423725a7c252242999f0723242d7cfd567d59470718f781d5", kill_on_drop: false }`
[INFO] [stderr]    Compiling proc-macro2 v1.0.66
[INFO] [stderr]    Compiling unicode-ident v1.0.2
[INFO] [stderr]    Compiling memchr v2.5.0
[INFO] [stderr]    Compiling cfg-if v1.0.0
[INFO] [stderr]    Compiling once_cell v1.18.0
[INFO] [stderr]    Compiling autocfg v1.1.0
[INFO] [stderr]    Compiling serde v1.0.188
[INFO] [stderr]    Compiling cc v1.0.73
[INFO] [stderr]    Compiling thiserror v1.0.47
[INFO] [stderr]    Compiling adler v1.0.2
[INFO] [stderr]    Compiling crc32fast v1.3.2
[INFO] [stderr]    Compiling strsim v0.10.0
[INFO] [stderr]    Compiling version_check v0.9.4
[INFO] [stderr]    Compiling lazy_static v1.4.0
[INFO] [stderr]    Compiling typenum v1.15.0
[INFO] [stderr]    Compiling fnv v1.0.7
[INFO] [stderr]    Compiling syn v1.0.98
[INFO] [stderr]    Compiling byteorder v1.4.3
[INFO] [stderr]    Compiling rustix v0.38.8
[INFO] [stderr]    Compiling miniz_oxide v0.5.3
[INFO] [stderr]    Compiling ident_case v1.0.1
[INFO] [stderr]    Compiling tracing-core v0.1.29
[INFO] [stderr]    Compiling bitflags v1.3.2
[INFO] [stderr]    Compiling regex-syntax v0.7.5
[INFO] [stderr]    Compiling linux-raw-sys v0.4.5
[INFO] [stderr]    Compiling bitflags v2.4.0
[INFO] [stderr]    Compiling num-traits v0.2.15
[INFO] [stderr]    Compiling generic-array v0.14.5
[INFO] [stderr]    Compiling num-integer v0.1.45
[INFO] [stderr]    Compiling thread_local v1.1.4
[INFO] [stderr]    Compiling sharded-slab v0.1.4
[INFO] [stderr]    Compiling log v0.4.17
[INFO] [stderr]    Compiling utf8parse v0.2.1
[INFO] [stderr]    Compiling pin-project-lite v0.2.9
[INFO] [stderr]    Compiling libc v0.2.147
[INFO] [stderr]    Compiling ucd-trie v0.1.6
[INFO] [stderr]    Compiling minimal-lexical v0.2.1
[INFO] [stderr]    Compiling aho-corasick v1.0.4
[INFO] [stderr]    Compiling quote v1.0.32
[INFO] [stderr]    Compiling tracing v0.1.36
[INFO] [stderr]    Compiling nom v7.1.1
[INFO] [stderr]    Compiling syn v2.0.28
[INFO] [stderr]    Compiling anstyle-parse v0.2.1
[INFO] [stderr]    Compiling flate2 v1.0.24
[INFO] [stderr]    Compiling num-rational v0.4.1
[INFO] [stderr]    Compiling indexmap v1.9.1
[INFO] [stderr]    Compiling libdeflate-sys v0.11.0
[INFO] [stderr]    Compiling tracing-subscriber v0.3.15
[INFO] [stderr]    Compiling backtrace v0.3.66
[INFO] [stderr]    Compiling adler32 v1.2.0
[INFO] [stderr]    Compiling arrayvec v0.7.2
[INFO] [stderr]    Compiling anstyle-query v1.0.0
[INFO] [stderr]    Compiling anstyle v1.0.1
[INFO] [stderr]    Compiling radium v0.7.0
[INFO] [stderr]    Compiling eyre v0.6.8
[INFO] [stderr]    Compiling unicode-xid v0.2.3
[INFO] [stderr]    Compiling is-terminal v0.4.9
[INFO] [stderr]    Compiling crossbeam-utils v0.8.11
[INFO] [stderr]    Compiling gimli v0.26.2
[INFO] [stderr]    Compiling either v1.7.0
[INFO] [stderr]    Compiling colorchoice v1.0.0
[INFO] [stderr]    Compiling const_format_proc_macros v0.2.22
[INFO] [stderr]    Compiling anstream v0.3.2
[INFO] [stderr]    Compiling itertools v0.10.3
[INFO] [stderr]    Compiling brownstone v3.0.0
[INFO] [stderr]    Compiling png v0.17.6
[INFO] [stderr]    Compiling block-buffer v0.10.2
[INFO] [stderr]    Compiling crypto-common v0.1.6
[INFO] [stderr]    Compiling object v0.29.0
[INFO] [stderr]    Compiling heck v0.4.0
[INFO] [stderr]    Compiling regex-automata v0.3.7
[INFO] [stderr]    Compiling tracing-error v0.2.0
[INFO] [stderr]    Compiling hashbrown v0.12.3
[INFO] [stderr]    Compiling rustc-demangle v0.1.21
[INFO] [stderr]    Compiling equivalent v1.0.1
[INFO] [stderr]    Compiling owo-colors v3.4.0
[INFO] [stderr]    Compiling ryu v1.0.10
[INFO] [stderr]    Compiling bytemuck v1.11.0
[INFO] [stderr]    Compiling indenter v0.3.3
[INFO] [stderr]    Compiling regex-automata v0.1.10
[INFO] [stderr]    Compiling itoa v1.0.2
[INFO] [stderr]    Compiling indent_write v2.2.0
[INFO] [stderr]    Compiling same-file v1.0.6
[INFO] [stderr]    Compiling joinery v2.1.0
[INFO] [stderr]    Compiling anyhow v1.0.75
[INFO] [stderr]    Compiling serde_json v1.0.85
[INFO] [stderr]    Compiling tap v1.0.1
[INFO] [stderr]    Compiling hashbrown v0.14.0
[INFO] [stderr]    Compiling clap_lex v0.5.0
[INFO] [stderr]    Compiling wyz v0.5.1
[INFO] [stderr]    Compiling bstr v0.2.17
[INFO] [stderr]    Compiling clap_builder v4.3.21
[INFO] [stderr]    Compiling nom-supreme v0.8.0
[INFO] [stderr]    Compiling walkdir v2.3.3
[INFO] [stderr]    Compiling addr2line v0.17.0
[INFO] [stderr]    Compiling color-spantrace v0.2.0
[INFO] [stderr]    Compiling indexmap v2.0.0
[INFO] [stderr]    Compiling const_format v0.2.26
[INFO] [stderr]    Compiling pori v0.0.0
[INFO] [stderr]    Compiling digest v0.10.3
[INFO] [stderr]    Compiling deflate v0.8.6
[INFO] [stderr]    Compiling darling_core v0.14.1
[INFO] [stderr]    Compiling miniz_oxide v0.3.7
[INFO] [stderr]    Compiling bstr v1.6.0
[INFO] [stderr]    Compiling cpufeatures v0.2.2
[INFO] [stderr]    Compiling hex v0.4.3
[INFO] [stderr]    Compiling funty v2.0.0
[INFO] [stderr]    Compiling winnow v0.5.10
[INFO] [stderr]    Compiling smallvec v1.9.0
[INFO] [stderr]    Compiling color_quant v1.1.0
[INFO] [stderr]    Compiling regex v1.9.4
[INFO] [stderr]    Compiling png v0.16.8
[INFO] [stderr]    Compiling image v0.24.3
[INFO] [stderr]    Compiling crossbeam-channel v0.5.6
[INFO] [stderr]    Compiling bitvec v1.0.1
[INFO] [stderr]    Compiling globset v0.4.13
[INFO] [stderr]    Compiling sha2 v0.10.2
[INFO] [stderr]    Compiling libdeflater v0.11.0
[INFO] [stderr]    Compiling rgb v0.8.33
[INFO] [stderr]    Compiling is_executable v1.0.1
[INFO] [stderr]    Compiling unsafe-libyaml v0.2.2
[INFO] [stderr]    Compiling rustc-hash v1.1.0
[INFO] [stderr]    Compiling icns v0.3.1
[INFO] [stderr]    Compiling globreeks v0.1.1
[INFO] [stderr]    Compiling color-eyre v0.6.2
[INFO] [stderr]    Compiling ico v0.3.0
[INFO] [stderr]    Compiling serde_derive v1.0.188
[INFO] [stderr]    Compiling thiserror-impl v1.0.47
[INFO] [stderr]    Compiling clap_derive v4.3.12
[INFO] [stderr]    Compiling smart-default v0.7.1
[INFO] [stderr]    Compiling darling_macro v0.14.1
[INFO] [stderr]    Compiling oxipng v8.0.0
[INFO] [stderr]    Compiling pest v2.7.3
[INFO] [stderr]    Compiling wax v0.5.0
[INFO] [stderr]    Compiling darling v0.14.1
[INFO] [stderr]    Compiling serde_with_macros v2.0.0
[INFO] [stderr]    Compiling clap v4.3.21
[INFO] [stderr]    Compiling pest_meta v2.7.3
[INFO] [stderr]    Compiling pest_generator v2.7.3
[INFO] [stderr]    Compiling pest_derive v2.7.3
[INFO] [stderr]    Compiling serde_spanned v0.6.3
[INFO] [stderr]    Compiling toml_datetime v0.6.3
[INFO] [stderr]    Compiling serde_with v2.0.0
[INFO] [stderr]    Compiling json5 v0.4.1
[INFO] [stderr]    Compiling serde_yaml v0.9.13
[INFO] [stderr]    Compiling toml_edit v0.20.0
[INFO] [stderr]    Compiling asar v0.2.0
[INFO] [stderr]    Compiling toml v0.8.0
[INFO] [stderr]    Compiling electron_tasje v0.7.0 (/opt/rustwide/workdir)
[INFO] [stderr]     Finished dev [unoptimized + debuginfo] target(s) in 18.56s
[INFO] running `Command { std: "docker" "inspect" "840214d4419f7ca423725a7c252242999f0723242d7cfd567d59470718f781d5", kill_on_drop: false }`
[INFO] running `Command { std: "docker" "rm" "-f" "840214d4419f7ca423725a7c252242999f0723242d7cfd567d59470718f781d5", kill_on_drop: false }`
[INFO] [stdout] 840214d4419f7ca423725a7c252242999f0723242d7cfd567d59470718f781d5
[INFO] running `Command { std: "docker" "create" "-v" "/var/lib/crater-agent-workspace/builds/worker-4-tc1/target:/opt/rustwide/target:rw,Z" "-v" "/var/lib/crater-agent-workspace/builds/worker-4-tc1/source:/opt/rustwide/workdir:ro,Z" "-v" "/var/lib/crater-agent-workspace/cargo-home:/opt/rustwide/cargo-home:ro,Z" "-v" "/var/lib/crater-agent-workspace/rustup-home:/opt/rustwide/rustup-home:ro,Z" "-e" "SOURCE_DIR=/opt/rustwide/workdir" "-e" "CARGO_TARGET_DIR=/opt/rustwide/target" "-e" "CARGO_INCREMENTAL=0" "-e" "RUST_BACKTRACE=full" "-e" "RUSTFLAGS=--cap-lints=warn" "-e" "RUSTDOCFLAGS=--cap-lints=warn" "-e" "CARGO_HOME=/opt/rustwide/cargo-home" "-e" "RUSTUP_HOME=/opt/rustwide/rustup-home" "-w" "/opt/rustwide/workdir" "-m" "1610612736" "--user" "0:0" "--network" "none" "ghcr.io/rust-lang/crates-build-env/linux@sha256:2788e3201cd34a07e3172128adcd8b3090168a8e3bcc40d7c032b9dda1df7d1c" "/opt/rustwide/cargo-home/bin/cargo" "+1.75.0" "test" "--frozen" "--no-run" "--message-format=json", kill_on_drop: false }`
[INFO] [stdout] 0859c5037301840eaf970965700f1a03662f36327edb6ac6d59339d0a4453307
[INFO] running `Command { std: "docker" "start" "-a" "0859c5037301840eaf970965700f1a03662f36327edb6ac6d59339d0a4453307", kill_on_drop: false }`
[INFO] [stderr]    Compiling electron_tasje v0.7.0 (/opt/rustwide/workdir)
[INFO] [stderr]     Finished test [unoptimized + debuginfo] target(s) in 3.45s
[INFO] running `Command { std: "docker" "inspect" "0859c5037301840eaf970965700f1a03662f36327edb6ac6d59339d0a4453307", kill_on_drop: false }`
[INFO] running `Command { std: "docker" "rm" "-f" "0859c5037301840eaf970965700f1a03662f36327edb6ac6d59339d0a4453307", kill_on_drop: false }`
[INFO] [stdout] 0859c5037301840eaf970965700f1a03662f36327edb6ac6d59339d0a4453307
[INFO] running `Command { std: "docker" "create" "-v" "/var/lib/crater-agent-workspace/builds/worker-4-tc1/target:/opt/rustwide/target:rw,Z" "-v" "/var/lib/crater-agent-workspace/builds/worker-4-tc1/source:/opt/rustwide/workdir:ro,Z" "-v" "/var/lib/crater-agent-workspace/cargo-home:/opt/rustwide/cargo-home:ro,Z" "-v" "/var/lib/crater-agent-workspace/rustup-home:/opt/rustwide/rustup-home:ro,Z" "-e" "SOURCE_DIR=/opt/rustwide/workdir" "-e" "CARGO_TARGET_DIR=/opt/rustwide/target" "-e" "CARGO_INCREMENTAL=0" "-e" "RUST_BACKTRACE=full" "-e" "RUSTFLAGS=--cap-lints=warn" "-e" "RUSTDOCFLAGS=--cap-lints=warn" "-e" "CARGO_HOME=/opt/rustwide/cargo-home" "-e" "RUSTUP_HOME=/opt/rustwide/rustup-home" "-w" "/opt/rustwide/workdir" "-m" "1610612736" "--user" "0:0" "--network" "none" "ghcr.io/rust-lang/crates-build-env/linux@sha256:2788e3201cd34a07e3172128adcd8b3090168a8e3bcc40d7c032b9dda1df7d1c" "/opt/rustwide/cargo-home/bin/cargo" "+1.75.0" "test" "--frozen", kill_on_drop: false }`
[INFO] [stdout] bc537c7eb93003955981d18136ecf02218cd3bcb7b29c58cc0f96f4b70690834
[INFO] running `Command { std: "docker" "start" "-a" "bc537c7eb93003955981d18136ecf02218cd3bcb7b29c58cc0f96f4b70690834", kill_on_drop: false }`
[INFO] [stderr]     Finished test [unoptimized + debuginfo] target(s) in 0.09s
[INFO] [stderr]      Running unittests src/lib.rs (/opt/rustwide/target/debug/deps/electron_tasje-d3314c7a0c89a6d0)
[INFO] [stdout] 
[INFO] [stdout] running 13 tests
[INFO] [stdout] test config::tests::test_parse_empty ... ok
[INFO] [stdout] test config::tests::test_parse_single ... ok
[INFO] [stdout] test config::tests::test_parse_multiple ... ok
[INFO] [stdout] test icons::tests::test_build_resources ... FAILED
[INFO] [stdout] test icons::tests::test_linux ... FAILED
[INFO] [stdout] test icons::tests::test_mac ... FAILED
[INFO] [stdout] test app::tests::test_patched_package ... ok
[INFO] [stdout] test app::tests::test_parse ... ok
[INFO] [stdout] test icons::tests::test_win ... FAILED
[INFO] [stdout] test utils::tests::test_filesafe_name ... ok
[INFO] [stdout] test desktop::tests::test_gen_desktop ... ok
[INFO] [stdout] test utils::tests::test_variable_templates ... ok
[INFO] [stdout] test walker::tests::test_walking ... ok
[INFO] [stdout] 
[INFO] [stdout] failures:
[INFO] [stdout] 
[INFO] [stdout] ---- icons::tests::test_build_resources stdout ----
[INFO] [stdout] Error: Read-only file system (os error 30)
[INFO] [stdout] 
[INFO] [stdout] ---- icons::tests::test_linux stdout ----
[INFO] [stdout] Error: Read-only file system (os error 30)
[INFO] [stdout] 
[INFO] [stdout] ---- icons::tests::test_mac stdout ----
[INFO] [stdout] Error: Read-only file system (os error 30)
[INFO] [stdout] 
[INFO] [stdout] ---- icons::tests::test_win stdout ----
[INFO] [stdout] Error: Read-only file system (os error 30)
[INFO] [stdout] 
[INFO] [stdout] 
[INFO] [stdout] failures:
[INFO] [stdout]     icons::tests::test_build_resources
[INFO] [stdout]     icons::tests::test_linux
[INFO] [stdout]     icons::tests::test_mac
[INFO] [stdout]     icons::tests::test_win
[INFO] [stdout] 
[INFO] [stdout] test result: FAILED. 9 passed; 4 failed; 0 ignored; 0 measured; 0 filtered out; finished in 0.01s
[INFO] [stdout] 
[INFO] [stderr] error: test failed, to rerun pass `--lib`
[INFO] running `Command { std: "docker" "inspect" "bc537c7eb93003955981d18136ecf02218cd3bcb7b29c58cc0f96f4b70690834", kill_on_drop: false }`
[INFO] running `Command { std: "docker" "rm" "-f" "bc537c7eb93003955981d18136ecf02218cd3bcb7b29c58cc0f96f4b70690834", kill_on_drop: false }`
[INFO] [stdout] bc537c7eb93003955981d18136ecf02218cd3bcb7b29c58cc0f96f4b70690834
[INFO] testing selfisekai/electron_tasje against beta-2023-12-22 for beta-1.76-1
[INFO] running `Command { std: "git" "clone" "/workspace/cache/git-repos/https%3A%2F%2Fgithub.com%2Fselfisekai%2Felectron_tasje" "/workspace/builds/worker-4-tc2/source", kill_on_drop: false }`
[INFO] [stderr] Cloning into '/workspace/builds/worker-4-tc2/source'...
[INFO] [stderr] done.
[INFO] validating manifest of git repo https://github.com/selfisekai/electron_tasje on toolchain beta-2023-12-22
[INFO] running `Command { std: CARGO_HOME="/workspace/cargo-home" RUSTUP_HOME="/workspace/rustup-home" "/workspace/cargo-home/bin/cargo" "+beta-2023-12-22" "metadata" "--manifest-path" "Cargo.toml" "--no-deps", kill_on_drop: false }`
[INFO] started tweaking git repo https://github.com/selfisekai/electron_tasje
[INFO] finished tweaking git repo https://github.com/selfisekai/electron_tasje
[INFO] tweaked toml for git repo https://github.com/selfisekai/electron_tasje written to /workspace/builds/worker-4-tc2/source/Cargo.toml
[INFO] crate git repo https://github.com/selfisekai/electron_tasje already has a lockfile, it will not be regenerated
[INFO] running `Command { std: CARGO_HOME="/workspace/cargo-home" RUSTUP_HOME="/workspace/rustup-home" "/workspace/cargo-home/bin/cargo" "+beta-2023-12-22" "fetch" "--manifest-path" "Cargo.toml", kill_on_drop: false }`
[INFO] running `Command { std: "docker" "create" "-v" "/var/lib/crater-agent-workspace/builds/worker-4-tc2/target:/opt/rustwide/target:rw,Z" "-v" "/var/lib/crater-agent-workspace/builds/worker-4-tc2/source:/opt/rustwide/workdir:ro,Z" "-v" "/var/lib/crater-agent-workspace/cargo-home:/opt/rustwide/cargo-home:ro,Z" "-v" "/var/lib/crater-agent-workspace/rustup-home:/opt/rustwide/rustup-home:ro,Z" "-e" "SOURCE_DIR=/opt/rustwide/workdir" "-e" "CARGO_TARGET_DIR=/opt/rustwide/target" "-e" "CARGO_HOME=/opt/rustwide/cargo-home" "-e" "RUSTUP_HOME=/opt/rustwide/rustup-home" "-w" "/opt/rustwide/workdir" "-m" "1610612736" "--user" "0:0" "--network" "none" "ghcr.io/rust-lang/crates-build-env/linux@sha256:2788e3201cd34a07e3172128adcd8b3090168a8e3bcc40d7c032b9dda1df7d1c" "/opt/rustwide/cargo-home/bin/cargo" "+beta-2023-12-22" "metadata" "--no-deps" "--format-version=1", kill_on_drop: false }`
[INFO] [stdout] 29203b12b1b488443700b5e2160f8a94490625ddfdd7932d74afd01c11c1d270
[INFO] running `Command { std: "docker" "start" "-a" "29203b12b1b488443700b5e2160f8a94490625ddfdd7932d74afd01c11c1d270", kill_on_drop: false }`
[INFO] running `Command { std: "docker" "inspect" "29203b12b1b488443700b5e2160f8a94490625ddfdd7932d74afd01c11c1d270", kill_on_drop: false }`
[INFO] running `Command { std: "docker" "rm" "-f" "29203b12b1b488443700b5e2160f8a94490625ddfdd7932d74afd01c11c1d270", kill_on_drop: false }`
[INFO] [stdout] 29203b12b1b488443700b5e2160f8a94490625ddfdd7932d74afd01c11c1d270
[INFO] running `Command { std: "docker" "create" "-v" "/var/lib/crater-agent-workspace/builds/worker-4-tc2/target:/opt/rustwide/target:rw,Z" "-v" "/var/lib/crater-agent-workspace/builds/worker-4-tc2/source:/opt/rustwide/workdir:ro,Z" "-v" "/var/lib/crater-agent-workspace/cargo-home:/opt/rustwide/cargo-home:ro,Z" "-v" "/var/lib/crater-agent-workspace/rustup-home:/opt/rustwide/rustup-home:ro,Z" "-e" "SOURCE_DIR=/opt/rustwide/workdir" "-e" "CARGO_TARGET_DIR=/opt/rustwide/target" "-e" "CARGO_INCREMENTAL=0" "-e" "RUST_BACKTRACE=full" "-e" "RUSTFLAGS=--cap-lints=warn" "-e" "RUSTDOCFLAGS=--cap-lints=warn" "-e" "CARGO_HOME=/opt/rustwide/cargo-home" "-e" "RUSTUP_HOME=/opt/rustwide/rustup-home" "-w" "/opt/rustwide/workdir" "-m" "1610612736" "--user" "0:0" "--network" "none" "ghcr.io/rust-lang/crates-build-env/linux@sha256:2788e3201cd34a07e3172128adcd8b3090168a8e3bcc40d7c032b9dda1df7d1c" "/opt/rustwide/cargo-home/bin/cargo" "+beta-2023-12-22" "build" "--frozen" "--message-format=json", kill_on_drop: false }`
[INFO] [stdout] 6a2a379eae46bff69ff650b1359663564607cdae3bbb9af1622323446e535fee
[INFO] running `Command { std: "docker" "start" "-a" "6a2a379eae46bff69ff650b1359663564607cdae3bbb9af1622323446e535fee", kill_on_drop: false }`
[INFO] [stderr]    Compiling proc-macro2 v1.0.66
[INFO] [stderr]    Compiling unicode-ident v1.0.2
[INFO] [stderr]    Compiling memchr v2.5.0
[INFO] [stderr]    Compiling cfg-if v1.0.0
[INFO] [stderr]    Compiling once_cell v1.18.0
[INFO] [stderr]    Compiling autocfg v1.1.0
[INFO] [stderr]    Compiling serde v1.0.188
[INFO] [stderr]    Compiling cc v1.0.73
[INFO] [stderr]    Compiling crc32fast v1.3.2
[INFO] [stderr]    Compiling adler v1.0.2
[INFO] [stderr]    Compiling thiserror v1.0.47
[INFO] [stderr]    Compiling syn v1.0.98
[INFO] [stderr]    Compiling typenum v1.15.0
[INFO] [stderr]    Compiling strsim v0.10.0
[INFO] [stderr]    Compiling lazy_static v1.4.0
[INFO] [stderr]    Compiling fnv v1.0.7
[INFO] [stderr]    Compiling version_check v0.9.4
[INFO] [stderr]    Compiling miniz_oxide v0.5.3
[INFO] [stderr]    Compiling rustix v0.38.8
[INFO] [stderr]    Compiling byteorder v1.4.3
[INFO] [stderr]    Compiling regex-syntax v0.7.5
[INFO] [stderr]    Compiling tracing-core v0.1.29
[INFO] [stderr]    Compiling ident_case v1.0.1
[INFO] [stderr]    Compiling bitflags v1.3.2
[INFO] [stderr]    Compiling num-traits v0.2.15
[INFO] [stderr]    Compiling generic-array v0.14.5
[INFO] [stderr]    Compiling bitflags v2.4.0
[INFO] [stderr]    Compiling linux-raw-sys v0.4.5
[INFO] [stderr]    Compiling num-integer v0.1.45
[INFO] [stderr]    Compiling thread_local v1.1.4
[INFO] [stderr]    Compiling sharded-slab v0.1.4
[INFO] [stderr]    Compiling ucd-trie v0.1.6
[INFO] [stderr]    Compiling log v0.4.17
[INFO] [stderr]    Compiling utf8parse v0.2.1
[INFO] [stderr]    Compiling libc v0.2.147
[INFO] [stderr]    Compiling pin-project-lite v0.2.9
[INFO] [stderr]    Compiling minimal-lexical v0.2.1
[INFO] [stderr]    Compiling tracing v0.1.36
[INFO] [stderr]    Compiling anstyle-parse v0.2.1
[INFO] [stderr]    Compiling quote v1.0.32
[INFO] [stderr]    Compiling aho-corasick v1.0.4
[INFO] [stderr]    Compiling syn v2.0.28
[INFO] [stderr]    Compiling nom v7.1.1
[INFO] [stderr]    Compiling flate2 v1.0.24
[INFO] [stderr]    Compiling num-rational v0.4.1
[INFO] [stderr]    Compiling indexmap v1.9.1
[INFO] [stderr]    Compiling adler32 v1.2.0
[INFO] [stderr]    Compiling anstyle-query v1.0.0
[INFO] [stderr]    Compiling eyre v0.6.8
[INFO] [stderr]    Compiling libdeflate-sys v0.11.0
[INFO] [stderr]    Compiling backtrace v0.3.66
[INFO] [stderr]    Compiling tracing-subscriber v0.3.15
[INFO] [stderr]    Compiling crossbeam-utils v0.8.11
[INFO] [stderr]    Compiling arrayvec v0.7.2
[INFO] [stderr]    Compiling radium v0.7.0
[INFO] [stderr]    Compiling unicode-xid v0.2.3
[INFO] [stderr]    Compiling colorchoice v1.0.0
[INFO] [stderr]    Compiling anstyle v1.0.1
[INFO] [stderr]    Compiling either v1.7.0
[INFO] [stderr]    Compiling is-terminal v0.4.9
[INFO] [stderr]    Compiling gimli v0.26.2
[INFO] [stderr]    Compiling const_format_proc_macros v0.2.22
[INFO] [stderr]    Compiling itertools v0.10.3
[INFO] [stderr]    Compiling brownstone v3.0.0
[INFO] [stderr]    Compiling anstream v0.3.2
[INFO] [stderr]    Compiling png v0.17.6
[INFO] [stderr]    Compiling regex-automata v0.3.7
[INFO] [stderr]    Compiling block-buffer v0.10.2
[INFO] [stderr]    Compiling crypto-common v0.1.6
[INFO] [stderr]    Compiling object v0.29.0
[INFO] [stderr]    Compiling indenter v0.3.3
[INFO] [stderr]    Compiling tracing-error v0.2.0
[INFO] [stderr]    Compiling hashbrown v0.14.0
[INFO] [stderr]    Compiling anyhow v1.0.75
[INFO] [stderr]    Compiling indent_write v2.2.0
[INFO] [stderr]    Compiling clap_lex v0.5.0
[INFO] [stderr]    Compiling joinery v2.1.0
[INFO] [stderr]    Compiling bytemuck v1.11.0
[INFO] [stderr]    Compiling owo-colors v3.4.0
[INFO] [stderr]    Compiling same-file v1.0.6
[INFO] [stderr]    Compiling rustc-demangle v0.1.21
[INFO] [stderr]    Compiling tap v1.0.1
[INFO] [stderr]    Compiling serde_json v1.0.85
[INFO] [stderr]    Compiling hashbrown v0.12.3
[INFO] [stderr]    Compiling regex-automata v0.1.10
[INFO] [stderr]    Compiling heck v0.4.0
[INFO] [stderr]    Compiling ryu v1.0.10
[INFO] [stderr]    Compiling itoa v1.0.2
[INFO] [stderr]    Compiling equivalent v1.0.1
[INFO] [stderr]    Compiling indexmap v2.0.0
[INFO] [stderr]    Compiling bstr v0.2.17
[INFO] [stderr]    Compiling wyz v0.5.1
[INFO] [stderr]    Compiling walkdir v2.3.3
[INFO] [stderr]    Compiling const_format v0.2.26
[INFO] [stderr]    Compiling clap_builder v4.3.21
[INFO] [stderr]    Compiling addr2line v0.17.0
[INFO] [stderr]    Compiling nom-supreme v0.8.0
[INFO] [stderr]    Compiling pori v0.0.0
[INFO] [stderr]    Compiling color-spantrace v0.2.0
[INFO] [stderr]    Compiling darling_core v0.14.1
[INFO] [stderr]    Compiling digest v0.10.3
[INFO] [stderr]    Compiling miniz_oxide v0.3.7
[INFO] [stderr]    Compiling deflate v0.8.6
[INFO] [stderr]    Compiling bstr v1.6.0
[INFO] [stderr]    Compiling cpufeatures v0.2.2
[INFO] [stderr]    Compiling funty v2.0.0
[INFO] [stderr]    Compiling smallvec v1.9.0
[INFO] [stderr]    Compiling winnow v0.5.10
[INFO] [stderr]    Compiling hex v0.4.3
[INFO] [stderr]    Compiling color_quant v1.1.0
[INFO] [stderr]    Compiling crossbeam-channel v0.5.6
[INFO] [stderr]    Compiling regex v1.9.4
[INFO] [stderr]    Compiling png v0.16.8
[INFO] [stderr]    Compiling image v0.24.3
[INFO] [stderr]    Compiling bitvec v1.0.1
[INFO] [stderr]    Compiling globset v0.4.13
[INFO] [stderr]    Compiling sha2 v0.10.2
[INFO] [stderr]    Compiling libdeflater v0.11.0
[INFO] [stderr]    Compiling rgb v0.8.33
[INFO] [stderr]    Compiling is_executable v1.0.1
[INFO] [stderr]    Compiling unsafe-libyaml v0.2.2
[INFO] [stderr]    Compiling rustc-hash v1.1.0
[INFO] [stderr]    Compiling globreeks v0.1.1
[INFO] [stderr]    Compiling icns v0.3.1
[INFO] [stderr]    Compiling ico v0.3.0
[INFO] [stderr]    Compiling color-eyre v0.6.2
[INFO] [stderr]    Compiling serde_derive v1.0.188
[INFO] [stderr]    Compiling thiserror-impl v1.0.47
[INFO] [stderr]    Compiling clap_derive v4.3.12
[INFO] [stderr]    Compiling smart-default v0.7.1
[INFO] [stderr]    Compiling darling_macro v0.14.1
[INFO] [stderr]    Compiling oxipng v8.0.0
[INFO] [stderr]    Compiling darling v0.14.1
[INFO] [stderr]    Compiling serde_with_macros v2.0.0
[INFO] [stderr]    Compiling pest v2.7.3
[INFO] [stderr]    Compiling wax v0.5.0
[INFO] [stderr]    Compiling clap v4.3.21
[INFO] [stderr]    Compiling pest_meta v2.7.3
[INFO] [stderr]    Compiling pest_generator v2.7.3
[INFO] [stderr]    Compiling pest_derive v2.7.3
[INFO] [stderr]    Compiling serde_spanned v0.6.3
[INFO] [stderr]    Compiling toml_datetime v0.6.3
[INFO] [stderr]    Compiling serde_with v2.0.0
[INFO] [stderr]    Compiling serde_yaml v0.9.13
[INFO] [stderr]    Compiling json5 v0.4.1
[INFO] [stderr]    Compiling toml_edit v0.20.0
[INFO] [stderr]    Compiling asar v0.2.0
[INFO] [stderr]    Compiling toml v0.8.0
[INFO] [stderr]    Compiling electron_tasje v0.7.0 (/opt/rustwide/workdir)
[INFO] [stderr]     Finished dev [unoptimized + debuginfo] target(s) in 20.98s
[INFO] running `Command { std: "docker" "inspect" "6a2a379eae46bff69ff650b1359663564607cdae3bbb9af1622323446e535fee", kill_on_drop: false }`
[INFO] running `Command { std: "docker" "rm" "-f" "6a2a379eae46bff69ff650b1359663564607cdae3bbb9af1622323446e535fee", kill_on_drop: false }`
[INFO] [stdout] 6a2a379eae46bff69ff650b1359663564607cdae3bbb9af1622323446e535fee
[INFO] running `Command { std: "docker" "create" "-v" "/var/lib/crater-agent-workspace/builds/worker-4-tc2/target:/opt/rustwide/target:rw,Z" "-v" "/var/lib/crater-agent-workspace/builds/worker-4-tc2/source:/opt/rustwide/workdir:ro,Z" "-v" "/var/lib/crater-agent-workspace/cargo-home:/opt/rustwide/cargo-home:ro,Z" "-v" "/var/lib/crater-agent-workspace/rustup-home:/opt/rustwide/rustup-home:ro,Z" "-e" "SOURCE_DIR=/opt/rustwide/workdir" "-e" "CARGO_TARGET_DIR=/opt/rustwide/target" "-e" "CARGO_INCREMENTAL=0" "-e" "RUST_BACKTRACE=full" "-e" "RUSTFLAGS=--cap-lints=warn" "-e" "RUSTDOCFLAGS=--cap-lints=warn" "-e" "CARGO_HOME=/opt/rustwide/cargo-home" "-e" "RUSTUP_HOME=/opt/rustwide/rustup-home" "-w" "/opt/rustwide/workdir" "-m" "1610612736" "--user" "0:0" "--network" "none" "ghcr.io/rust-lang/crates-build-env/linux@sha256:2788e3201cd34a07e3172128adcd8b3090168a8e3bcc40d7c032b9dda1df7d1c" "/opt/rustwide/cargo-home/bin/cargo" "+beta-2023-12-22" "test" "--frozen" "--no-run" "--message-format=json", kill_on_drop: false }`
[INFO] [stdout] 0c5d4c8caac8fd6e71ab3f433cf383905b7be665ad63cab93e34160e685a60c3
[INFO] running `Command { std: "docker" "start" "-a" "0c5d4c8caac8fd6e71ab3f433cf383905b7be665ad63cab93e34160e685a60c3", kill_on_drop: false }`
[INFO] [stderr]    Compiling electron_tasje v0.7.0 (/opt/rustwide/workdir)
[INFO] [stderr]     Finished test [unoptimized + debuginfo] target(s) in 3.67s
[INFO] running `Command { std: "docker" "inspect" "0c5d4c8caac8fd6e71ab3f433cf383905b7be665ad63cab93e34160e685a60c3", kill_on_drop: false }`
[INFO] running `Command { std: "docker" "rm" "-f" "0c5d4c8caac8fd6e71ab3f433cf383905b7be665ad63cab93e34160e685a60c3", kill_on_drop: false }`
[INFO] [stdout] 0c5d4c8caac8fd6e71ab3f433cf383905b7be665ad63cab93e34160e685a60c3
[INFO] running `Command { std: "docker" "create" "-v" "/var/lib/crater-agent-workspace/builds/worker-4-tc2/target:/opt/rustwide/target:rw,Z" "-v" "/var/lib/crater-agent-workspace/builds/worker-4-tc2/source:/opt/rustwide/workdir:ro,Z" "-v" "/var/lib/crater-agent-workspace/cargo-home:/opt/rustwide/cargo-home:ro,Z" "-v" "/var/lib/crater-agent-workspace/rustup-home:/opt/rustwide/rustup-home:ro,Z" "-e" "SOURCE_DIR=/opt/rustwide/workdir" "-e" "CARGO_TARGET_DIR=/opt/rustwide/target" "-e" "CARGO_INCREMENTAL=0" "-e" "RUST_BACKTRACE=full" "-e" "RUSTFLAGS=--cap-lints=warn" "-e" "RUSTDOCFLAGS=--cap-lints=warn" "-e" "CARGO_HOME=/opt/rustwide/cargo-home" "-e" "RUSTUP_HOME=/opt/rustwide/rustup-home" "-w" "/opt/rustwide/workdir" "-m" "1610612736" "--user" "0:0" "--network" "none" "ghcr.io/rust-lang/crates-build-env/linux@sha256:2788e3201cd34a07e3172128adcd8b3090168a8e3bcc40d7c032b9dda1df7d1c" "/opt/rustwide/cargo-home/bin/cargo" "+beta-2023-12-22" "test" "--frozen", kill_on_drop: false }`
[INFO] [stdout] bea65d4cfe83ea1416843e1f9bc6bd8caf084d7af9dcfc1a8ee789bd6f15c066
[INFO] running `Command { std: "docker" "start" "-a" "bea65d4cfe83ea1416843e1f9bc6bd8caf084d7af9dcfc1a8ee789bd6f15c066", kill_on_drop: false }`
[INFO] [stderr]     Finished test [unoptimized + debuginfo] target(s) in 0.09s
[INFO] [stderr]      Running unittests src/lib.rs (/opt/rustwide/target/debug/deps/electron_tasje-3ea5cfacc90692d6)
[INFO] [stdout] 
[INFO] [stdout] running 13 tests
[INFO] [stdout] test config::tests::test_parse_empty ... ok
[INFO] [stdout] test config::tests::test_parse_multiple ... ok
[INFO] [stdout] test config::tests::test_parse_single ... ok
[INFO] [stdout] test app::tests::test_parse ... ok
[INFO] [stdout] test icons::tests::test_linux ... FAILED
[INFO] [stdout] test app::tests::test_patched_package ... ok
[INFO] [stdout] test icons::tests::test_build_resources ... FAILED
[INFO] [stdout] test icons::tests::test_win ... FAILED
[INFO] [stdout] test icons::tests::test_mac ... FAILED
[INFO] [stdout] test utils::tests::test_filesafe_name ... ok
[INFO] [stdout] test desktop::tests::test_gen_desktop ... ok
[INFO] [stdout] test utils::tests::test_variable_templates ... ok
[INFO] [stdout] test walker::tests::test_walking ... ok
[INFO] [stdout] 
[INFO] [stdout] failures:
[INFO] [stdout] 
[INFO] [stdout] ---- icons::tests::test_linux stdout ----
[INFO] [stdout] Error: Read-only file system (os error 30)
[INFO] [stdout] 
[INFO] [stdout] ---- icons::tests::test_build_resources stdout ----
[INFO] [stdout] Error: Read-only file system (os error 30)
[INFO] [stdout] 
[INFO] [stdout] ---- icons::tests::test_win stdout ----
[INFO] [stdout] Error: Read-only file system (os error 30)
[INFO] [stdout] 
[INFO] [stdout] ---- icons::tests::test_mac stdout ----
[INFO] [stdout] Error: Read-only file system (os error 30)
[INFO] [stdout] 
[INFO] [stdout] 
[INFO] [stdout] failures:
[INFO] [stdout]     icons::tests::test_build_resources
[INFO] [stdout]     icons::tests::test_linux
[INFO] [stdout]     icons::tests::test_mac
[INFO] [stdout]     icons::tests::test_win
[INFO] [stdout] 
[INFO] [stdout] test result: FAILED. 9 passed; 4 failed; 0 ignored; 0 measured; 0 filtered out; finished in 0.00s
[INFO] [stdout] 
[INFO] [stderr] error: test failed, to rerun pass `--lib`
[INFO] running `Command { std: "docker" "inspect" "bea65d4cfe83ea1416843e1f9bc6bd8caf084d7af9dcfc1a8ee789bd6f15c066", kill_on_drop: false }`
[INFO] running `Command { std: "docker" "rm" "-f" "bea65d4cfe83ea1416843e1f9bc6bd8caf084d7af9dcfc1a8ee789bd6f15c066", kill_on_drop: false }`
[INFO] [stdout] bea65d4cfe83ea1416843e1f9bc6bd8caf084d7af9dcfc1a8ee789bd6f15c066
