[INFO] cloning repository https://github.com/selfint/ltsa
[INFO] running `Command { std: "git" "-c" "credential.helper=" "-c" "credential.helper=/workspace/cargo-home/bin/git-credential-null" "clone" "--bare" "https://github.com/selfint/ltsa" "/workspace/cache/git-repos/https%3A%2F%2Fgithub.com%2Fselfint%2Fltsa", kill_on_drop: false }`
[INFO] [stderr] Cloning into bare repository '/workspace/cache/git-repos/https%3A%2F%2Fgithub.com%2Fselfint%2Fltsa'...
[INFO] running `Command { std: "git" "rev-parse" "HEAD", kill_on_drop: false }`
[INFO] [stdout] df0a19a964b7ef181c07976bb5d5542bf5e8a7e4
[INFO] testing selfint/ltsa/df0a19a964b7ef181c07976bb5d5542bf5e8a7e4 against 1.75.0 for beta-1.76-1
[INFO] running `Command { std: "git" "clone" "/workspace/cache/git-repos/https%3A%2F%2Fgithub.com%2Fselfint%2Fltsa" "/workspace/builds/worker-2-tc1/source", kill_on_drop: false }`
[INFO] [stderr] Cloning into '/workspace/builds/worker-2-tc1/source'...
[INFO] [stderr] done.
[INFO] validating manifest of git repo https://github.com/selfint/ltsa on toolchain 1.75.0
[INFO] running `Command { std: CARGO_HOME="/workspace/cargo-home" RUSTUP_HOME="/workspace/rustup-home" "/workspace/cargo-home/bin/cargo" "+1.75.0" "metadata" "--manifest-path" "Cargo.toml" "--no-deps", kill_on_drop: false }`
[INFO] started tweaking git repo https://github.com/selfint/ltsa
[INFO] finished tweaking git repo https://github.com/selfint/ltsa
[INFO] tweaked toml for git repo https://github.com/selfint/ltsa written to /workspace/builds/worker-2-tc1/source/Cargo.toml
[INFO] crate git repo https://github.com/selfint/ltsa already has a lockfile, it will not be regenerated
[INFO] running `Command { std: CARGO_HOME="/workspace/cargo-home" RUSTUP_HOME="/workspace/rustup-home" "/workspace/cargo-home/bin/cargo" "+1.75.0" "fetch" "--manifest-path" "Cargo.toml", kill_on_drop: false }`
[INFO] [stderr] warning: virtual workspace defaulting to `resolver = "1"` despite one or more workspace members being on edition 2021 which implies `resolver = "2"`
[INFO] [stderr] note: to keep the current resolver, specify `workspace.resolver = "1"` in the workspace root's manifest
[INFO] [stderr] note: to use the edition 2021 resolver, specify `workspace.resolver = "2"` in the workspace root's manifest
[INFO] [stderr] note: for more details see https://doc.rust-lang.org/cargo/reference/resolver.html#resolver-versions
[INFO] [stderr]     Updating git repository `https://github.com/selfint/tree-sitter-solidity`
[INFO] [stderr]  Downloading crates ...
[INFO] [stderr]   Downloaded lsp-types v0.94.0
[INFO] [stderr]   Downloaded tree-sitter-python v0.20.2
[INFO] [stderr]   Downloaded insta v1.28.0
[INFO] running `Command { std: "docker" "create" "-v" "/var/lib/crater-agent-workspace/builds/worker-2-tc1/target:/opt/rustwide/target:rw,Z" "-v" "/var/lib/crater-agent-workspace/builds/worker-2-tc1/source:/opt/rustwide/workdir:ro,Z" "-v" "/var/lib/crater-agent-workspace/cargo-home:/opt/rustwide/cargo-home:ro,Z" "-v" "/var/lib/crater-agent-workspace/rustup-home:/opt/rustwide/rustup-home:ro,Z" "-e" "SOURCE_DIR=/opt/rustwide/workdir" "-e" "CARGO_TARGET_DIR=/opt/rustwide/target" "-e" "CARGO_HOME=/opt/rustwide/cargo-home" "-e" "RUSTUP_HOME=/opt/rustwide/rustup-home" "-w" "/opt/rustwide/workdir" "-m" "1610612736" "--user" "0:0" "--network" "none" "ghcr.io/rust-lang/crates-build-env/linux@sha256:2788e3201cd34a07e3172128adcd8b3090168a8e3bcc40d7c032b9dda1df7d1c" "/opt/rustwide/cargo-home/bin/cargo" "+1.75.0" "metadata" "--no-deps" "--format-version=1", kill_on_drop: false }`
[INFO] [stdout] 0d6322051b5780354bdac9ea4601453805ea18fc675b0d02ae57f69282e71145
[INFO] running `Command { std: "docker" "start" "-a" "0d6322051b5780354bdac9ea4601453805ea18fc675b0d02ae57f69282e71145", kill_on_drop: false }`
[INFO] running `Command { std: "docker" "inspect" "0d6322051b5780354bdac9ea4601453805ea18fc675b0d02ae57f69282e71145", kill_on_drop: false }`
[INFO] running `Command { std: "docker" "rm" "-f" "0d6322051b5780354bdac9ea4601453805ea18fc675b0d02ae57f69282e71145", kill_on_drop: false }`
[INFO] [stdout] 0d6322051b5780354bdac9ea4601453805ea18fc675b0d02ae57f69282e71145
[INFO] running `Command { std: "docker" "create" "-v" "/var/lib/crater-agent-workspace/builds/worker-2-tc1/target:/opt/rustwide/target:rw,Z" "-v" "/var/lib/crater-agent-workspace/builds/worker-2-tc1/source:/opt/rustwide/workdir:ro,Z" "-v" "/var/lib/crater-agent-workspace/cargo-home:/opt/rustwide/cargo-home:ro,Z" "-v" "/var/lib/crater-agent-workspace/rustup-home:/opt/rustwide/rustup-home:ro,Z" "-e" "SOURCE_DIR=/opt/rustwide/workdir" "-e" "CARGO_TARGET_DIR=/opt/rustwide/target" "-e" "CARGO_INCREMENTAL=0" "-e" "RUST_BACKTRACE=full" "-e" "RUSTFLAGS=--cap-lints=warn" "-e" "RUSTDOCFLAGS=--cap-lints=warn" "-e" "CARGO_HOME=/opt/rustwide/cargo-home" "-e" "RUSTUP_HOME=/opt/rustwide/rustup-home" "-w" "/opt/rustwide/workdir" "-m" "1610612736" "--user" "0:0" "--network" "none" "ghcr.io/rust-lang/crates-build-env/linux@sha256:2788e3201cd34a07e3172128adcd8b3090168a8e3bcc40d7c032b9dda1df7d1c" "/opt/rustwide/cargo-home/bin/cargo" "+1.75.0" "build" "--frozen" "--message-format=json", kill_on_drop: false }`
[INFO] [stdout] e17b5fe9bca92f69021a5d2787ebeb5eb0e262b7146a83e0ba979b21b2984a8c
[INFO] running `Command { std: "docker" "start" "-a" "e17b5fe9bca92f69021a5d2787ebeb5eb0e262b7146a83e0ba979b21b2984a8c", kill_on_drop: false }`
[INFO] [stderr] warning: virtual workspace defaulting to `resolver = "1"` despite one or more workspace members being on edition 2021 which implies `resolver = "2"`
[INFO] [stderr] note: to keep the current resolver, specify `workspace.resolver = "1"` in the workspace root's manifest
[INFO] [stderr] note: to use the edition 2021 resolver, specify `workspace.resolver = "2"` in the workspace root's manifest
[INFO] [stderr] note: for more details see https://doc.rust-lang.org/cargo/reference/resolver.html#resolver-versions
[INFO] [stderr]    Compiling proc-macro2 v1.0.53
[INFO] [stderr]    Compiling unicode-ident v1.0.6
[INFO] [stderr]    Compiling quote v1.0.26
[INFO] [stderr]    Compiling libc v0.2.139
[INFO] [stderr]    Compiling serde_derive v1.0.159
[INFO] [stderr]    Compiling memchr v2.5.0
[INFO] [stderr]    Compiling serde v1.0.159
[INFO] [stderr]    Compiling syn v1.0.107
[INFO] [stderr]    Compiling log v0.4.17
[INFO] [stderr]    Compiling serde_json v1.0.95
[INFO] [stderr]    Compiling tinyvec_macros v0.1.1
[INFO] [stderr]    Compiling cfg-if v1.0.0
[INFO] [stderr]    Compiling cc v1.0.79
[INFO] [stderr]    Compiling tinyvec v1.6.0
[INFO] [stderr]    Compiling anyhow v1.0.70
[INFO] [stderr]    Compiling autocfg v1.1.0
[INFO] [stderr]    Compiling itoa v1.0.5
[INFO] [stderr]    Compiling ryu v1.0.12
[INFO] [stderr]    Compiling tokio v1.26.0
[INFO] [stderr]    Compiling syn v2.0.10
[INFO] [stderr]    Compiling bitflags v1.3.2
[INFO] [stderr]    Compiling percent-encoding v2.2.0
[INFO] [stderr]    Compiling unicode-normalization v0.1.22
[INFO] [stderr]    Compiling io-lifetimes v1.0.9
[INFO] [stderr]    Compiling unicode-bidi v0.3.11
[INFO] [stderr]    Compiling form_urlencoded v1.1.0
[INFO] [stderr]    Compiling tree-sitter v0.20.9
[INFO] [stderr]    Compiling num_cpus v1.15.0
[INFO] [stderr]    Compiling signal-hook-registry v1.4.1
[INFO] [stderr]    Compiling idna v0.3.0
[INFO] [stderr]    Compiling mio v0.8.6
[INFO] [stderr]    Compiling aho-corasick v0.7.20
[INFO] [stderr]    Compiling rustix v0.36.11
[INFO] [stderr]    Compiling bytes v1.4.0
[INFO] [stderr]    Compiling pin-project-lite v0.2.9
[INFO] [stderr]    Compiling regex-syntax v0.6.29
[INFO] [stderr]    Compiling tree-sitter-solidity v0.0.3 (https://github.com/selfint/tree-sitter-solidity#63f56923)
[INFO] [stderr]    Compiling linux-raw-sys v0.1.4
[INFO] [stderr]    Compiling async-trait v0.1.68
[INFO] [stderr]    Compiling fastrand v1.9.0
[INFO] [stderr]    Compiling regex v1.7.2
[INFO] [stderr]    Compiling tempfile v3.4.0
[INFO] [stderr]    Compiling async-recursion v1.0.4
[INFO] [stderr]    Compiling tokio-macros v1.8.2
[INFO] [stderr]    Compiling serde_repr v0.1.11
[INFO] [stderr]    Compiling url v2.3.1
[INFO] [stderr]    Compiling lsp-types v0.94.0
[INFO] [stderr]    Compiling jsonrpc v0.1.0 (/opt/rustwide/workdir/jsonrpc)
[INFO] [stderr]    Compiling viz v0.1.0 (/opt/rustwide/workdir/tools/viz)
[INFO] [stderr]    Compiling lsp-client v0.1.0 (/opt/rustwide/workdir/lsp-client)
[INFO] [stderr]    Compiling scanexr v0.1.0 (/opt/rustwide/workdir/tools/scanexr)
[INFO] [stderr]     Finished dev [unoptimized + debuginfo] target(s) in 26.46s
[INFO] running `Command { std: "docker" "inspect" "e17b5fe9bca92f69021a5d2787ebeb5eb0e262b7146a83e0ba979b21b2984a8c", kill_on_drop: false }`
[INFO] running `Command { std: "docker" "rm" "-f" "e17b5fe9bca92f69021a5d2787ebeb5eb0e262b7146a83e0ba979b21b2984a8c", kill_on_drop: false }`
[INFO] [stdout] e17b5fe9bca92f69021a5d2787ebeb5eb0e262b7146a83e0ba979b21b2984a8c
[INFO] running `Command { std: "docker" "create" "-v" "/var/lib/crater-agent-workspace/builds/worker-2-tc1/target:/opt/rustwide/target:rw,Z" "-v" "/var/lib/crater-agent-workspace/builds/worker-2-tc1/source:/opt/rustwide/workdir:ro,Z" "-v" "/var/lib/crater-agent-workspace/cargo-home:/opt/rustwide/cargo-home:ro,Z" "-v" "/var/lib/crater-agent-workspace/rustup-home:/opt/rustwide/rustup-home:ro,Z" "-e" "SOURCE_DIR=/opt/rustwide/workdir" "-e" "CARGO_TARGET_DIR=/opt/rustwide/target" "-e" "CARGO_INCREMENTAL=0" "-e" "RUST_BACKTRACE=full" "-e" "RUSTFLAGS=--cap-lints=warn" "-e" "RUSTDOCFLAGS=--cap-lints=warn" "-e" "CARGO_HOME=/opt/rustwide/cargo-home" "-e" "RUSTUP_HOME=/opt/rustwide/rustup-home" "-w" "/opt/rustwide/workdir" "-m" "1610612736" "--user" "0:0" "--network" "none" "ghcr.io/rust-lang/crates-build-env/linux@sha256:2788e3201cd34a07e3172128adcd8b3090168a8e3bcc40d7c032b9dda1df7d1c" "/opt/rustwide/cargo-home/bin/cargo" "+1.75.0" "test" "--frozen" "--no-run" "--message-format=json", kill_on_drop: false }`
[INFO] [stdout] 9106c7b4c06b1249e81378441c1093ec9c7ad2cbdc1277b96f690c2b78113089
[INFO] running `Command { std: "docker" "start" "-a" "9106c7b4c06b1249e81378441c1093ec9c7ad2cbdc1277b96f690c2b78113089", kill_on_drop: false }`
[INFO] [stderr] warning: virtual workspace defaulting to `resolver = "1"` despite one or more workspace members being on edition 2021 which implies `resolver = "2"`
[INFO] [stderr] note: to keep the current resolver, specify `workspace.resolver = "1"` in the workspace root's manifest
[INFO] [stderr] note: to use the edition 2021 resolver, specify `workspace.resolver = "2"` in the workspace root's manifest
[INFO] [stderr] note: for more details see https://doc.rust-lang.org/cargo/reference/resolver.html#resolver-versions
[INFO] [stderr]    Compiling linked-hash-map v0.5.6
[INFO] [stderr]    Compiling lazy_static v1.4.0
[INFO] [stderr]    Compiling similar v2.2.1
[INFO] [stderr]    Compiling tree-sitter-python v0.20.2
[INFO] [stderr]    Compiling viz v0.1.0 (/opt/rustwide/workdir/tools/viz)
[INFO] [stderr]    Compiling console v0.15.5
[INFO] [stderr]    Compiling yaml-rust v0.4.5
[INFO] [stderr]    Compiling insta v1.28.0
[INFO] [stderr]    Compiling lsp-client v0.1.0 (/opt/rustwide/workdir/lsp-client)
[INFO] [stderr]    Compiling scanexr v0.1.0 (/opt/rustwide/workdir/tools/scanexr)
[INFO] [stderr]    Compiling jsonrpc v0.1.0 (/opt/rustwide/workdir/jsonrpc)
[INFO] [stderr]     Finished test [unoptimized + debuginfo] target(s) in 8.28s
[INFO] running `Command { std: "docker" "inspect" "9106c7b4c06b1249e81378441c1093ec9c7ad2cbdc1277b96f690c2b78113089", kill_on_drop: false }`
[INFO] running `Command { std: "docker" "rm" "-f" "9106c7b4c06b1249e81378441c1093ec9c7ad2cbdc1277b96f690c2b78113089", kill_on_drop: false }`
[INFO] [stdout] 9106c7b4c06b1249e81378441c1093ec9c7ad2cbdc1277b96f690c2b78113089
[INFO] running `Command { std: "docker" "create" "-v" "/var/lib/crater-agent-workspace/builds/worker-2-tc1/target:/opt/rustwide/target:rw,Z" "-v" "/var/lib/crater-agent-workspace/builds/worker-2-tc1/source:/opt/rustwide/workdir:ro,Z" "-v" "/var/lib/crater-agent-workspace/cargo-home:/opt/rustwide/cargo-home:ro,Z" "-v" "/var/lib/crater-agent-workspace/rustup-home:/opt/rustwide/rustup-home:ro,Z" "-e" "SOURCE_DIR=/opt/rustwide/workdir" "-e" "CARGO_TARGET_DIR=/opt/rustwide/target" "-e" "CARGO_INCREMENTAL=0" "-e" "RUST_BACKTRACE=full" "-e" "RUSTFLAGS=--cap-lints=warn" "-e" "RUSTDOCFLAGS=--cap-lints=warn" "-e" "CARGO_HOME=/opt/rustwide/cargo-home" "-e" "RUSTUP_HOME=/opt/rustwide/rustup-home" "-w" "/opt/rustwide/workdir" "-m" "1610612736" "--user" "0:0" "--network" "none" "ghcr.io/rust-lang/crates-build-env/linux@sha256:2788e3201cd34a07e3172128adcd8b3090168a8e3bcc40d7c032b9dda1df7d1c" "/opt/rustwide/cargo-home/bin/cargo" "+1.75.0" "test" "--frozen", kill_on_drop: false }`
[INFO] [stdout] 45b8941ddcba43f02b0072631c3e7b5092a2f944268ae938da88c52b1f4cba16
[INFO] running `Command { std: "docker" "start" "-a" "45b8941ddcba43f02b0072631c3e7b5092a2f944268ae938da88c52b1f4cba16", kill_on_drop: false }`
[INFO] [stderr] warning: virtual workspace defaulting to `resolver = "1"` despite one or more workspace members being on edition 2021 which implies `resolver = "2"`
[INFO] [stderr] note: to keep the current resolver, specify `workspace.resolver = "1"` in the workspace root's manifest
[INFO] [stderr] note: to use the edition 2021 resolver, specify `workspace.resolver = "2"` in the workspace root's manifest
[INFO] [stderr] note: for more details see https://doc.rust-lang.org/cargo/reference/resolver.html#resolver-versions
[INFO] [stderr]     Finished test [unoptimized + debuginfo] target(s) in 0.05s
[INFO] [stderr]      Running unittests src/lib.rs (/opt/rustwide/target/debug/deps/jsonrpc-5950a02b4e5fb872)
[INFO] [stdout] 
[INFO] [stdout] running 0 tests
[INFO] [stdout] 
[INFO] [stdout] test result: ok. 0 passed; 0 failed; 0 ignored; 0 measured; 0 filtered out; finished in 0.00s
[INFO] [stdout] 
[INFO] [stderr]      Running tests/test_client.rs (/opt/rustwide/target/debug/deps/test_client-9cb6d4a25018f0c5)
[INFO] [stdout] 
[INFO] [stdout] running 1 test
[INFO] [stdout] test test_client ... ok
[INFO] [stdout] 
[INFO] [stdout] test result: ok. 1 passed; 0 failed; 0 ignored; 0 measured; 0 filtered out; finished in 0.02s
[INFO] [stdout] 
[INFO] [stderr]      Running tests/test_types.rs (/opt/rustwide/target/debug/deps/test_types-31c9ab052abb85df)
[INFO] [stdout] 
[INFO] [stdout] running 6 tests
[INFO] [stdout] test test_notification_deserialization ... ok
[INFO] [stdout] test test_notification_serialization ... ok
[INFO] [stdout] test test_request_deserialization ... ok
[INFO] [stdout] test test_request_serialization ... ok
[INFO] [stdout] test test_response_deserialization ... ok
[INFO] [stdout] test test_response_serialization ... ok
[INFO] [stdout] 
[INFO] [stdout] test result: ok. 6 passed; 0 failed; 0 ignored; 0 measured; 0 filtered out; finished in 0.02s
[INFO] [stdout] 
[INFO] [stderr]      Running unittests src/lib.rs (/opt/rustwide/target/debug/deps/lsp_client-c1ea8b7b5dbe3f28)
[INFO] [stdout] 
[INFO] [stdout] running 0 tests
[INFO] [stdout] 
[INFO] [stdout] test result: ok. 0 passed; 0 failed; 0 ignored; 0 measured; 0 filtered out; finished in 0.00s
[INFO] [stdout] 
[INFO] [stderr]      Running tests/test_servers.rs (/opt/rustwide/target/debug/deps/test_servers-04c57d44e312bead)
[INFO] [stdout] 
[INFO] [stdout] running 4 tests
[INFO] [stdout] test test_solidity_solc_lsp ... FAILED
[INFO] [stdout] test test_solidity_ls ... FAILED
[INFO] [stdout] test test_python_language_server ... FAILED
[INFO] [stdout] test test_rust_analyzer has been running for over 60 seconds
[ERROR] error running command: no output for 300 seconds
[INFO] running `Command { std: "docker" "inspect" "45b8941ddcba43f02b0072631c3e7b5092a2f944268ae938da88c52b1f4cba16", kill_on_drop: false }`
[INFO] running `Command { std: "docker" "rm" "-f" "45b8941ddcba43f02b0072631c3e7b5092a2f944268ae938da88c52b1f4cba16", kill_on_drop: false }`
[INFO] [stdout] 45b8941ddcba43f02b0072631c3e7b5092a2f944268ae938da88c52b1f4cba16
