[INFO] cloning repository https://github.com/sarmatdev/pipe-viewer-rs
[INFO] running `Command { std: "git" "-c" "credential.helper=" "-c" "credential.helper=/workspace/cargo-home/bin/git-credential-null" "clone" "--bare" "https://github.com/sarmatdev/pipe-viewer-rs" "/workspace/cache/git-repos/https%3A%2F%2Fgithub.com%2Fsarmatdev%2Fpipe-viewer-rs", kill_on_drop: false }`
[INFO] [stderr] Cloning into bare repository '/workspace/cache/git-repos/https%3A%2F%2Fgithub.com%2Fsarmatdev%2Fpipe-viewer-rs'...
[INFO] running `Command { std: "git" "rev-parse" "HEAD", kill_on_drop: false }`
[INFO] [stdout] 13fa7cd4fa915cc000e0e74d629dc1c6fa8a6005
[INFO] testing sarmatdev/pipe-viewer-rs against 1.75.0 for beta-1.76-1
[INFO] running `Command { std: "git" "clone" "/workspace/cache/git-repos/https%3A%2F%2Fgithub.com%2Fsarmatdev%2Fpipe-viewer-rs" "/workspace/builds/worker-4-tc1/source", kill_on_drop: false }`
[INFO] [stderr] Cloning into '/workspace/builds/worker-4-tc1/source'...
[INFO] [stderr] done.
[INFO] validating manifest of git repo https://github.com/sarmatdev/pipe-viewer-rs on toolchain 1.75.0
[INFO] running `Command { std: CARGO_HOME="/workspace/cargo-home" RUSTUP_HOME="/workspace/rustup-home" "/workspace/cargo-home/bin/cargo" "+1.75.0" "metadata" "--manifest-path" "Cargo.toml" "--no-deps", kill_on_drop: false }`
[INFO] started tweaking git repo https://github.com/sarmatdev/pipe-viewer-rs
[INFO] finished tweaking git repo https://github.com/sarmatdev/pipe-viewer-rs
[INFO] tweaked toml for git repo https://github.com/sarmatdev/pipe-viewer-rs written to /workspace/builds/worker-4-tc1/source/Cargo.toml
[INFO] crate git repo https://github.com/sarmatdev/pipe-viewer-rs already has a lockfile, it will not be regenerated
[INFO] running `Command { std: CARGO_HOME="/workspace/cargo-home" RUSTUP_HOME="/workspace/rustup-home" "/workspace/cargo-home/bin/cargo" "+1.75.0" "fetch" "--manifest-path" "Cargo.toml", kill_on_drop: false }`
[INFO] running `Command { std: "docker" "create" "-v" "/var/lib/crater-agent-workspace/builds/worker-4-tc1/target:/opt/rustwide/target:rw,Z" "-v" "/var/lib/crater-agent-workspace/builds/worker-4-tc1/source:/opt/rustwide/workdir:ro,Z" "-v" "/var/lib/crater-agent-workspace/cargo-home:/opt/rustwide/cargo-home:ro,Z" "-v" "/var/lib/crater-agent-workspace/rustup-home:/opt/rustwide/rustup-home:ro,Z" "-e" "SOURCE_DIR=/opt/rustwide/workdir" "-e" "CARGO_TARGET_DIR=/opt/rustwide/target" "-e" "CARGO_HOME=/opt/rustwide/cargo-home" "-e" "RUSTUP_HOME=/opt/rustwide/rustup-home" "-w" "/opt/rustwide/workdir" "-m" "1610612736" "--user" "0:0" "--network" "none" "ghcr.io/rust-lang/crates-build-env/linux@sha256:2788e3201cd34a07e3172128adcd8b3090168a8e3bcc40d7c032b9dda1df7d1c" "/opt/rustwide/cargo-home/bin/cargo" "+1.75.0" "metadata" "--no-deps" "--format-version=1", kill_on_drop: false }`
[INFO] [stdout] 05872ec62a2843b32d3e7aaae4f0b86fbad3c3c4850c22f5aeacbf788d1fb7dd
[INFO] running `Command { std: "docker" "start" "-a" "05872ec62a2843b32d3e7aaae4f0b86fbad3c3c4850c22f5aeacbf788d1fb7dd", kill_on_drop: false }`
[INFO] running `Command { std: "docker" "inspect" "05872ec62a2843b32d3e7aaae4f0b86fbad3c3c4850c22f5aeacbf788d1fb7dd", kill_on_drop: false }`
[INFO] running `Command { std: "docker" "rm" "-f" "05872ec62a2843b32d3e7aaae4f0b86fbad3c3c4850c22f5aeacbf788d1fb7dd", kill_on_drop: false }`
[INFO] [stdout] 05872ec62a2843b32d3e7aaae4f0b86fbad3c3c4850c22f5aeacbf788d1fb7dd
[INFO] running `Command { std: "docker" "create" "-v" "/var/lib/crater-agent-workspace/builds/worker-4-tc1/target:/opt/rustwide/target:rw,Z" "-v" "/var/lib/crater-agent-workspace/builds/worker-4-tc1/source:/opt/rustwide/workdir:ro,Z" "-v" "/var/lib/crater-agent-workspace/cargo-home:/opt/rustwide/cargo-home:ro,Z" "-v" "/var/lib/crater-agent-workspace/rustup-home:/opt/rustwide/rustup-home:ro,Z" "-e" "SOURCE_DIR=/opt/rustwide/workdir" "-e" "CARGO_TARGET_DIR=/opt/rustwide/target" "-e" "CARGO_INCREMENTAL=0" "-e" "RUST_BACKTRACE=full" "-e" "RUSTFLAGS=--cap-lints=warn" "-e" "RUSTDOCFLAGS=--cap-lints=warn" "-e" "CARGO_HOME=/opt/rustwide/cargo-home" "-e" "RUSTUP_HOME=/opt/rustwide/rustup-home" "-w" "/opt/rustwide/workdir" "-m" "1610612736" "--user" "0:0" "--network" "none" "ghcr.io/rust-lang/crates-build-env/linux@sha256:2788e3201cd34a07e3172128adcd8b3090168a8e3bcc40d7c032b9dda1df7d1c" "/opt/rustwide/cargo-home/bin/cargo" "+1.75.0" "build" "--frozen" "--message-format=json", kill_on_drop: false }`
[INFO] [stdout] 9f9991fa227d2cf5c9662873490f5dbce90e9033e47a05507401fd546be286af
[INFO] running `Command { std: "docker" "start" "-a" "9f9991fa227d2cf5c9662873490f5dbce90e9033e47a05507401fd546be286af", kill_on_drop: false }`
[INFO] [stderr]    Compiling autocfg v1.1.0
[INFO] [stderr]    Compiling cfg-if v1.0.0
[INFO] [stderr]    Compiling libc v0.2.142
[INFO] [stderr]    Compiling crossbeam-utils v0.8.15
[INFO] [stderr]    Compiling scopeguard v1.1.0
[INFO] [stderr]    Compiling log v0.4.17
[INFO] [stderr]    Compiling signal-hook v0.3.15
[INFO] [stderr]    Compiling parking_lot_core v0.9.7
[INFO] [stderr]    Compiling crossbeam-queue v0.3.8
[INFO] [stderr]    Compiling smallvec v1.10.0
[INFO] [stderr]    Compiling bitflags v1.3.2
[INFO] [stderr]    Compiling hashbrown v0.12.3
[INFO] [stderr]    Compiling os_str_bytes v6.5.0
[INFO] [stderr]    Compiling strsim v0.10.0
[INFO] [stderr]    Compiling termcolor v1.2.0
[INFO] [stderr]    Compiling textwrap v0.16.0
[INFO] [stderr]    Compiling clap_lex v0.2.4
[INFO] [stderr]    Compiling memoffset v0.8.0
[INFO] [stderr]    Compiling crossbeam-epoch v0.9.14
[INFO] [stderr]    Compiling lock_api v0.4.9
[INFO] [stderr]    Compiling indexmap v1.9.3
[INFO] [stderr]    Compiling crossbeam-channel v0.5.8
[INFO] [stderr]    Compiling crossbeam-deque v0.8.3
[INFO] [stderr]    Compiling signal-hook-registry v1.4.1
[INFO] [stderr]    Compiling mio v0.8.6
[INFO] [stderr]    Compiling atty v0.2.14
[INFO] [stderr]    Compiling clap v3.2.25
[INFO] [stderr]    Compiling crossbeam v0.8.2
[INFO] [stderr]    Compiling parking_lot v0.12.1
[INFO] [stderr]    Compiling signal-hook-mio v0.2.3
[INFO] [stderr]    Compiling crossterm v0.23.2
[INFO] [stderr]    Compiling pipe-viewer-rs v0.1.0 (/opt/rustwide/workdir)
[INFO] [stderr]     Finished dev [unoptimized + debuginfo] target(s) in 3.81s
[INFO] running `Command { std: "docker" "inspect" "9f9991fa227d2cf5c9662873490f5dbce90e9033e47a05507401fd546be286af", kill_on_drop: false }`
[INFO] running `Command { std: "docker" "rm" "-f" "9f9991fa227d2cf5c9662873490f5dbce90e9033e47a05507401fd546be286af", kill_on_drop: false }`
[INFO] [stdout] 9f9991fa227d2cf5c9662873490f5dbce90e9033e47a05507401fd546be286af
[INFO] running `Command { std: "docker" "create" "-v" "/var/lib/crater-agent-workspace/builds/worker-4-tc1/target:/opt/rustwide/target:rw,Z" "-v" "/var/lib/crater-agent-workspace/builds/worker-4-tc1/source:/opt/rustwide/workdir:ro,Z" "-v" "/var/lib/crater-agent-workspace/cargo-home:/opt/rustwide/cargo-home:ro,Z" "-v" "/var/lib/crater-agent-workspace/rustup-home:/opt/rustwide/rustup-home:ro,Z" "-e" "SOURCE_DIR=/opt/rustwide/workdir" "-e" "CARGO_TARGET_DIR=/opt/rustwide/target" "-e" "CARGO_INCREMENTAL=0" "-e" "RUST_BACKTRACE=full" "-e" "RUSTFLAGS=--cap-lints=warn" "-e" "RUSTDOCFLAGS=--cap-lints=warn" "-e" "CARGO_HOME=/opt/rustwide/cargo-home" "-e" "RUSTUP_HOME=/opt/rustwide/rustup-home" "-w" "/opt/rustwide/workdir" "-m" "1610612736" "--user" "0:0" "--network" "none" "ghcr.io/rust-lang/crates-build-env/linux@sha256:2788e3201cd34a07e3172128adcd8b3090168a8e3bcc40d7c032b9dda1df7d1c" "/opt/rustwide/cargo-home/bin/cargo" "+1.75.0" "test" "--frozen" "--no-run" "--message-format=json", kill_on_drop: false }`
[INFO] [stdout] 2dc4bd945d3b9076f8b735a07725e57d506680be2e521d6f21201169c3fdf366
[INFO] running `Command { std: "docker" "start" "-a" "2dc4bd945d3b9076f8b735a07725e57d506680be2e521d6f21201169c3fdf366", kill_on_drop: false }`
[INFO] [stderr]    Compiling pipe-viewer-rs v0.1.0 (/opt/rustwide/workdir)
[INFO] [stderr]     Finished test [unoptimized + debuginfo] target(s) in 0.46s
[INFO] running `Command { std: "docker" "inspect" "2dc4bd945d3b9076f8b735a07725e57d506680be2e521d6f21201169c3fdf366", kill_on_drop: false }`
[INFO] running `Command { std: "docker" "rm" "-f" "2dc4bd945d3b9076f8b735a07725e57d506680be2e521d6f21201169c3fdf366", kill_on_drop: false }`
[INFO] [stdout] 2dc4bd945d3b9076f8b735a07725e57d506680be2e521d6f21201169c3fdf366
[INFO] running `Command { std: "docker" "create" "-v" "/var/lib/crater-agent-workspace/builds/worker-4-tc1/target:/opt/rustwide/target:rw,Z" "-v" "/var/lib/crater-agent-workspace/builds/worker-4-tc1/source:/opt/rustwide/workdir:ro,Z" "-v" "/var/lib/crater-agent-workspace/cargo-home:/opt/rustwide/cargo-home:ro,Z" "-v" "/var/lib/crater-agent-workspace/rustup-home:/opt/rustwide/rustup-home:ro,Z" "-e" "SOURCE_DIR=/opt/rustwide/workdir" "-e" "CARGO_TARGET_DIR=/opt/rustwide/target" "-e" "CARGO_INCREMENTAL=0" "-e" "RUST_BACKTRACE=full" "-e" "RUSTFLAGS=--cap-lints=warn" "-e" "RUSTDOCFLAGS=--cap-lints=warn" "-e" "CARGO_HOME=/opt/rustwide/cargo-home" "-e" "RUSTUP_HOME=/opt/rustwide/rustup-home" "-w" "/opt/rustwide/workdir" "-m" "1610612736" "--user" "0:0" "--network" "none" "ghcr.io/rust-lang/crates-build-env/linux@sha256:2788e3201cd34a07e3172128adcd8b3090168a8e3bcc40d7c032b9dda1df7d1c" "/opt/rustwide/cargo-home/bin/cargo" "+1.75.0" "test" "--frozen", kill_on_drop: false }`
[INFO] [stdout] 33faeeaae139bf8b884cd7c7fd10b99be2a9a845460f00a143cbfa1eae5495bc
[INFO] running `Command { std: "docker" "start" "-a" "33faeeaae139bf8b884cd7c7fd10b99be2a9a845460f00a143cbfa1eae5495bc", kill_on_drop: false }`
[INFO] [stderr]     Finished test [unoptimized + debuginfo] target(s) in 0.02s
[INFO] [stderr]      Running unittests src/lib.rs (/opt/rustwide/target/debug/deps/pipe_viewer_rs-6eb570ae41b9a381)
[INFO] [stdout] 
[INFO] [stdout] running 1 test
[INFO] [stdout] test stats::tests::as_time_format ... ok
[INFO] [stdout] 
[INFO] [stdout] test result: ok. 1 passed; 0 failed; 0 ignored; 0 measured; 0 filtered out; finished in 0.00s
[INFO] [stdout] 
[INFO] [stderr]      Running unittests src/main.rs (/opt/rustwide/target/debug/deps/pipe_viewer_rs-cd8dacf066c552b2)
[INFO] [stdout] 
[INFO] [stdout] running 0 tests
[INFO] [stdout] 
[INFO] [stdout] test result: ok. 0 passed; 0 failed; 0 ignored; 0 measured; 0 filtered out; finished in 0.00s
[INFO] [stdout] 
[INFO] [stderr]    Doc-tests pipe-viewer-rs
[INFO] [stdout] 
[INFO] [stdout] running 1 test
[INFO] [stdout] test src/stats.rs - stats::TimeOutput (line 67) ... FAILED
[INFO] [stdout] 
[INFO] [stdout] failures:
[INFO] [stdout] 
[INFO] [stdout] ---- src/stats.rs - stats::TimeOutput (line 67) stdout ----
[INFO] [stdout] error[E0433]: failed to resolve: use of undeclared crate or module `pipeviewer`
[INFO] [stdout]  --> src/stats.rs:68:5
[INFO] [stdout]   |
[INFO] [stdout] 3 | use pipeviewer::stats::TimeOutput;
[INFO] [stdout]   |     ^^^^^^^^^^ use of undeclared crate or module `pipeviewer`
[INFO] [stdout] 
[INFO] [stdout] error[E0599]: no method named `as_time` found for type `u64` in the current scope
[INFO] [stdout]  --> src/stats.rs:69:19
[INFO] [stdout]   |
[INFO] [stdout] 4 | assert_eq!(65_u64.as_time(), String::from("0:01:05"))
[INFO] [stdout]   |                   ^^^^^^^ method not found in `u64`
[INFO] [stdout] 
[INFO] [stdout] error: aborting due to 2 previous errors
[INFO] [stdout] 
[INFO] [stdout] Some errors have detailed explanations: E0433, E0599.
[INFO] [stdout] For more information about an error, try `rustc --explain E0433`.
[INFO] [stdout] Couldn't compile the test.
[INFO] [stdout] 
[INFO] [stdout] failures:
[INFO] [stdout]     src/stats.rs - stats::TimeOutput (line 67)
[INFO] [stdout] 
[INFO] [stdout] test result: FAILED. 0 passed; 1 failed; 0 ignored; 0 measured; 0 filtered out; finished in 0.05s
[INFO] [stdout] 
[INFO] [stderr] error: doctest failed, to rerun pass `--doc`
[INFO] running `Command { std: "docker" "inspect" "33faeeaae139bf8b884cd7c7fd10b99be2a9a845460f00a143cbfa1eae5495bc", kill_on_drop: false }`
[INFO] running `Command { std: "docker" "rm" "-f" "33faeeaae139bf8b884cd7c7fd10b99be2a9a845460f00a143cbfa1eae5495bc", kill_on_drop: false }`
[INFO] [stdout] 33faeeaae139bf8b884cd7c7fd10b99be2a9a845460f00a143cbfa1eae5495bc
[INFO] testing sarmatdev/pipe-viewer-rs against beta-2023-12-22 for beta-1.76-1
[INFO] running `Command { std: "git" "clone" "/workspace/cache/git-repos/https%3A%2F%2Fgithub.com%2Fsarmatdev%2Fpipe-viewer-rs" "/workspace/builds/worker-4-tc2/source", kill_on_drop: false }`
[INFO] [stderr] Cloning into '/workspace/builds/worker-4-tc2/source'...
[INFO] [stderr] done.
[INFO] validating manifest of git repo https://github.com/sarmatdev/pipe-viewer-rs on toolchain beta-2023-12-22
[INFO] running `Command { std: CARGO_HOME="/workspace/cargo-home" RUSTUP_HOME="/workspace/rustup-home" "/workspace/cargo-home/bin/cargo" "+beta-2023-12-22" "metadata" "--manifest-path" "Cargo.toml" "--no-deps", kill_on_drop: false }`
[INFO] started tweaking git repo https://github.com/sarmatdev/pipe-viewer-rs
[INFO] finished tweaking git repo https://github.com/sarmatdev/pipe-viewer-rs
[INFO] tweaked toml for git repo https://github.com/sarmatdev/pipe-viewer-rs written to /workspace/builds/worker-4-tc2/source/Cargo.toml
[INFO] crate git repo https://github.com/sarmatdev/pipe-viewer-rs already has a lockfile, it will not be regenerated
[INFO] running `Command { std: CARGO_HOME="/workspace/cargo-home" RUSTUP_HOME="/workspace/rustup-home" "/workspace/cargo-home/bin/cargo" "+beta-2023-12-22" "fetch" "--manifest-path" "Cargo.toml", kill_on_drop: false }`
[INFO] running `Command { std: "docker" "create" "-v" "/var/lib/crater-agent-workspace/builds/worker-4-tc2/target:/opt/rustwide/target:rw,Z" "-v" "/var/lib/crater-agent-workspace/builds/worker-4-tc2/source:/opt/rustwide/workdir:ro,Z" "-v" "/var/lib/crater-agent-workspace/cargo-home:/opt/rustwide/cargo-home:ro,Z" "-v" "/var/lib/crater-agent-workspace/rustup-home:/opt/rustwide/rustup-home:ro,Z" "-e" "SOURCE_DIR=/opt/rustwide/workdir" "-e" "CARGO_TARGET_DIR=/opt/rustwide/target" "-e" "CARGO_HOME=/opt/rustwide/cargo-home" "-e" "RUSTUP_HOME=/opt/rustwide/rustup-home" "-w" "/opt/rustwide/workdir" "-m" "1610612736" "--user" "0:0" "--network" "none" "ghcr.io/rust-lang/crates-build-env/linux@sha256:2788e3201cd34a07e3172128adcd8b3090168a8e3bcc40d7c032b9dda1df7d1c" "/opt/rustwide/cargo-home/bin/cargo" "+beta-2023-12-22" "metadata" "--no-deps" "--format-version=1", kill_on_drop: false }`
[INFO] [stdout] 9d1825113f1a930ec9dffa691b19ab4fabbf0771afe84f4272611bd2f95368e4
[INFO] running `Command { std: "docker" "start" "-a" "9d1825113f1a930ec9dffa691b19ab4fabbf0771afe84f4272611bd2f95368e4", kill_on_drop: false }`
[INFO] running `Command { std: "docker" "inspect" "9d1825113f1a930ec9dffa691b19ab4fabbf0771afe84f4272611bd2f95368e4", kill_on_drop: false }`
[INFO] running `Command { std: "docker" "rm" "-f" "9d1825113f1a930ec9dffa691b19ab4fabbf0771afe84f4272611bd2f95368e4", kill_on_drop: false }`
[INFO] [stdout] 9d1825113f1a930ec9dffa691b19ab4fabbf0771afe84f4272611bd2f95368e4
[INFO] running `Command { std: "docker" "create" "-v" "/var/lib/crater-agent-workspace/builds/worker-4-tc2/target:/opt/rustwide/target:rw,Z" "-v" "/var/lib/crater-agent-workspace/builds/worker-4-tc2/source:/opt/rustwide/workdir:ro,Z" "-v" "/var/lib/crater-agent-workspace/cargo-home:/opt/rustwide/cargo-home:ro,Z" "-v" "/var/lib/crater-agent-workspace/rustup-home:/opt/rustwide/rustup-home:ro,Z" "-e" "SOURCE_DIR=/opt/rustwide/workdir" "-e" "CARGO_TARGET_DIR=/opt/rustwide/target" "-e" "CARGO_INCREMENTAL=0" "-e" "RUST_BACKTRACE=full" "-e" "RUSTFLAGS=--cap-lints=warn" "-e" "RUSTDOCFLAGS=--cap-lints=warn" "-e" "CARGO_HOME=/opt/rustwide/cargo-home" "-e" "RUSTUP_HOME=/opt/rustwide/rustup-home" "-w" "/opt/rustwide/workdir" "-m" "1610612736" "--user" "0:0" "--network" "none" "ghcr.io/rust-lang/crates-build-env/linux@sha256:2788e3201cd34a07e3172128adcd8b3090168a8e3bcc40d7c032b9dda1df7d1c" "/opt/rustwide/cargo-home/bin/cargo" "+beta-2023-12-22" "build" "--frozen" "--message-format=json", kill_on_drop: false }`
[INFO] [stdout] 92cc33eef414c2e35b3aa37cbea168ebdf5e1b0bee7af9629d81e7b0a7782276
[INFO] running `Command { std: "docker" "start" "-a" "92cc33eef414c2e35b3aa37cbea168ebdf5e1b0bee7af9629d81e7b0a7782276", kill_on_drop: false }`
[INFO] [stderr]    Compiling autocfg v1.1.0
[INFO] [stderr]    Compiling cfg-if v1.0.0
[INFO] [stderr]    Compiling libc v0.2.142
[INFO] [stderr]    Compiling crossbeam-utils v0.8.15
[INFO] [stderr]    Compiling scopeguard v1.1.0
[INFO] [stderr]    Compiling log v0.4.17
[INFO] [stderr]    Compiling signal-hook v0.3.15
[INFO] [stderr]    Compiling parking_lot_core v0.9.7
[INFO] [stderr]    Compiling crossbeam-queue v0.3.8
[INFO] [stderr]    Compiling smallvec v1.10.0
[INFO] [stderr]    Compiling os_str_bytes v6.5.0
[INFO] [stderr]    Compiling hashbrown v0.12.3
[INFO] [stderr]    Compiling bitflags v1.3.2
[INFO] [stderr]    Compiling textwrap v0.16.0
[INFO] [stderr]    Compiling termcolor v1.2.0
[INFO] [stderr]    Compiling strsim v0.10.0
[INFO] [stderr]    Compiling clap_lex v0.2.4
[INFO] [stderr]    Compiling memoffset v0.8.0
[INFO] [stderr]    Compiling crossbeam-epoch v0.9.14
[INFO] [stderr]    Compiling lock_api v0.4.9
[INFO] [stderr]    Compiling indexmap v1.9.3
[INFO] [stderr]    Compiling crossbeam-channel v0.5.8
[INFO] [stderr]    Compiling crossbeam-deque v0.8.3
[INFO] [stderr]    Compiling signal-hook-registry v1.4.1
[INFO] [stderr]    Compiling mio v0.8.6
[INFO] [stderr]    Compiling atty v0.2.14
[INFO] [stderr]    Compiling crossbeam v0.8.2
[INFO] [stderr]    Compiling clap v3.2.25
[INFO] [stderr]    Compiling parking_lot v0.12.1
[INFO] [stderr]    Compiling signal-hook-mio v0.2.3
[INFO] [stderr]    Compiling crossterm v0.23.2
[INFO] [stderr]    Compiling pipe-viewer-rs v0.1.0 (/opt/rustwide/workdir)
[INFO] [stderr]     Finished dev [unoptimized + debuginfo] target(s) in 3.71s
[INFO] running `Command { std: "docker" "inspect" "92cc33eef414c2e35b3aa37cbea168ebdf5e1b0bee7af9629d81e7b0a7782276", kill_on_drop: false }`
[INFO] running `Command { std: "docker" "rm" "-f" "92cc33eef414c2e35b3aa37cbea168ebdf5e1b0bee7af9629d81e7b0a7782276", kill_on_drop: false }`
[INFO] [stdout] 92cc33eef414c2e35b3aa37cbea168ebdf5e1b0bee7af9629d81e7b0a7782276
[INFO] running `Command { std: "docker" "create" "-v" "/var/lib/crater-agent-workspace/builds/worker-4-tc2/target:/opt/rustwide/target:rw,Z" "-v" "/var/lib/crater-agent-workspace/builds/worker-4-tc2/source:/opt/rustwide/workdir:ro,Z" "-v" "/var/lib/crater-agent-workspace/cargo-home:/opt/rustwide/cargo-home:ro,Z" "-v" "/var/lib/crater-agent-workspace/rustup-home:/opt/rustwide/rustup-home:ro,Z" "-e" "SOURCE_DIR=/opt/rustwide/workdir" "-e" "CARGO_TARGET_DIR=/opt/rustwide/target" "-e" "CARGO_INCREMENTAL=0" "-e" "RUST_BACKTRACE=full" "-e" "RUSTFLAGS=--cap-lints=warn" "-e" "RUSTDOCFLAGS=--cap-lints=warn" "-e" "CARGO_HOME=/opt/rustwide/cargo-home" "-e" "RUSTUP_HOME=/opt/rustwide/rustup-home" "-w" "/opt/rustwide/workdir" "-m" "1610612736" "--user" "0:0" "--network" "none" "ghcr.io/rust-lang/crates-build-env/linux@sha256:2788e3201cd34a07e3172128adcd8b3090168a8e3bcc40d7c032b9dda1df7d1c" "/opt/rustwide/cargo-home/bin/cargo" "+beta-2023-12-22" "test" "--frozen" "--no-run" "--message-format=json", kill_on_drop: false }`
[INFO] [stdout] 53dbfd60cc5a7d4698d74a82f556598bba154d65e113519889a40166ed761be9
[INFO] running `Command { std: "docker" "start" "-a" "53dbfd60cc5a7d4698d74a82f556598bba154d65e113519889a40166ed761be9", kill_on_drop: false }`
[INFO] [stderr]    Compiling pipe-viewer-rs v0.1.0 (/opt/rustwide/workdir)
[INFO] [stderr]     Finished test [unoptimized + debuginfo] target(s) in 0.45s
[INFO] running `Command { std: "docker" "inspect" "53dbfd60cc5a7d4698d74a82f556598bba154d65e113519889a40166ed761be9", kill_on_drop: false }`
[INFO] running `Command { std: "docker" "rm" "-f" "53dbfd60cc5a7d4698d74a82f556598bba154d65e113519889a40166ed761be9", kill_on_drop: false }`
[INFO] [stdout] 53dbfd60cc5a7d4698d74a82f556598bba154d65e113519889a40166ed761be9
[INFO] running `Command { std: "docker" "create" "-v" "/var/lib/crater-agent-workspace/builds/worker-4-tc2/target:/opt/rustwide/target:rw,Z" "-v" "/var/lib/crater-agent-workspace/builds/worker-4-tc2/source:/opt/rustwide/workdir:ro,Z" "-v" "/var/lib/crater-agent-workspace/cargo-home:/opt/rustwide/cargo-home:ro,Z" "-v" "/var/lib/crater-agent-workspace/rustup-home:/opt/rustwide/rustup-home:ro,Z" "-e" "SOURCE_DIR=/opt/rustwide/workdir" "-e" "CARGO_TARGET_DIR=/opt/rustwide/target" "-e" "CARGO_INCREMENTAL=0" "-e" "RUST_BACKTRACE=full" "-e" "RUSTFLAGS=--cap-lints=warn" "-e" "RUSTDOCFLAGS=--cap-lints=warn" "-e" "CARGO_HOME=/opt/rustwide/cargo-home" "-e" "RUSTUP_HOME=/opt/rustwide/rustup-home" "-w" "/opt/rustwide/workdir" "-m" "1610612736" "--user" "0:0" "--network" "none" "ghcr.io/rust-lang/crates-build-env/linux@sha256:2788e3201cd34a07e3172128adcd8b3090168a8e3bcc40d7c032b9dda1df7d1c" "/opt/rustwide/cargo-home/bin/cargo" "+beta-2023-12-22" "test" "--frozen", kill_on_drop: false }`
[INFO] [stdout] 7f1e7fe31d3cdfc88662fb8f4708f124eb6b3385e8cce6566476aea183e0f9bf
[INFO] running `Command { std: "docker" "start" "-a" "7f1e7fe31d3cdfc88662fb8f4708f124eb6b3385e8cce6566476aea183e0f9bf", kill_on_drop: false }`
[INFO] [stderr]     Finished test [unoptimized + debuginfo] target(s) in 0.02s
[INFO] [stderr]      Running unittests src/lib.rs (/opt/rustwide/target/debug/deps/pipe_viewer_rs-2234e4a65465b8e5)
[INFO] [stdout] 
[INFO] [stdout] running 1 test
[INFO] [stdout] test stats::tests::as_time_format ... ok
[INFO] [stdout] 
[INFO] [stdout] test result: ok. 1 passed; 0 failed; 0 ignored; 0 measured; 0 filtered out; finished in 0.00s
[INFO] [stdout] 
[INFO] [stderr]      Running unittests src/main.rs (/opt/rustwide/target/debug/deps/pipe_viewer_rs-76ad771337adf370)
[INFO] [stdout] 
[INFO] [stdout] running 0 tests
[INFO] [stdout] 
[INFO] [stdout] test result: ok. 0 passed; 0 failed; 0 ignored; 0 measured; 0 filtered out; finished in 0.00s
[INFO] [stdout] 
[INFO] [stderr]    Doc-tests pipe-viewer-rs
[INFO] [stdout] 
[INFO] [stdout] running 1 test
[INFO] [stdout] test src/stats.rs - stats::TimeOutput (line 67) ... FAILED
[INFO] [stdout] 
[INFO] [stdout] failures:
[INFO] [stdout] 
[INFO] [stdout] ---- src/stats.rs - stats::TimeOutput (line 67) stdout ----
[INFO] [stdout] error[E0433]: failed to resolve: use of undeclared crate or module `pipeviewer`
[INFO] [stdout]  --> src/stats.rs:68:5
[INFO] [stdout]   |
[INFO] [stdout] 3 | use pipeviewer::stats::TimeOutput;
[INFO] [stdout]   |     ^^^^^^^^^^ use of undeclared crate or module `pipeviewer`
[INFO] [stdout] 
[INFO] [stdout] error[E0599]: no method named `as_time` found for type `u64` in the current scope
[INFO] [stdout]  --> src/stats.rs:69:19
[INFO] [stdout]   |
[INFO] [stdout] 4 | assert_eq!(65_u64.as_time(), String::from("0:01:05"))
[INFO] [stdout]   |                   ^^^^^^^ method not found in `u64`
[INFO] [stdout] 
[INFO] [stdout] error: aborting due to 2 previous errors
[INFO] [stdout] 
[INFO] [stdout] Some errors have detailed explanations: E0433, E0599.
[INFO] [stdout] For more information about an error, try `rustc --explain E0433`.
[INFO] [stdout] Couldn't compile the test.
[INFO] [stdout] 
[INFO] [stdout] failures:
[INFO] [stdout]     src/stats.rs - stats::TimeOutput (line 67)
[INFO] [stdout] 
[INFO] [stdout] test result: FAILED. 0 passed; 1 failed; 0 ignored; 0 measured; 0 filtered out; finished in 0.07s
[INFO] [stdout] 
[INFO] [stderr] error: doctest failed, to rerun pass `--doc`
[INFO] running `Command { std: "docker" "inspect" "7f1e7fe31d3cdfc88662fb8f4708f124eb6b3385e8cce6566476aea183e0f9bf", kill_on_drop: false }`
[INFO] running `Command { std: "docker" "rm" "-f" "7f1e7fe31d3cdfc88662fb8f4708f124eb6b3385e8cce6566476aea183e0f9bf", kill_on_drop: false }`
[INFO] [stdout] 7f1e7fe31d3cdfc88662fb8f4708f124eb6b3385e8cce6566476aea183e0f9bf
