[INFO] cloning repository https://github.com/sanyuan0704/tiny-md-compiler-rs
[INFO] running `Command { std: "git" "-c" "credential.helper=" "-c" "credential.helper=/workspace/cargo-home/bin/git-credential-null" "clone" "--bare" "https://github.com/sanyuan0704/tiny-md-compiler-rs" "/workspace/cache/git-repos/https%3A%2F%2Fgithub.com%2Fsanyuan0704%2Ftiny-md-compiler-rs", kill_on_drop: false }`
[INFO] [stderr] Cloning into bare repository '/workspace/cache/git-repos/https%3A%2F%2Fgithub.com%2Fsanyuan0704%2Ftiny-md-compiler-rs'...
[INFO] running `Command { std: "git" "rev-parse" "HEAD", kill_on_drop: false }`
[INFO] [stdout] ab0e8437bd27b9aad7a56e918b68d1847a61200d
[INFO] testing sanyuan0704/tiny-md-compiler-rs against 1.75.0 for beta-1.76-1
[INFO] running `Command { std: "git" "clone" "/workspace/cache/git-repos/https%3A%2F%2Fgithub.com%2Fsanyuan0704%2Ftiny-md-compiler-rs" "/workspace/builds/worker-1-tc1/source", kill_on_drop: false }`
[INFO] [stderr] Cloning into '/workspace/builds/worker-1-tc1/source'...
[INFO] [stderr] done.
[INFO] validating manifest of git repo https://github.com/sanyuan0704/tiny-md-compiler-rs on toolchain 1.75.0
[INFO] running `Command { std: CARGO_HOME="/workspace/cargo-home" RUSTUP_HOME="/workspace/rustup-home" "/workspace/cargo-home/bin/cargo" "+1.75.0" "metadata" "--manifest-path" "Cargo.toml" "--no-deps", kill_on_drop: false }`
[INFO] started tweaking git repo https://github.com/sanyuan0704/tiny-md-compiler-rs
[INFO] finished tweaking git repo https://github.com/sanyuan0704/tiny-md-compiler-rs
[INFO] tweaked toml for git repo https://github.com/sanyuan0704/tiny-md-compiler-rs written to /workspace/builds/worker-1-tc1/source/Cargo.toml
[INFO] crate git repo https://github.com/sanyuan0704/tiny-md-compiler-rs already has a lockfile, it will not be regenerated
[INFO] running `Command { std: CARGO_HOME="/workspace/cargo-home" RUSTUP_HOME="/workspace/rustup-home" "/workspace/cargo-home/bin/cargo" "+1.75.0" "fetch" "--manifest-path" "Cargo.toml", kill_on_drop: false }`
[INFO] running `Command { std: "docker" "create" "-v" "/var/lib/crater-agent-workspace/builds/worker-1-tc1/target:/opt/rustwide/target:rw,Z" "-v" "/var/lib/crater-agent-workspace/builds/worker-1-tc1/source:/opt/rustwide/workdir:ro,Z" "-v" "/var/lib/crater-agent-workspace/cargo-home:/opt/rustwide/cargo-home:ro,Z" "-v" "/var/lib/crater-agent-workspace/rustup-home:/opt/rustwide/rustup-home:ro,Z" "-e" "SOURCE_DIR=/opt/rustwide/workdir" "-e" "CARGO_TARGET_DIR=/opt/rustwide/target" "-e" "CARGO_HOME=/opt/rustwide/cargo-home" "-e" "RUSTUP_HOME=/opt/rustwide/rustup-home" "-w" "/opt/rustwide/workdir" "-m" "1610612736" "--user" "0:0" "--network" "none" "ghcr.io/rust-lang/crates-build-env/linux@sha256:2788e3201cd34a07e3172128adcd8b3090168a8e3bcc40d7c032b9dda1df7d1c" "/opt/rustwide/cargo-home/bin/cargo" "+1.75.0" "metadata" "--no-deps" "--format-version=1", kill_on_drop: false }`
[INFO] [stdout] 906f8883d9f5f87466d479ca2c511cb3dd9d9fb11fcb84d95a84f359aa9a6bab
[INFO] running `Command { std: "docker" "start" "-a" "906f8883d9f5f87466d479ca2c511cb3dd9d9fb11fcb84d95a84f359aa9a6bab", kill_on_drop: false }`
[INFO] running `Command { std: "docker" "inspect" "906f8883d9f5f87466d479ca2c511cb3dd9d9fb11fcb84d95a84f359aa9a6bab", kill_on_drop: false }`
[INFO] running `Command { std: "docker" "rm" "-f" "906f8883d9f5f87466d479ca2c511cb3dd9d9fb11fcb84d95a84f359aa9a6bab", kill_on_drop: false }`
[INFO] [stdout] 906f8883d9f5f87466d479ca2c511cb3dd9d9fb11fcb84d95a84f359aa9a6bab
[INFO] running `Command { std: "docker" "create" "-v" "/var/lib/crater-agent-workspace/builds/worker-1-tc1/target:/opt/rustwide/target:rw,Z" "-v" "/var/lib/crater-agent-workspace/builds/worker-1-tc1/source:/opt/rustwide/workdir:ro,Z" "-v" "/var/lib/crater-agent-workspace/cargo-home:/opt/rustwide/cargo-home:ro,Z" "-v" "/var/lib/crater-agent-workspace/rustup-home:/opt/rustwide/rustup-home:ro,Z" "-e" "SOURCE_DIR=/opt/rustwide/workdir" "-e" "CARGO_TARGET_DIR=/opt/rustwide/target" "-e" "CARGO_INCREMENTAL=0" "-e" "RUST_BACKTRACE=full" "-e" "RUSTFLAGS=--cap-lints=warn" "-e" "RUSTDOCFLAGS=--cap-lints=warn" "-e" "CARGO_HOME=/opt/rustwide/cargo-home" "-e" "RUSTUP_HOME=/opt/rustwide/rustup-home" "-w" "/opt/rustwide/workdir" "-m" "1610612736" "--user" "0:0" "--network" "none" "ghcr.io/rust-lang/crates-build-env/linux@sha256:2788e3201cd34a07e3172128adcd8b3090168a8e3bcc40d7c032b9dda1df7d1c" "/opt/rustwide/cargo-home/bin/cargo" "+1.75.0" "build" "--frozen" "--message-format=json", kill_on_drop: false }`
[INFO] [stdout] 4b4d07539eb5a4976fedf13f660a05f75048ee39d312d7008fc5d5f32c2f8e91
[INFO] running `Command { std: "docker" "start" "-a" "4b4d07539eb5a4976fedf13f660a05f75048ee39d312d7008fc5d5f32c2f8e91", kill_on_drop: false }`
[INFO] [stderr]    Compiling md-compiler v0.1.0 (/opt/rustwide/workdir)
[INFO] [stdout] warning: unused imports: `BufReader`, `JoinHandle`, `path::Path`, `self`, `time::Instant`
[INFO] [stdout]  --> src/lib.rs:3:8
[INFO] [stdout]   |
[INFO] [stdout] 3 |   io::{BufReader, Read, Write},
[INFO] [stdout]   |        ^^^^^^^^^
[INFO] [stdout] 4 |   path::Path,
[INFO] [stdout]   |   ^^^^^^^^^^
[INFO] [stdout] 5 |   thread::{self, JoinHandle},
[INFO] [stdout]   |            ^^^^  ^^^^^^^^^^
[INFO] [stdout] 6 |   time::Instant,
[INFO] [stdout]   |   ^^^^^^^^^^^^^
[INFO] [stdout]   |
[INFO] [stdout]   = note: `#[warn(unused_imports)]` on by default
[INFO] [stdout] 
[INFO] [stdout] 
[INFO] [stdout] warning: unused variable: `index`
[INFO] [stdout]   --> src/lib.rs:24:17
[INFO] [stdout]    |
[INFO] [stdout] 24 |     .for_each(|(index, line)| {
[INFO] [stdout]    |                 ^^^^^ help: if this is intentional, prefix it with an underscore: `_index`
[INFO] [stdout]    |
[INFO] [stdout]    = note: `#[warn(unused_variables)]` on by default
[INFO] [stdout] 
[INFO] [stdout] 
[INFO] [stdout] warning: 2 warnings emitted
[INFO] [stdout] 
[INFO] [stdout] 
[INFO] [stderr]     Finished dev [unoptimized + debuginfo] target(s) in 0.38s
[INFO] running `Command { std: "docker" "inspect" "4b4d07539eb5a4976fedf13f660a05f75048ee39d312d7008fc5d5f32c2f8e91", kill_on_drop: false }`
[INFO] running `Command { std: "docker" "rm" "-f" "4b4d07539eb5a4976fedf13f660a05f75048ee39d312d7008fc5d5f32c2f8e91", kill_on_drop: false }`
[INFO] [stdout] 4b4d07539eb5a4976fedf13f660a05f75048ee39d312d7008fc5d5f32c2f8e91
[INFO] running `Command { std: "docker" "create" "-v" "/var/lib/crater-agent-workspace/builds/worker-1-tc1/target:/opt/rustwide/target:rw,Z" "-v" "/var/lib/crater-agent-workspace/builds/worker-1-tc1/source:/opt/rustwide/workdir:ro,Z" "-v" "/var/lib/crater-agent-workspace/cargo-home:/opt/rustwide/cargo-home:ro,Z" "-v" "/var/lib/crater-agent-workspace/rustup-home:/opt/rustwide/rustup-home:ro,Z" "-e" "SOURCE_DIR=/opt/rustwide/workdir" "-e" "CARGO_TARGET_DIR=/opt/rustwide/target" "-e" "CARGO_INCREMENTAL=0" "-e" "RUST_BACKTRACE=full" "-e" "RUSTFLAGS=--cap-lints=warn" "-e" "RUSTDOCFLAGS=--cap-lints=warn" "-e" "CARGO_HOME=/opt/rustwide/cargo-home" "-e" "RUSTUP_HOME=/opt/rustwide/rustup-home" "-w" "/opt/rustwide/workdir" "-m" "1610612736" "--user" "0:0" "--network" "none" "ghcr.io/rust-lang/crates-build-env/linux@sha256:2788e3201cd34a07e3172128adcd8b3090168a8e3bcc40d7c032b9dda1df7d1c" "/opt/rustwide/cargo-home/bin/cargo" "+1.75.0" "test" "--frozen" "--no-run" "--message-format=json", kill_on_drop: false }`
[INFO] [stdout] 71178c0a19ef557b43998325dae88e6f9c30e8e93a9afe4a582b5753184e9501
[INFO] running `Command { std: "docker" "start" "-a" "71178c0a19ef557b43998325dae88e6f9c30e8e93a9afe4a582b5753184e9501", kill_on_drop: false }`
[INFO] [stdout] warning: unused imports: `BufReader`, `JoinHandle`, `path::Path`, `self`, `time::Instant`
[INFO] [stdout]  --> src/lib.rs:3:8
[INFO] [stdout]   |
[INFO] [stdout] 3 |   io::{BufReader, Read, Write},
[INFO] [stdout]   |        ^^^^^^^^^
[INFO] [stdout] 4 |   path::Path,
[INFO] [stdout]   |   ^^^^^^^^^^
[INFO] [stdout] 5 |   thread::{self, JoinHandle},
[INFO] [stdout]   |            ^^^^  ^^^^^^^^^^
[INFO] [stdout] 6 |   time::Instant,
[INFO] [stdout]   |   ^^^^^^^^^^^^^
[INFO] [stdout]   |
[INFO] [stdout]   = note: `#[warn(unused_imports)]` on by default
[INFO] [stdout] 
[INFO] [stdout] 
[INFO] [stderr]    Compiling md-compiler v0.1.0 (/opt/rustwide/workdir)
[INFO] [stdout] warning: unused variable: `index`
[INFO] [stdout]   --> src/lib.rs:24:17
[INFO] [stdout]    |
[INFO] [stdout] 24 |     .for_each(|(index, line)| {
[INFO] [stdout]    |                 ^^^^^ help: if this is intentional, prefix it with an underscore: `_index`
[INFO] [stdout]    |
[INFO] [stdout]    = note: `#[warn(unused_variables)]` on by default
[INFO] [stdout] 
[INFO] [stdout] 
[INFO] [stdout] warning: 2 warnings emitted
[INFO] [stdout] 
[INFO] [stdout] 
[INFO] [stdout] warning: unused imports: `BufReader`, `path::Path`
[INFO] [stdout]  --> src/lib.rs:3:8
[INFO] [stdout]   |
[INFO] [stdout] 3 |   io::{BufReader, Read, Write},
[INFO] [stdout]   |        ^^^^^^^^^
[INFO] [stdout] 4 |   path::Path,
[INFO] [stdout]   |   ^^^^^^^^^^
[INFO] [stdout]   |
[INFO] [stdout]   = note: `#[warn(unused_imports)]` on by default
[INFO] [stdout] 
[INFO] [stdout] 
[INFO] [stdout] warning: unused variable: `index`
[INFO] [stdout]   --> src/lib.rs:24:17
[INFO] [stdout]    |
[INFO] [stdout] 24 |     .for_each(|(index, line)| {
[INFO] [stdout]    |                 ^^^^^ help: if this is intentional, prefix it with an underscore: `_index`
[INFO] [stdout]    |
[INFO] [stdout]    = note: `#[warn(unused_variables)]` on by default
[INFO] [stdout] 
[INFO] [stdout] 
[INFO] [stdout] warning: 2 warnings emitted
[INFO] [stdout] 
[INFO] [stdout] 
[INFO] [stderr]     Finished test [unoptimized + debuginfo] target(s) in 0.32s
[INFO] running `Command { std: "docker" "inspect" "71178c0a19ef557b43998325dae88e6f9c30e8e93a9afe4a582b5753184e9501", kill_on_drop: false }`
[INFO] running `Command { std: "docker" "rm" "-f" "71178c0a19ef557b43998325dae88e6f9c30e8e93a9afe4a582b5753184e9501", kill_on_drop: false }`
[INFO] [stdout] 71178c0a19ef557b43998325dae88e6f9c30e8e93a9afe4a582b5753184e9501
[INFO] running `Command { std: "docker" "create" "-v" "/var/lib/crater-agent-workspace/builds/worker-1-tc1/target:/opt/rustwide/target:rw,Z" "-v" "/var/lib/crater-agent-workspace/builds/worker-1-tc1/source:/opt/rustwide/workdir:ro,Z" "-v" "/var/lib/crater-agent-workspace/cargo-home:/opt/rustwide/cargo-home:ro,Z" "-v" "/var/lib/crater-agent-workspace/rustup-home:/opt/rustwide/rustup-home:ro,Z" "-e" "SOURCE_DIR=/opt/rustwide/workdir" "-e" "CARGO_TARGET_DIR=/opt/rustwide/target" "-e" "CARGO_INCREMENTAL=0" "-e" "RUST_BACKTRACE=full" "-e" "RUSTFLAGS=--cap-lints=warn" "-e" "RUSTDOCFLAGS=--cap-lints=warn" "-e" "CARGO_HOME=/opt/rustwide/cargo-home" "-e" "RUSTUP_HOME=/opt/rustwide/rustup-home" "-w" "/opt/rustwide/workdir" "-m" "1610612736" "--user" "0:0" "--network" "none" "ghcr.io/rust-lang/crates-build-env/linux@sha256:2788e3201cd34a07e3172128adcd8b3090168a8e3bcc40d7c032b9dda1df7d1c" "/opt/rustwide/cargo-home/bin/cargo" "+1.75.0" "test" "--frozen", kill_on_drop: false }`
[INFO] [stdout] 1735a446113c822475e4c578bd668c84081f431ede346fff52c6619aa758f7e2
[INFO] running `Command { std: "docker" "start" "-a" "1735a446113c822475e4c578bd668c84081f431ede346fff52c6619aa758f7e2", kill_on_drop: false }`
[INFO] [stderr] warning: unused imports: `BufReader`, `JoinHandle`, `path::Path`, `self`, `time::Instant`
[INFO] [stderr]  --> src/lib.rs:3:8
[INFO] [stderr]   |
[INFO] [stderr] 3 |   io::{BufReader, Read, Write},
[INFO] [stderr]   |        ^^^^^^^^^
[INFO] [stderr] 4 |   path::Path,
[INFO] [stderr]   |   ^^^^^^^^^^
[INFO] [stderr] 5 |   thread::{self, JoinHandle},
[INFO] [stderr]   |            ^^^^  ^^^^^^^^^^
[INFO] [stderr] 6 |   time::Instant,
[INFO] [stderr]   |   ^^^^^^^^^^^^^
[INFO] [stderr]   |
[INFO] [stderr]   = note: `#[warn(unused_imports)]` on by default
[INFO] [stderr] 
[INFO] [stderr] warning: unused variable: `index`
[INFO] [stderr]   --> src/lib.rs:24:17
[INFO] [stderr]    |
[INFO] [stderr] 24 |     .for_each(|(index, line)| {
[INFO] [stderr]    |                 ^^^^^ help: if this is intentional, prefix it with an underscore: `_index`
[INFO] [stderr]    |
[INFO] [stderr]    = note: `#[warn(unused_variables)]` on by default
[INFO] [stderr] 
[INFO] [stderr] warning: `md-compiler` (lib) generated 2 warnings (run `cargo fix --lib -p md-compiler` to apply 2 suggestions)
[INFO] [stderr] warning: unused imports: `BufReader`, `path::Path`
[INFO] [stderr]  --> src/lib.rs:3:8
[INFO] [stderr]   |
[INFO] [stderr] 3 |   io::{BufReader, Read, Write},
[INFO] [stderr]   |        ^^^^^^^^^
[INFO] [stderr] 4 |   path::Path,
[INFO] [stderr]   |   ^^^^^^^^^^
[INFO] [stderr]   |
[INFO] [stderr]   = note: `#[warn(unused_imports)]` on by default
[INFO] [stderr] 
[INFO] [stderr] warning: `md-compiler` (lib test) generated 2 warnings (1 duplicate) (run `cargo fix --lib -p md-compiler --tests` to apply 1 suggestion)
[INFO] [stderr]     Finished test [unoptimized + debuginfo] target(s) in 0.00s
[INFO] [stderr]      Running unittests src/lib.rs (/opt/rustwide/target/debug/deps/md_compiler-3d5bbd84263f90e9)
[INFO] [stdout] 
[INFO] [stdout] running 2 tests
[INFO] [stdout] test match_title_test ... ok
[INFO] [stdout] test read_md_file_test ... FAILED
[INFO] [stdout] 
[INFO] [stdout] failures:
[INFO] [stdout] 
[INFO] [stdout] ---- read_md_file_test stdout ----
[INFO] [stdout] 202565045
[INFO] [stdout] thread 'read_md_file_test' panicked at src/lib.rs:56:37:
[INFO] [stdout] called `Result::unwrap()` on an `Err` value: Os { code: 30, kind: ReadOnlyFilesystem, message: "Read-only file system" }
[INFO] [stdout] stack backtrace:
[INFO] [stdout]    0:     0x5560e5e3d42c - std::backtrace_rs::backtrace::libunwind::trace::ha637c64ce894333a
[INFO] [stdout]                                at /rustc/82e1608dfa6e0b5569232559e3d385fea5a93112/library/std/src/../../backtrace/src/backtrace/libunwind.rs:104:5
[INFO] [stdout]    1:     0x5560e5e3d42c - std::backtrace_rs::backtrace::trace_unsynchronized::h47f62dea28e0c88d
[INFO] [stdout]                                at /rustc/82e1608dfa6e0b5569232559e3d385fea5a93112/library/std/src/../../backtrace/src/backtrace/mod.rs:66:5
[INFO] [stdout]    2:     0x5560e5e3d42c - std::sys_common::backtrace::_print_fmt::h9eef0abe20ede486
[INFO] [stdout]                                at /rustc/82e1608dfa6e0b5569232559e3d385fea5a93112/library/std/src/sys_common/backtrace.rs:67:5
[INFO] [stdout]    3:     0x5560e5e3d42c - <std::sys_common::backtrace::_print::DisplayBacktrace as core::fmt::Display>::fmt::hed7f999df88cc644
[INFO] [stdout]                                at /rustc/82e1608dfa6e0b5569232559e3d385fea5a93112/library/std/src/sys_common/backtrace.rs:44:22
[INFO] [stdout]    4:     0x5560e5e66fc0 - core::fmt::rt::Argument::fmt::h1539a9308b8d058d
[INFO] [stdout]                                at /rustc/82e1608dfa6e0b5569232559e3d385fea5a93112/library/core/src/fmt/rt.rs:142:9
[INFO] [stdout]    5:     0x5560e5e66fc0 - core::fmt::write::h3a39390d8560d9c9
[INFO] [stdout]                                at /rustc/82e1608dfa6e0b5569232559e3d385fea5a93112/library/core/src/fmt/mod.rs:1120:17
[INFO] [stdout]    6:     0x5560e5e3addf - std::io::Write::write_fmt::h040b369f3a0f9cbc
[INFO] [stdout]                                at /rustc/82e1608dfa6e0b5569232559e3d385fea5a93112/library/std/src/io/mod.rs:1762:15
[INFO] [stdout]    7:     0x5560e5e3d214 - std::sys_common::backtrace::_print::h894006fb5c6f3d45
[INFO] [stdout]                                at /rustc/82e1608dfa6e0b5569232559e3d385fea5a93112/library/std/src/sys_common/backtrace.rs:47:5
[INFO] [stdout]    8:     0x5560e5e3d214 - std::sys_common::backtrace::print::h23a2d212c6fff936
[INFO] [stdout]                                at /rustc/82e1608dfa6e0b5569232559e3d385fea5a93112/library/std/src/sys_common/backtrace.rs:34:9
[INFO] [stdout]    9:     0x5560e5e3eed7 - std::panicking::default_hook::{{closure}}::h8a1d2ee00185001a
[INFO] [stdout]   10:     0x5560e5e3ebc3 - std::panicking::default_hook::h6038f2eba384e475
[INFO] [stdout]                                at /rustc/82e1608dfa6e0b5569232559e3d385fea5a93112/library/std/src/panicking.rs:289:9
[INFO] [stdout]   11:     0x5560e5e0f5a7 - <alloc::boxed::Box<F,A> as core::ops::function::Fn<Args>>::call::h0ad024c9bdc6d768
[INFO] [stdout]                                at /rustc/82e1608dfa6e0b5569232559e3d385fea5a93112/library/alloc/src/boxed.rs:2021:9
[INFO] [stdout]   12:     0x5560e5e0f5a7 - test::test_main::{{closure}}::h7500b54257359db6
[INFO] [stdout]                                at /rustc/82e1608dfa6e0b5569232559e3d385fea5a93112/library/test/src/lib.rs:138:21
[INFO] [stdout]   13:     0x5560e5e3f4e8 - <alloc::boxed::Box<F,A> as core::ops::function::Fn<Args>>::call::h1f8f335eaa9cfaee
[INFO] [stdout]                                at /rustc/82e1608dfa6e0b5569232559e3d385fea5a93112/library/alloc/src/boxed.rs:2021:9
[INFO] [stdout]   14:     0x5560e5e3f4e8 - std::panicking::rust_panic_with_hook::h2b5517d590cab22e
[INFO] [stdout]                                at /rustc/82e1608dfa6e0b5569232559e3d385fea5a93112/library/std/src/panicking.rs:783:13
[INFO] [stdout]   15:     0x5560e5e3f23e - std::panicking::begin_panic_handler::{{closure}}::h233112c06e0ef43e
[INFO] [stdout]                                at /rustc/82e1608dfa6e0b5569232559e3d385fea5a93112/library/std/src/panicking.rs:657:13
[INFO] [stdout]   16:     0x5560e5e3d8f6 - std::sys_common::backtrace::__rust_end_short_backtrace::h6e893f24d7ebbff8
[INFO] [stdout]                                at /rustc/82e1608dfa6e0b5569232559e3d385fea5a93112/library/std/src/sys_common/backtrace.rs:170:18
[INFO] [stdout]   17:     0x5560e5e3efa2 - rust_begin_unwind
[INFO] [stdout]                                at /rustc/82e1608dfa6e0b5569232559e3d385fea5a93112/library/std/src/panicking.rs:645:5
[INFO] [stdout]   18:     0x5560e5dc6cf5 - core::panicking::panic_fmt::hbf0e066aabfa482c
[INFO] [stdout]                                at /rustc/82e1608dfa6e0b5569232559e3d385fea5a93112/library/core/src/panicking.rs:72:14
[INFO] [stdout]   19:     0x5560e5dc7193 - core::result::unwrap_failed::hddb4fea594200c52
[INFO] [stdout]                                at /rustc/82e1608dfa6e0b5569232559e3d385fea5a93112/library/core/src/result.rs:1653:5
[INFO] [stdout]   20:     0x5560e5dd40ab - core::result::Result<T,E>::unwrap::hc7a6d3ddb0ad6a08
[INFO] [stdout]                                at /rustc/82e1608dfa6e0b5569232559e3d385fea5a93112/library/core/src/result.rs:1077:23
[INFO] [stdout]   21:     0x5560e5dcb96e - md_compiler::write_file::hce98b3ff4a6284c1
[INFO] [stdout]                                at /opt/rustwide/workdir/src/lib.rs:56:18
[INFO] [stdout]   22:     0x5560e5dcc5a1 - md_compiler::read_md_file_test::he0067ed75d8bf516
[INFO] [stdout]                                at /opt/rustwide/workdir/src/lib.rs:98:3
[INFO] [stdout]   23:     0x5560e5dcc017 - md_compiler::read_md_file_test::{{closure}}::he55b6a1bb1d02634
[INFO] [stdout]                                at /opt/rustwide/workdir/src/lib.rs:72:23
[INFO] [stdout]   24:     0x5560e5dcd466 - core::ops::function::FnOnce::call_once::h12db61cfa8480d49
[INFO] [stdout]                                at /rustc/82e1608dfa6e0b5569232559e3d385fea5a93112/library/core/src/ops/function.rs:250:5
[INFO] [stdout]   25:     0x5560e5e14bff - core::ops::function::FnOnce::call_once::h2b5d431d5046312d
[INFO] [stdout]                                at /rustc/82e1608dfa6e0b5569232559e3d385fea5a93112/library/core/src/ops/function.rs:250:5
[INFO] [stdout]   26:     0x5560e5e14bff - test::__rust_begin_short_backtrace::h7714669af176e207
[INFO] [stdout]                                at /rustc/82e1608dfa6e0b5569232559e3d385fea5a93112/library/test/src/lib.rs:628:18
[INFO] [stdout]   27:     0x5560e5e13c15 - test::run_test_in_process::{{closure}}::h85218797dcbcec12
[INFO] [stdout]                                at /rustc/82e1608dfa6e0b5569232559e3d385fea5a93112/library/test/src/lib.rs:651:60
[INFO] [stdout]   28:     0x5560e5e13c15 - <core::panic::unwind_safe::AssertUnwindSafe<F> as core::ops::function::FnOnce<()>>::call_once::h76c106ea31c14d7b
[INFO] [stdout]                                at /rustc/82e1608dfa6e0b5569232559e3d385fea5a93112/library/core/src/panic/unwind_safe.rs:272:9
[INFO] [stdout]   29:     0x5560e5e13c15 - std::panicking::try::do_call::h3bd5d0f6620ee946
[INFO] [stdout]                                at /rustc/82e1608dfa6e0b5569232559e3d385fea5a93112/library/std/src/panicking.rs:552:40
[INFO] [stdout]   30:     0x5560e5e13c15 - std::panicking::try::h232e535e4744fe31
[INFO] [stdout]                                at /rustc/82e1608dfa6e0b5569232559e3d385fea5a93112/library/std/src/panicking.rs:516:19
[INFO] [stdout]   31:     0x5560e5e13c15 - std::panic::catch_unwind::h3ce3bd6ca8dbac68
[INFO] [stdout]                                at /rustc/82e1608dfa6e0b5569232559e3d385fea5a93112/library/std/src/panic.rs:142:14
[INFO] [stdout]   32:     0x5560e5e13c15 - test::run_test_in_process::hc97b257c9621286a
[INFO] [stdout]                                at /rustc/82e1608dfa6e0b5569232559e3d385fea5a93112/library/test/src/lib.rs:651:27
[INFO] [stdout]   33:     0x5560e5e13c15 - test::run_test::{{closure}}::h2aa798823a438d38
[INFO] [stdout]                                at /rustc/82e1608dfa6e0b5569232559e3d385fea5a93112/library/test/src/lib.rs:574:43
[INFO] [stdout]   34:     0x5560e5ddbed6 - test::run_test::{{closure}}::h87d231c78fb59832
[INFO] [stdout]                                at /rustc/82e1608dfa6e0b5569232559e3d385fea5a93112/library/test/src/lib.rs:602:41
[INFO] [stdout]   35:     0x5560e5ddbed6 - std::sys_common::backtrace::__rust_begin_short_backtrace::he6df152596625789
[INFO] [stdout]                                at /rustc/82e1608dfa6e0b5569232559e3d385fea5a93112/library/std/src/sys_common/backtrace.rs:154:18
[INFO] [stdout]   36:     0x5560e5de0f87 - std::thread::Builder::spawn_unchecked_::{{closure}}::{{closure}}::ha94be15d1e0acf36
[INFO] [stdout]                                at /rustc/82e1608dfa6e0b5569232559e3d385fea5a93112/library/std/src/thread/mod.rs:529:17
[INFO] [stdout]   37:     0x5560e5de0f87 - <core::panic::unwind_safe::AssertUnwindSafe<F> as core::ops::function::FnOnce<()>>::call_once::h9dc6bd6372f16606
[INFO] [stdout]                                at /rustc/82e1608dfa6e0b5569232559e3d385fea5a93112/library/core/src/panic/unwind_safe.rs:272:9
[INFO] [stdout]   38:     0x5560e5de0f87 - std::panicking::try::do_call::h9057517f80303cd4
[INFO] [stdout]                                at /rustc/82e1608dfa6e0b5569232559e3d385fea5a93112/library/std/src/panicking.rs:552:40
[INFO] [stdout]   39:     0x5560e5de0f87 - std::panicking::try::he3a30b11ee45340c
[INFO] [stdout]                                at /rustc/82e1608dfa6e0b5569232559e3d385fea5a93112/library/std/src/panicking.rs:516:19
[INFO] [stdout]   40:     0x5560e5de0f87 - std::panic::catch_unwind::h410458cfd3528b8b
[INFO] [stdout]                                at /rustc/82e1608dfa6e0b5569232559e3d385fea5a93112/library/std/src/panic.rs:142:14
[INFO] [stdout]   41:     0x5560e5de0f87 - std::thread::Builder::spawn_unchecked_::{{closure}}::h72ac3bdb567b737b
[INFO] [stdout]                                at /rustc/82e1608dfa6e0b5569232559e3d385fea5a93112/library/std/src/thread/mod.rs:528:30
[INFO] [stdout]   42:     0x5560e5de0f87 - core::ops::function::FnOnce::call_once{{vtable.shim}}::h38f34da3654a8344
[INFO] [stdout]                                at /rustc/82e1608dfa6e0b5569232559e3d385fea5a93112/library/core/src/ops/function.rs:250:5
[INFO] [stdout]   43:     0x5560e5e43f75 - <alloc::boxed::Box<F,A> as core::ops::function::FnOnce<Args>>::call_once::hc7eafaff61e32df9
[INFO] [stdout]                                at /rustc/82e1608dfa6e0b5569232559e3d385fea5a93112/library/alloc/src/boxed.rs:2007:9
[INFO] [stdout]   44:     0x5560e5e43f75 - <alloc::boxed::Box<F,A> as core::ops::function::FnOnce<Args>>::call_once::h6ba4a5de48dd2304
[INFO] [stdout]                                at /rustc/82e1608dfa6e0b5569232559e3d385fea5a93112/library/alloc/src/boxed.rs:2007:9
[INFO] [stdout]   45:     0x5560e5e43f75 - std::sys::unix::thread::Thread::new::thread_start::he469335aef763e45
[INFO] [stdout]                                at /rustc/82e1608dfa6e0b5569232559e3d385fea5a93112/library/std/src/sys/unix/thread.rs:108:17
[INFO] [stdout]   46:     0x7f9bf74b2ac3 - <unknown>
[INFO] [stdout]   47:     0x7f9bf7543bf4 - __clone
[INFO] [stdout]   48:                0x0 - <unknown>
[INFO] [stdout] 
[INFO] [stdout] 
[INFO] [stdout] failures:
[INFO] [stdout]     read_md_file_test
[INFO] [stdout] 
[INFO] [stdout] test result: FAILED. 1 passed; 1 failed; 0 ignored; 0 measured; 0 filtered out; finished in 0.21s
[INFO] [stdout] 
[INFO] [stderr] error: test failed, to rerun pass `--lib`
[INFO] running `Command { std: "docker" "inspect" "1735a446113c822475e4c578bd668c84081f431ede346fff52c6619aa758f7e2", kill_on_drop: false }`
[INFO] running `Command { std: "docker" "rm" "-f" "1735a446113c822475e4c578bd668c84081f431ede346fff52c6619aa758f7e2", kill_on_drop: false }`
[INFO] [stdout] 1735a446113c822475e4c578bd668c84081f431ede346fff52c6619aa758f7e2
[INFO] testing sanyuan0704/tiny-md-compiler-rs against beta-2023-12-22 for beta-1.76-1
[INFO] running `Command { std: "git" "clone" "/workspace/cache/git-repos/https%3A%2F%2Fgithub.com%2Fsanyuan0704%2Ftiny-md-compiler-rs" "/workspace/builds/worker-1-tc2/source", kill_on_drop: false }`
[INFO] [stderr] Cloning into '/workspace/builds/worker-1-tc2/source'...
[INFO] [stderr] done.
[INFO] validating manifest of git repo https://github.com/sanyuan0704/tiny-md-compiler-rs on toolchain beta-2023-12-22
[INFO] running `Command { std: CARGO_HOME="/workspace/cargo-home" RUSTUP_HOME="/workspace/rustup-home" "/workspace/cargo-home/bin/cargo" "+beta-2023-12-22" "metadata" "--manifest-path" "Cargo.toml" "--no-deps", kill_on_drop: false }`
[INFO] started tweaking git repo https://github.com/sanyuan0704/tiny-md-compiler-rs
[INFO] finished tweaking git repo https://github.com/sanyuan0704/tiny-md-compiler-rs
[INFO] tweaked toml for git repo https://github.com/sanyuan0704/tiny-md-compiler-rs written to /workspace/builds/worker-1-tc2/source/Cargo.toml
[INFO] crate git repo https://github.com/sanyuan0704/tiny-md-compiler-rs already has a lockfile, it will not be regenerated
[INFO] running `Command { std: CARGO_HOME="/workspace/cargo-home" RUSTUP_HOME="/workspace/rustup-home" "/workspace/cargo-home/bin/cargo" "+beta-2023-12-22" "fetch" "--manifest-path" "Cargo.toml", kill_on_drop: false }`
[INFO] running `Command { std: "docker" "create" "-v" "/var/lib/crater-agent-workspace/builds/worker-1-tc2/target:/opt/rustwide/target:rw,Z" "-v" "/var/lib/crater-agent-workspace/builds/worker-1-tc2/source:/opt/rustwide/workdir:ro,Z" "-v" "/var/lib/crater-agent-workspace/cargo-home:/opt/rustwide/cargo-home:ro,Z" "-v" "/var/lib/crater-agent-workspace/rustup-home:/opt/rustwide/rustup-home:ro,Z" "-e" "SOURCE_DIR=/opt/rustwide/workdir" "-e" "CARGO_TARGET_DIR=/opt/rustwide/target" "-e" "CARGO_HOME=/opt/rustwide/cargo-home" "-e" "RUSTUP_HOME=/opt/rustwide/rustup-home" "-w" "/opt/rustwide/workdir" "-m" "1610612736" "--user" "0:0" "--network" "none" "ghcr.io/rust-lang/crates-build-env/linux@sha256:2788e3201cd34a07e3172128adcd8b3090168a8e3bcc40d7c032b9dda1df7d1c" "/opt/rustwide/cargo-home/bin/cargo" "+beta-2023-12-22" "metadata" "--no-deps" "--format-version=1", kill_on_drop: false }`
[INFO] [stdout] 083a58c39934449e5b3e1816a8cfb4a063ea1728aaad11a1c927809aeafb8b4b
[INFO] running `Command { std: "docker" "start" "-a" "083a58c39934449e5b3e1816a8cfb4a063ea1728aaad11a1c927809aeafb8b4b", kill_on_drop: false }`
[INFO] running `Command { std: "docker" "inspect" "083a58c39934449e5b3e1816a8cfb4a063ea1728aaad11a1c927809aeafb8b4b", kill_on_drop: false }`
[INFO] running `Command { std: "docker" "rm" "-f" "083a58c39934449e5b3e1816a8cfb4a063ea1728aaad11a1c927809aeafb8b4b", kill_on_drop: false }`
[INFO] [stdout] 083a58c39934449e5b3e1816a8cfb4a063ea1728aaad11a1c927809aeafb8b4b
[INFO] running `Command { std: "docker" "create" "-v" "/var/lib/crater-agent-workspace/builds/worker-1-tc2/target:/opt/rustwide/target:rw,Z" "-v" "/var/lib/crater-agent-workspace/builds/worker-1-tc2/source:/opt/rustwide/workdir:ro,Z" "-v" "/var/lib/crater-agent-workspace/cargo-home:/opt/rustwide/cargo-home:ro,Z" "-v" "/var/lib/crater-agent-workspace/rustup-home:/opt/rustwide/rustup-home:ro,Z" "-e" "SOURCE_DIR=/opt/rustwide/workdir" "-e" "CARGO_TARGET_DIR=/opt/rustwide/target" "-e" "CARGO_INCREMENTAL=0" "-e" "RUST_BACKTRACE=full" "-e" "RUSTFLAGS=--cap-lints=warn" "-e" "RUSTDOCFLAGS=--cap-lints=warn" "-e" "CARGO_HOME=/opt/rustwide/cargo-home" "-e" "RUSTUP_HOME=/opt/rustwide/rustup-home" "-w" "/opt/rustwide/workdir" "-m" "1610612736" "--user" "0:0" "--network" "none" "ghcr.io/rust-lang/crates-build-env/linux@sha256:2788e3201cd34a07e3172128adcd8b3090168a8e3bcc40d7c032b9dda1df7d1c" "/opt/rustwide/cargo-home/bin/cargo" "+beta-2023-12-22" "build" "--frozen" "--message-format=json", kill_on_drop: false }`
[INFO] [stdout] 1bfcb2ad48edfd9ad5dfc8e8cad3417e76eddf788e4e34451e74f30e740b971c
[INFO] running `Command { std: "docker" "start" "-a" "1bfcb2ad48edfd9ad5dfc8e8cad3417e76eddf788e4e34451e74f30e740b971c", kill_on_drop: false }`
[INFO] [stderr]    Compiling md-compiler v0.1.0 (/opt/rustwide/workdir)
[INFO] [stdout] warning: unused imports: `BufReader`, `JoinHandle`, `path::Path`, `self`, `time::Instant`
[INFO] [stdout]  --> src/lib.rs:3:8
[INFO] [stdout]   |
[INFO] [stdout] 3 |   io::{BufReader, Read, Write},
[INFO] [stdout]   |        ^^^^^^^^^
[INFO] [stdout] 4 |   path::Path,
[INFO] [stdout]   |   ^^^^^^^^^^
[INFO] [stdout] 5 |   thread::{self, JoinHandle},
[INFO] [stdout]   |            ^^^^  ^^^^^^^^^^
[INFO] [stdout] 6 |   time::Instant,
[INFO] [stdout]   |   ^^^^^^^^^^^^^
[INFO] [stdout]   |
[INFO] [stdout]   = note: `#[warn(unused_imports)]` on by default
[INFO] [stdout] 
[INFO] [stdout] 
[INFO] [stdout] warning: unused variable: `index`
[INFO] [stdout]   --> src/lib.rs:24:17
[INFO] [stdout]    |
[INFO] [stdout] 24 |     .for_each(|(index, line)| {
[INFO] [stdout]    |                 ^^^^^ help: if this is intentional, prefix it with an underscore: `_index`
[INFO] [stdout]    |
[INFO] [stdout]    = note: `#[warn(unused_variables)]` on by default
[INFO] [stdout] 
[INFO] [stdout] 
[INFO] [stdout] warning: 2 warnings emitted
[INFO] [stdout] 
[INFO] [stdout] 
[INFO] [stderr]     Finished dev [unoptimized + debuginfo] target(s) in 0.36s
[INFO] running `Command { std: "docker" "inspect" "1bfcb2ad48edfd9ad5dfc8e8cad3417e76eddf788e4e34451e74f30e740b971c", kill_on_drop: false }`
[INFO] running `Command { std: "docker" "rm" "-f" "1bfcb2ad48edfd9ad5dfc8e8cad3417e76eddf788e4e34451e74f30e740b971c", kill_on_drop: false }`
[INFO] [stdout] 1bfcb2ad48edfd9ad5dfc8e8cad3417e76eddf788e4e34451e74f30e740b971c
[INFO] running `Command { std: "docker" "create" "-v" "/var/lib/crater-agent-workspace/builds/worker-1-tc2/target:/opt/rustwide/target:rw,Z" "-v" "/var/lib/crater-agent-workspace/builds/worker-1-tc2/source:/opt/rustwide/workdir:ro,Z" "-v" "/var/lib/crater-agent-workspace/cargo-home:/opt/rustwide/cargo-home:ro,Z" "-v" "/var/lib/crater-agent-workspace/rustup-home:/opt/rustwide/rustup-home:ro,Z" "-e" "SOURCE_DIR=/opt/rustwide/workdir" "-e" "CARGO_TARGET_DIR=/opt/rustwide/target" "-e" "CARGO_INCREMENTAL=0" "-e" "RUST_BACKTRACE=full" "-e" "RUSTFLAGS=--cap-lints=warn" "-e" "RUSTDOCFLAGS=--cap-lints=warn" "-e" "CARGO_HOME=/opt/rustwide/cargo-home" "-e" "RUSTUP_HOME=/opt/rustwide/rustup-home" "-w" "/opt/rustwide/workdir" "-m" "1610612736" "--user" "0:0" "--network" "none" "ghcr.io/rust-lang/crates-build-env/linux@sha256:2788e3201cd34a07e3172128adcd8b3090168a8e3bcc40d7c032b9dda1df7d1c" "/opt/rustwide/cargo-home/bin/cargo" "+beta-2023-12-22" "test" "--frozen" "--no-run" "--message-format=json", kill_on_drop: false }`
[INFO] [stdout] 96588c05ce49bf970000967073a9d57621330b8dee7474dc0f96f1d6b0c6821e
[INFO] running `Command { std: "docker" "start" "-a" "96588c05ce49bf970000967073a9d57621330b8dee7474dc0f96f1d6b0c6821e", kill_on_drop: false }`
[INFO] [stdout] warning: unused imports: `BufReader`, `JoinHandle`, `path::Path`, `self`, `time::Instant`
[INFO] [stdout]  --> src/lib.rs:3:8
[INFO] [stdout]   |
[INFO] [stdout] 3 |   io::{BufReader, Read, Write},
[INFO] [stdout]   |        ^^^^^^^^^
[INFO] [stdout] 4 |   path::Path,
[INFO] [stdout]   |   ^^^^^^^^^^
[INFO] [stdout] 5 |   thread::{self, JoinHandle},
[INFO] [stdout]   |            ^^^^  ^^^^^^^^^^
[INFO] [stdout] 6 |   time::Instant,
[INFO] [stdout]   |   ^^^^^^^^^^^^^
[INFO] [stdout]   |
[INFO] [stdout]   = note: `#[warn(unused_imports)]` on by default
[INFO] [stdout] 
[INFO] [stdout] 
[INFO] [stderr]    Compiling md-compiler v0.1.0 (/opt/rustwide/workdir)
[INFO] [stdout] warning: unused variable: `index`
[INFO] [stdout]   --> src/lib.rs:24:17
[INFO] [stdout]    |
[INFO] [stdout] 24 |     .for_each(|(index, line)| {
[INFO] [stdout]    |                 ^^^^^ help: if this is intentional, prefix it with an underscore: `_index`
[INFO] [stdout]    |
[INFO] [stdout]    = note: `#[warn(unused_variables)]` on by default
[INFO] [stdout] 
[INFO] [stdout] 
[INFO] [stdout] warning: 2 warnings emitted
[INFO] [stdout] 
[INFO] [stdout] 
[INFO] [stdout] warning: unused imports: `BufReader`, `path::Path`
[INFO] [stdout]  --> src/lib.rs:3:8
[INFO] [stdout]   |
[INFO] [stdout] 3 |   io::{BufReader, Read, Write},
[INFO] [stdout]   |        ^^^^^^^^^
[INFO] [stdout] 4 |   path::Path,
[INFO] [stdout]   |   ^^^^^^^^^^
[INFO] [stdout]   |
[INFO] [stdout]   = note: `#[warn(unused_imports)]` on by default
[INFO] [stdout] 
[INFO] [stdout] 
[INFO] [stdout] warning: unused variable: `index`
[INFO] [stdout]   --> src/lib.rs:24:17
[INFO] [stdout]    |
[INFO] [stdout] 24 |     .for_each(|(index, line)| {
[INFO] [stdout]    |                 ^^^^^ help: if this is intentional, prefix it with an underscore: `_index`
[INFO] [stdout]    |
[INFO] [stdout]    = note: `#[warn(unused_variables)]` on by default
[INFO] [stdout] 
[INFO] [stdout] 
[INFO] [stdout] warning: 2 warnings emitted
[INFO] [stdout] 
[INFO] [stdout] 
[INFO] [stderr]     Finished test [unoptimized + debuginfo] target(s) in 0.32s
[INFO] running `Command { std: "docker" "inspect" "96588c05ce49bf970000967073a9d57621330b8dee7474dc0f96f1d6b0c6821e", kill_on_drop: false }`
[INFO] running `Command { std: "docker" "rm" "-f" "96588c05ce49bf970000967073a9d57621330b8dee7474dc0f96f1d6b0c6821e", kill_on_drop: false }`
[INFO] [stdout] 96588c05ce49bf970000967073a9d57621330b8dee7474dc0f96f1d6b0c6821e
[INFO] running `Command { std: "docker" "create" "-v" "/var/lib/crater-agent-workspace/builds/worker-1-tc2/target:/opt/rustwide/target:rw,Z" "-v" "/var/lib/crater-agent-workspace/builds/worker-1-tc2/source:/opt/rustwide/workdir:ro,Z" "-v" "/var/lib/crater-agent-workspace/cargo-home:/opt/rustwide/cargo-home:ro,Z" "-v" "/var/lib/crater-agent-workspace/rustup-home:/opt/rustwide/rustup-home:ro,Z" "-e" "SOURCE_DIR=/opt/rustwide/workdir" "-e" "CARGO_TARGET_DIR=/opt/rustwide/target" "-e" "CARGO_INCREMENTAL=0" "-e" "RUST_BACKTRACE=full" "-e" "RUSTFLAGS=--cap-lints=warn" "-e" "RUSTDOCFLAGS=--cap-lints=warn" "-e" "CARGO_HOME=/opt/rustwide/cargo-home" "-e" "RUSTUP_HOME=/opt/rustwide/rustup-home" "-w" "/opt/rustwide/workdir" "-m" "1610612736" "--user" "0:0" "--network" "none" "ghcr.io/rust-lang/crates-build-env/linux@sha256:2788e3201cd34a07e3172128adcd8b3090168a8e3bcc40d7c032b9dda1df7d1c" "/opt/rustwide/cargo-home/bin/cargo" "+beta-2023-12-22" "test" "--frozen", kill_on_drop: false }`
[INFO] [stdout] e8004e1ff9c120a5f9657632188b064fec4cb5547511333a34795aceaa97fc90
[INFO] running `Command { std: "docker" "start" "-a" "e8004e1ff9c120a5f9657632188b064fec4cb5547511333a34795aceaa97fc90", kill_on_drop: false }`
[INFO] [stderr] warning: unused imports: `BufReader`, `JoinHandle`, `path::Path`, `self`, `time::Instant`
[INFO] [stderr]  --> src/lib.rs:3:8
[INFO] [stderr]   |
[INFO] [stderr] 3 |   io::{BufReader, Read, Write},
[INFO] [stderr]   |        ^^^^^^^^^
[INFO] [stderr] 4 |   path::Path,
[INFO] [stderr]   |   ^^^^^^^^^^
[INFO] [stderr] 5 |   thread::{self, JoinHandle},
[INFO] [stderr]   |            ^^^^  ^^^^^^^^^^
[INFO] [stderr] 6 |   time::Instant,
[INFO] [stderr]   |   ^^^^^^^^^^^^^
[INFO] [stderr]   |
[INFO] [stderr]   = note: `#[warn(unused_imports)]` on by default
[INFO] [stderr] 
[INFO] [stderr] warning: unused variable: `index`
[INFO] [stderr]   --> src/lib.rs:24:17
[INFO] [stderr]    |
[INFO] [stderr] 24 |     .for_each(|(index, line)| {
[INFO] [stderr]    |                 ^^^^^ help: if this is intentional, prefix it with an underscore: `_index`
[INFO] [stderr]    |
[INFO] [stderr]    = note: `#[warn(unused_variables)]` on by default
[INFO] [stderr] 
[INFO] [stderr] warning: `md-compiler` (lib) generated 2 warnings (run `cargo fix --lib -p md-compiler` to apply 2 suggestions)
[INFO] [stderr] warning: unused imports: `BufReader`, `path::Path`
[INFO] [stderr]  --> src/lib.rs:3:8
[INFO] [stderr]   |
[INFO] [stderr] 3 |   io::{BufReader, Read, Write},
[INFO] [stderr]   |        ^^^^^^^^^
[INFO] [stderr] 4 |   path::Path,
[INFO] [stderr]   |   ^^^^^^^^^^
[INFO] [stderr]   |
[INFO] [stderr]   = note: `#[warn(unused_imports)]` on by default
[INFO] [stderr] 
[INFO] [stderr] warning: `md-compiler` (lib test) generated 2 warnings (1 duplicate) (run `cargo fix --lib -p md-compiler --tests` to apply 1 suggestion)
[INFO] [stderr]     Finished test [unoptimized + debuginfo] target(s) in 0.00s
[INFO] [stderr]      Running unittests src/lib.rs (/opt/rustwide/target/debug/deps/md_compiler-d11a839a0c4d8353)
[INFO] [stdout] 
[INFO] [stdout] running 2 tests
[INFO] [stdout] test match_title_test ... ok
[INFO] [stdout] test read_md_file_test ... FAILED
[INFO] [stdout] 
[INFO] [stdout] failures:
[INFO] [stdout] 
[INFO] [stdout] ---- read_md_file_test stdout ----
[INFO] [stdout] 200458185
[INFO] [stdout] thread 'read_md_file_test' panicked at src/lib.rs:56:37:
[INFO] [stdout] called `Result::unwrap()` on an `Err` value: Os { code: 30, kind: ReadOnlyFilesystem, message: "Read-only file system" }
[INFO] [stdout] stack backtrace:
[INFO] [stdout]    0:     0x56341a74da46 - std::backtrace_rs::backtrace::libunwind::trace::h261606ad26a499c1
[INFO] [stdout]                                at /rustc/0e09125c6c3c2fd70d7de961bcf0e51575235fad/library/std/src/../../backtrace/src/backtrace/libunwind.rs:104:5
[INFO] [stdout]    1:     0x56341a74da46 - std::backtrace_rs::backtrace::trace_unsynchronized::hd183f0625477fb28
[INFO] [stdout]                                at /rustc/0e09125c6c3c2fd70d7de961bcf0e51575235fad/library/std/src/../../backtrace/src/backtrace/mod.rs:66:5
[INFO] [stdout]    2:     0x56341a74da46 - std::sys_common::backtrace::_print_fmt::hd7f8fef21b4eda67
[INFO] [stdout]                                at /rustc/0e09125c6c3c2fd70d7de961bcf0e51575235fad/library/std/src/sys_common/backtrace.rs:68:5
[INFO] [stdout]    3:     0x56341a74da46 - <std::sys_common::backtrace::_print::DisplayBacktrace as core::fmt::Display>::fmt::h623d9b51f2f453f1
[INFO] [stdout]                                at /rustc/0e09125c6c3c2fd70d7de961bcf0e51575235fad/library/std/src/sys_common/backtrace.rs:44:22
[INFO] [stdout]    4:     0x56341a7768e0 - core::fmt::rt::Argument::fmt::h9f417ac76a86f368
[INFO] [stdout]                                at /rustc/0e09125c6c3c2fd70d7de961bcf0e51575235fad/library/core/src/fmt/rt.rs:142:9
[INFO] [stdout]    5:     0x56341a7768e0 - core::fmt::write::hc9b6faf4ac2aeff7
[INFO] [stdout]                                at /rustc/0e09125c6c3c2fd70d7de961bcf0e51575235fad/library/core/src/fmt/mod.rs:1120:17
[INFO] [stdout]    6:     0x56341a74b4af - std::io::Write::write_fmt::he04625a3a989fec3
[INFO] [stdout]                                at /rustc/0e09125c6c3c2fd70d7de961bcf0e51575235fad/library/std/src/io/mod.rs:1810:15
[INFO] [stdout]    7:     0x56341a74d824 - std::sys_common::backtrace::_print::hd5d66399c7df88a2
[INFO] [stdout]                                at /rustc/0e09125c6c3c2fd70d7de961bcf0e51575235fad/library/std/src/sys_common/backtrace.rs:47:5
[INFO] [stdout]    8:     0x56341a74d824 - std::sys_common::backtrace::print::he81ed2da642d37e5
[INFO] [stdout]                                at /rustc/0e09125c6c3c2fd70d7de961bcf0e51575235fad/library/std/src/sys_common/backtrace.rs:34:9
[INFO] [stdout]    9:     0x56341a74f597 - std::panicking::default_hook::{{closure}}::h85773f4fa117163d
[INFO] [stdout]   10:     0x56341a74f27d - std::panicking::default_hook::h6a1694a91d09b278
[INFO] [stdout]                                at /rustc/0e09125c6c3c2fd70d7de961bcf0e51575235fad/library/std/src/panicking.rs:289:9
[INFO] [stdout]   11:     0x56341a71f427 - <alloc::boxed::Box<F,A> as core::ops::function::Fn<Args>>::call::h616ac37fa3cd6c8f
[INFO] [stdout]                                at /rustc/0e09125c6c3c2fd70d7de961bcf0e51575235fad/library/alloc/src/boxed.rs:2029:9
[INFO] [stdout]   12:     0x56341a71f427 - test::test_main::{{closure}}::h00d84697cefdcbb6
[INFO] [stdout]                                at /rustc/0e09125c6c3c2fd70d7de961bcf0e51575235fad/library/test/src/lib.rs:138:21
[INFO] [stdout]   13:     0x56341a74fbb6 - <alloc::boxed::Box<F,A> as core::ops::function::Fn<Args>>::call::hcb3fe3b9bb537ba8
[INFO] [stdout]                                at /rustc/0e09125c6c3c2fd70d7de961bcf0e51575235fad/library/alloc/src/boxed.rs:2029:9
[INFO] [stdout]   14:     0x56341a74fbb6 - std::panicking::rust_panic_with_hook::h0a7ad96e90f7145b
[INFO] [stdout]                                at /rustc/0e09125c6c3c2fd70d7de961bcf0e51575235fad/library/std/src/panicking.rs:783:13
[INFO] [stdout]   15:     0x56341a74f902 - std::panicking::begin_panic_handler::{{closure}}::h7919090525c6485e
[INFO] [stdout]                                at /rustc/0e09125c6c3c2fd70d7de961bcf0e51575235fad/library/std/src/panicking.rs:657:13
[INFO] [stdout]   16:     0x56341a74df46 - std::sys_common::backtrace::__rust_end_short_backtrace::hf3289479464f7dfe
[INFO] [stdout]                                at /rustc/0e09125c6c3c2fd70d7de961bcf0e51575235fad/library/std/src/sys_common/backtrace.rs:171:18
[INFO] [stdout]   17:     0x56341a74f660 - rust_begin_unwind
[INFO] [stdout]                                at /rustc/0e09125c6c3c2fd70d7de961bcf0e51575235fad/library/std/src/panicking.rs:645:5
[INFO] [stdout]   18:     0x56341a6d5cd5 - core::panicking::panic_fmt::hcc9f77c5c132af55
[INFO] [stdout]                                at /rustc/0e09125c6c3c2fd70d7de961bcf0e51575235fad/library/core/src/panicking.rs:72:14
[INFO] [stdout]   19:     0x56341a6d6183 - core::result::unwrap_failed::hbe14f498be1452f9
[INFO] [stdout]                                at /rustc/0e09125c6c3c2fd70d7de961bcf0e51575235fad/library/core/src/result.rs:1649:5
[INFO] [stdout]   20:     0x56341a6d767b - core::result::Result<T,E>::unwrap::hc98b0116ca5028c3
[INFO] [stdout]                                at /rustc/0e09125c6c3c2fd70d7de961bcf0e51575235fad/library/core/src/result.rs:1073:23
[INFO] [stdout]   21:     0x56341a6e377e - md_compiler::write_file::ha91dd21931df1290
[INFO] [stdout]                                at /opt/rustwide/workdir/src/lib.rs:56:18
[INFO] [stdout]   22:     0x56341a6e43a1 - md_compiler::read_md_file_test::hf5734d7fcfb501c4
[INFO] [stdout]                                at /opt/rustwide/workdir/src/lib.rs:98:3
[INFO] [stdout]   23:     0x56341a6e3e17 - md_compiler::read_md_file_test::{{closure}}::h21d7129fcdde09fc
[INFO] [stdout]                                at /opt/rustwide/workdir/src/lib.rs:72:23
[INFO] [stdout]   24:     0x56341a6dc536 - core::ops::function::FnOnce::call_once::h12cba238574ac356
[INFO] [stdout]                                at /rustc/0e09125c6c3c2fd70d7de961bcf0e51575235fad/library/core/src/ops/function.rs:250:5
[INFO] [stdout]   25:     0x56341a724cff - core::ops::function::FnOnce::call_once::hd64d26f405258157
[INFO] [stdout]                                at /rustc/0e09125c6c3c2fd70d7de961bcf0e51575235fad/library/core/src/ops/function.rs:250:5
[INFO] [stdout]   26:     0x56341a724cff - test::__rust_begin_short_backtrace::he21b0b7a6d731bf9
[INFO] [stdout]                                at /rustc/0e09125c6c3c2fd70d7de961bcf0e51575235fad/library/test/src/lib.rs:627:18
[INFO] [stdout]   27:     0x56341a723a81 - test::run_test_in_process::{{closure}}::hf5c73986d7bdfde2
[INFO] [stdout]                                at /rustc/0e09125c6c3c2fd70d7de961bcf0e51575235fad/library/test/src/lib.rs:650:60
[INFO] [stdout]   28:     0x56341a723a81 - <core::panic::unwind_safe::AssertUnwindSafe<F> as core::ops::function::FnOnce<()>>::call_once::h330011ad032aadc0
[INFO] [stdout]                                at /rustc/0e09125c6c3c2fd70d7de961bcf0e51575235fad/library/core/src/panic/unwind_safe.rs:272:9
[INFO] [stdout]   29:     0x56341a723a81 - std::panicking::try::do_call::he61b0a958b795a41
[INFO] [stdout]                                at /rustc/0e09125c6c3c2fd70d7de961bcf0e51575235fad/library/std/src/panicking.rs:552:40
[INFO] [stdout]   30:     0x56341a723a81 - std::panicking::try::h7309da130f906eb7
[INFO] [stdout]                                at /rustc/0e09125c6c3c2fd70d7de961bcf0e51575235fad/library/std/src/panicking.rs:516:19
[INFO] [stdout]   31:     0x56341a723a81 - std::panic::catch_unwind::hc5c3a06fdaf0a92a
[INFO] [stdout]                                at /rustc/0e09125c6c3c2fd70d7de961bcf0e51575235fad/library/std/src/panic.rs:142:14
[INFO] [stdout]   32:     0x56341a723a81 - test::run_test_in_process::h7e7b7c71c3324e0f
[INFO] [stdout]                                at /rustc/0e09125c6c3c2fd70d7de961bcf0e51575235fad/library/test/src/lib.rs:650:27
[INFO] [stdout]   33:     0x56341a723a81 - test::run_test::{{closure}}::h1f509f28f5cf20b1
[INFO] [stdout]                                at /rustc/0e09125c6c3c2fd70d7de961bcf0e51575235fad/library/test/src/lib.rs:573:43
[INFO] [stdout]   34:     0x56341a6eadb6 - test::run_test::{{closure}}::h1754218abf443f6d
[INFO] [stdout]                                at /rustc/0e09125c6c3c2fd70d7de961bcf0e51575235fad/library/test/src/lib.rs:601:41
[INFO] [stdout]   35:     0x56341a6eadb6 - std::sys_common::backtrace::__rust_begin_short_backtrace::h2ee174b9d5954948
[INFO] [stdout]                                at /rustc/0e09125c6c3c2fd70d7de961bcf0e51575235fad/library/std/src/sys_common/backtrace.rs:155:18
[INFO] [stdout]   36:     0x56341a6efe17 - std::thread::Builder::spawn_unchecked_::{{closure}}::{{closure}}::hf60bee9c1a17ef09
[INFO] [stdout]                                at /rustc/0e09125c6c3c2fd70d7de961bcf0e51575235fad/library/std/src/thread/mod.rs:529:17
[INFO] [stdout]   37:     0x56341a6efe17 - <core::panic::unwind_safe::AssertUnwindSafe<F> as core::ops::function::FnOnce<()>>::call_once::h33d0dddec5216160
[INFO] [stdout]                                at /rustc/0e09125c6c3c2fd70d7de961bcf0e51575235fad/library/core/src/panic/unwind_safe.rs:272:9
[INFO] [stdout]   38:     0x56341a6efe17 - std::panicking::try::do_call::h144b3048b546f835
[INFO] [stdout]                                at /rustc/0e09125c6c3c2fd70d7de961bcf0e51575235fad/library/std/src/panicking.rs:552:40
[INFO] [stdout]   39:     0x56341a6efe17 - std::panicking::try::h978244d04646189f
[INFO] [stdout]                                at /rustc/0e09125c6c3c2fd70d7de961bcf0e51575235fad/library/std/src/panicking.rs:516:19
[INFO] [stdout]   40:     0x56341a6efe17 - std::panic::catch_unwind::hdf436369d188fe86
[INFO] [stdout]                                at /rustc/0e09125c6c3c2fd70d7de961bcf0e51575235fad/library/std/src/panic.rs:142:14
[INFO] [stdout]   41:     0x56341a6efe17 - std::thread::Builder::spawn_unchecked_::{{closure}}::h87329cbdd33c79ec
[INFO] [stdout]                                at /rustc/0e09125c6c3c2fd70d7de961bcf0e51575235fad/library/std/src/thread/mod.rs:528:30
[INFO] [stdout]   42:     0x56341a6efe17 - core::ops::function::FnOnce::call_once{{vtable.shim}}::h401abbe67897d450
[INFO] [stdout]                                at /rustc/0e09125c6c3c2fd70d7de961bcf0e51575235fad/library/core/src/ops/function.rs:250:5
[INFO] [stdout]   43:     0x56341a754665 - <alloc::boxed::Box<F,A> as core::ops::function::FnOnce<Args>>::call_once::h5d7c8f150ab9c84c
[INFO] [stdout]                                at /rustc/0e09125c6c3c2fd70d7de961bcf0e51575235fad/library/alloc/src/boxed.rs:2015:9
[INFO] [stdout]   44:     0x56341a754665 - <alloc::boxed::Box<F,A> as core::ops::function::FnOnce<Args>>::call_once::h570d5b005c242c15
[INFO] [stdout]                                at /rustc/0e09125c6c3c2fd70d7de961bcf0e51575235fad/library/alloc/src/boxed.rs:2015:9
[INFO] [stdout]   45:     0x56341a754665 - std::sys::unix::thread::Thread::new::thread_start::h36b0a20c0b2361ad
[INFO] [stdout]                                at /rustc/0e09125c6c3c2fd70d7de961bcf0e51575235fad/library/std/src/sys/unix/thread.rs:108:17
[INFO] [stdout]   46:     0x7f84e066fac3 - <unknown>
[INFO] [stdout]   47:     0x7f84e0700bf4 - __clone
[INFO] [stdout]   48:                0x0 - <unknown>
[INFO] [stdout] 
[INFO] [stdout] 
[INFO] [stdout] failures:
[INFO] [stdout]     read_md_file_test
[INFO] [stdout] 
[INFO] [stdout] test result: FAILED. 1 passed; 1 failed; 0 ignored; 0 measured; 0 filtered out; finished in 0.21s
[INFO] [stdout] 
[INFO] [stderr] error: test failed, to rerun pass `--lib`
[INFO] running `Command { std: "docker" "inspect" "e8004e1ff9c120a5f9657632188b064fec4cb5547511333a34795aceaa97fc90", kill_on_drop: false }`
[INFO] running `Command { std: "docker" "rm" "-f" "e8004e1ff9c120a5f9657632188b064fec4cb5547511333a34795aceaa97fc90", kill_on_drop: false }`
[INFO] [stdout] e8004e1ff9c120a5f9657632188b064fec4cb5547511333a34795aceaa97fc90
