[INFO] cloning repository https://github.com/sanjayts/khoj
[INFO] running `Command { std: "git" "-c" "credential.helper=" "-c" "credential.helper=/workspace/cargo-home/bin/git-credential-null" "clone" "--bare" "https://github.com/sanjayts/khoj" "/workspace/cache/git-repos/https%3A%2F%2Fgithub.com%2Fsanjayts%2Fkhoj", kill_on_drop: false }`
[INFO] [stderr] Cloning into bare repository '/workspace/cache/git-repos/https%3A%2F%2Fgithub.com%2Fsanjayts%2Fkhoj'...
[INFO] running `Command { std: "git" "rev-parse" "HEAD", kill_on_drop: false }`
[INFO] [stdout] 50f3d9a3ef84afe7b4f236619e50b3decfa67520
[INFO] testing sanjayts/khoj against 1.75.0 for beta-1.76-1
[INFO] running `Command { std: "git" "clone" "/workspace/cache/git-repos/https%3A%2F%2Fgithub.com%2Fsanjayts%2Fkhoj" "/workspace/builds/worker-6-tc1/source", kill_on_drop: false }`
[INFO] [stderr] Cloning into '/workspace/builds/worker-6-tc1/source'...
[INFO] [stderr] done.
[INFO] validating manifest of git repo https://github.com/sanjayts/khoj on toolchain 1.75.0
[INFO] running `Command { std: CARGO_HOME="/workspace/cargo-home" RUSTUP_HOME="/workspace/rustup-home" "/workspace/cargo-home/bin/cargo" "+1.75.0" "metadata" "--manifest-path" "Cargo.toml" "--no-deps", kill_on_drop: false }`
[INFO] started tweaking git repo https://github.com/sanjayts/khoj
[INFO] finished tweaking git repo https://github.com/sanjayts/khoj
[INFO] tweaked toml for git repo https://github.com/sanjayts/khoj written to /workspace/builds/worker-6-tc1/source/Cargo.toml
[INFO] crate git repo https://github.com/sanjayts/khoj already has a lockfile, it will not be regenerated
[INFO] running `Command { std: CARGO_HOME="/workspace/cargo-home" RUSTUP_HOME="/workspace/rustup-home" "/workspace/cargo-home/bin/cargo" "+1.75.0" "fetch" "--manifest-path" "Cargo.toml", kill_on_drop: false }`
[INFO] running `Command { std: "docker" "create" "-v" "/var/lib/crater-agent-workspace/builds/worker-6-tc1/target:/opt/rustwide/target:rw,Z" "-v" "/var/lib/crater-agent-workspace/builds/worker-6-tc1/source:/opt/rustwide/workdir:ro,Z" "-v" "/var/lib/crater-agent-workspace/cargo-home:/opt/rustwide/cargo-home:ro,Z" "-v" "/var/lib/crater-agent-workspace/rustup-home:/opt/rustwide/rustup-home:ro,Z" "-e" "SOURCE_DIR=/opt/rustwide/workdir" "-e" "CARGO_TARGET_DIR=/opt/rustwide/target" "-e" "CARGO_HOME=/opt/rustwide/cargo-home" "-e" "RUSTUP_HOME=/opt/rustwide/rustup-home" "-w" "/opt/rustwide/workdir" "-m" "1610612736" "--user" "0:0" "--network" "none" "ghcr.io/rust-lang/crates-build-env/linux@sha256:2788e3201cd34a07e3172128adcd8b3090168a8e3bcc40d7c032b9dda1df7d1c" "/opt/rustwide/cargo-home/bin/cargo" "+1.75.0" "metadata" "--no-deps" "--format-version=1", kill_on_drop: false }`
[INFO] [stdout] 2c5eb6dedc4cd99bc0014015ebf7f94a535c3880373263a360b7a4beebe49c9c
[INFO] running `Command { std: "docker" "start" "-a" "2c5eb6dedc4cd99bc0014015ebf7f94a535c3880373263a360b7a4beebe49c9c", kill_on_drop: false }`
[INFO] running `Command { std: "docker" "inspect" "2c5eb6dedc4cd99bc0014015ebf7f94a535c3880373263a360b7a4beebe49c9c", kill_on_drop: false }`
[INFO] running `Command { std: "docker" "rm" "-f" "2c5eb6dedc4cd99bc0014015ebf7f94a535c3880373263a360b7a4beebe49c9c", kill_on_drop: false }`
[INFO] [stdout] 2c5eb6dedc4cd99bc0014015ebf7f94a535c3880373263a360b7a4beebe49c9c
[INFO] running `Command { std: "docker" "create" "-v" "/var/lib/crater-agent-workspace/builds/worker-6-tc1/target:/opt/rustwide/target:rw,Z" "-v" "/var/lib/crater-agent-workspace/builds/worker-6-tc1/source:/opt/rustwide/workdir:ro,Z" "-v" "/var/lib/crater-agent-workspace/cargo-home:/opt/rustwide/cargo-home:ro,Z" "-v" "/var/lib/crater-agent-workspace/rustup-home:/opt/rustwide/rustup-home:ro,Z" "-e" "SOURCE_DIR=/opt/rustwide/workdir" "-e" "CARGO_TARGET_DIR=/opt/rustwide/target" "-e" "CARGO_INCREMENTAL=0" "-e" "RUST_BACKTRACE=full" "-e" "RUSTFLAGS=--cap-lints=warn" "-e" "RUSTDOCFLAGS=--cap-lints=warn" "-e" "CARGO_HOME=/opt/rustwide/cargo-home" "-e" "RUSTUP_HOME=/opt/rustwide/rustup-home" "-w" "/opt/rustwide/workdir" "-m" "1610612736" "--user" "0:0" "--network" "none" "ghcr.io/rust-lang/crates-build-env/linux@sha256:2788e3201cd34a07e3172128adcd8b3090168a8e3bcc40d7c032b9dda1df7d1c" "/opt/rustwide/cargo-home/bin/cargo" "+1.75.0" "build" "--frozen" "--message-format=json", kill_on_drop: false }`
[INFO] [stdout] ee47fa106219495c2a935bb1d9ea48d5e34ef39445a141958c7691c0536daa28
[INFO] running `Command { std: "docker" "start" "-a" "ee47fa106219495c2a935bb1d9ea48d5e34ef39445a141958c7691c0536daa28", kill_on_drop: false }`
[INFO] [stderr]    Compiling memchr v2.5.0
[INFO] [stderr]    Compiling libc v0.2.126
[INFO] [stderr]    Compiling autocfg v1.1.0
[INFO] [stderr]    Compiling os_str_bytes v6.2.0
[INFO] [stderr]    Compiling hashbrown v0.12.3
[INFO] [stderr]    Compiling bitflags v1.3.2
[INFO] [stderr]    Compiling same-file v1.0.6
[INFO] [stderr]    Compiling textwrap v0.15.0
[INFO] [stderr]    Compiling termcolor v1.1.3
[INFO] [stderr]    Compiling regex-syntax v0.6.27
[INFO] [stderr]    Compiling strsim v0.10.0
[INFO] [stderr]    Compiling walkdir v2.3.2
[INFO] [stderr]    Compiling clap_lex v0.2.4
[INFO] [stderr]    Compiling indexmap v1.9.1
[INFO] [stderr]    Compiling aho-corasick v0.7.18
[INFO] [stderr]    Compiling atty v0.2.14
[INFO] [stderr]    Compiling clap v3.2.12
[INFO] [stderr]    Compiling regex v1.6.0
[INFO] [stderr]    Compiling khoj v0.1.0 (/opt/rustwide/workdir)
[INFO] [stderr]     Finished dev [unoptimized + debuginfo] target(s) in 4.42s
[INFO] running `Command { std: "docker" "inspect" "ee47fa106219495c2a935bb1d9ea48d5e34ef39445a141958c7691c0536daa28", kill_on_drop: false }`
[INFO] running `Command { std: "docker" "rm" "-f" "ee47fa106219495c2a935bb1d9ea48d5e34ef39445a141958c7691c0536daa28", kill_on_drop: false }`
[INFO] [stdout] ee47fa106219495c2a935bb1d9ea48d5e34ef39445a141958c7691c0536daa28
[INFO] running `Command { std: "docker" "create" "-v" "/var/lib/crater-agent-workspace/builds/worker-6-tc1/target:/opt/rustwide/target:rw,Z" "-v" "/var/lib/crater-agent-workspace/builds/worker-6-tc1/source:/opt/rustwide/workdir:ro,Z" "-v" "/var/lib/crater-agent-workspace/cargo-home:/opt/rustwide/cargo-home:ro,Z" "-v" "/var/lib/crater-agent-workspace/rustup-home:/opt/rustwide/rustup-home:ro,Z" "-e" "SOURCE_DIR=/opt/rustwide/workdir" "-e" "CARGO_TARGET_DIR=/opt/rustwide/target" "-e" "CARGO_INCREMENTAL=0" "-e" "RUST_BACKTRACE=full" "-e" "RUSTFLAGS=--cap-lints=warn" "-e" "RUSTDOCFLAGS=--cap-lints=warn" "-e" "CARGO_HOME=/opt/rustwide/cargo-home" "-e" "RUSTUP_HOME=/opt/rustwide/rustup-home" "-w" "/opt/rustwide/workdir" "-m" "1610612736" "--user" "0:0" "--network" "none" "ghcr.io/rust-lang/crates-build-env/linux@sha256:2788e3201cd34a07e3172128adcd8b3090168a8e3bcc40d7c032b9dda1df7d1c" "/opt/rustwide/cargo-home/bin/cargo" "+1.75.0" "test" "--frozen" "--no-run" "--message-format=json", kill_on_drop: false }`
[INFO] [stdout] b61eecc8fe5824183eef0e1e183bfbbb3edd3045dda593dbd5000ca47ca6ea7e
[INFO] running `Command { std: "docker" "start" "-a" "b61eecc8fe5824183eef0e1e183bfbbb3edd3045dda593dbd5000ca47ca6ea7e", kill_on_drop: false }`
[INFO] [stderr]    Compiling libc v0.2.126
[INFO] [stderr]    Compiling cfg-if v1.0.0
[INFO] [stderr]    Compiling num-traits v0.2.15
[INFO] [stderr]    Compiling doc-comment v0.3.3
[INFO] [stderr]    Compiling predicates-core v1.0.3
[INFO] [stderr]    Compiling either v1.7.0
[INFO] [stderr]    Compiling normalize-line-endings v0.3.0
[INFO] [stderr]    Compiling ppv-lite86 v0.2.16
[INFO] [stderr]    Compiling regex-automata v0.1.10
[INFO] [stderr]    Compiling difflib v0.4.0
[INFO] [stderr]    Compiling lazy_static v1.4.0
[INFO] [stderr]    Compiling termtree v0.2.4
[INFO] [stderr]    Compiling predicates-tree v1.0.5
[INFO] [stderr]    Compiling itertools v0.10.3
[INFO] [stderr]    Compiling bstr v0.2.17
[INFO] [stderr]    Compiling getrandom v0.2.7
[INFO] [stderr]    Compiling atty v0.2.14
[INFO] [stderr]    Compiling wait-timeout v0.2.0
[INFO] [stderr]    Compiling clap v3.2.12
[INFO] [stderr]    Compiling rand_core v0.6.3
[INFO] [stderr]    Compiling rand_chacha v0.3.1
[INFO] [stderr]    Compiling float-cmp v0.9.0
[INFO] [stderr]    Compiling rand v0.8.5
[INFO] [stderr]    Compiling predicates v2.1.1
[INFO] [stderr]    Compiling assert_cmd v2.0.4
[INFO] [stderr]    Compiling khoj v0.1.0 (/opt/rustwide/workdir)
[INFO] [stderr]     Finished test [unoptimized + debuginfo] target(s) in 3.74s
[INFO] running `Command { std: "docker" "inspect" "b61eecc8fe5824183eef0e1e183bfbbb3edd3045dda593dbd5000ca47ca6ea7e", kill_on_drop: false }`
[INFO] running `Command { std: "docker" "rm" "-f" "b61eecc8fe5824183eef0e1e183bfbbb3edd3045dda593dbd5000ca47ca6ea7e", kill_on_drop: false }`
[INFO] [stdout] b61eecc8fe5824183eef0e1e183bfbbb3edd3045dda593dbd5000ca47ca6ea7e
[INFO] running `Command { std: "docker" "create" "-v" "/var/lib/crater-agent-workspace/builds/worker-6-tc1/target:/opt/rustwide/target:rw,Z" "-v" "/var/lib/crater-agent-workspace/builds/worker-6-tc1/source:/opt/rustwide/workdir:ro,Z" "-v" "/var/lib/crater-agent-workspace/cargo-home:/opt/rustwide/cargo-home:ro,Z" "-v" "/var/lib/crater-agent-workspace/rustup-home:/opt/rustwide/rustup-home:ro,Z" "-e" "SOURCE_DIR=/opt/rustwide/workdir" "-e" "CARGO_TARGET_DIR=/opt/rustwide/target" "-e" "CARGO_INCREMENTAL=0" "-e" "RUST_BACKTRACE=full" "-e" "RUSTFLAGS=--cap-lints=warn" "-e" "RUSTDOCFLAGS=--cap-lints=warn" "-e" "CARGO_HOME=/opt/rustwide/cargo-home" "-e" "RUSTUP_HOME=/opt/rustwide/rustup-home" "-w" "/opt/rustwide/workdir" "-m" "1610612736" "--user" "0:0" "--network" "none" "ghcr.io/rust-lang/crates-build-env/linux@sha256:2788e3201cd34a07e3172128adcd8b3090168a8e3bcc40d7c032b9dda1df7d1c" "/opt/rustwide/cargo-home/bin/cargo" "+1.75.0" "test" "--frozen", kill_on_drop: false }`
[INFO] [stdout] 3fb09fb8805dbe714e8c140c3000f2698a124d96b104f0ce2732d56099b64b77
[INFO] running `Command { std: "docker" "start" "-a" "3fb09fb8805dbe714e8c140c3000f2698a124d96b104f0ce2732d56099b64b77", kill_on_drop: false }`
[INFO] [stderr]     Finished test [unoptimized + debuginfo] target(s) in 0.02s
[INFO] [stderr]      Running unittests src/lib.rs (/opt/rustwide/target/debug/deps/khoj-eb8e99209ed2fd25)
[INFO] [stdout] 
[INFO] [stdout] running 0 tests
[INFO] [stdout] 
[INFO] [stdout] test result: ok. 0 passed; 0 failed; 0 ignored; 0 measured; 0 filtered out; finished in 0.00s
[INFO] [stdout] 
[INFO] [stderr]      Running unittests src/main.rs (/opt/rustwide/target/debug/deps/khoj-28b0fc8f553261b6)
[INFO] [stdout] 
[INFO] [stdout] running 0 tests
[INFO] [stdout] 
[INFO] [stdout] test result: ok. 0 passed; 0 failed; 0 ignored; 0 measured; 0 filtered out; finished in 0.00s
[INFO] [stdout] 
[INFO] [stderr]      Running tests/cli.rs (/opt/rustwide/target/debug/deps/cli-61a708638e1d0e47)
[INFO] [stdout] 
[INFO] [stdout] running 28 tests
[INFO] [stdout] test name_csv ... ok
[INFO] [stdout] test dies_bad_type ... ok
[INFO] [stdout] test name_csv_mp3 ... ok
[INFO] [stdout] test path1 ... ok
[INFO] [stdout] test dies_bad_name ... ok
[INFO] [stdout] test name_a ... ok
[INFO] [stdout] test path_a ... ok
[INFO] [stdout] test path_a_b ... ok
[INFO] [stdout] test name_txt_path_a_d ... ok
[INFO] [stdout] test path_a_b_d ... ok
[INFO] [stdout] test path_g ... ok
[INFO] [stdout] test type_d ... ok
[INFO] [stdout] test path_d ... ok
[INFO] [stdout] test type_d_path_a_b ... ok
[INFO] [stdout] test type_d_name_a ... ok
[INFO] [stdout] test unreadable_dir ... FAILED
[INFO] [stdout] test type_d_path_a_b_d ... ok
[INFO] [stdout] test type_f_l ... ok
[INFO] [stdout] test type_f_path_a ... ok
[INFO] [stdout] test type_f ... ok
[INFO] [stdout] test type_f_name_a ... ok
[INFO] [stdout] test type_d_path_a ... ok
[INFO] [stdout] test type_d_path_d ... ok
[INFO] [stdout] test type_f_path_a_b ... ok
[INFO] [stdout] test type_f_path_a_b_d ... ok
[INFO] [stdout] test type_l ... ok
[INFO] [stdout] test type_f_path_d ... ok
[INFO] [stdout] test skips_bad_dir ... ok
[INFO] [stdout] 
[INFO] [stdout] failures:
[INFO] [stdout] 
[INFO] [stdout] ---- unreadable_dir stdout ----
[INFO] [stdout] Error: Os { code: 30, kind: ReadOnlyFilesystem, message: "Read-only file system" }
[INFO] [stdout] 
[INFO] [stdout] 
[INFO] [stdout] failures:
[INFO] [stdout]     unreadable_dir
[INFO] [stdout] 
[INFO] [stdout] test result: FAILED. 27 passed; 1 failed; 0 ignored; 0 measured; 0 filtered out; finished in 0.02s
[INFO] [stdout] 
[INFO] [stderr] error: test failed, to rerun pass `--test cli`
[INFO] running `Command { std: "docker" "inspect" "3fb09fb8805dbe714e8c140c3000f2698a124d96b104f0ce2732d56099b64b77", kill_on_drop: false }`
[INFO] running `Command { std: "docker" "rm" "-f" "3fb09fb8805dbe714e8c140c3000f2698a124d96b104f0ce2732d56099b64b77", kill_on_drop: false }`
[INFO] [stdout] 3fb09fb8805dbe714e8c140c3000f2698a124d96b104f0ce2732d56099b64b77
[INFO] testing sanjayts/khoj against beta-2023-12-22 for beta-1.76-1
[INFO] running `Command { std: "git" "clone" "/workspace/cache/git-repos/https%3A%2F%2Fgithub.com%2Fsanjayts%2Fkhoj" "/workspace/builds/worker-6-tc2/source", kill_on_drop: false }`
[INFO] [stderr] Cloning into '/workspace/builds/worker-6-tc2/source'...
[INFO] [stderr] done.
[INFO] validating manifest of git repo https://github.com/sanjayts/khoj on toolchain beta-2023-12-22
[INFO] running `Command { std: CARGO_HOME="/workspace/cargo-home" RUSTUP_HOME="/workspace/rustup-home" "/workspace/cargo-home/bin/cargo" "+beta-2023-12-22" "metadata" "--manifest-path" "Cargo.toml" "--no-deps", kill_on_drop: false }`
[INFO] started tweaking git repo https://github.com/sanjayts/khoj
[INFO] finished tweaking git repo https://github.com/sanjayts/khoj
[INFO] tweaked toml for git repo https://github.com/sanjayts/khoj written to /workspace/builds/worker-6-tc2/source/Cargo.toml
[INFO] crate git repo https://github.com/sanjayts/khoj already has a lockfile, it will not be regenerated
[INFO] running `Command { std: CARGO_HOME="/workspace/cargo-home" RUSTUP_HOME="/workspace/rustup-home" "/workspace/cargo-home/bin/cargo" "+beta-2023-12-22" "fetch" "--manifest-path" "Cargo.toml", kill_on_drop: false }`
[INFO] running `Command { std: "docker" "create" "-v" "/var/lib/crater-agent-workspace/builds/worker-6-tc2/target:/opt/rustwide/target:rw,Z" "-v" "/var/lib/crater-agent-workspace/builds/worker-6-tc2/source:/opt/rustwide/workdir:ro,Z" "-v" "/var/lib/crater-agent-workspace/cargo-home:/opt/rustwide/cargo-home:ro,Z" "-v" "/var/lib/crater-agent-workspace/rustup-home:/opt/rustwide/rustup-home:ro,Z" "-e" "SOURCE_DIR=/opt/rustwide/workdir" "-e" "CARGO_TARGET_DIR=/opt/rustwide/target" "-e" "CARGO_HOME=/opt/rustwide/cargo-home" "-e" "RUSTUP_HOME=/opt/rustwide/rustup-home" "-w" "/opt/rustwide/workdir" "-m" "1610612736" "--user" "0:0" "--network" "none" "ghcr.io/rust-lang/crates-build-env/linux@sha256:2788e3201cd34a07e3172128adcd8b3090168a8e3bcc40d7c032b9dda1df7d1c" "/opt/rustwide/cargo-home/bin/cargo" "+beta-2023-12-22" "metadata" "--no-deps" "--format-version=1", kill_on_drop: false }`
[INFO] [stdout] f95a59e3e5feb277e848fdb56dce5a45692fd5cdb67be39cbf2f5a93ace77990
[INFO] running `Command { std: "docker" "start" "-a" "f95a59e3e5feb277e848fdb56dce5a45692fd5cdb67be39cbf2f5a93ace77990", kill_on_drop: false }`
[INFO] running `Command { std: "docker" "inspect" "f95a59e3e5feb277e848fdb56dce5a45692fd5cdb67be39cbf2f5a93ace77990", kill_on_drop: false }`
[INFO] running `Command { std: "docker" "rm" "-f" "f95a59e3e5feb277e848fdb56dce5a45692fd5cdb67be39cbf2f5a93ace77990", kill_on_drop: false }`
[INFO] [stdout] f95a59e3e5feb277e848fdb56dce5a45692fd5cdb67be39cbf2f5a93ace77990
[INFO] running `Command { std: "docker" "create" "-v" "/var/lib/crater-agent-workspace/builds/worker-6-tc2/target:/opt/rustwide/target:rw,Z" "-v" "/var/lib/crater-agent-workspace/builds/worker-6-tc2/source:/opt/rustwide/workdir:ro,Z" "-v" "/var/lib/crater-agent-workspace/cargo-home:/opt/rustwide/cargo-home:ro,Z" "-v" "/var/lib/crater-agent-workspace/rustup-home:/opt/rustwide/rustup-home:ro,Z" "-e" "SOURCE_DIR=/opt/rustwide/workdir" "-e" "CARGO_TARGET_DIR=/opt/rustwide/target" "-e" "CARGO_INCREMENTAL=0" "-e" "RUST_BACKTRACE=full" "-e" "RUSTFLAGS=--cap-lints=warn" "-e" "RUSTDOCFLAGS=--cap-lints=warn" "-e" "CARGO_HOME=/opt/rustwide/cargo-home" "-e" "RUSTUP_HOME=/opt/rustwide/rustup-home" "-w" "/opt/rustwide/workdir" "-m" "1610612736" "--user" "0:0" "--network" "none" "ghcr.io/rust-lang/crates-build-env/linux@sha256:2788e3201cd34a07e3172128adcd8b3090168a8e3bcc40d7c032b9dda1df7d1c" "/opt/rustwide/cargo-home/bin/cargo" "+beta-2023-12-22" "build" "--frozen" "--message-format=json", kill_on_drop: false }`
[INFO] [stdout] 7b98fd147bbee6be08b58ca2da258fba0bfccab30432b08440930096680560f0
[INFO] running `Command { std: "docker" "start" "-a" "7b98fd147bbee6be08b58ca2da258fba0bfccab30432b08440930096680560f0", kill_on_drop: false }`
[INFO] [stderr]    Compiling autocfg v1.1.0
[INFO] [stderr]    Compiling libc v0.2.126
[INFO] [stderr]    Compiling memchr v2.5.0
[INFO] [stderr]    Compiling os_str_bytes v6.2.0
[INFO] [stderr]    Compiling hashbrown v0.12.3
[INFO] [stderr]    Compiling textwrap v0.15.0
[INFO] [stderr]    Compiling bitflags v1.3.2
[INFO] [stderr]    Compiling strsim v0.10.0
[INFO] [stderr]    Compiling termcolor v1.1.3
[INFO] [stderr]    Compiling regex-syntax v0.6.27
[INFO] [stderr]    Compiling same-file v1.0.6
[INFO] [stderr]    Compiling walkdir v2.3.2
[INFO] [stderr]    Compiling clap_lex v0.2.4
[INFO] [stderr]    Compiling indexmap v1.9.1
[INFO] [stderr]    Compiling aho-corasick v0.7.18
[INFO] [stderr]    Compiling atty v0.2.14
[INFO] [stderr]    Compiling clap v3.2.12
[INFO] [stderr]    Compiling regex v1.6.0
[INFO] [stderr]    Compiling khoj v0.1.0 (/opt/rustwide/workdir)
[INFO] [stderr]     Finished dev [unoptimized + debuginfo] target(s) in 3.85s
[INFO] running `Command { std: "docker" "inspect" "7b98fd147bbee6be08b58ca2da258fba0bfccab30432b08440930096680560f0", kill_on_drop: false }`
[INFO] running `Command { std: "docker" "rm" "-f" "7b98fd147bbee6be08b58ca2da258fba0bfccab30432b08440930096680560f0", kill_on_drop: false }`
[INFO] [stdout] 7b98fd147bbee6be08b58ca2da258fba0bfccab30432b08440930096680560f0
[INFO] running `Command { std: "docker" "create" "-v" "/var/lib/crater-agent-workspace/builds/worker-6-tc2/target:/opt/rustwide/target:rw,Z" "-v" "/var/lib/crater-agent-workspace/builds/worker-6-tc2/source:/opt/rustwide/workdir:ro,Z" "-v" "/var/lib/crater-agent-workspace/cargo-home:/opt/rustwide/cargo-home:ro,Z" "-v" "/var/lib/crater-agent-workspace/rustup-home:/opt/rustwide/rustup-home:ro,Z" "-e" "SOURCE_DIR=/opt/rustwide/workdir" "-e" "CARGO_TARGET_DIR=/opt/rustwide/target" "-e" "CARGO_INCREMENTAL=0" "-e" "RUST_BACKTRACE=full" "-e" "RUSTFLAGS=--cap-lints=warn" "-e" "RUSTDOCFLAGS=--cap-lints=warn" "-e" "CARGO_HOME=/opt/rustwide/cargo-home" "-e" "RUSTUP_HOME=/opt/rustwide/rustup-home" "-w" "/opt/rustwide/workdir" "-m" "1610612736" "--user" "0:0" "--network" "none" "ghcr.io/rust-lang/crates-build-env/linux@sha256:2788e3201cd34a07e3172128adcd8b3090168a8e3bcc40d7c032b9dda1df7d1c" "/opt/rustwide/cargo-home/bin/cargo" "+beta-2023-12-22" "test" "--frozen" "--no-run" "--message-format=json", kill_on_drop: false }`
[INFO] [stdout] 01589beee7347560662c139cc596d788db3091e3b79621a196793bfb08f042e1
[INFO] running `Command { std: "docker" "start" "-a" "01589beee7347560662c139cc596d788db3091e3b79621a196793bfb08f042e1", kill_on_drop: false }`
[INFO] [stderr]    Compiling libc v0.2.126
[INFO] [stderr]    Compiling cfg-if v1.0.0
[INFO] [stderr]    Compiling doc-comment v0.3.3
[INFO] [stderr]    Compiling either v1.7.0
[INFO] [stderr]    Compiling predicates-core v1.0.3
[INFO] [stderr]    Compiling lazy_static v1.4.0
[INFO] [stderr]    Compiling num-traits v0.2.15
[INFO] [stderr]    Compiling termtree v0.2.4
[INFO] [stderr]    Compiling regex-automata v0.1.10
[INFO] [stderr]    Compiling normalize-line-endings v0.3.0
[INFO] [stderr]    Compiling difflib v0.4.0
[INFO] [stderr]    Compiling ppv-lite86 v0.2.16
[INFO] [stderr]    Compiling predicates-tree v1.0.5
[INFO] [stderr]    Compiling itertools v0.10.3
[INFO] [stderr]    Compiling bstr v0.2.17
[INFO] [stderr]    Compiling atty v0.2.14
[INFO] [stderr]    Compiling getrandom v0.2.7
[INFO] [stderr]    Compiling wait-timeout v0.2.0
[INFO] [stderr]    Compiling clap v3.2.12
[INFO] [stderr]    Compiling rand_core v0.6.3
[INFO] [stderr]    Compiling rand_chacha v0.3.1
[INFO] [stderr]    Compiling float-cmp v0.9.0
[INFO] [stderr]    Compiling rand v0.8.5
[INFO] [stderr]    Compiling predicates v2.1.1
[INFO] [stderr]    Compiling assert_cmd v2.0.4
[INFO] [stderr]    Compiling khoj v0.1.0 (/opt/rustwide/workdir)
[INFO] [stderr]     Finished test [unoptimized + debuginfo] target(s) in 3.74s
[INFO] running `Command { std: "docker" "inspect" "01589beee7347560662c139cc596d788db3091e3b79621a196793bfb08f042e1", kill_on_drop: false }`
[INFO] running `Command { std: "docker" "rm" "-f" "01589beee7347560662c139cc596d788db3091e3b79621a196793bfb08f042e1", kill_on_drop: false }`
[INFO] [stdout] 01589beee7347560662c139cc596d788db3091e3b79621a196793bfb08f042e1
[INFO] running `Command { std: "docker" "create" "-v" "/var/lib/crater-agent-workspace/builds/worker-6-tc2/target:/opt/rustwide/target:rw,Z" "-v" "/var/lib/crater-agent-workspace/builds/worker-6-tc2/source:/opt/rustwide/workdir:ro,Z" "-v" "/var/lib/crater-agent-workspace/cargo-home:/opt/rustwide/cargo-home:ro,Z" "-v" "/var/lib/crater-agent-workspace/rustup-home:/opt/rustwide/rustup-home:ro,Z" "-e" "SOURCE_DIR=/opt/rustwide/workdir" "-e" "CARGO_TARGET_DIR=/opt/rustwide/target" "-e" "CARGO_INCREMENTAL=0" "-e" "RUST_BACKTRACE=full" "-e" "RUSTFLAGS=--cap-lints=warn" "-e" "RUSTDOCFLAGS=--cap-lints=warn" "-e" "CARGO_HOME=/opt/rustwide/cargo-home" "-e" "RUSTUP_HOME=/opt/rustwide/rustup-home" "-w" "/opt/rustwide/workdir" "-m" "1610612736" "--user" "0:0" "--network" "none" "ghcr.io/rust-lang/crates-build-env/linux@sha256:2788e3201cd34a07e3172128adcd8b3090168a8e3bcc40d7c032b9dda1df7d1c" "/opt/rustwide/cargo-home/bin/cargo" "+beta-2023-12-22" "test" "--frozen", kill_on_drop: false }`
[INFO] [stdout] 4c7565e1f2b97e8891364b07606ebe57a6037f6471063e82e6245d7f6c81f7cd
[INFO] running `Command { std: "docker" "start" "-a" "4c7565e1f2b97e8891364b07606ebe57a6037f6471063e82e6245d7f6c81f7cd", kill_on_drop: false }`
[INFO] [stderr]     Finished test [unoptimized + debuginfo] target(s) in 0.02s
[INFO] [stderr]      Running unittests src/lib.rs (/opt/rustwide/target/debug/deps/khoj-d92aa1e508a16505)
[INFO] [stdout] 
[INFO] [stdout] running 0 tests
[INFO] [stdout] 
[INFO] [stdout] test result: ok. 0 passed; 0 failed; 0 ignored; 0 measured; 0 filtered out; finished in 0.00s
[INFO] [stdout] 
[INFO] [stderr]      Running unittests src/main.rs (/opt/rustwide/target/debug/deps/khoj-bcc54c7ea687e0dc)
[INFO] [stdout] 
[INFO] [stdout] running 0 tests
[INFO] [stdout] 
[INFO] [stdout] test result: ok. 0 passed; 0 failed; 0 ignored; 0 measured; 0 filtered out; finished in 0.00s
[INFO] [stdout] 
[INFO] [stderr]      Running tests/cli.rs (/opt/rustwide/target/debug/deps/cli-7a3bc771923b1f66)
[INFO] [stdout] 
[INFO] [stdout] running 28 tests
[INFO] [stdout] test dies_bad_name ... ok
[INFO] [stdout] test dies_bad_type ... ok
[INFO] [stdout] test name_txt_path_a_d ... ok
[INFO] [stdout] test name_a ... ok
[INFO] [stdout] test path1 ... ok
[INFO] [stdout] test path_a_b_d ... ok
[INFO] [stdout] test name_csv_mp3 ... ok
[INFO] [stdout] test name_csv ... ok
[INFO] [stdout] test path_a_b ... ok
[INFO] [stdout] test path_a ... ok
[INFO] [stdout] test path_d ... ok
[INFO] [stdout] test path_g ... ok
[INFO] [stdout] test type_d ... ok
[INFO] [stdout] test type_d_path_a_b ... ok
[INFO] [stdout] test type_d_name_a ... ok
[INFO] [stdout] test type_d_path_a_b_d ... ok
[INFO] [stdout] test unreadable_dir ... FAILED
[INFO] [stdout] test type_d_path_a ... ok
[INFO] [stdout] test type_d_path_d ... ok
[INFO] [stdout] test type_f ... ok
[INFO] [stdout] test type_f_l ... ok
[INFO] [stdout] test type_f_name_a ... ok
[INFO] [stdout] test type_f_path_a_b_d ... ok
[INFO] [stdout] test type_l ... ok
[INFO] [stdout] test type_f_path_a_b ... ok
[INFO] [stdout] test type_f_path_a ... ok
[INFO] [stdout] test type_f_path_d ... ok
[INFO] [stdout] test skips_bad_dir ... ok
[INFO] [stdout] 
[INFO] [stdout] failures:
[INFO] [stdout] 
[INFO] [stdout] ---- unreadable_dir stdout ----
[INFO] [stdout] Error: Os { code: 30, kind: ReadOnlyFilesystem, message: "Read-only file system" }
[INFO] [stdout] 
[INFO] [stdout] 
[INFO] [stdout] failures:
[INFO] [stdout]     unreadable_dir
[INFO] [stdout] 
[INFO] [stdout] test result: FAILED. 27 passed; 1 failed; 0 ignored; 0 measured; 0 filtered out; finished in 0.01s
[INFO] [stdout] 
[INFO] [stderr] error: test failed, to rerun pass `--test cli`
[INFO] running `Command { std: "docker" "inspect" "4c7565e1f2b97e8891364b07606ebe57a6037f6471063e82e6245d7f6c81f7cd", kill_on_drop: false }`
[INFO] running `Command { std: "docker" "rm" "-f" "4c7565e1f2b97e8891364b07606ebe57a6037f6471063e82e6245d7f6c81f7cd", kill_on_drop: false }`
[INFO] [stdout] 4c7565e1f2b97e8891364b07606ebe57a6037f6471063e82e6245d7f6c81f7cd
