[INFO] cloning repository https://github.com/sammosampson/hephaestus
[INFO] running `Command { std: "git" "-c" "credential.helper=" "-c" "credential.helper=/workspace/cargo-home/bin/git-credential-null" "clone" "--bare" "https://github.com/sammosampson/hephaestus" "/workspace/cache/git-repos/https%3A%2F%2Fgithub.com%2Fsammosampson%2Fhephaestus", kill_on_drop: false }`
[INFO] [stderr] Cloning into bare repository '/workspace/cache/git-repos/https%3A%2F%2Fgithub.com%2Fsammosampson%2Fhephaestus'...
[INFO] running `Command { std: "git" "rev-parse" "HEAD", kill_on_drop: false }`
[INFO] [stdout] 70186106a7c4869550c38dabf99393f22db2ad1a
[INFO] testing sammosampson/hephaestus against 1.75.0 for beta-1.76-1
[INFO] running `Command { std: "git" "clone" "/workspace/cache/git-repos/https%3A%2F%2Fgithub.com%2Fsammosampson%2Fhephaestus" "/workspace/builds/worker-7-tc1/source", kill_on_drop: false }`
[INFO] [stderr] Cloning into '/workspace/builds/worker-7-tc1/source'...
[INFO] [stderr] done.
[INFO] validating manifest of git repo https://github.com/sammosampson/hephaestus on toolchain 1.75.0
[INFO] running `Command { std: CARGO_HOME="/workspace/cargo-home" RUSTUP_HOME="/workspace/rustup-home" "/workspace/cargo-home/bin/cargo" "+1.75.0" "metadata" "--manifest-path" "Cargo.toml" "--no-deps", kill_on_drop: false }`
[INFO] started tweaking git repo https://github.com/sammosampson/hephaestus
[INFO] finished tweaking git repo https://github.com/sammosampson/hephaestus
[INFO] tweaked toml for git repo https://github.com/sammosampson/hephaestus written to /workspace/builds/worker-7-tc1/source/Cargo.toml
[INFO] crate git repo https://github.com/sammosampson/hephaestus already has a lockfile, it will not be regenerated
[INFO] running `Command { std: CARGO_HOME="/workspace/cargo-home" RUSTUP_HOME="/workspace/rustup-home" "/workspace/cargo-home/bin/cargo" "+1.75.0" "fetch" "--manifest-path" "Cargo.toml", kill_on_drop: false }`
[INFO] running `Command { std: "docker" "create" "-v" "/var/lib/crater-agent-workspace/builds/worker-7-tc1/target:/opt/rustwide/target:rw,Z" "-v" "/var/lib/crater-agent-workspace/builds/worker-7-tc1/source:/opt/rustwide/workdir:ro,Z" "-v" "/var/lib/crater-agent-workspace/cargo-home:/opt/rustwide/cargo-home:ro,Z" "-v" "/var/lib/crater-agent-workspace/rustup-home:/opt/rustwide/rustup-home:ro,Z" "-e" "SOURCE_DIR=/opt/rustwide/workdir" "-e" "CARGO_TARGET_DIR=/opt/rustwide/target" "-e" "CARGO_HOME=/opt/rustwide/cargo-home" "-e" "RUSTUP_HOME=/opt/rustwide/rustup-home" "-w" "/opt/rustwide/workdir" "-m" "1610612736" "--user" "0:0" "--network" "none" "ghcr.io/rust-lang/crates-build-env/linux@sha256:2788e3201cd34a07e3172128adcd8b3090168a8e3bcc40d7c032b9dda1df7d1c" "/opt/rustwide/cargo-home/bin/cargo" "+1.75.0" "metadata" "--no-deps" "--format-version=1", kill_on_drop: false }`
[INFO] [stdout] 671eabc65bff5573f6485e1f05604b21885d1f84158215fcac05723e74aff61d
[INFO] running `Command { std: "docker" "start" "-a" "671eabc65bff5573f6485e1f05604b21885d1f84158215fcac05723e74aff61d", kill_on_drop: false }`
[INFO] running `Command { std: "docker" "inspect" "671eabc65bff5573f6485e1f05604b21885d1f84158215fcac05723e74aff61d", kill_on_drop: false }`
[INFO] running `Command { std: "docker" "rm" "-f" "671eabc65bff5573f6485e1f05604b21885d1f84158215fcac05723e74aff61d", kill_on_drop: false }`
[INFO] [stdout] 671eabc65bff5573f6485e1f05604b21885d1f84158215fcac05723e74aff61d
[INFO] running `Command { std: "docker" "create" "-v" "/var/lib/crater-agent-workspace/builds/worker-7-tc1/target:/opt/rustwide/target:rw,Z" "-v" "/var/lib/crater-agent-workspace/builds/worker-7-tc1/source:/opt/rustwide/workdir:ro,Z" "-v" "/var/lib/crater-agent-workspace/cargo-home:/opt/rustwide/cargo-home:ro,Z" "-v" "/var/lib/crater-agent-workspace/rustup-home:/opt/rustwide/rustup-home:ro,Z" "-e" "SOURCE_DIR=/opt/rustwide/workdir" "-e" "CARGO_TARGET_DIR=/opt/rustwide/target" "-e" "CARGO_INCREMENTAL=0" "-e" "RUST_BACKTRACE=full" "-e" "RUSTFLAGS=--cap-lints=warn" "-e" "RUSTDOCFLAGS=--cap-lints=warn" "-e" "CARGO_HOME=/opt/rustwide/cargo-home" "-e" "RUSTUP_HOME=/opt/rustwide/rustup-home" "-w" "/opt/rustwide/workdir" "-m" "1610612736" "--user" "0:0" "--network" "none" "ghcr.io/rust-lang/crates-build-env/linux@sha256:2788e3201cd34a07e3172128adcd8b3090168a8e3bcc40d7c032b9dda1df7d1c" "/opt/rustwide/cargo-home/bin/cargo" "+1.75.0" "build" "--frozen" "--message-format=json", kill_on_drop: false }`
[INFO] [stdout] de5488edc8fc963eb81de3aee40647011a83f34db60edcbdbfb273ddb9950563
[INFO] running `Command { std: "docker" "start" "-a" "de5488edc8fc963eb81de3aee40647011a83f34db60edcbdbfb273ddb9950563", kill_on_drop: false }`
[INFO] [stderr]    Compiling libc v0.2.132
[INFO] [stderr]    Compiling cfg-if v1.0.0
[INFO] [stderr]    Compiling memchr v2.5.0
[INFO] [stderr]    Compiling log v0.4.17
[INFO] [stderr]    Compiling regex-syntax v0.6.27
[INFO] [stderr]    Compiling quick-error v1.2.3
[INFO] [stderr]    Compiling ppv-lite86 v0.2.16
[INFO] [stderr]    Compiling termcolor v1.1.3
[INFO] [stderr]    Compiling humantime v1.3.0
[INFO] [stderr]    Compiling getrandom v0.2.7
[INFO] [stderr]    Compiling atty v0.2.14
[INFO] [stderr]    Compiling aho-corasick v0.7.19
[INFO] [stderr]    Compiling rand_core v0.6.3
[INFO] [stderr]    Compiling rand_chacha v0.3.1
[INFO] [stderr]    Compiling rand v0.8.5
[INFO] [stderr]    Compiling regex v1.6.0
[INFO] [stderr]    Compiling uuid v1.1.2
[INFO] [stderr]    Compiling env_logger v0.7.1
[INFO] [stderr]    Compiling pretty_env_logger v0.4.0
[INFO] [stderr]    Compiling rust-hephaestus v0.1.0 (/opt/rustwide/workdir)
[INFO] [stdout] warning: unused import: `llvm::*`
[INFO] [stdout]  --> src/backends/mod.rs:5:9
[INFO] [stdout]   |
[INFO] [stdout] 5 | pub use llvm::*;
[INFO] [stdout]   |         ^^^^^^^
[INFO] [stdout]   |
[INFO] [stdout]   = note: `#[warn(unused_imports)]` on by default
[INFO] [stdout] 
[INFO] [stdout] 
[INFO] [stdout] warning: `todo_error` is ambiguous
[INFO] [stdout]    --> src/backends/x64/builder.rs:109:69
[INFO] [stdout]     |
[INFO] [stdout] 109 |             ByteCodeSymbol::AbsoluteExternal64 { .. } => return Err(todo_error("64 bit absolute external symbol insertion")),
[INFO] [stdout]     |                                                                     ^^^^^^^^^^ ambiguous name
[INFO] [stdout]     |
[INFO] [stdout]     = warning: this was previously accepted by the compiler but is being phased out; it will become a hard error in a future release!
[INFO] [stdout]     = note: for more information, see issue #114095 <https://github.com/rust-lang/rust/issues/114095>
[INFO] [stdout]     = note: ambiguous because of multiple glob imports of a name in the same module
[INFO] [stdout] note: `todo_error` could refer to the function imported here
[INFO] [stdout]    --> src/backends/mod.rs:7:9
[INFO] [stdout]     |
[INFO] [stdout] 7   | pub use errors::*;
[INFO] [stdout]     |         ^^^^^^^^^
[INFO] [stdout]     = help: consider adding an explicit import of `todo_error` to disambiguate
[INFO] [stdout] note: `todo_error` could also refer to the function imported here
[INFO] [stdout]    --> src/backends/mod.rs:15:5
[INFO] [stdout]     |
[INFO] [stdout] 15  |     errors::*
[INFO] [stdout]     |     ^^^^^^^^^
[INFO] [stdout]     = help: consider adding an explicit import of `todo_error` to disambiguate
[INFO] [stdout]     = note: `#[warn(ambiguous_glob_imports)]` on by default
[INFO] [stdout] 
[INFO] [stdout] 
[INFO] [stdout] warning: `todo_error` is ambiguous
[INFO] [stdout]    --> src/backends/x64/builder.rs:156:22
[INFO] [stdout]     |
[INFO] [stdout] 156 |             _ => Err(todo_error("more call return arg registers"))
[INFO] [stdout]     |                      ^^^^^^^^^^ ambiguous name
[INFO] [stdout]     |
[INFO] [stdout]     = warning: this was previously accepted by the compiler but is being phased out; it will become a hard error in a future release!
[INFO] [stdout]     = note: for more information, see issue #114095 <https://github.com/rust-lang/rust/issues/114095>
[INFO] [stdout]     = note: ambiguous because of multiple glob imports of a name in the same module
[INFO] [stdout] note: `todo_error` could refer to the function imported here
[INFO] [stdout]    --> src/backends/mod.rs:7:9
[INFO] [stdout]     |
[INFO] [stdout] 7   | pub use errors::*;
[INFO] [stdout]     |         ^^^^^^^^^
[INFO] [stdout]     = help: consider adding an explicit import of `todo_error` to disambiguate
[INFO] [stdout] note: `todo_error` could also refer to the function imported here
[INFO] [stdout]    --> src/backends/mod.rs:15:5
[INFO] [stdout]     |
[INFO] [stdout] 15  |     errors::*
[INFO] [stdout]     |     ^^^^^^^^^
[INFO] [stdout]     = help: consider adding an explicit import of `todo_error` to disambiguate
[INFO] [stdout] 
[INFO] [stdout] 
[INFO] [stdout] warning: `perform_typing` is ambiguous
[INFO] [stdout]   --> src/compilation/parsing.rs:46:9
[INFO] [stdout]    |
[INFO] [stdout] 46 |         perform_typing(compiler, unit, ctx);
[INFO] [stdout]    |         ^^^^^^^^^^^^^^ ambiguous name
[INFO] [stdout]    |
[INFO] [stdout]    = warning: this was previously accepted by the compiler but is being phased out; it will become a hard error in a future release!
[INFO] [stdout]    = note: for more information, see issue #114095 <https://github.com/rust-lang/rust/issues/114095>
[INFO] [stdout]    = note: ambiguous because of multiple glob imports of a name in the same module
[INFO] [stdout] note: `perform_typing` could refer to the function imported here
[INFO] [stdout]   --> src/compilation/mod.rs:12:9
[INFO] [stdout]    |
[INFO] [stdout] 12 | pub use typing::*;
[INFO] [stdout]    |         ^^^^^^^^^
[INFO] [stdout]    = help: consider adding an explicit import of `perform_typing` to disambiguate
[INFO] [stdout] note: `perform_typing` could also refer to the function imported here
[INFO] [stdout]   --> src/compilation/mod.rs:24:5
[INFO] [stdout]    |
[INFO] [stdout] 24 |     typing::*,
[INFO] [stdout]    |     ^^^^^^^^^
[INFO] [stdout]    = help: consider adding an explicit import of `perform_typing` to disambiguate
[INFO] [stdout] 
[INFO] [stdout] 
[INFO] [stdout] warning: ambiguous glob re-exports
[INFO] [stdout]   --> src/lib.rs:22:9
[INFO] [stdout]    |
[INFO] [stdout] 22 | pub use typing::*;
[INFO] [stdout]    |         ^^^^^^^^^ the name `perform_typing` in the value namespace is first re-exported here
[INFO] [stdout] ...
[INFO] [stdout] 29 | pub use compilation::*;
[INFO] [stdout]    |         -------------- but the name `perform_typing` in the value namespace is also re-exported here
[INFO] [stdout]    |
[INFO] [stdout]    = note: `#[warn(ambiguous_glob_reexports)]` on by default
[INFO] [stdout] 
[INFO] [stdout] 
[INFO] [stdout] warning: ambiguous glob re-exports
[INFO] [stdout]   --> src/lib.rs:23:9
[INFO] [stdout]    |
[INFO] [stdout] 23 | pub use sizing::*;
[INFO] [stdout]    |         ^^^^^^^^^ the name `perform_sizing` in the value namespace is first re-exported here
[INFO] [stdout] ...
[INFO] [stdout] 29 | pub use compilation::*;
[INFO] [stdout]    |         -------------- but the name `perform_sizing` in the value namespace is also re-exported here
[INFO] [stdout] 
[INFO] [stdout] 
[INFO] [stdout] warning: ambiguous glob re-exports
[INFO] [stdout]   --> src/lib.rs:25:9
[INFO] [stdout]    |
[INFO] [stdout] 25 | pub use backends::*;
[INFO] [stdout]    |         ^^^^^^^^^^^ the name `todo_error` in the value namespace is first re-exported here
[INFO] [stdout] ...
[INFO] [stdout] 34 | pub use errors::*;
[INFO] [stdout]    |         --------- but the name `todo_error` in the value namespace is also re-exported here
[INFO] [stdout] 
[INFO] [stdout] 
[INFO] [stdout] warning: 7 warnings emitted
[INFO] [stdout] 
[INFO] [stdout] 
[INFO] [stderr]     Finished dev [unoptimized + debuginfo] target(s) in 4.96s
[INFO] running `Command { std: "docker" "inspect" "de5488edc8fc963eb81de3aee40647011a83f34db60edcbdbfb273ddb9950563", kill_on_drop: false }`
[INFO] running `Command { std: "docker" "rm" "-f" "de5488edc8fc963eb81de3aee40647011a83f34db60edcbdbfb273ddb9950563", kill_on_drop: false }`
[INFO] [stdout] de5488edc8fc963eb81de3aee40647011a83f34db60edcbdbfb273ddb9950563
[INFO] running `Command { std: "docker" "create" "-v" "/var/lib/crater-agent-workspace/builds/worker-7-tc1/target:/opt/rustwide/target:rw,Z" "-v" "/var/lib/crater-agent-workspace/builds/worker-7-tc1/source:/opt/rustwide/workdir:ro,Z" "-v" "/var/lib/crater-agent-workspace/cargo-home:/opt/rustwide/cargo-home:ro,Z" "-v" "/var/lib/crater-agent-workspace/rustup-home:/opt/rustwide/rustup-home:ro,Z" "-e" "SOURCE_DIR=/opt/rustwide/workdir" "-e" "CARGO_TARGET_DIR=/opt/rustwide/target" "-e" "CARGO_INCREMENTAL=0" "-e" "RUST_BACKTRACE=full" "-e" "RUSTFLAGS=--cap-lints=warn" "-e" "RUSTDOCFLAGS=--cap-lints=warn" "-e" "CARGO_HOME=/opt/rustwide/cargo-home" "-e" "RUSTUP_HOME=/opt/rustwide/rustup-home" "-w" "/opt/rustwide/workdir" "-m" "1610612736" "--user" "0:0" "--network" "none" "ghcr.io/rust-lang/crates-build-env/linux@sha256:2788e3201cd34a07e3172128adcd8b3090168a8e3bcc40d7c032b9dda1df7d1c" "/opt/rustwide/cargo-home/bin/cargo" "+1.75.0" "test" "--frozen" "--no-run" "--message-format=json", kill_on_drop: false }`
[INFO] [stdout] 3ef9e5b8899d883a13eee8edfb08096b730c31c32ab1e9909dafcfd76e23557e
[INFO] running `Command { std: "docker" "start" "-a" "3ef9e5b8899d883a13eee8edfb08096b730c31c32ab1e9909dafcfd76e23557e", kill_on_drop: false }`
[INFO] [stdout] warning: unused import: `llvm::*`
[INFO] [stdout]  --> src/backends/mod.rs:5:9
[INFO] [stdout]   |
[INFO] [stdout] 5 | pub use llvm::*;
[INFO] [stdout]   |         ^^^^^^^
[INFO] [stdout]   |
[INFO] [stdout]   = note: `#[warn(unused_imports)]` on by default
[INFO] [stdout] 
[INFO] [stdout] 
[INFO] [stdout] warning: `todo_error` is ambiguous
[INFO] [stdout]    --> src/backends/x64/builder.rs:109:69
[INFO] [stdout]     |
[INFO] [stdout] 109 |             ByteCodeSymbol::AbsoluteExternal64 { .. } => return Err(todo_error("64 bit absolute external symbol insertion")),
[INFO] [stdout]     |                                                                     ^^^^^^^^^^ ambiguous name
[INFO] [stdout]     |
[INFO] [stdout]     = warning: this was previously accepted by the compiler but is being phased out; it will become a hard error in a future release!
[INFO] [stdout]     = note: for more information, see issue #114095 <https://github.com/rust-lang/rust/issues/114095>
[INFO] [stdout]     = note: ambiguous because of multiple glob imports of a name in the same module
[INFO] [stdout] note: `todo_error` could refer to the function imported here
[INFO] [stdout]    --> src/backends/mod.rs:7:9
[INFO] [stdout]     |
[INFO] [stdout] 7   | pub use errors::*;
[INFO] [stdout]     |         ^^^^^^^^^
[INFO] [stdout]     = help: consider adding an explicit import of `todo_error` to disambiguate
[INFO] [stdout] note: `todo_error` could also refer to the function imported here
[INFO] [stdout]    --> src/backends/mod.rs:15:5
[INFO] [stdout]     |
[INFO] [stdout] 15  |     errors::*
[INFO] [stdout]     |     ^^^^^^^^^
[INFO] [stdout]     = help: consider adding an explicit import of `todo_error` to disambiguate
[INFO] [stdout]     = note: `#[warn(ambiguous_glob_imports)]` on by default
[INFO] [stdout] 
[INFO] [stdout] 
[INFO] [stdout] warning: `todo_error` is ambiguous
[INFO] [stdout]    --> src/backends/x64/builder.rs:156:22
[INFO] [stdout]     |
[INFO] [stdout] 156 |             _ => Err(todo_error("more call return arg registers"))
[INFO] [stdout]     |                      ^^^^^^^^^^ ambiguous name
[INFO] [stdout]     |
[INFO] [stdout]     = warning: this was previously accepted by the compiler but is being phased out; it will become a hard error in a future release!
[INFO] [stdout]     = note: for more information, see issue #114095 <https://github.com/rust-lang/rust/issues/114095>
[INFO] [stdout]     = note: ambiguous because of multiple glob imports of a name in the same module
[INFO] [stdout] note: `todo_error` could refer to the function imported here
[INFO] [stdout]    --> src/backends/mod.rs:7:9
[INFO] [stdout]     |
[INFO] [stdout] 7   | pub use errors::*;
[INFO] [stdout]     |         ^^^^^^^^^
[INFO] [stdout]     = help: consider adding an explicit import of `todo_error` to disambiguate
[INFO] [stdout] note: `todo_error` could also refer to the function imported here
[INFO] [stdout]    --> src/backends/mod.rs:15:5
[INFO] [stdout]     |
[INFO] [stdout] 15  |     errors::*
[INFO] [stdout]     |     ^^^^^^^^^
[INFO] [stdout]     = help: consider adding an explicit import of `todo_error` to disambiguate
[INFO] [stdout] 
[INFO] [stdout] 
[INFO] [stderr]    Compiling rust-hephaestus v0.1.0 (/opt/rustwide/workdir)
[INFO] [stdout] warning: `perform_typing` is ambiguous
[INFO] [stdout]   --> src/compilation/parsing.rs:46:9
[INFO] [stdout]    |
[INFO] [stdout] 46 |         perform_typing(compiler, unit, ctx);
[INFO] [stdout]    |         ^^^^^^^^^^^^^^ ambiguous name
[INFO] [stdout]    |
[INFO] [stdout]    = warning: this was previously accepted by the compiler but is being phased out; it will become a hard error in a future release!
[INFO] [stdout]    = note: for more information, see issue #114095 <https://github.com/rust-lang/rust/issues/114095>
[INFO] [stdout]    = note: ambiguous because of multiple glob imports of a name in the same module
[INFO] [stdout] note: `perform_typing` could refer to the function imported here
[INFO] [stdout]   --> src/compilation/mod.rs:12:9
[INFO] [stdout]    |
[INFO] [stdout] 12 | pub use typing::*;
[INFO] [stdout]    |         ^^^^^^^^^
[INFO] [stdout]    = help: consider adding an explicit import of `perform_typing` to disambiguate
[INFO] [stdout] note: `perform_typing` could also refer to the function imported here
[INFO] [stdout]   --> src/compilation/mod.rs:24:5
[INFO] [stdout]    |
[INFO] [stdout] 24 |     typing::*,
[INFO] [stdout]    |     ^^^^^^^^^
[INFO] [stdout]    = help: consider adding an explicit import of `perform_typing` to disambiguate
[INFO] [stdout] 
[INFO] [stdout] 
[INFO] [stdout] warning: ambiguous glob re-exports
[INFO] [stdout]   --> src/lib.rs:22:9
[INFO] [stdout]    |
[INFO] [stdout] 22 | pub use typing::*;
[INFO] [stdout]    |         ^^^^^^^^^ the name `perform_typing` in the value namespace is first re-exported here
[INFO] [stdout] ...
[INFO] [stdout] 29 | pub use compilation::*;
[INFO] [stdout]    |         -------------- but the name `perform_typing` in the value namespace is also re-exported here
[INFO] [stdout]    |
[INFO] [stdout]    = note: `#[warn(ambiguous_glob_reexports)]` on by default
[INFO] [stdout] 
[INFO] [stdout] 
[INFO] [stdout] warning: ambiguous glob re-exports
[INFO] [stdout]   --> src/lib.rs:23:9
[INFO] [stdout]    |
[INFO] [stdout] 23 | pub use sizing::*;
[INFO] [stdout]    |         ^^^^^^^^^ the name `perform_sizing` in the value namespace is first re-exported here
[INFO] [stdout] ...
[INFO] [stdout] 29 | pub use compilation::*;
[INFO] [stdout]    |         -------------- but the name `perform_sizing` in the value namespace is also re-exported here
[INFO] [stdout] 
[INFO] [stdout] 
[INFO] [stdout] warning: ambiguous glob re-exports
[INFO] [stdout]   --> src/lib.rs:25:9
[INFO] [stdout]    |
[INFO] [stdout] 25 | pub use backends::*;
[INFO] [stdout]    |         ^^^^^^^^^^^ the name `todo_error` in the value namespace is first re-exported here
[INFO] [stdout] ...
[INFO] [stdout] 34 | pub use errors::*;
[INFO] [stdout]    |         --------- but the name `todo_error` in the value namespace is also re-exported here
[INFO] [stdout] 
[INFO] [stdout] 
[INFO] [stdout] warning: 7 warnings emitted
[INFO] [stdout] 
[INFO] [stdout] 
[INFO] [stdout] warning: unused import: `llvm::*`
[INFO] [stdout]  --> src/backends/mod.rs:5:9
[INFO] [stdout]   |
[INFO] [stdout] 5 | pub use llvm::*;
[INFO] [stdout]   |         ^^^^^^^
[INFO] [stdout]   |
[INFO] [stdout]   = note: `#[warn(unused_imports)]` on by default
[INFO] [stdout] 
[INFO] [stdout] 
[INFO] [stdout] warning: `todo_error` is ambiguous
[INFO] [stdout]    --> src/backends/x64/builder.rs:109:69
[INFO] [stdout]     |
[INFO] [stdout] 109 |             ByteCodeSymbol::AbsoluteExternal64 { .. } => return Err(todo_error("64 bit absolute external symbol insertion")),
[INFO] [stdout]     |                                                                     ^^^^^^^^^^ ambiguous name
[INFO] [stdout]     |
[INFO] [stdout]     = warning: this was previously accepted by the compiler but is being phased out; it will become a hard error in a future release!
[INFO] [stdout]     = note: for more information, see issue #114095 <https://github.com/rust-lang/rust/issues/114095>
[INFO] [stdout]     = note: ambiguous because of multiple glob imports of a name in the same module
[INFO] [stdout] note: `todo_error` could refer to the function imported here
[INFO] [stdout]    --> src/backends/mod.rs:7:9
[INFO] [stdout]     |
[INFO] [stdout] 7   | pub use errors::*;
[INFO] [stdout]     |         ^^^^^^^^^
[INFO] [stdout]     = help: consider adding an explicit import of `todo_error` to disambiguate
[INFO] [stdout] note: `todo_error` could also refer to the function imported here
[INFO] [stdout]    --> src/backends/mod.rs:15:5
[INFO] [stdout]     |
[INFO] [stdout] 15  |     errors::*
[INFO] [stdout]     |     ^^^^^^^^^
[INFO] [stdout]     = help: consider adding an explicit import of `todo_error` to disambiguate
[INFO] [stdout]     = note: `#[warn(ambiguous_glob_imports)]` on by default
[INFO] [stdout] 
[INFO] [stdout] 
[INFO] [stdout] warning: `todo_error` is ambiguous
[INFO] [stdout]    --> src/backends/x64/builder.rs:156:22
[INFO] [stdout]     |
[INFO] [stdout] 156 |             _ => Err(todo_error("more call return arg registers"))
[INFO] [stdout]     |                      ^^^^^^^^^^ ambiguous name
[INFO] [stdout]     |
[INFO] [stdout]     = warning: this was previously accepted by the compiler but is being phased out; it will become a hard error in a future release!
[INFO] [stdout]     = note: for more information, see issue #114095 <https://github.com/rust-lang/rust/issues/114095>
[INFO] [stdout]     = note: ambiguous because of multiple glob imports of a name in the same module
[INFO] [stdout] note: `todo_error` could refer to the function imported here
[INFO] [stdout]    --> src/backends/mod.rs:7:9
[INFO] [stdout]     |
[INFO] [stdout] 7   | pub use errors::*;
[INFO] [stdout]     |         ^^^^^^^^^
[INFO] [stdout]     = help: consider adding an explicit import of `todo_error` to disambiguate
[INFO] [stdout] note: `todo_error` could also refer to the function imported here
[INFO] [stdout]    --> src/backends/mod.rs:15:5
[INFO] [stdout]     |
[INFO] [stdout] 15  |     errors::*
[INFO] [stdout]     |     ^^^^^^^^^
[INFO] [stdout]     = help: consider adding an explicit import of `todo_error` to disambiguate
[INFO] [stdout] 
[INFO] [stdout] 
[INFO] [stdout] warning: `perform_typing` is ambiguous
[INFO] [stdout]   --> src/compilation/parsing.rs:46:9
[INFO] [stdout]    |
[INFO] [stdout] 46 |         perform_typing(compiler, unit, ctx);
[INFO] [stdout]    |         ^^^^^^^^^^^^^^ ambiguous name
[INFO] [stdout]    |
[INFO] [stdout]    = warning: this was previously accepted by the compiler but is being phased out; it will become a hard error in a future release!
[INFO] [stdout]    = note: for more information, see issue #114095 <https://github.com/rust-lang/rust/issues/114095>
[INFO] [stdout]    = note: ambiguous because of multiple glob imports of a name in the same module
[INFO] [stdout] note: `perform_typing` could refer to the function imported here
[INFO] [stdout]   --> src/compilation/mod.rs:12:9
[INFO] [stdout]    |
[INFO] [stdout] 12 | pub use typing::*;
[INFO] [stdout]    |         ^^^^^^^^^
[INFO] [stdout]    = help: consider adding an explicit import of `perform_typing` to disambiguate
[INFO] [stdout] note: `perform_typing` could also refer to the function imported here
[INFO] [stdout]   --> src/compilation/mod.rs:24:5
[INFO] [stdout]    |
[INFO] [stdout] 24 |     typing::*,
[INFO] [stdout]    |     ^^^^^^^^^
[INFO] [stdout]    = help: consider adding an explicit import of `perform_typing` to disambiguate
[INFO] [stdout] 
[INFO] [stdout] 
[INFO] [stdout] warning: ambiguous glob re-exports
[INFO] [stdout]   --> src/lib.rs:22:9
[INFO] [stdout]    |
[INFO] [stdout] 22 | pub use typing::*;
[INFO] [stdout]    |         ^^^^^^^^^ the name `perform_typing` in the value namespace is first re-exported here
[INFO] [stdout] ...
[INFO] [stdout] 29 | pub use compilation::*;
[INFO] [stdout]    |         -------------- but the name `perform_typing` in the value namespace is also re-exported here
[INFO] [stdout]    |
[INFO] [stdout]    = note: `#[warn(ambiguous_glob_reexports)]` on by default
[INFO] [stdout] 
[INFO] [stdout] 
[INFO] [stdout] warning: ambiguous glob re-exports
[INFO] [stdout]   --> src/lib.rs:23:9
[INFO] [stdout]    |
[INFO] [stdout] 23 | pub use sizing::*;
[INFO] [stdout]    |         ^^^^^^^^^ the name `perform_sizing` in the value namespace is first re-exported here
[INFO] [stdout] ...
[INFO] [stdout] 29 | pub use compilation::*;
[INFO] [stdout]    |         -------------- but the name `perform_sizing` in the value namespace is also re-exported here
[INFO] [stdout] 
[INFO] [stdout] 
[INFO] [stdout] warning: ambiguous glob re-exports
[INFO] [stdout]   --> src/lib.rs:25:9
[INFO] [stdout]    |
[INFO] [stdout] 25 | pub use backends::*;
[INFO] [stdout]    |         ^^^^^^^^^^^ the name `todo_error` in the value namespace is first re-exported here
[INFO] [stdout] ...
[INFO] [stdout] 34 | pub use errors::*;
[INFO] [stdout]    |         --------- but the name `todo_error` in the value namespace is also re-exported here
[INFO] [stdout] 
[INFO] [stdout] 
[INFO] [stdout] warning: 7 warnings emitted
[INFO] [stdout] 
[INFO] [stdout] 
[INFO] [stderr]     Finished test [unoptimized + debuginfo] target(s) in 0.80s
[INFO] running `Command { std: "docker" "inspect" "3ef9e5b8899d883a13eee8edfb08096b730c31c32ab1e9909dafcfd76e23557e", kill_on_drop: false }`
[INFO] running `Command { std: "docker" "rm" "-f" "3ef9e5b8899d883a13eee8edfb08096b730c31c32ab1e9909dafcfd76e23557e", kill_on_drop: false }`
[INFO] [stdout] 3ef9e5b8899d883a13eee8edfb08096b730c31c32ab1e9909dafcfd76e23557e
[INFO] running `Command { std: "docker" "create" "-v" "/var/lib/crater-agent-workspace/builds/worker-7-tc1/target:/opt/rustwide/target:rw,Z" "-v" "/var/lib/crater-agent-workspace/builds/worker-7-tc1/source:/opt/rustwide/workdir:ro,Z" "-v" "/var/lib/crater-agent-workspace/cargo-home:/opt/rustwide/cargo-home:ro,Z" "-v" "/var/lib/crater-agent-workspace/rustup-home:/opt/rustwide/rustup-home:ro,Z" "-e" "SOURCE_DIR=/opt/rustwide/workdir" "-e" "CARGO_TARGET_DIR=/opt/rustwide/target" "-e" "CARGO_INCREMENTAL=0" "-e" "RUST_BACKTRACE=full" "-e" "RUSTFLAGS=--cap-lints=warn" "-e" "RUSTDOCFLAGS=--cap-lints=warn" "-e" "CARGO_HOME=/opt/rustwide/cargo-home" "-e" "RUSTUP_HOME=/opt/rustwide/rustup-home" "-w" "/opt/rustwide/workdir" "-m" "1610612736" "--user" "0:0" "--network" "none" "ghcr.io/rust-lang/crates-build-env/linux@sha256:2788e3201cd34a07e3172128adcd8b3090168a8e3bcc40d7c032b9dda1df7d1c" "/opt/rustwide/cargo-home/bin/cargo" "+1.75.0" "test" "--frozen", kill_on_drop: false }`
[INFO] [stdout] 8af3d6e9254db8f9f771f789d970d076775a8a1c3a5184db5346ede86248eeab
[INFO] running `Command { std: "docker" "start" "-a" "8af3d6e9254db8f9f771f789d970d076775a8a1c3a5184db5346ede86248eeab", kill_on_drop: false }`
[INFO] [stderr] warning: unused import: `llvm::*`
[INFO] [stderr]  --> src/backends/mod.rs:5:9
[INFO] [stderr]   |
[INFO] [stderr] 5 | pub use llvm::*;
[INFO] [stderr]   |         ^^^^^^^
[INFO] [stderr]   |
[INFO] [stderr]   = note: `#[warn(unused_imports)]` on by default
[INFO] [stderr] 
[INFO] [stderr] warning: `todo_error` is ambiguous
[INFO] [stderr]    --> src/backends/x64/builder.rs:109:69
[INFO] [stderr]     |
[INFO] [stderr] 109 |             ByteCodeSymbol::AbsoluteExternal64 { .. } => return Err(todo_error("64 bit absolute external symbol insertion")),
[INFO] [stderr]     |                                                                     ^^^^^^^^^^ ambiguous name
[INFO] [stderr]     |
[INFO] [stderr]     = warning: this was previously accepted by the compiler but is being phased out; it will become a hard error in a future release!
[INFO] [stderr]     = note: for more information, see issue #114095 <https://github.com/rust-lang/rust/issues/114095>
[INFO] [stderr]     = note: ambiguous because of multiple glob imports of a name in the same module
[INFO] [stderr] note: `todo_error` could refer to the function imported here
[INFO] [stderr]    --> src/backends/mod.rs:7:9
[INFO] [stderr]     |
[INFO] [stderr] 7   | pub use errors::*;
[INFO] [stderr]     |         ^^^^^^^^^
[INFO] [stderr]     = help: consider adding an explicit import of `todo_error` to disambiguate
[INFO] [stderr] note: `todo_error` could also refer to the function imported here
[INFO] [stderr]    --> src/backends/mod.rs:15:5
[INFO] [stderr]     |
[INFO] [stderr] 15  |     errors::*
[INFO] [stderr]     |     ^^^^^^^^^
[INFO] [stderr]     = help: consider adding an explicit import of `todo_error` to disambiguate
[INFO] [stderr]     = note: `#[warn(ambiguous_glob_imports)]` on by default
[INFO] [stderr] 
[INFO] [stderr] warning: `todo_error` is ambiguous
[INFO] [stderr]    --> src/backends/x64/builder.rs:156:22
[INFO] [stderr]     |
[INFO] [stderr] 156 |             _ => Err(todo_error("more call return arg registers"))
[INFO] [stderr]     |                      ^^^^^^^^^^ ambiguous name
[INFO] [stderr]     |
[INFO] [stderr]     = warning: this was previously accepted by the compiler but is being phased out; it will become a hard error in a future release!
[INFO] [stderr]     = note: for more information, see issue #114095 <https://github.com/rust-lang/rust/issues/114095>
[INFO] [stderr]     = note: ambiguous because of multiple glob imports of a name in the same module
[INFO] [stderr] note: `todo_error` could refer to the function imported here
[INFO] [stderr]    --> src/backends/mod.rs:7:9
[INFO] [stderr]     |
[INFO] [stderr] 7   | pub use errors::*;
[INFO] [stderr]     |         ^^^^^^^^^
[INFO] [stderr]     = help: consider adding an explicit import of `todo_error` to disambiguate
[INFO] [stderr] note: `todo_error` could also refer to the function imported here
[INFO] [stderr]    --> src/backends/mod.rs:15:5
[INFO] [stderr]     |
[INFO] [stderr] 15  |     errors::*
[INFO] [stderr]     |     ^^^^^^^^^
[INFO] [stderr]     = help: consider adding an explicit import of `todo_error` to disambiguate
[INFO] [stderr] 
[INFO] [stderr] warning: `perform_typing` is ambiguous
[INFO] [stderr]   --> src/compilation/parsing.rs:46:9
[INFO] [stderr]    |
[INFO] [stderr] 46 |         perform_typing(compiler, unit, ctx);
[INFO] [stderr]    |         ^^^^^^^^^^^^^^ ambiguous name
[INFO] [stderr]    |
[INFO] [stderr]    = warning: this was previously accepted by the compiler but is being phased out; it will become a hard error in a future release!
[INFO] [stderr]    = note: for more information, see issue #114095 <https://github.com/rust-lang/rust/issues/114095>
[INFO] [stderr]    = note: ambiguous because of multiple glob imports of a name in the same module
[INFO] [stderr] note: `perform_typing` could refer to the function imported here
[INFO] [stderr]   --> src/compilation/mod.rs:12:9
[INFO] [stderr]    |
[INFO] [stderr] 12 | pub use typing::*;
[INFO] [stderr]    |         ^^^^^^^^^
[INFO] [stderr]    = help: consider adding an explicit import of `perform_typing` to disambiguate
[INFO] [stderr] note: `perform_typing` could also refer to the function imported here
[INFO] [stderr]   --> src/compilation/mod.rs:24:5
[INFO] [stderr]    |
[INFO] [stderr] 24 |     typing::*,
[INFO] [stderr]    |     ^^^^^^^^^
[INFO] [stderr]    = help: consider adding an explicit import of `perform_typing` to disambiguate
[INFO] [stderr] 
[INFO] [stderr] warning: ambiguous glob re-exports
[INFO] [stderr]   --> src/lib.rs:22:9
[INFO] [stderr]    |
[INFO] [stderr] 22 | pub use typing::*;
[INFO] [stderr]    |         ^^^^^^^^^ the name `perform_typing` in the value namespace is first re-exported here
[INFO] [stderr] ...
[INFO] [stderr] 29 | pub use compilation::*;
[INFO] [stderr]    |         -------------- but the name `perform_typing` in the value namespace is also re-exported here
[INFO] [stderr]    |
[INFO] [stderr]    = note: `#[warn(ambiguous_glob_reexports)]` on by default
[INFO] [stderr] 
[INFO] [stderr] warning: ambiguous glob re-exports
[INFO] [stderr]   --> src/lib.rs:23:9
[INFO] [stderr]    |
[INFO] [stderr] 23 | pub use sizing::*;
[INFO] [stderr]    |         ^^^^^^^^^ the name `perform_sizing` in the value namespace is first re-exported here
[INFO] [stderr] ...
[INFO] [stderr] 29 | pub use compilation::*;
[INFO] [stderr]    |         -------------- but the name `perform_sizing` in the value namespace is also re-exported here
[INFO] [stderr] 
[INFO] [stderr] warning: ambiguous glob re-exports
[INFO] [stderr]   --> src/lib.rs:25:9
[INFO] [stderr]    |
[INFO] [stderr] 25 | pub use backends::*;
[INFO] [stderr]    |         ^^^^^^^^^^^ the name `todo_error` in the value namespace is first re-exported here
[INFO] [stderr] ...
[INFO] [stderr] 34 | pub use errors::*;
[INFO] [stderr]    |         --------- but the name `todo_error` in the value namespace is also re-exported here
[INFO] [stderr] 
[INFO] [stderr] warning: `rust-hephaestus` (lib) generated 7 warnings (run `cargo fix --lib -p rust-hephaestus` to apply 1 suggestion)
[INFO] [stderr] warning: `rust-hephaestus` (lib test) generated 7 warnings (7 duplicates)
[INFO] [stderr]     Finished test [unoptimized + debuginfo] target(s) in 0.01s
[INFO] [stderr]      Running unittests src/lib.rs (/opt/rustwide/target/debug/deps/rust_hephaestus-662510b3c7baf8a4)
[INFO] [stdout] 
[INFO] [stdout] running 0 tests
[INFO] [stdout] 
[INFO] [stdout] test result: ok. 0 passed; 0 failed; 0 ignored; 0 measured; 0 filtered out; finished in 0.00s
[INFO] [stdout] 
[INFO] [stderr]      Running unittests src/main.rs (/opt/rustwide/target/debug/deps/rust_hephaestus-ddf309772613bb4c)
[INFO] [stdout] 
[INFO] [stdout] running 0 tests
[INFO] [stdout] 
[INFO] [stdout] test result: ok. 0 passed; 0 failed; 0 ignored; 0 measured; 0 filtered out; finished in 0.00s
[INFO] [stdout] 
[INFO] [stderr]      Running tests/mod.rs (/opt/rustwide/target/debug/deps/mod-25682fff179f5023)
[INFO] [stdout] 
[INFO] [stdout] running 94 tests
[INFO] [stdout] test intermediate_representation::constants::byte_code_for_foreign_system_library_constant_generates_correctly ... ok
[INFO] [stdout] test intermediate_representation::constants::byte_code_for_known_type_signed_number_constant_generates_correctly ... ok
[INFO] [stdout] test intermediate_representation::assignments::byte_code_for_string_field_assignment_generates_correctly ... ok
[INFO] [stdout] test intermediate_representation::assignments::byte_code_for_known_type_signed_number_assignment_generates_correctly ... ok
[INFO] [stdout] test intermediate_representation::assignments::byte_code_for_cast_type_assignment_generates_correctly ... ok
[INFO] [stdout] test intermediate_representation::assignments::byte_code_for_string_assignment_generates_correctly ... ok
[INFO] [stdout] test intermediate_representation::constants::byte_code_for_inferred_type_signed_number_constant_generates_correctly ... ok
[INFO] [stdout] test intermediate_representation::hello_world::byte_code_for_known_type_signed_number_assignment_generates_correctly ... ok
[INFO] [stdout] test intermediate_representation::procedures::body::byte_code_for_procedure_body_generates_correctly ... ok
[INFO] [stdout] test intermediate_representation::procedures::body::byte_code_for_procedure_body_with_args_generates_correctly ... ok
[INFO] [stdout] test lexical::characters::get_next_character_with_input ... ok
[INFO] [stdout] test lexical::characters::get_next_character_with_multiline_input_sets_positioning_correctly ... ok
[INFO] [stdout] test intermediate_representation::procedures::calls::byte_code_for_procedure_call_with_arg_passed_from_body_args_generates_correctly ... ok
[INFO] [stdout] test lexical::characters::peek_next_character_empty_input ... ok
[INFO] [stdout] test lexical::characters::read_characters_up_until_stops_at_eof_regardless ... ok
[INFO] [stdout] test lexical::characters::peek_next_character_with_input ... ok
[INFO] [stdout] test lexical::tokens::assignment::compound_get_for_assignment_to_cast ... ok
[INFO] [stdout] test lexical::characters::read_characters_up_until_with_whitespace_check ... ok
[INFO] [stdout] test lexical::tokens::assignment::compound_get_for_assignment_to_string ... ok
[INFO] [stdout] test lexical::tokens::assignment::compound_get_for_invalid_typed_variable ... ok
[INFO] [stdout] test lexical::tokens::assignment::compound_get_for_typed_constant_with_initial_asignment ... ok
[INFO] [stdout] test lexical::tokens::assignment::compound_get_for_invalid_typed_variable_with_initial_asignment ... ok
[INFO] [stdout] test lexical::tokens::assignment::compound_get_for_typed_variable ... ok
[INFO] [stdout] test lexical::tokens::assignment::compound_get_for_typed_variable_with_initial_asignment ... ok
[INFO] [stdout] test intermediate_representation::procedures::calls::byte_code_for_procedure_call_with_args_generates_correctly ... ok
[INFO] [stdout] test lexical::tokens::assignment::compound_get_for_variable_initial_assignment_to_float ... ok
[INFO] [stdout] test lexical::tokens::assignment::compound_get_for_variable_initial_assignment_to_positive_int ... ok
[INFO] [stdout] test lexical::tokens::assignment::compound_get_for_variable_initial_assignment_to_negative_int ... ok
[INFO] [stdout] test lexical::tokens::assignment::compound_get_for_variable_reassignment ... ok
[INFO] [stdout] test lexical::tokens::directives::compound_get_for_directive_with_string_literal ... ok
[INFO] [stdout] test lexical::tokens::compound_get_next_token_gets_correctly_with_positioning ... ok
[INFO] [stdout] test lexical::tokens::functions::compound_get_for_function_call ... ok
[INFO] [stdout] test lexical::tokens::functions::compound_get_for_function_declaration ... ok
[INFO] [stdout] test lexical::tokens::functions::compound_get_for_function_declaration_other_built_in_type_args ... ok
[INFO] [stdout] test lexical::tokens::functions::compound_get_for_function_declaration_other_built_in_pointer_type_args ... ok
[INFO] [stdout] test lexical::tokens::functions::compound_get_for_function_declaration_pointer_args ... ok
[INFO] [stdout] test lexical::tokens::functions::compound_get_for_function_declaration_two_args ... ok
[INFO] [stdout] test lexical::tokens::functions::compound_get_for_function_declaration_with_body ... ok
[INFO] [stdout] test intermediate_representation::procedures::calls::byte_code_for_procedure_call_with_null_void_pointer_variable_arg_generates_correctly ... ok
[INFO] [stdout] test lexical::tokens::loops::compound_get_for_for_loop ... ok
[INFO] [stdout] test intermediate_representation::procedures::calls::byte_code_for_procedure_call_with_string_arg_generates_correctly ... ok
[INFO] [stdout] test lexical::tokens::structs::compound_get_for_struct_declaration ... ok
[INFO] [stdout] test intermediate_representation::procedures::calls::byte_code_for_procedure_call_with_global_const_arg_generates_correctly ... ok
[INFO] [stdout] test intermediate_representation::procedures::calls::byte_code_for_procedure_call_with_variable_arg_generates_correctly ... ok
[INFO] [stdout] test lexical::tokens::peek_next_token_peeks_correctly ... ok
[INFO] [stdout] test lexical::tokens::structs::compound_get_for_struct_field_access ... ok
[INFO] [stdout] test parsing::assignments::parse_casted_assigment_parses_correctly ... ok
[INFO] [stdout] test parsing::directives::parse_foreign_system_library_directive_parses_correctly ... ok
[INFO] [stdout] test parsing::assignments::parse_struct_member_access_assignment_parses_correctly ... ok
[INFO] [stdout] test parsing::consts::parse_const_declaration_with_type_parses_correctly ... ok
[INFO] [stdout] test parsing::consts::parse_const_declaration_parses_correctly ... ok
[INFO] [stdout] test parsing::directives::parse_run_directive_parses_correctly ... ok
[INFO] [stdout] test parsing::expressions::parse_literal_expression_parses_correctly ... ok
[INFO] [stdout] test parsing::directives::parse_load_directive_parses_correctly ... ok
[INFO] [stdout] test parsing::expressions::parse_variable_expression_parses_correctly ... ok
[INFO] [stdout] test intermediate_representation::procedures::header::byte_code_for_foreign_procedure_header_with_args_generates_correctly ... ok
[INFO] [stdout] test parsing::parse_empty_input_parses_correctly ... ok
[INFO] [stdout] test parsing::assignments::parse_typed_assigment_parses_correctly ... ok
[INFO] [stdout] test parsing::procedures::calling::parse_procedure_call_parses_correctly ... ok
[INFO] [stdout] test parsing::procedures::calling::parse_procedure_call_with_arg_parses_correctly ... ok
[INFO] [stdout] test parsing::procedures::body::parse_procedure_body_parses_correctly ... ok
[INFO] [stdout] test parsing::procedures::calling::parse_procedure_call_with_null_arg_parses_correctly ... ok
[INFO] [stdout] test parsing::procedures::calling::parse_procedure_call_with_string_arg_parses_correctly ... ok
[INFO] [stdout] test parsing::procedures::header::parse_foreign_system_library_procedure_header_with_pointer_args_and_return_type_parses_correctly ... ok
[INFO] [stdout] test parsing::procedures::header::parse_procedure_header_parses_correctly ... ok
[INFO] [stdout] test parsing::procedures::header::parse_procedure_header_with_arg_parses_correctly ... ok
[INFO] [stdout] test parsing::procedures::header::parse_procedure_header_with_args_and_return_type_parses_correctly ... ok
[INFO] [stdout] test parsing::procedures::header::parse_procedure_header_with_other_built_in_args_types_parses_correctly ... ok
[INFO] [stdout] test parsing::procedures::header::parse_procedure_header_with_pointer_args_and_return_type_parses_correctly ... ok
[INFO] [stdout] test parsing::procedures::header::parse_procedure_header_with_return_type_parses_correctly ... ok
[INFO] [stdout] test parsing::procedures::header::parse_procedure_header_with_return_types_parses_correctly ... ok
[INFO] [stdout] test parsing::structs::parse_struct_parses_correctly ... ok
[INFO] [stdout] test typing::assignments::typing_known_type_assignment_to_global_const ... ok
[INFO] [stdout] test typing::assignments::typing_string_assignment_types_sucessfully ... ok
[INFO] [stdout] test typing::assignments::typing_cast_assignment_types_sucessfully ... ok
[INFO] [stdout] test typing::assignments::typing_known_type_procedure_body_assignment_types_variable_int_literal_assignment ... ok
[INFO] [stdout] test typing::assignments::typing_procedure_body_assignment_types_variable_int_literal_assignment ... ok
[INFO] [stdout] test typing::assignments::typing_struct_member_access_assignment_types_sucessfully ... ok
[INFO] [stdout] test typing::assignments::typing_struct_member_access_with_cast_assignment_types_sucessfully ... ok
[INFO] [stdout] test typing::expressions::typing_procedure_body_types_variable_number_expression_assignment ... ok
[INFO] [stdout] test typing::procedures::body::typing_procedure_body_with_args_from_header_used_in_expression_gets_typed_correctly ... ok
[INFO] [stdout] test typing::constants::typing_const_types_int_literal_assignment ... ok
[INFO] [stdout] test typing::constants::typing_known_type_const_types_int_literal_assignment ... ok
[INFO] [stdout] test typing::procedures::body::typing_procedure_body_with_pointer_args_from_header_get_typed_correctly ... ok
[INFO] [stdout] test parsing::assignments::parse_invalid_assigment_parses_correctly ... FAILED
[INFO] [stdout] test typing::procedures::calling::typing_procedure_body_does_not_wait_for_external_procedure_that_does_not_exist ... FAILED
[INFO] [stdout] test typing::procedures::calling::typing_procedure_body_waits_for_external_procedure_with_arg_from_prior_expression ... ok
[INFO] [stdout] test typing::procedures::header::typing_foreign_library_procedure_header_returns_correct_types ... ok
[INFO] [stdout] test typing::procedures::calling::typing_procedure_body_waits_for_external_procedure_with_string_arg ... ok
[INFO] [stdout] test typing::procedures::calling::typing_procedure_body_waits_for_external_procedure_with_return_arg ... ok
[INFO] [stdout] test typing::procedures::calling::typing_procedure_body_waits_for_external_procedure_with_int_arg ... ok
[INFO] [stdout] test typing::procedures::header::typing_procedure_header_returns_correct_types ... ok
[INFO] [stdout] test typing::procedures::header::typing_procedure_header_with_args_returns_correct_types ... ok
[INFO] [stdout] test typing::procedures::header::typing_procedure_header_with_pointer_args_returns_correct_types ... ok
[INFO] [stdout] 
[INFO] [stdout] failures:
[INFO] [stdout] 
[INFO] [stdout] ---- parsing::assignments::parse_invalid_assigment_parses_correctly stdout ----
[INFO] [stdout] expected type:
[INFO] [stdout] 
[INFO] [stdout] file: test.hep, line: 2, column: 8
[INFO] [stdout] thread 'parsing::assignments::parse_invalid_assigment_parses_correctly' panicked at tests/parsing/assignments.rs:52:5:
[INFO] [stdout] assertion `left == right` failed
[INFO] [stdout]   left: 0
[INFO] [stdout]  right: 1
[INFO] [stdout] stack backtrace:
[INFO] [stdout]    0:     0x56171b040d4c - std::backtrace_rs::backtrace::libunwind::trace::ha637c64ce894333a
[INFO] [stdout]                                at /rustc/82e1608dfa6e0b5569232559e3d385fea5a93112/library/std/src/../../backtrace/src/backtrace/libunwind.rs:104:5
[INFO] [stdout]    1:     0x56171b040d4c - std::backtrace_rs::backtrace::trace_unsynchronized::h47f62dea28e0c88d
[INFO] [stdout]                                at /rustc/82e1608dfa6e0b5569232559e3d385fea5a93112/library/std/src/../../backtrace/src/backtrace/mod.rs:66:5
[INFO] [stdout]    2:     0x56171b040d4c - std::sys_common::backtrace::_print_fmt::h9eef0abe20ede486
[INFO] [stdout]                                at /rustc/82e1608dfa6e0b5569232559e3d385fea5a93112/library/std/src/sys_common/backtrace.rs:67:5
[INFO] [stdout]    3:     0x56171b040d4c - <std::sys_common::backtrace::_print::DisplayBacktrace as core::fmt::Display>::fmt::hed7f999df88cc644
[INFO] [stdout]                                at /rustc/82e1608dfa6e0b5569232559e3d385fea5a93112/library/std/src/sys_common/backtrace.rs:44:22
[INFO] [stdout]    4:     0x56171b06ce90 - core::fmt::rt::Argument::fmt::h1539a9308b8d058d
[INFO] [stdout]                                at /rustc/82e1608dfa6e0b5569232559e3d385fea5a93112/library/core/src/fmt/rt.rs:142:9
[INFO] [stdout]    5:     0x56171b06ce90 - core::fmt::write::h3a39390d8560d9c9
[INFO] [stdout]                                at /rustc/82e1608dfa6e0b5569232559e3d385fea5a93112/library/core/src/fmt/mod.rs:1120:17
[INFO] [stdout]    6:     0x56171b03e6ff - std::io::Write::write_fmt::h040b369f3a0f9cbc
[INFO] [stdout]                                at /rustc/82e1608dfa6e0b5569232559e3d385fea5a93112/library/std/src/io/mod.rs:1762:15
[INFO] [stdout]    7:     0x56171b040b34 - std::sys_common::backtrace::_print::h894006fb5c6f3d45
[INFO] [stdout]                                at /rustc/82e1608dfa6e0b5569232559e3d385fea5a93112/library/std/src/sys_common/backtrace.rs:47:5
[INFO] [stdout]    8:     0x56171b040b34 - std::sys_common::backtrace::print::h23a2d212c6fff936
[INFO] [stdout]                                at /rustc/82e1608dfa6e0b5569232559e3d385fea5a93112/library/std/src/sys_common/backtrace.rs:34:9
[INFO] [stdout]    9:     0x56171b0427f7 - std::panicking::default_hook::{{closure}}::h8a1d2ee00185001a
[INFO] [stdout]   10:     0x56171b0424e3 - std::panicking::default_hook::h6038f2eba384e475
[INFO] [stdout]                                at /rustc/82e1608dfa6e0b5569232559e3d385fea5a93112/library/std/src/panicking.rs:289:9
[INFO] [stdout]   11:     0x56171af32d67 - <alloc::boxed::Box<F,A> as core::ops::function::Fn<Args>>::call::h0ad024c9bdc6d768
[INFO] [stdout]                                at /rustc/82e1608dfa6e0b5569232559e3d385fea5a93112/library/alloc/src/boxed.rs:2021:9
[INFO] [stdout]   12:     0x56171af32d67 - test::test_main::{{closure}}::h7500b54257359db6
[INFO] [stdout]                                at /rustc/82e1608dfa6e0b5569232559e3d385fea5a93112/library/test/src/lib.rs:138:21
[INFO] [stdout]   13:     0x56171b042e08 - <alloc::boxed::Box<F,A> as core::ops::function::Fn<Args>>::call::h1f8f335eaa9cfaee
[INFO] [stdout]                                at /rustc/82e1608dfa6e0b5569232559e3d385fea5a93112/library/alloc/src/boxed.rs:2021:9
[INFO] [stdout]   14:     0x56171b042e08 - std::panicking::rust_panic_with_hook::h2b5517d590cab22e
[INFO] [stdout]                                at /rustc/82e1608dfa6e0b5569232559e3d385fea5a93112/library/std/src/panicking.rs:783:13
[INFO] [stdout]   15:     0x56171b042b5e - std::panicking::begin_panic_handler::{{closure}}::h233112c06e0ef43e
[INFO] [stdout]                                at /rustc/82e1608dfa6e0b5569232559e3d385fea5a93112/library/std/src/panicking.rs:657:13
[INFO] [stdout]   16:     0x56171b041216 - std::sys_common::backtrace::__rust_end_short_backtrace::h6e893f24d7ebbff8
[INFO] [stdout]                                at /rustc/82e1608dfa6e0b5569232559e3d385fea5a93112/library/std/src/sys_common/backtrace.rs:170:18
[INFO] [stdout]   17:     0x56171b0428c2 - rust_begin_unwind
[INFO] [stdout]                                at /rustc/82e1608dfa6e0b5569232559e3d385fea5a93112/library/std/src/panicking.rs:645:5
[INFO] [stdout]   18:     0x56171aeb91d5 - core::panicking::panic_fmt::hbf0e066aabfa482c
[INFO] [stdout]                                at /rustc/82e1608dfa6e0b5569232559e3d385fea5a93112/library/core/src/panicking.rs:72:14
[INFO] [stdout]   19:     0x56171aeb95eb - core::panicking::assert_failed_inner::h0bba8b7c26ee4492
[INFO] [stdout]   20:     0x56171afec96e - core::panicking::assert_failed::hc1cd826efa0bf455
[INFO] [stdout]                                at /rustc/82e1608dfa6e0b5569232559e3d385fea5a93112/library/core/src/panicking.rs:279:5
[INFO] [stdout]   21:     0x56171aebf1eb - mod::parsing::assignments::parse_invalid_assigment_parses_correctly::hce5f620b0d95f536
[INFO] [stdout]                                at /opt/rustwide/workdir/tests/parsing/assignments.rs:52:5
[INFO] [stdout]   22:     0x56171aebee77 - mod::parsing::assignments::parse_invalid_assigment_parses_correctly::{{closure}}::h38aade257ed4bd41
[INFO] [stdout]                                at /opt/rustwide/workdir/tests/parsing/assignments.rs:38:46
[INFO] [stdout]   23:     0x56171aec74d6 - core::ops::function::FnOnce::call_once::h5e87ae53791cd065
[INFO] [stdout]                                at /rustc/82e1608dfa6e0b5569232559e3d385fea5a93112/library/core/src/ops/function.rs:250:5
[INFO] [stdout]   24:     0x56171af383bf - core::ops::function::FnOnce::call_once::h2b5d431d5046312d
[INFO] [stdout]                                at /rustc/82e1608dfa6e0b5569232559e3d385fea5a93112/library/core/src/ops/function.rs:250:5
[INFO] [stdout]   25:     0x56171af383bf - test::__rust_begin_short_backtrace::h7714669af176e207
[INFO] [stdout]                                at /rustc/82e1608dfa6e0b5569232559e3d385fea5a93112/library/test/src/lib.rs:628:18
[INFO] [stdout]   26:     0x56171af373d5 - test::run_test_in_process::{{closure}}::h85218797dcbcec12
[INFO] [stdout]                                at /rustc/82e1608dfa6e0b5569232559e3d385fea5a93112/library/test/src/lib.rs:651:60
[INFO] [stdout]   27:     0x56171af373d5 - <core::panic::unwind_safe::AssertUnwindSafe<F> as core::ops::function::FnOnce<()>>::call_once::h76c106ea31c14d7b
[INFO] [stdout]                                at /rustc/82e1608dfa6e0b5569232559e3d385fea5a93112/library/core/src/panic/unwind_safe.rs:272:9
[INFO] [stdout]   28:     0x56171af373d5 - std::panicking::try::do_call::h3bd5d0f6620ee946
[INFO] [stdout]                                at /rustc/82e1608dfa6e0b5569232559e3d385fea5a93112/library/std/src/panicking.rs:552:40
[INFO] [stdout]   29:     0x56171af373d5 - std::panicking::try::h232e535e4744fe31
[INFO] [stdout]                                at /rustc/82e1608dfa6e0b5569232559e3d385fea5a93112/library/std/src/panicking.rs:516:19
[INFO] [stdout]   30:     0x56171af373d5 - std::panic::catch_unwind::h3ce3bd6ca8dbac68
[INFO] [stdout]                                at /rustc/82e1608dfa6e0b5569232559e3d385fea5a93112/library/std/src/panic.rs:142:14
[INFO] [stdout]   31:     0x56171af373d5 - test::run_test_in_process::hc97b257c9621286a
[INFO] [stdout]                                at /rustc/82e1608dfa6e0b5569232559e3d385fea5a93112/library/test/src/lib.rs:651:27
[INFO] [stdout]   32:     0x56171af373d5 - test::run_test::{{closure}}::h2aa798823a438d38
[INFO] [stdout]                                at /rustc/82e1608dfa6e0b5569232559e3d385fea5a93112/library/test/src/lib.rs:574:43
[INFO] [stdout]   33:     0x56171aeff696 - test::run_test::{{closure}}::h87d231c78fb59832
[INFO] [stdout]                                at /rustc/82e1608dfa6e0b5569232559e3d385fea5a93112/library/test/src/lib.rs:602:41
[INFO] [stdout]   34:     0x56171aeff696 - std::sys_common::backtrace::__rust_begin_short_backtrace::he6df152596625789
[INFO] [stdout]                                at /rustc/82e1608dfa6e0b5569232559e3d385fea5a93112/library/std/src/sys_common/backtrace.rs:154:18
[INFO] [stdout]   35:     0x56171af04747 - std::thread::Builder::spawn_unchecked_::{{closure}}::{{closure}}::ha94be15d1e0acf36
[INFO] [stdout]                                at /rustc/82e1608dfa6e0b5569232559e3d385fea5a93112/library/std/src/thread/mod.rs:529:17
[INFO] [stdout]   36:     0x56171af04747 - <core::panic::unwind_safe::AssertUnwindSafe<F> as core::ops::function::FnOnce<()>>::call_once::h9dc6bd6372f16606
[INFO] [stdout]                                at /rustc/82e1608dfa6e0b5569232559e3d385fea5a93112/library/core/src/panic/unwind_safe.rs:272:9
[INFO] [stdout]   37:     0x56171af04747 - std::panicking::try::do_call::h9057517f80303cd4
[INFO] [stdout]                                at /rustc/82e1608dfa6e0b5569232559e3d385fea5a93112/library/std/src/panicking.rs:552:40
[INFO] [stdout]   38:     0x56171af04747 - std::panicking::try::he3a30b11ee45340c
[INFO] [stdout]                                at /rustc/82e1608dfa6e0b5569232559e3d385fea5a93112/library/std/src/panicking.rs:516:19
[INFO] [stdout]   39:     0x56171af04747 - std::panic::catch_unwind::h410458cfd3528b8b
[INFO] [stdout]                                at /rustc/82e1608dfa6e0b5569232559e3d385fea5a93112/library/std/src/panic.rs:142:14
[INFO] [stdout]   40:     0x56171af04747 - std::thread::Builder::spawn_unchecked_::{{closure}}::h72ac3bdb567b737b
[INFO] [stdout]                                at /rustc/82e1608dfa6e0b5569232559e3d385fea5a93112/library/std/src/thread/mod.rs:528:30
[INFO] [stdout]   41:     0x56171af04747 - core::ops::function::FnOnce::call_once{{vtable.shim}}::h38f34da3654a8344
[INFO] [stdout]                                at /rustc/82e1608dfa6e0b5569232559e3d385fea5a93112/library/core/src/ops/function.rs:250:5
[INFO] [stdout]   42:     0x56171b047895 - <alloc::boxed::Box<F,A> as core::ops::function::FnOnce<Args>>::call_once::hc7eafaff61e32df9
[INFO] [stdout]                                at /rustc/82e1608dfa6e0b5569232559e3d385fea5a93112/library/alloc/src/boxed.rs:2007:9
[INFO] [stdout]   43:     0x56171b047895 - <alloc::boxed::Box<F,A> as core::ops::function::FnOnce<Args>>::call_once::h6ba4a5de48dd2304
[INFO] [stdout]                                at /rustc/82e1608dfa6e0b5569232559e3d385fea5a93112/library/alloc/src/boxed.rs:2007:9
[INFO] [stdout]   44:     0x56171b047895 - std::sys::unix::thread::Thread::new::thread_start::he469335aef763e45
[INFO] [stdout]                                at /rustc/82e1608dfa6e0b5569232559e3d385fea5a93112/library/std/src/sys/unix/thread.rs:108:17
[INFO] [stdout]   45:     0x7f9d9b5b3ac3 - <unknown>
[INFO] [stdout]   46:     0x7f9d9b644bf4 - __clone
[INFO] [stdout]   47:                0x0 - <unknown>
[INFO] [stdout] thread '<unnamed>' panicked at src/acting.rs:51:13:
[INFO] [stdout] error SendError { .. } sending message "rust_hephaestus::compilation::CompilationMessage" to "rust_hephaestus::compilation::compiler::CompilerActor<rust_hephaestus::testing::file_system::MockFileReader, rust_hephaestus::testing::backends::TestBackend, rust_hephaestus::testing::compilation::SendMessageWireTap>"
[INFO] [stdout] stack backtrace:
[INFO] [stdout]    0:     0x56171b040d4c - std::backtrace_rs::backtrace::libunwind::trace::ha637c64ce894333a
[INFO] [stdout]                                at /rustc/82e1608dfa6e0b5569232559e3d385fea5a93112/library/std/src/../../backtrace/src/backtrace/libunwind.rs:104:5
[INFO] [stdout]    1:     0x56171b040d4c - std::backtrace_rs::backtrace::trace_unsynchronized::h47f62dea28e0c88d
[INFO] [stdout]                                at /rustc/82e1608dfa6e0b5569232559e3d385fea5a93112/library/std/src/../../backtrace/src/backtrace/mod.rs:66:5
[INFO] [stdout]    2:     0x56171b040d4c - std::sys_common::backtrace::_print_fmt::h9eef0abe20ede486
[INFO] [stdout]                                at /rustc/82e1608dfa6e0b5569232559e3d385fea5a93112/library/std/src/sys_common/backtrace.rs:67:5
[INFO] [stdout]    3:     0x56171b040d4c - <std::sys_common::backtrace::_print::DisplayBacktrace as core::fmt::Display>::fmt::hed7f999df88cc644
[INFO] [stdout]                                at /rustc/82e1608dfa6e0b5569232559e3d385fea5a93112/library/std/src/sys_common/backtrace.rs:44:22
[INFO] [stdout]    4:     0x56171b06ce90 - core::fmt::rt::Argument::fmt::h1539a9308b8d058d
[INFO] [stdout]                                at /rustc/82e1608dfa6e0b5569232559e3d385fea5a93112/library/core/src/fmt/rt.rs:142:9
[INFO] [stdout]    5:     0x56171b06ce90 - core::fmt::write::h3a39390d8560d9c9
[INFO] [stdout]                                at /rustc/82e1608dfa6e0b5569232559e3d385fea5a93112/library/core/src/fmt/mod.rs:1120:17
[INFO] [stdout]    6:     0x56171b03e6ff - std::io::Write::write_fmt::h040b369f3a0f9cbc
[INFO] [stdout]                                at /rustc/82e1608dfa6e0b5569232559e3d385fea5a93112/library/std/src/io/mod.rs:1762:15
[INFO] [stdout]    7:     0x56171b040b34 - std::sys_common::backtrace::_print::h894006fb5c6f3d45
[INFO] [stdout]                                at /rustc/82e1608dfa6e0b5569232559e3d385fea5a93112/library/std/src/sys_common/backtrace.rs:47:5
[INFO] [stdout]    8:     0x56171b040b34 - std::sys_common::backtrace::print::h23a2d212c6fff936
[INFO] [stdout]                                at /rustc/82e1608dfa6e0b5569232559e3d385fea5a93112/library/std/src/sys_common/backtrace.rs:34:9
[INFO] [stdout]    9:     0x56171b0427f7 - std::panicking::default_hook::{{closure}}::h8a1d2ee00185001a
[INFO] [stdout]   10:     0x56171b0424e3 - std::panicking::default_hook::h6038f2eba384e475
[INFO] [stdout]                                at /rustc/82e1608dfa6e0b5569232559e3d385fea5a93112/library/std/src/panicking.rs:289:9
[INFO] [stdout]   11:     0x56171af32d67 - <alloc::boxed::Box<F,A> as core::ops::function::Fn<Args>>::call::h0ad024c9bdc6d768
[INFO] [stdout]                                at /rustc/82e1608dfa6e0b5569232559e3d385fea5a93112/library/alloc/src/boxed.rs:2021:9
[INFO] [stdout]   12:     0x56171af32d67 - test::test_main::{{closure}}::h7500b54257359db6
[INFO] [stdout]                                at /rustc/82e1608dfa6e0b5569232559e3d385fea5a93112/library/test/src/lib.rs:138:21
[INFO] [stdout]   13:     0x56171b042e08 - <alloc::boxed::Box<F,A> as core::ops::function::Fn<Args>>::call::h1f8f335eaa9cfaee
[INFO] [stdout]                                at /rustc/82e1608dfa6e0b5569232559e3d385fea5a93112/library/alloc/src/boxed.rs:2021:9
[INFO] [stdout]   14:     0x56171b042e08 - std::panicking::rust_panic_with_hook::h2b5517d590cab22e
[INFO] [stdout]                                at /rustc/82e1608dfa6e0b5569232559e3d385fea5a93112/library/std/src/panicking.rs:783:13
[INFO] [stdout]   15:     0x56171b042b5e - std::panicking::begin_panic_handler::{{closure}}::h233112c06e0ef43e
[INFO] [stdout]                                at /rustc/82e1608dfa6e0b5569232559e3d385fea5a93112/library/std/src/panicking.rs:657:13
[INFO] [stdout]   16:     0x56171b041216 - std::sys_common::backtrace::__rust_end_short_backtrace::h6e893f24d7ebbff8
[INFO] [stdout]                                at /rustc/82e1608dfa6e0b5569232559e3d385fea5a93112/library/std/src/sys_common/backtrace.rs:170:18
[INFO] [stdout]   17:     0x56171b0428c2 - rust_begin_unwind
[INFO] [stdout]                                at /rustc/82e1608dfa6e0b5569232559e3d385fea5a93112/library/std/src/panicking.rs:645:5
[INFO] [stdout]   18:     0x56171aeb91d5 - core::panicking::panic_fmt::hbf0e066aabfa482c
[INFO] [stdout]                                at /rustc/82e1608dfa6e0b5569232559e3d385fea5a93112/library/core/src/panicking.rs:72:14
[INFO] [stdout]   19:     0x56171af97a8c - rust_hephaestus::acting::send_message_to_actor::h991e7005b0038fef
[INFO] [stdout]                                at /opt/rustwide/workdir/src/acting.rs:51:13
[INFO] [stdout]   20:     0x56171af9e9ed - rust_hephaestus::errors::notify_compiler_errors_reported::hbc10ee92e73723e1
[INFO] [stdout]                                at /opt/rustwide/workdir/src/errors.rs:46:5
[INFO] [stdout]   21:     0x56171af9e975 - rust_hephaestus::errors::report_errors::h2170a6d937ada5c7
[INFO] [stdout]                                at /opt/rustwide/workdir/src/errors.rs:41:5
[INFO] [stdout]   22:     0x56171af9e69a - <rust_hephaestus::errors::ErrorReporterActor<T> as rust_hephaestus::acting::Actor<rust_hephaestus::compilation::CompilationMessage>>::receive::h648977cacde8e33e
[INFO] [stdout]                                at /opt/rustwide/workdir/src/errors.rs:23:69
[INFO] [stdout]   23:     0x56171af9ddcb - rust_hephaestus::acting::run_actor::h283dc040ef01060b
[INFO] [stdout]                                at /opt/rustwide/workdir/src/acting.rs:144:47
[INFO] [stdout]   24:     0x56171af9d711 - rust_hephaestus::acting::start_actor_from_pool::{{closure}}::h6f2bacf3523f2dff
[INFO] [stdout]                                at /opt/rustwide/workdir/src/acting.rs:84:30
[INFO] [stdout]   25:     0x56171af817df - core::ops::function::FnOnce::call_once{{vtable.shim}}::h592fe1e04a43a498
[INFO] [stdout]                                at /rustc/82e1608dfa6e0b5569232559e3d385fea5a93112/library/core/src/ops/function.rs:250:5
[INFO] [stdout]   26:     0x56171af5f4d8 - <alloc::boxed::Box<F,A> as core::ops::function::FnOnce<Args>>::call_once::hb4cd23797070028c
[INFO] [stdout]                                at /rustc/82e1608dfa6e0b5569232559e3d385fea5a93112/library/alloc/src/boxed.rs:2007:9
[INFO] [stdout]   27:     0x56171af95feb - rust_hephaestus::threading::create_worker::{{closure}}::h3090ecda938851f4
[INFO] [stdout]                                at /opt/rustwide/workdir/src/threading.rs:189:46
[INFO] [stdout]   28:     0x56171af41597 - std::sys_common::backtrace::__rust_begin_short_backtrace::h858b056f18387aea
[INFO] [stdout]                                at /rustc/82e1608dfa6e0b5569232559e3d385fea5a93112/library/std/src/sys_common/backtrace.rs:154:18
[INFO] [stdout]   29:     0x56171af8102d - std::thread::Builder::spawn_unchecked_::{{closure}}::{{closure}}::haa42f8e3e66c55d4
[INFO] [stdout]                                at /rustc/82e1608dfa6e0b5569232559e3d385fea5a93112/library/std/src/thread/mod.rs:529:17
[INFO] [stdout]   30:     0x56171af6c701 - <core::panic::unwind_safe::AssertUnwindSafe<F> as core::ops::function::FnOnce<()>>::call_once::h62e3386c72b5ecb5
[INFO] [stdout]                                at /rustc/82e1608dfa6e0b5569232559e3d385fea5a93112/library/core/src/panic/unwind_safe.rs:272:9
[INFO] [stdout]   31:     0x56171af5cfa5 - std::panicking::try::do_call::hbcd36c26cde41576
[INFO] [stdout]                                at /rustc/82e1608dfa6e0b5569232559e3d385fea5a93112/library/std/src/panicking.rs:552:40
[INFO] [stdout]   32:     0x56171af64a6b - __rust_try
[INFO] [stdout]   33:     0x56171af5cc4f - std::panicking::try::h43eda0360447359a
[INFO] [stdout]                                at /rustc/82e1608dfa6e0b5569232559e3d385fea5a93112/library/std/src/panicking.rs:516:19
[INFO] [stdout]   34:     0x56171af80e51 - std::panic::catch_unwind::hd157e07ca7d6921e
[INFO] [stdout]                                at /rustc/82e1608dfa6e0b5569232559e3d385fea5a93112/library/std/src/panic.rs:142:14
[INFO] [stdout]   35:     0x56171af80e51 - std::thread::Builder::spawn_unchecked_::{{closure}}::he96448ccba24393e
[INFO] [stdout]                                at /rustc/82e1608dfa6e0b5569232559e3d385fea5a93112/library/std/src/thread/mod.rs:528:30
[INFO] [stdout]   36:     0x56171af8176f - core::ops::function::FnOnce::call_once{{vtable.shim}}::h31338818fb3771c8
[INFO] [stdout]                                at /rustc/82e1608dfa6e0b5569232559e3d385fea5a93112/library/core/src/ops/function.rs:250:5
[INFO] [stdout]   37:     0x56171b047895 - <alloc::boxed::Box<F,A> as core::ops::function::FnOnce<Args>>::call_once::hc7eafaff61e32df9
[INFO] [stdout]                                at /rustc/82e1608dfa6e0b5569232559e3d385fea5a93112/library/alloc/src/boxed.rs:2007:9
[INFO] [stdout]   38:     0x56171b047895 - <alloc::boxed::Box<F,A> as core::ops::function::FnOnce<Args>>::call_once::h6ba4a5de48dd2304
[INFO] [stdout]                                at /rustc/82e1608dfa6e0b5569232559e3d385fea5a93112/library/alloc/src/boxed.rs:2007:9
[INFO] [stdout]   39:     0x56171b047895 - std::sys::unix::thread::Thread::new::thread_start::he469335aef763e45
[INFO] [stdout]                                at /rustc/82e1608dfa6e0b5569232559e3d385fea5a93112/library/std/src/sys/unix/thread.rs:108:17
[INFO] [stdout]   40:     0x7f9d9b5b3ac3 - <unknown>
[INFO] [stdout]   41:     0x7f9d9b644bf4 - __clone
[INFO] [stdout]   42:                0x0 - <unknown>
[INFO] [stdout] 
[INFO] [stdout] ---- typing::procedures::calling::typing_procedure_body_does_not_wait_for_external_procedure_that_does_not_exist stdout ----
[INFO] [stdout] type cannot be found:
[INFO] [stdout] 
[INFO] [stdout] file: test.hep, line: 2, column: 5
[INFO] [stdout] thread 'typing::procedures::calling::typing_procedure_body_does_not_wait_for_external_procedure_that_does_not_exist' panicked at tests/typing/procedures/calling.rs:70:5:
[INFO] [stdout] assertion `left == right` failed
[INFO] [stdout]   left: 0
[INFO] [stdout]  right: 1
[INFO] [stdout] stack backtrace:
[INFO] [stdout]    0:     0x56171b040d4c - std::backtrace_rs::backtrace::libunwind::trace::ha637c64ce894333a
[INFO] [stdout]                                at /rustc/82e1608dfa6e0b5569232559e3d385fea5a93112/library/std/src/../../backtrace/src/backtrace/libunwind.rs:104:5
[INFO] [stdout]    1:     0x56171b040d4c - std::backtrace_rs::backtrace::trace_unsynchronized::h47f62dea28e0c88d
[INFO] [stdout]                                at /rustc/82e1608dfa6e0b5569232559e3d385fea5a93112/library/std/src/../../backtrace/src/backtrace/mod.rs:66:5
[INFO] [stdout]    2:     0x56171b040d4c - std::sys_common::backtrace::_print_fmt::h9eef0abe20ede486
[INFO] [stdout]                                at /rustc/82e1608dfa6e0b5569232559e3d385fea5a93112/library/std/src/sys_common/backtrace.rs:67:5
[INFO] [stdout]    3:     0x56171b040d4c - <std::sys_common::backtrace::_print::DisplayBacktrace as core::fmt::Display>::fmt::hed7f999df88cc644
[INFO] [stdout]                                at /rustc/82e1608dfa6e0b5569232559e3d385fea5a93112/library/std/src/sys_common/backtrace.rs:44:22
[INFO] [stdout]    4:     0x56171b06ce90 - core::fmt::rt::Argument::fmt::h1539a9308b8d058d
[INFO] [stdout]                                at /rustc/82e1608dfa6e0b5569232559e3d385fea5a93112/library/core/src/fmt/rt.rs:142:9
[INFO] [stdout]    5:     0x56171b06ce90 - core::fmt::write::h3a39390d8560d9c9
[INFO] [stdout]                                at /rustc/82e1608dfa6e0b5569232559e3d385fea5a93112/library/core/src/fmt/mod.rs:1120:17
[INFO] [stdout]    6:     0x56171b03e6ff - std::io::Write::write_fmt::h040b369f3a0f9cbc
[INFO] [stdout]                                at /rustc/82e1608dfa6e0b5569232559e3d385fea5a93112/library/std/src/io/mod.rs:1762:15
[INFO] [stdout]    7:     0x56171b040b34 - std::sys_common::backtrace::_print::h894006fb5c6f3d45
[INFO] [stdout]                                at /rustc/82e1608dfa6e0b5569232559e3d385fea5a93112/library/std/src/sys_common/backtrace.rs:47:5
[INFO] [stdout]    8:     0x56171b040b34 - std::sys_common::backtrace::print::h23a2d212c6fff936
[INFO] [stdout]                                at /rustc/82e1608dfa6e0b5569232559e3d385fea5a93112/library/std/src/sys_common/backtrace.rs:34:9
[INFO] [stdout]    9:     0x56171b0427f7 - std::panicking::default_hook::{{closure}}::h8a1d2ee00185001a
[INFO] [stdout]   10:     0x56171b0424e3 - std::panicking::default_hook::h6038f2eba384e475
[INFO] [stdout]                                at /rustc/82e1608dfa6e0b5569232559e3d385fea5a93112/library/std/src/panicking.rs:289:9
[INFO] [stdout]   11:     0x56171af32d67 - <alloc::boxed::Box<F,A> as core::ops::function::Fn<Args>>::call::h0ad024c9bdc6d768
[INFO] [stdout]                                at /rustc/82e1608dfa6e0b5569232559e3d385fea5a93112/library/alloc/src/boxed.rs:2021:9
[INFO] [stdout]   12:     0x56171af32d67 - test::test_main::{{closure}}::h7500b54257359db6
[INFO] [stdout]                                at /rustc/82e1608dfa6e0b5569232559e3d385fea5a93112/library/test/src/lib.rs:138:21
[INFO] [stdout]   13:     0x56171b042e08 - <alloc::boxed::Box<F,A> as core::ops::function::Fn<Args>>::call::h1f8f335eaa9cfaee
[INFO] [stdout]                                at /rustc/82e1608dfa6e0b5569232559e3d385fea5a93112/library/alloc/src/boxed.rs:2021:9
[INFO] [stdout]   14:     0x56171b042e08 - std::panicking::rust_panic_with_hook::h2b5517d590cab22e
[INFO] [stdout]                                at /rustc/82e1608dfa6e0b5569232559e3d385fea5a93112/library/std/src/panicking.rs:783:13
[INFO] [stdout]   15:     0x56171b042b5e - std::panicking::begin_panic_handler::{{closure}}::h233112c06e0ef43e
[INFO] [stdout]                                at /rustc/82e1608dfa6e0b5569232559e3d385fea5a93112/library/std/src/panicking.rs:657:13
[INFO] [stdout]   16:     0x56171b041216 - std::sys_common::backtrace::__rust_end_short_backtrace::h6e893f24d7ebbff8
[INFO] [stdout]                                at /rustc/82e1608dfa6e0b5569232559e3d385fea5a93112/library/std/src/sys_common/backtrace.rs:170:18
[INFO] [stdout]   17:     0x56171b0428c2 - rust_begin_unwind
[INFO] [stdout]                                at /rustc/82e1608dfa6e0b5569232559e3d385fea5a93112/library/std/src/panicking.rs:645:5
[INFO] [stdout]   18:     0x56171aeb91d5 - core::panicking::panic_fmt::hbf0e066aabfa482c
[INFO] [stdout]                                at /rustc/82e1608dfa6e0b5569232559e3d385fea5a93112/library/core/src/panicking.rs:72:14
[INFO] [stdout]   19:     0x56171aeb95eb - core::panicking::assert_failed_inner::h0bba8b7c26ee4492
[INFO] [stdout]   20:     0x56171afec96e - core::panicking::assert_failed::hc1cd826efa0bf455
[INFO] [stdout]                                at /rustc/82e1608dfa6e0b5569232559e3d385fea5a93112/library/core/src/panicking.rs:279:5
[INFO] [stdout]   21:     0x56171aee76fc - mod::typing::procedures::calling::typing_procedure_body_does_not_wait_for_external_procedure_that_does_not_exist::hd73091d359def726
[INFO] [stdout]                                at /opt/rustwide/workdir/tests/typing/procedures/calling.rs:70:5
[INFO] [stdout]   22:     0x56171aee7607 - mod::typing::procedures::calling::typing_procedure_body_does_not_wait_for_external_procedure_that_does_not_exist::{{closure}}::haae7fb17b7108506
[INFO] [stdout]                                at /opt/rustwide/workdir/tests/typing/procedures/calling.rs:60:84
[INFO] [stdout]   23:     0x56171aec73d6 - core::ops::function::FnOnce::call_once::h52d79bcaf47fc25d
[INFO] [stdout]                                at /rustc/82e1608dfa6e0b5569232559e3d385fea5a93112/library/core/src/ops/function.rs:250:5
[INFO] [stdout]   24:     0x56171af383bf - core::ops::function::FnOnce::call_once::h2b5d431d5046312d
[INFO] [stdout]                                at /rustc/82e1608dfa6e0b5569232559e3d385fea5a93112/library/core/src/ops/function.rs:250:5
[INFO] [stdout]   25:     0x56171af383bf - test::__rust_begin_short_backtrace::h7714669af176e207
[INFO] [stdout]                                at /rustc/82e1608dfa6e0b5569232559e3d385fea5a93112/library/test/src/lib.rs:628:18
[INFO] [stdout]   26:     0x56171af373d5 - test::run_test_in_process::{{closure}}::h85218797dcbcec12
[INFO] [stdout]                                at /rustc/82e1608dfa6e0b5569232559e3d385fea5a93112/library/test/src/lib.rs:651:60
[INFO] [stdout]   27:     0x56171af373d5 - <core::panic::unwind_safe::AssertUnwindSafe<F> as core::ops::function::FnOnce<()>>::call_once::h76c106ea31c14d7b
[INFO] [stdout]                                at /rustc/82e1608dfa6e0b5569232559e3d385fea5a93112/library/core/src/panic/unwind_safe.rs:272:9
[INFO] [stdout]   28:     0x56171af373d5 - std::panicking::try::do_call::h3bd5d0f6620ee946
[INFO] [stdout]                                at /rustc/82e1608dfa6e0b5569232559e3d385fea5a93112/library/std/src/panicking.rs:552:40
[INFO] [stdout]   29:     0x56171af373d5 - std::panicking::try::h232e535e4744fe31
[INFO] [stdout]                                at /rustc/82e1608dfa6e0b5569232559e3d385fea5a93112/library/std/src/panicking.rs:516:19
[INFO] [stdout]   30:     0x56171af373d5 - std::panic::catch_unwind::h3ce3bd6ca8dbac68
[INFO] [stdout]                                at /rustc/82e1608dfa6e0b5569232559e3d385fea5a93112/library/std/src/panic.rs:142:14
[INFO] [stdout]   31:     0x56171af373d5 - test::run_test_in_process::hc97b257c9621286a
[INFO] [stdout]                                at /rustc/82e1608dfa6e0b5569232559e3d385fea5a93112/library/test/src/lib.rs:651:27
[INFO] [stdout]   32:     0x56171af373d5 - test::run_test::{{closure}}::h2aa798823a438d38
[INFO] [stdout]                                at /rustc/82e1608dfa6e0b5569232559e3d385fea5a93112/library/test/src/lib.rs:574:43
[INFO] [stdout]   33:     0x56171aeff696 - test::run_test::{{closure}}::h87d231c78fb59832
[INFO] [stdout]                                at /rustc/82e1608dfa6e0b5569232559e3d385fea5a93112/library/test/src/lib.rs:602:41
[INFO] [stdout]   34:     0x56171aeff696 - std::sys_common::backtrace::__rust_begin_short_backtrace::he6df152596625789
[INFO] [stdout]                                at /rustc/82e1608dfa6e0b5569232559e3d385fea5a93112/library/std/src/sys_common/backtrace.rs:154:18
[INFO] [stdout]   35:     0x56171af04747 - std::thread::Builder::spawn_unchecked_::{{closure}}::{{closure}}::ha94be15d1e0acf36
[INFO] [stdout]                                at /rustc/82e1608dfa6e0b5569232559e3d385fea5a93112/library/std/src/thread/mod.rs:529:17
[INFO] [stdout]   36:     0x56171af04747 - <core::panic::unwind_safe::AssertUnwindSafe<F> as core::ops::function::FnOnce<()>>::call_once::h9dc6bd6372f16606
[INFO] [stdout]                                at /rustc/82e1608dfa6e0b5569232559e3d385fea5a93112/library/core/src/panic/unwind_safe.rs:272:9
[INFO] [stdout]   37:     0x56171af04747 - std::panicking::try::do_call::h9057517f80303cd4
[INFO] [stdout]                                at /rustc/82e1608dfa6e0b5569232559e3d385fea5a93112/library/std/src/panicking.rs:552:40
[INFO] [stdout]   38:     0x56171af04747 - std::panicking::try::he3a30b11ee45340c
[INFO] [stdout]                                at /rustc/82e1608dfa6e0b5569232559e3d385fea5a93112/library/std/src/panicking.rs:516:19
[INFO] [stdout]   39:     0x56171af04747 - std::panic::catch_unwind::h410458cfd3528b8b
[INFO] [stdout]                                at /rustc/82e1608dfa6e0b5569232559e3d385fea5a93112/library/std/src/panic.rs:142:14
[INFO] [stdout]   40:     0x56171af04747 - std::thread::Builder::spawn_unchecked_::{{closure}}::h72ac3bdb567b737b
[INFO] [stdout]                                at /rustc/82e1608dfa6e0b5569232559e3d385fea5a93112/library/std/src/thread/mod.rs:528:30
[INFO] [stdout]   41:     0x56171af04747 - core::ops::function::FnOnce::call_once{{vtable.shim}}::h38f34da3654a8344
[INFO] [stdout]                                at /rustc/82e1608dfa6e0b5569232559e3d385fea5a93112/library/core/src/ops/function.rs:250:5
[INFO] [stdout]   42:     0x56171b047895 - <alloc::boxed::Box<F,A> as core::ops::function::FnOnce<Args>>::call_once::hc7eafaff61e32df9
[INFO] [stdout]                                at /rustc/82e1608dfa6e0b5569232559e3d385fea5a93112/library/alloc/src/boxed.rs:2007:9
[INFO] [stdout]   43:     0x56171b047895 - <alloc::boxed::Box<F,A> as core::ops::function::FnOnce<Args>>::call_once::h6ba4a5de48dd2304
[INFO] [stdout]                                at /rustc/82e1608dfa6e0b5569232559e3d385fea5a93112/library/alloc/src/boxed.rs:2007:9
[INFO] [stdout]   44:     0x56171b047895 - std::sys::unix::thread::Thread::new::thread_start::he469335aef763e45
[INFO] [stdout]                                at /rustc/82e1608dfa6e0b5569232559e3d385fea5a93112/library/std/src/sys/unix/thread.rs:108:17
[INFO] [stdout]   45:     0x7f9d9b5b3ac3 - <unknown>
[INFO] [stdout]   46:     0x7f9d9b644bf4 - __clone
[INFO] [stdout]   47:                0x0 - <unknown>
[INFO] [stdout] thread '<unnamed>' panicked at src/acting.rs:51:13:
[INFO] [stdout] error SendError { .. } sending message "rust_hephaestus::compilation::CompilationMessage" to "rust_hephaestus::compilation::compiler::CompilerActor<rust_hephaestus::testing::file_system::MockFileReader, rust_hephaestus::testing::backends::TestBackend, rust_hephaestus::testing::compilation::SendMessageWireTap>"
[INFO] [stdout] stack backtrace:
[INFO] [stdout]    0:     0x56171b040d4c - std::backtrace_rs::backtrace::libunwind::trace::ha637c64ce894333a
[INFO] [stdout]                                at /rustc/82e1608dfa6e0b5569232559e3d385fea5a93112/library/std/src/../../backtrace/src/backtrace/libunwind.rs:104:5
[INFO] [stdout]    1:     0x56171b040d4c - std::backtrace_rs::backtrace::trace_unsynchronized::h47f62dea28e0c88d
[INFO] [stdout]                                at /rustc/82e1608dfa6e0b5569232559e3d385fea5a93112/library/std/src/../../backtrace/src/backtrace/mod.rs:66:5
[INFO] [stdout]    2:     0x56171b040d4c - std::sys_common::backtrace::_print_fmt::h9eef0abe20ede486
[INFO] [stdout]                                at /rustc/82e1608dfa6e0b5569232559e3d385fea5a93112/library/std/src/sys_common/backtrace.rs:67:5
[INFO] [stdout]    3:     0x56171b040d4c - <std::sys_common::backtrace::_print::DisplayBacktrace as core::fmt::Display>::fmt::hed7f999df88cc644
[INFO] [stdout]                                at /rustc/82e1608dfa6e0b5569232559e3d385fea5a93112/library/std/src/sys_common/backtrace.rs:44:22
[INFO] [stdout]    4:     0x56171b06ce90 - core::fmt::rt::Argument::fmt::h1539a9308b8d058d
[INFO] [stdout]                                at /rustc/82e1608dfa6e0b5569232559e3d385fea5a93112/library/core/src/fmt/rt.rs:142:9
[INFO] [stdout]    5:     0x56171b06ce90 - core::fmt::write::h3a39390d8560d9c9
[INFO] [stdout]                                at /rustc/82e1608dfa6e0b5569232559e3d385fea5a93112/library/core/src/fmt/mod.rs:1120:17
[INFO] [stdout]    6:     0x56171b03e6ff - std::io::Write::write_fmt::h040b369f3a0f9cbc
[INFO] [stdout]                                at /rustc/82e1608dfa6e0b5569232559e3d385fea5a93112/library/std/src/io/mod.rs:1762:15
[INFO] [stdout]    7:     0x56171b040b34 - std::sys_common::backtrace::_print::h894006fb5c6f3d45
[INFO] [stdout]                                at /rustc/82e1608dfa6e0b5569232559e3d385fea5a93112/library/std/src/sys_common/backtrace.rs:47:5
[INFO] [stdout]    8:     0x56171b040b34 - std::sys_common::backtrace::print::h23a2d212c6fff936
[INFO] [stdout]                                at /rustc/82e1608dfa6e0b5569232559e3d385fea5a93112/library/std/src/sys_common/backtrace.rs:34:9
[INFO] [stdout]    9:     0x56171b0427f7 - std::panicking::default_hook::{{closure}}::h8a1d2ee00185001a
[INFO] [stdout]   10:     0x56171b0424e3 - std::panicking::default_hook::h6038f2eba384e475
[INFO] [stdout]                                at /rustc/82e1608dfa6e0b5569232559e3d385fea5a93112/library/std/src/panicking.rs:289:9
[INFO] [stdout]   11:     0x56171af32d67 - <alloc::boxed::Box<F,A> as core::ops::function::Fn<Args>>::call::h0ad024c9bdc6d768
[INFO] [stdout]                                at /rustc/82e1608dfa6e0b5569232559e3d385fea5a93112/library/alloc/src/boxed.rs:2021:9
[INFO] [stdout]   12:     0x56171af32d67 - test::test_main::{{closure}}::h7500b54257359db6
[INFO] [stdout]                                at /rustc/82e1608dfa6e0b5569232559e3d385fea5a93112/library/test/src/lib.rs:138:21
[INFO] [stdout]   13:     0x56171b042e08 - <alloc::boxed::Box<F,A> as core::ops::function::Fn<Args>>::call::h1f8f335eaa9cfaee
[INFO] [stdout]                                at /rustc/82e1608dfa6e0b5569232559e3d385fea5a93112/library/alloc/src/boxed.rs:2021:9
[INFO] [stdout]   14:     0x56171b042e08 - std::panicking::rust_panic_with_hook::h2b5517d590cab22e
[INFO] [stdout]                                at /rustc/82e1608dfa6e0b5569232559e3d385fea5a93112/library/std/src/panicking.rs:783:13
[INFO] [stdout]   15:     0x56171b042b5e - std::panicking::begin_panic_handler::{{closure}}::h233112c06e0ef43e
[INFO] [stdout]                                at /rustc/82e1608dfa6e0b5569232559e3d385fea5a93112/library/std/src/panicking.rs:657:13
[INFO] [stdout]   16:     0x56171b041216 - std::sys_common::backtrace::__rust_end_short_backtrace::h6e893f24d7ebbff8
[INFO] [stdout]                                at /rustc/82e1608dfa6e0b5569232559e3d385fea5a93112/library/std/src/sys_common/backtrace.rs:170:18
[INFO] [stdout]   17:     0x56171b0428c2 - rust_begin_unwind
[INFO] [stdout]                                at /rustc/82e1608dfa6e0b5569232559e3d385fea5a93112/library/std/src/panicking.rs:645:5
[INFO] [stdout]   18:     0x56171aeb91d5 - core::panicking::panic_fmt::hbf0e066aabfa482c
[INFO] [stdout]                                at /rustc/82e1608dfa6e0b5569232559e3d385fea5a93112/library/core/src/panicking.rs:72:14
[INFO] [stdout]   19:     0x56171af97a8c - rust_hephaestus::acting::send_message_to_actor::h991e7005b0038fef
[INFO] [stdout]                                at /opt/rustwide/workdir/src/acting.rs:51:13
[INFO] [stdout]   20:     0x56171af9e9ed - rust_hephaestus::errors::notify_compiler_errors_reported::hbc10ee92e73723e1
[INFO] [stdout]                                at /opt/rustwide/workdir/src/errors.rs:46:5
[INFO] [stdout]   21:     0x56171af9e975 - rust_hephaestus::errors::report_errors::h2170a6d937ada5c7
[INFO] [stdout]                                at /opt/rustwide/workdir/src/errors.rs:41:5
[INFO] [stdout]   22:     0x56171af9e69a - <rust_hephaestus::errors::ErrorReporterActor<T> as rust_hephaestus::acting::Actor<rust_hephaestus::compilation::CompilationMessage>>::receive::h648977cacde8e33e
[INFO] [stdout]                                at /opt/rustwide/workdir/src/errors.rs:23:69
[INFO] [stdout]   23:     0x56171af9ddcb - rust_hephaestus::acting::run_actor::h283dc040ef01060b
[INFO] [stdout]                                at /opt/rustwide/workdir/src/acting.rs:144:47
[INFO] [stdout]   24:     0x56171af9d711 - rust_hephaestus::acting::start_actor_from_pool::{{closure}}::h6f2bacf3523f2dff
[INFO] [stdout]                                at /opt/rustwide/workdir/src/acting.rs:84:30
[INFO] [stdout]   25:     0x56171af817df - core::ops::function::FnOnce::call_once{{vtable.shim}}::h592fe1e04a43a498
[INFO] [stdout]                                at /rustc/82e1608dfa6e0b5569232559e3d385fea5a93112/library/core/src/ops/function.rs:250:5
[INFO] [stdout]   26:     0x56171af5f4d8 - <alloc::boxed::Box<F,A> as core::ops::function::FnOnce<Args>>::call_once::hb4cd23797070028c
[INFO] [stdout]                                at /rustc/82e1608dfa6e0b5569232559e3d385fea5a93112/library/alloc/src/boxed.rs:2007:9
[INFO] [stdout]   27:     0x56171af95feb - rust_hephaestus::threading::create_worker::{{closure}}::h3090ecda938851f4
[INFO] [stdout]                                at /opt/rustwide/workdir/src/threading.rs:189:46
[INFO] [stdout]   28:     0x56171af41597 - std::sys_common::backtrace::__rust_begin_short_backtrace::h858b056f18387aea
[INFO] [stdout]                                at /rustc/82e1608dfa6e0b5569232559e3d385fea5a93112/library/std/src/sys_common/backtrace.rs:154:18
[INFO] [stdout]   29:     0x56171af8102d - std::thread::Builder::spawn_unchecked_::{{closure}}::{{closure}}::haa42f8e3e66c55d4
[INFO] [stdout]                                at /rustc/82e1608dfa6e0b5569232559e3d385fea5a93112/library/std/src/thread/mod.rs:529:17
[INFO] [stdout]   30:     0x56171af6c701 - <core::panic::unwind_safe::AssertUnwindSafe<F> as core::ops::function::FnOnce<()>>::call_once::h62e3386c72b5ecb5
[INFO] [stdout]                                at /rustc/82e1608dfa6e0b5569232559e3d385fea5a93112/library/core/src/panic/unwind_safe.rs:272:9
[INFO] [stdout]   31:     0x56171af5cfa5 - std::panicking::try::do_call::hbcd36c26cde41576
[INFO] [stdout]                                at /rustc/82e1608dfa6e0b5569232559e3d385fea5a93112/library/std/src/panicking.rs:552:40
[INFO] [stdout]   32:     0x56171af64a6b - __rust_try
[INFO] [stdout]   33:     0x56171af5cc4f - std::panicking::try::h43eda0360447359a
[INFO] [stdout]                                at /rustc/82e1608dfa6e0b5569232559e3d385fea5a93112/library/std/src/panicking.rs:516:19
[INFO] [stdout]   34:     0x56171af80e51 - std::panic::catch_unwind::hd157e07ca7d6921e
[INFO] [stdout]                                at /rustc/82e1608dfa6e0b5569232559e3d385fea5a93112/library/std/src/panic.rs:142:14
[INFO] [stdout]   35:     0x56171af80e51 - std::thread::Builder::spawn_unchecked_::{{closure}}::he96448ccba24393e
[INFO] [stdout]                                at /rustc/82e1608dfa6e0b5569232559e3d385fea5a93112/library/std/src/thread/mod.rs:528:30
[INFO] [stdout]   36:     0x56171af8176f - core::ops::function::FnOnce::call_once{{vtable.shim}}::h31338818fb3771c8
[INFO] [stdout]                                at /rustc/82e1608dfa6e0b5569232559e3d385fea5a93112/library/core/src/ops/function.rs:250:5
[INFO] [stdout]   37:     0x56171b047895 - <alloc::boxed::Box<F,A> as core::ops::function::FnOnce<Args>>::call_once::hc7eafaff61e32df9
[INFO] [stdout]                                at /rustc/82e1608dfa6e0b5569232559e3d385fea5a93112/library/alloc/src/boxed.rs:2007:9
[INFO] [stdout]   38:     0x56171b047895 - <alloc::boxed::Box<F,A> as core::ops::function::FnOnce<Args>>::call_once::h6ba4a5de48dd2304
[INFO] [stdout]                                at /rustc/82e1608dfa6e0b5569232559e3d385fea5a93112/library/alloc/src/boxed.rs:2007:9
[INFO] [stdout]   39:     0x56171b047895 - std::sys::unix::thread::Thread::new::thread_start::he469335aef763e45
[INFO] [stdout]                                at /rustc/82e1608dfa6e0b5569232559e3d385fea5a93112/library/std/src/sys/unix/thread.rs:108:17
[INFO] [stdout]   40:     0x7f9d9b5b3ac3 - <unknown>
[INFO] [stdout]   41:     0x7f9d9b644bf4 - __clone
[INFO] [stdout]   42:                0x0 - <unknown>
[INFO] [stdout] 
[INFO] [stdout] 
[INFO] [stdout] failures:
[INFO] [stdout]     parsing::assignments::parse_invalid_assigment_parses_correctly
[INFO] [stdout]     typing::procedures::calling::typing_procedure_body_does_not_wait_for_external_procedure_that_does_not_exist
[INFO] [stdout] 
[INFO] [stdout] test result: FAILED. 92 passed; 2 failed; 0 ignored; 0 measured; 0 filtered out; finished in 0.45s
[INFO] [stdout] 
[INFO] [stderr] error: test failed, to rerun pass `--test mod`
[INFO] running `Command { std: "docker" "inspect" "8af3d6e9254db8f9f771f789d970d076775a8a1c3a5184db5346ede86248eeab", kill_on_drop: false }`
[INFO] running `Command { std: "docker" "rm" "-f" "8af3d6e9254db8f9f771f789d970d076775a8a1c3a5184db5346ede86248eeab", kill_on_drop: false }`
[INFO] [stdout] 8af3d6e9254db8f9f771f789d970d076775a8a1c3a5184db5346ede86248eeab
