[INFO] cloning repository https://github.com/sachnr/tmux-fzy
[INFO] running `Command { std: "git" "-c" "credential.helper=" "-c" "credential.helper=/workspace/cargo-home/bin/git-credential-null" "clone" "--bare" "https://github.com/sachnr/tmux-fzy" "/workspace/cache/git-repos/https%3A%2F%2Fgithub.com%2Fsachnr%2Ftmux-fzy", kill_on_drop: false }`
[INFO] [stderr] Cloning into bare repository '/workspace/cache/git-repos/https%3A%2F%2Fgithub.com%2Fsachnr%2Ftmux-fzy'...
[INFO] running `Command { std: "git" "rev-parse" "HEAD", kill_on_drop: false }`
[INFO] [stdout] 075b7b21fbbf05d68f90c3f7f03a2e9bcd5dd1a4
[INFO] testing sachnr/tmux-fzy against 1.75.0 for beta-1.76-1
[INFO] running `Command { std: "git" "clone" "/workspace/cache/git-repos/https%3A%2F%2Fgithub.com%2Fsachnr%2Ftmux-fzy" "/workspace/builds/worker-5-tc1/source", kill_on_drop: false }`
[INFO] [stderr] Cloning into '/workspace/builds/worker-5-tc1/source'...
[INFO] [stderr] done.
[INFO] validating manifest of git repo https://github.com/sachnr/tmux-fzy on toolchain 1.75.0
[INFO] running `Command { std: CARGO_HOME="/workspace/cargo-home" RUSTUP_HOME="/workspace/rustup-home" "/workspace/cargo-home/bin/cargo" "+1.75.0" "metadata" "--manifest-path" "Cargo.toml" "--no-deps", kill_on_drop: false }`
[INFO] started tweaking git repo https://github.com/sachnr/tmux-fzy
[INFO] finished tweaking git repo https://github.com/sachnr/tmux-fzy
[INFO] tweaked toml for git repo https://github.com/sachnr/tmux-fzy written to /workspace/builds/worker-5-tc1/source/Cargo.toml
[INFO] crate git repo https://github.com/sachnr/tmux-fzy already has a lockfile, it will not be regenerated
[INFO] running `Command { std: CARGO_HOME="/workspace/cargo-home" RUSTUP_HOME="/workspace/rustup-home" "/workspace/cargo-home/bin/cargo" "+1.75.0" "fetch" "--manifest-path" "Cargo.toml", kill_on_drop: false }`
[INFO] [stderr] warning: only one of `license` or `license-file` is necessary
[INFO] [stderr] `license` should be used if the package license can be expressed with a standard SPDX expression.
[INFO] [stderr] `license-file` should be used if the package uses a non-standard license.
[INFO] [stderr] See https://doc.rust-lang.org/cargo/reference/manifest.html#the-license-and-license-file-fields for more information.
[INFO] running `Command { std: "docker" "create" "-v" "/var/lib/crater-agent-workspace/builds/worker-5-tc1/target:/opt/rustwide/target:rw,Z" "-v" "/var/lib/crater-agent-workspace/builds/worker-5-tc1/source:/opt/rustwide/workdir:ro,Z" "-v" "/var/lib/crater-agent-workspace/cargo-home:/opt/rustwide/cargo-home:ro,Z" "-v" "/var/lib/crater-agent-workspace/rustup-home:/opt/rustwide/rustup-home:ro,Z" "-e" "SOURCE_DIR=/opt/rustwide/workdir" "-e" "CARGO_TARGET_DIR=/opt/rustwide/target" "-e" "CARGO_HOME=/opt/rustwide/cargo-home" "-e" "RUSTUP_HOME=/opt/rustwide/rustup-home" "-w" "/opt/rustwide/workdir" "-m" "1610612736" "--user" "0:0" "--network" "none" "ghcr.io/rust-lang/crates-build-env/linux@sha256:2788e3201cd34a07e3172128adcd8b3090168a8e3bcc40d7c032b9dda1df7d1c" "/opt/rustwide/cargo-home/bin/cargo" "+1.75.0" "metadata" "--no-deps" "--format-version=1", kill_on_drop: false }`
[INFO] [stdout] a39c3c0201c8f0cf0712fb847c7a741c85f074d38c3444c23f996089d9d2d279
[INFO] running `Command { std: "docker" "start" "-a" "a39c3c0201c8f0cf0712fb847c7a741c85f074d38c3444c23f996089d9d2d279", kill_on_drop: false }`
[INFO] running `Command { std: "docker" "inspect" "a39c3c0201c8f0cf0712fb847c7a741c85f074d38c3444c23f996089d9d2d279", kill_on_drop: false }`
[INFO] running `Command { std: "docker" "rm" "-f" "a39c3c0201c8f0cf0712fb847c7a741c85f074d38c3444c23f996089d9d2d279", kill_on_drop: false }`
[INFO] [stdout] a39c3c0201c8f0cf0712fb847c7a741c85f074d38c3444c23f996089d9d2d279
[INFO] running `Command { std: "docker" "create" "-v" "/var/lib/crater-agent-workspace/builds/worker-5-tc1/target:/opt/rustwide/target:rw,Z" "-v" "/var/lib/crater-agent-workspace/builds/worker-5-tc1/source:/opt/rustwide/workdir:ro,Z" "-v" "/var/lib/crater-agent-workspace/cargo-home:/opt/rustwide/cargo-home:ro,Z" "-v" "/var/lib/crater-agent-workspace/rustup-home:/opt/rustwide/rustup-home:ro,Z" "-e" "SOURCE_DIR=/opt/rustwide/workdir" "-e" "CARGO_TARGET_DIR=/opt/rustwide/target" "-e" "CARGO_INCREMENTAL=0" "-e" "RUST_BACKTRACE=full" "-e" "RUSTFLAGS=--cap-lints=warn" "-e" "RUSTDOCFLAGS=--cap-lints=warn" "-e" "CARGO_HOME=/opt/rustwide/cargo-home" "-e" "RUSTUP_HOME=/opt/rustwide/rustup-home" "-w" "/opt/rustwide/workdir" "-m" "1610612736" "--user" "0:0" "--network" "none" "ghcr.io/rust-lang/crates-build-env/linux@sha256:2788e3201cd34a07e3172128adcd8b3090168a8e3bcc40d7c032b9dda1df7d1c" "/opt/rustwide/cargo-home/bin/cargo" "+1.75.0" "build" "--frozen" "--message-format=json", kill_on_drop: false }`
[INFO] [stdout] 4b62112e8230edb9ad4931129eea7b5e922f5c8d01c3d97cddc7cdf3799fa18b
[INFO] running `Command { std: "docker" "start" "-a" "4b62112e8230edb9ad4931129eea7b5e922f5c8d01c3d97cddc7cdf3799fa18b", kill_on_drop: false }`
[INFO] [stderr] warning: only one of `license` or `license-file` is necessary
[INFO] [stderr] `license` should be used if the package license can be expressed with a standard SPDX expression.
[INFO] [stderr] `license-file` should be used if the package uses a non-standard license.
[INFO] [stderr] See https://doc.rust-lang.org/cargo/reference/manifest.html#the-license-and-license-file-fields for more information.
[INFO] [stderr]    Compiling proc-macro2 v1.0.67
[INFO] [stderr]    Compiling libc v0.2.148
[INFO] [stderr]    Compiling unicode-ident v1.0.12
[INFO] [stderr]    Compiling cfg-if v1.0.0
[INFO] [stderr]    Compiling autocfg v1.1.0
[INFO] [stderr]    Compiling rustversion v1.0.14
[INFO] [stderr]    Compiling heck v0.4.1
[INFO] [stderr]    Compiling parking_lot_core v0.9.8
[INFO] [stderr]    Compiling signal-hook v0.3.17
[INFO] [stderr]    Compiling smallvec v1.11.1
[INFO] [stderr]    Compiling scopeguard v1.2.0
[INFO] [stderr]    Compiling log v0.4.20
[INFO] [stderr]    Compiling utf8parse v0.2.1
[INFO] [stderr]    Compiling paste v1.0.14
[INFO] [stderr]    Compiling colorchoice v1.0.0
[INFO] [stderr]    Compiling anstyle-parse v0.2.2
[INFO] [stderr]    Compiling anstyle-query v1.0.0
[INFO] [stderr]    Compiling lock_api v0.4.10
[INFO] [stderr]    Compiling anstyle v1.0.4
[INFO] [stderr]    Compiling once_cell v1.18.0
[INFO] [stderr]    Compiling bitflags v2.4.0
[INFO] [stderr]    Compiling anstream v0.6.4
[INFO] [stderr]    Compiling clap_lex v0.5.1
[INFO] [stderr]    Compiling strsim v0.10.0
[INFO] [stderr]    Compiling anyhow v1.0.75
[INFO] [stderr]    Compiling either v1.9.0
[INFO] [stderr]    Compiling quote v1.0.33
[INFO] [stderr]    Compiling thiserror v1.0.49
[INFO] [stderr]    Compiling itertools v0.11.0
[INFO] [stderr]    Compiling clap_builder v4.4.6
[INFO] [stderr]    Compiling thread_local v1.1.7
[INFO] [stderr]    Compiling syn v2.0.37
[INFO] [stderr]    Compiling signal-hook-registry v1.4.1
[INFO] [stderr]    Compiling mio v0.8.8
[INFO] [stderr]    Compiling parking_lot v0.12.1
[INFO] [stderr]    Compiling cassowary v0.3.0
[INFO] [stderr]    Compiling signal-hook-mio v0.2.3
[INFO] [stderr]    Compiling crossterm v0.27.0
[INFO] [stderr]    Compiling unicode-segmentation v1.10.1
[INFO] [stderr]    Compiling indoc v2.0.4
[INFO] [stderr]    Compiling unicode-width v0.1.11
[INFO] [stderr]    Compiling same-file v1.0.6
[INFO] [stderr]    Compiling walkdir v2.4.0
[INFO] [stderr]    Compiling fuzzy-matcher v0.3.7
[INFO] [stderr]    Compiling strum_macros v0.25.2
[INFO] [stderr]    Compiling thiserror-impl v1.0.49
[INFO] [stderr]    Compiling clap_derive v4.4.2
[INFO] [stderr]    Compiling strum v0.25.0
[INFO] [stderr]    Compiling ratatui v0.23.0
[INFO] [stderr]    Compiling clap v4.4.6
[INFO] [stderr]    Compiling tmux-fzy v0.2.3 (/opt/rustwide/workdir)
[INFO] [stderr]     Finished dev [unoptimized + debuginfo] target(s) in 20.01s
[INFO] running `Command { std: "docker" "inspect" "4b62112e8230edb9ad4931129eea7b5e922f5c8d01c3d97cddc7cdf3799fa18b", kill_on_drop: false }`
[INFO] running `Command { std: "docker" "rm" "-f" "4b62112e8230edb9ad4931129eea7b5e922f5c8d01c3d97cddc7cdf3799fa18b", kill_on_drop: false }`
[INFO] [stdout] 4b62112e8230edb9ad4931129eea7b5e922f5c8d01c3d97cddc7cdf3799fa18b
[INFO] running `Command { std: "docker" "create" "-v" "/var/lib/crater-agent-workspace/builds/worker-5-tc1/target:/opt/rustwide/target:rw,Z" "-v" "/var/lib/crater-agent-workspace/builds/worker-5-tc1/source:/opt/rustwide/workdir:ro,Z" "-v" "/var/lib/crater-agent-workspace/cargo-home:/opt/rustwide/cargo-home:ro,Z" "-v" "/var/lib/crater-agent-workspace/rustup-home:/opt/rustwide/rustup-home:ro,Z" "-e" "SOURCE_DIR=/opt/rustwide/workdir" "-e" "CARGO_TARGET_DIR=/opt/rustwide/target" "-e" "CARGO_INCREMENTAL=0" "-e" "RUST_BACKTRACE=full" "-e" "RUSTFLAGS=--cap-lints=warn" "-e" "RUSTDOCFLAGS=--cap-lints=warn" "-e" "CARGO_HOME=/opt/rustwide/cargo-home" "-e" "RUSTUP_HOME=/opt/rustwide/rustup-home" "-w" "/opt/rustwide/workdir" "-m" "1610612736" "--user" "0:0" "--network" "none" "ghcr.io/rust-lang/crates-build-env/linux@sha256:2788e3201cd34a07e3172128adcd8b3090168a8e3bcc40d7c032b9dda1df7d1c" "/opt/rustwide/cargo-home/bin/cargo" "+1.75.0" "test" "--frozen" "--no-run" "--message-format=json", kill_on_drop: false }`
[INFO] [stdout] 677d37f0a2a2e4686181edb8a9b33ca4bc988561cabe0a5c66d49d0c5143a68d
[INFO] running `Command { std: "docker" "start" "-a" "677d37f0a2a2e4686181edb8a9b33ca4bc988561cabe0a5c66d49d0c5143a68d", kill_on_drop: false }`
[INFO] [stderr] warning: only one of `license` or `license-file` is necessary
[INFO] [stderr] `license` should be used if the package license can be expressed with a standard SPDX expression.
[INFO] [stderr] `license-file` should be used if the package uses a non-standard license.
[INFO] [stderr] See https://doc.rust-lang.org/cargo/reference/manifest.html#the-license-and-license-file-fields for more information.
[INFO] [stderr]    Compiling tmux-fzy v0.2.3 (/opt/rustwide/workdir)
[INFO] [stderr]     Finished test [unoptimized + debuginfo] target(s) in 1.31s
[INFO] running `Command { std: "docker" "inspect" "677d37f0a2a2e4686181edb8a9b33ca4bc988561cabe0a5c66d49d0c5143a68d", kill_on_drop: false }`
[INFO] running `Command { std: "docker" "rm" "-f" "677d37f0a2a2e4686181edb8a9b33ca4bc988561cabe0a5c66d49d0c5143a68d", kill_on_drop: false }`
[INFO] [stdout] 677d37f0a2a2e4686181edb8a9b33ca4bc988561cabe0a5c66d49d0c5143a68d
[INFO] running `Command { std: "docker" "create" "-v" "/var/lib/crater-agent-workspace/builds/worker-5-tc1/target:/opt/rustwide/target:rw,Z" "-v" "/var/lib/crater-agent-workspace/builds/worker-5-tc1/source:/opt/rustwide/workdir:ro,Z" "-v" "/var/lib/crater-agent-workspace/cargo-home:/opt/rustwide/cargo-home:ro,Z" "-v" "/var/lib/crater-agent-workspace/rustup-home:/opt/rustwide/rustup-home:ro,Z" "-e" "SOURCE_DIR=/opt/rustwide/workdir" "-e" "CARGO_TARGET_DIR=/opt/rustwide/target" "-e" "CARGO_INCREMENTAL=0" "-e" "RUST_BACKTRACE=full" "-e" "RUSTFLAGS=--cap-lints=warn" "-e" "RUSTDOCFLAGS=--cap-lints=warn" "-e" "CARGO_HOME=/opt/rustwide/cargo-home" "-e" "RUSTUP_HOME=/opt/rustwide/rustup-home" "-w" "/opt/rustwide/workdir" "-m" "1610612736" "--user" "0:0" "--network" "none" "ghcr.io/rust-lang/crates-build-env/linux@sha256:2788e3201cd34a07e3172128adcd8b3090168a8e3bcc40d7c032b9dda1df7d1c" "/opt/rustwide/cargo-home/bin/cargo" "+1.75.0" "test" "--frozen", kill_on_drop: false }`
[INFO] [stdout] 57c410d4efd54c2754bbac00fd1ce796d9401493de36d409fb7ed930ff1357f8
[INFO] running `Command { std: "docker" "start" "-a" "57c410d4efd54c2754bbac00fd1ce796d9401493de36d409fb7ed930ff1357f8", kill_on_drop: false }`
[INFO] [stderr] warning: only one of `license` or `license-file` is necessary
[INFO] [stderr] `license` should be used if the package license can be expressed with a standard SPDX expression.
[INFO] [stderr] `license-file` should be used if the package uses a non-standard license.
[INFO] [stderr] See https://doc.rust-lang.org/cargo/reference/manifest.html#the-license-and-license-file-fields for more information.
[INFO] [stderr]     Finished test [unoptimized + debuginfo] target(s) in 0.05s
[INFO] [stderr]      Running unittests src/lib.rs (/opt/rustwide/target/debug/deps/tmux_fzy-e73458723edeba71)
[INFO] [stdout] 
[INFO] [stderr]      Running unittests src/main.rs (/opt/rustwide/target/debug/deps/tmux_fzy-23a80a9189432e05)
[INFO] [stdout] running 0 tests
[INFO] [stdout] 
[INFO] [stdout] test result: ok. 0 passed; 0 failed; 0 ignored; 0 measured; 0 filtered out; finished in 0.00s
[INFO] [stdout] 
[INFO] [stdout] 
[INFO] [stderr]    Doc-tests tmux-fzy
[INFO] [stdout] running 0 tests
[INFO] [stdout] 
[INFO] [stdout] test result: ok. 0 passed; 0 failed; 0 ignored; 0 measured; 0 filtered out; finished in 0.00s
[INFO] [stdout] 
[INFO] [stdout] 
[INFO] [stdout] running 1 test
[INFO] [stdout] test src/tmux.rs - tmux::CommandBuilder (line 97) - compile ... FAILED
[INFO] [stdout] 
[INFO] [stdout] failures:
[INFO] [stdout] 
[INFO] [stdout] ---- src/tmux.rs - tmux::CommandBuilder (line 97) stdout ----
[INFO] [stdout] error[E0412]: cannot find type `Error` in this scope
[INFO] [stdout]  --> src/tmux.rs:98:27
[INFO] [stdout]   |
[INFO] [stdout] 3 | pub fn ls() -> Result<(), Error> {
[INFO] [stdout]   |                           ^^^^^ not found in this scope
[INFO] [stdout]   |
[INFO] [stdout] help: consider importing one of these items
[INFO] [stdout]   |
[INFO] [stdout] 2 + use anyhow::Error;
[INFO] [stdout]   |
[INFO] [stdout] 2 + use clap::Error;
[INFO] [stdout]   |
[INFO] [stdout] 2 + use clap::error::Error;
[INFO] [stdout]   |
[INFO] [stdout] 2 + use core::error::Error;
[INFO] [stdout]   |
[INFO] [stdout]     and 6 other candidates
[INFO] [stdout] 
[INFO] [stdout] error[E0433]: failed to resolve: use of undeclared type `CommandBuilder`
[INFO] [stdout]  --> src/tmux.rs:99:5
[INFO] [stdout]   |
[INFO] [stdout] 4 |     CommandBuilder::new()
[INFO] [stdout]   |     ^^^^^^^^^^^^^^ use of undeclared type `CommandBuilder`
[INFO] [stdout] 
[INFO] [stdout] error: aborting due to 2 previous errors
[INFO] [stdout] 
[INFO] [stdout] Some errors have detailed explanations: E0412, E0433.
[INFO] [stdout] For more information about an error, try `rustc --explain E0412`.
[INFO] [stdout] Couldn't compile the test.
[INFO] [stdout] 
[INFO] [stdout] failures:
[INFO] [stdout]     src/tmux.rs - tmux::CommandBuilder (line 97)
[INFO] [stdout] 
[INFO] [stdout] test result: FAILED. 0 passed; 1 failed; 0 ignored; 0 measured; 0 filtered out; finished in 0.08s
[INFO] [stdout] 
[INFO] [stderr] error: doctest failed, to rerun pass `--doc`
[INFO] running `Command { std: "docker" "inspect" "57c410d4efd54c2754bbac00fd1ce796d9401493de36d409fb7ed930ff1357f8", kill_on_drop: false }`
[INFO] running `Command { std: "docker" "rm" "-f" "57c410d4efd54c2754bbac00fd1ce796d9401493de36d409fb7ed930ff1357f8", kill_on_drop: false }`
[INFO] [stdout] 57c410d4efd54c2754bbac00fd1ce796d9401493de36d409fb7ed930ff1357f8
