[INFO] cloning repository https://github.com/sabry-awad97/srt_parser
[INFO] running `Command { std: "git" "-c" "credential.helper=" "-c" "credential.helper=/workspace/cargo-home/bin/git-credential-null" "clone" "--bare" "https://github.com/sabry-awad97/srt_parser" "/workspace/cache/git-repos/https%3A%2F%2Fgithub.com%2Fsabry-awad97%2Fsrt_parser", kill_on_drop: false }`
[INFO] [stderr] Cloning into bare repository '/workspace/cache/git-repos/https%3A%2F%2Fgithub.com%2Fsabry-awad97%2Fsrt_parser'...
[INFO] running `Command { std: "git" "rev-parse" "HEAD", kill_on_drop: false }`
[INFO] [stdout] 72412c91a626dccbf83511e68869094bdebd7e49
[INFO] testing sabry-awad97/srt_parser against 1.75.0 for beta-1.76-1
[INFO] running `Command { std: "git" "clone" "/workspace/cache/git-repos/https%3A%2F%2Fgithub.com%2Fsabry-awad97%2Fsrt_parser" "/workspace/builds/worker-3-tc1/source", kill_on_drop: false }`
[INFO] [stderr] Cloning into '/workspace/builds/worker-3-tc1/source'...
[INFO] [stderr] done.
[INFO] validating manifest of git repo https://github.com/sabry-awad97/srt_parser on toolchain 1.75.0
[INFO] running `Command { std: CARGO_HOME="/workspace/cargo-home" RUSTUP_HOME="/workspace/rustup-home" "/workspace/cargo-home/bin/cargo" "+1.75.0" "metadata" "--manifest-path" "Cargo.toml" "--no-deps", kill_on_drop: false }`
[INFO] started tweaking git repo https://github.com/sabry-awad97/srt_parser
[INFO] finished tweaking git repo https://github.com/sabry-awad97/srt_parser
[INFO] tweaked toml for git repo https://github.com/sabry-awad97/srt_parser written to /workspace/builds/worker-3-tc1/source/Cargo.toml
[INFO] crate git repo https://github.com/sabry-awad97/srt_parser already has a lockfile, it will not be regenerated
[INFO] running `Command { std: CARGO_HOME="/workspace/cargo-home" RUSTUP_HOME="/workspace/rustup-home" "/workspace/cargo-home/bin/cargo" "+1.75.0" "fetch" "--manifest-path" "Cargo.toml", kill_on_drop: false }`
[INFO] running `Command { std: "docker" "create" "-v" "/var/lib/crater-agent-workspace/builds/worker-3-tc1/target:/opt/rustwide/target:rw,Z" "-v" "/var/lib/crater-agent-workspace/builds/worker-3-tc1/source:/opt/rustwide/workdir:ro,Z" "-v" "/var/lib/crater-agent-workspace/cargo-home:/opt/rustwide/cargo-home:ro,Z" "-v" "/var/lib/crater-agent-workspace/rustup-home:/opt/rustwide/rustup-home:ro,Z" "-e" "SOURCE_DIR=/opt/rustwide/workdir" "-e" "CARGO_TARGET_DIR=/opt/rustwide/target" "-e" "CARGO_HOME=/opt/rustwide/cargo-home" "-e" "RUSTUP_HOME=/opt/rustwide/rustup-home" "-w" "/opt/rustwide/workdir" "-m" "1610612736" "--user" "0:0" "--network" "none" "ghcr.io/rust-lang/crates-build-env/linux@sha256:2788e3201cd34a07e3172128adcd8b3090168a8e3bcc40d7c032b9dda1df7d1c" "/opt/rustwide/cargo-home/bin/cargo" "+1.75.0" "metadata" "--no-deps" "--format-version=1", kill_on_drop: false }`
[INFO] [stdout] 615806f9f309216c3162e0760926fb4b4544de07bf0b8aaa4ed9e4d8832f2d24
[INFO] running `Command { std: "docker" "start" "-a" "615806f9f309216c3162e0760926fb4b4544de07bf0b8aaa4ed9e4d8832f2d24", kill_on_drop: false }`
[INFO] running `Command { std: "docker" "inspect" "615806f9f309216c3162e0760926fb4b4544de07bf0b8aaa4ed9e4d8832f2d24", kill_on_drop: false }`
[INFO] running `Command { std: "docker" "rm" "-f" "615806f9f309216c3162e0760926fb4b4544de07bf0b8aaa4ed9e4d8832f2d24", kill_on_drop: false }`
[INFO] [stdout] 615806f9f309216c3162e0760926fb4b4544de07bf0b8aaa4ed9e4d8832f2d24
[INFO] running `Command { std: "docker" "create" "-v" "/var/lib/crater-agent-workspace/builds/worker-3-tc1/target:/opt/rustwide/target:rw,Z" "-v" "/var/lib/crater-agent-workspace/builds/worker-3-tc1/source:/opt/rustwide/workdir:ro,Z" "-v" "/var/lib/crater-agent-workspace/cargo-home:/opt/rustwide/cargo-home:ro,Z" "-v" "/var/lib/crater-agent-workspace/rustup-home:/opt/rustwide/rustup-home:ro,Z" "-e" "SOURCE_DIR=/opt/rustwide/workdir" "-e" "CARGO_TARGET_DIR=/opt/rustwide/target" "-e" "CARGO_INCREMENTAL=0" "-e" "RUST_BACKTRACE=full" "-e" "RUSTFLAGS=--cap-lints=warn" "-e" "RUSTDOCFLAGS=--cap-lints=warn" "-e" "CARGO_HOME=/opt/rustwide/cargo-home" "-e" "RUSTUP_HOME=/opt/rustwide/rustup-home" "-w" "/opt/rustwide/workdir" "-m" "1610612736" "--user" "0:0" "--network" "none" "ghcr.io/rust-lang/crates-build-env/linux@sha256:2788e3201cd34a07e3172128adcd8b3090168a8e3bcc40d7c032b9dda1df7d1c" "/opt/rustwide/cargo-home/bin/cargo" "+1.75.0" "build" "--frozen" "--message-format=json", kill_on_drop: false }`
[INFO] [stdout] 56124b74ab38899a516ac63b2652f1695df48a5ca0cd39675f306f5dbf9b2972
[INFO] running `Command { std: "docker" "start" "-a" "56124b74ab38899a516ac63b2652f1695df48a5ca0cd39675f306f5dbf9b2972", kill_on_drop: false }`
[INFO] [stderr]    Compiling proc-macro2 v1.0.67
[INFO] [stderr]    Compiling unicode-ident v1.0.12
[INFO] [stderr]    Compiling thiserror v1.0.48
[INFO] [stderr]    Compiling quote v1.0.33
[INFO] [stderr]    Compiling syn v2.0.37
[INFO] [stderr]    Compiling thiserror-impl v1.0.48
[INFO] [stderr]    Compiling srt_parser v0.1.0 (/opt/rustwide/workdir)
[INFO] [stderr]     Finished dev [unoptimized + debuginfo] target(s) in 2.51s
[INFO] running `Command { std: "docker" "inspect" "56124b74ab38899a516ac63b2652f1695df48a5ca0cd39675f306f5dbf9b2972", kill_on_drop: false }`
[INFO] running `Command { std: "docker" "rm" "-f" "56124b74ab38899a516ac63b2652f1695df48a5ca0cd39675f306f5dbf9b2972", kill_on_drop: false }`
[INFO] [stdout] 56124b74ab38899a516ac63b2652f1695df48a5ca0cd39675f306f5dbf9b2972
[INFO] running `Command { std: "docker" "create" "-v" "/var/lib/crater-agent-workspace/builds/worker-3-tc1/target:/opt/rustwide/target:rw,Z" "-v" "/var/lib/crater-agent-workspace/builds/worker-3-tc1/source:/opt/rustwide/workdir:ro,Z" "-v" "/var/lib/crater-agent-workspace/cargo-home:/opt/rustwide/cargo-home:ro,Z" "-v" "/var/lib/crater-agent-workspace/rustup-home:/opt/rustwide/rustup-home:ro,Z" "-e" "SOURCE_DIR=/opt/rustwide/workdir" "-e" "CARGO_TARGET_DIR=/opt/rustwide/target" "-e" "CARGO_INCREMENTAL=0" "-e" "RUST_BACKTRACE=full" "-e" "RUSTFLAGS=--cap-lints=warn" "-e" "RUSTDOCFLAGS=--cap-lints=warn" "-e" "CARGO_HOME=/opt/rustwide/cargo-home" "-e" "RUSTUP_HOME=/opt/rustwide/rustup-home" "-w" "/opt/rustwide/workdir" "-m" "1610612736" "--user" "0:0" "--network" "none" "ghcr.io/rust-lang/crates-build-env/linux@sha256:2788e3201cd34a07e3172128adcd8b3090168a8e3bcc40d7c032b9dda1df7d1c" "/opt/rustwide/cargo-home/bin/cargo" "+1.75.0" "test" "--frozen" "--no-run" "--message-format=json", kill_on_drop: false }`
[INFO] [stdout] 526078b931488b1a2f6283fe6d5b42bdc9e9edd49cdf7265202e0733b8743dd0
[INFO] running `Command { std: "docker" "start" "-a" "526078b931488b1a2f6283fe6d5b42bdc9e9edd49cdf7265202e0733b8743dd0", kill_on_drop: false }`
[INFO] [stderr]    Compiling srt_parser v0.1.0 (/opt/rustwide/workdir)
[INFO] [stderr]     Finished test [unoptimized + debuginfo] target(s) in 0.30s
[INFO] running `Command { std: "docker" "inspect" "526078b931488b1a2f6283fe6d5b42bdc9e9edd49cdf7265202e0733b8743dd0", kill_on_drop: false }`
[INFO] running `Command { std: "docker" "rm" "-f" "526078b931488b1a2f6283fe6d5b42bdc9e9edd49cdf7265202e0733b8743dd0", kill_on_drop: false }`
[INFO] [stdout] 526078b931488b1a2f6283fe6d5b42bdc9e9edd49cdf7265202e0733b8743dd0
[INFO] running `Command { std: "docker" "create" "-v" "/var/lib/crater-agent-workspace/builds/worker-3-tc1/target:/opt/rustwide/target:rw,Z" "-v" "/var/lib/crater-agent-workspace/builds/worker-3-tc1/source:/opt/rustwide/workdir:ro,Z" "-v" "/var/lib/crater-agent-workspace/cargo-home:/opt/rustwide/cargo-home:ro,Z" "-v" "/var/lib/crater-agent-workspace/rustup-home:/opt/rustwide/rustup-home:ro,Z" "-e" "SOURCE_DIR=/opt/rustwide/workdir" "-e" "CARGO_TARGET_DIR=/opt/rustwide/target" "-e" "CARGO_INCREMENTAL=0" "-e" "RUST_BACKTRACE=full" "-e" "RUSTFLAGS=--cap-lints=warn" "-e" "RUSTDOCFLAGS=--cap-lints=warn" "-e" "CARGO_HOME=/opt/rustwide/cargo-home" "-e" "RUSTUP_HOME=/opt/rustwide/rustup-home" "-w" "/opt/rustwide/workdir" "-m" "1610612736" "--user" "0:0" "--network" "none" "ghcr.io/rust-lang/crates-build-env/linux@sha256:2788e3201cd34a07e3172128adcd8b3090168a8e3bcc40d7c032b9dda1df7d1c" "/opt/rustwide/cargo-home/bin/cargo" "+1.75.0" "test" "--frozen", kill_on_drop: false }`
[INFO] [stdout] 34aff8e220a42547bba35475eb763ddeed3ae6e120e19c729ce4a3138e4909ff
[INFO] running `Command { std: "docker" "start" "-a" "34aff8e220a42547bba35475eb763ddeed3ae6e120e19c729ce4a3138e4909ff", kill_on_drop: false }`
[INFO] [stderr]     Finished test [unoptimized + debuginfo] target(s) in 0.00s
[INFO] [stderr]      Running unittests src/lib.rs (/opt/rustwide/target/debug/deps/srt_parser-44bf9023a8370324)
[INFO] [stdout] 
[INFO] [stdout] running 14 tests
[INFO] [stdout] test subtitle::tests::test_invalid_index ... ok
[INFO] [stdout] test subtitle::tests::test_invalid_time_range ... ok
[INFO] [stdout] test subtitle::tests::test_invalid_input ... ok
[INFO] [stdout] test subtitle::tests::test_valid_subtitle ... ok
[INFO] [stdout] test subtitle::tests::test_missing_fields ... ok
[INFO] [stdout] test time_range::tests::test_invalid_input ... ok
[INFO] [stdout] test time_range::tests::test_invalid_parts_count ... ok
[INFO] [stdout] test time_range::tests::test_invalid_timecode_format ... ok
[INFO] [stdout] test time_range::tests::test_invalid_timecode_values ... ok
[INFO] [stdout] test time_range::tests::test_valid_time_range ... ok
[INFO] [stdout] test timecode::tests::test_invalid_input ... ok
[INFO] [stdout] test timecode::tests::test_invalid_parts_count ... ok
[INFO] [stdout] test timecode::tests::test_invalid_time_values ... ok
[INFO] [stdout] test timecode::tests::test_valid_timecode ... ok
[INFO] [stdout] 
[INFO] [stdout] test result: ok. 14 passed; 0 failed; 0 ignored; 0 measured; 0 filtered out; finished in 0.00s
[INFO] [stdout] 
[INFO] [stderr]    Doc-tests srt_parser
[INFO] [stdout] 
[INFO] [stdout] running 3 tests
[INFO] [stdout] test src/utils.rs - utils::from_file (line 15) ... FAILED
[INFO] [stdout] test src/parser.rs - parser::SrtParser::parse (line 50) ... ok
[INFO] [stdout] test src/parser.rs - parser::parse_srt_file (line 73) ... ok
[INFO] [stdout] 
[INFO] [stdout] failures:
[INFO] [stdout] 
[INFO] [stdout] ---- src/utils.rs - utils::from_file (line 15) stdout ----
[INFO] [stdout] error[E0432]: unresolved import `crate::utils`
[INFO] [stdout]  --> src/utils.rs:16:12
[INFO] [stdout]   |
[INFO] [stdout] 3 | use crate::utils::from_file;
[INFO] [stdout]   |            ^^^^^ could not find `utils` in the crate root
[INFO] [stdout] 
[INFO] [stdout] error: aborting due to previous error
[INFO] [stdout] 
[INFO] [stdout] For more information about this error, try `rustc --explain E0432`.
[INFO] [stdout] Couldn't compile the test.
[INFO] [stdout] 
[INFO] [stdout] failures:
[INFO] [stdout]     src/utils.rs - utils::from_file (line 15)
[INFO] [stdout] 
[INFO] [stdout] test result: FAILED. 2 passed; 1 failed; 0 ignored; 0 measured; 0 filtered out; finished in 0.13s
[INFO] [stdout] 
[INFO] [stderr] error: doctest failed, to rerun pass `--doc`
[INFO] running `Command { std: "docker" "inspect" "34aff8e220a42547bba35475eb763ddeed3ae6e120e19c729ce4a3138e4909ff", kill_on_drop: false }`
[INFO] running `Command { std: "docker" "rm" "-f" "34aff8e220a42547bba35475eb763ddeed3ae6e120e19c729ce4a3138e4909ff", kill_on_drop: false }`
[INFO] [stdout] 34aff8e220a42547bba35475eb763ddeed3ae6e120e19c729ce4a3138e4909ff
