[INFO] cloning repository https://github.com/sabinchitrakar/contract_events
[INFO] running `Command { std: "git" "-c" "credential.helper=" "-c" "credential.helper=/workspace/cargo-home/bin/git-credential-null" "clone" "--bare" "https://github.com/sabinchitrakar/contract_events" "/workspace/cache/git-repos/https%3A%2F%2Fgithub.com%2Fsabinchitrakar%2Fcontract_events", kill_on_drop: false }`
[INFO] [stderr] Cloning into bare repository '/workspace/cache/git-repos/https%3A%2F%2Fgithub.com%2Fsabinchitrakar%2Fcontract_events'...
[INFO] running `Command { std: "git" "rev-parse" "HEAD", kill_on_drop: false }`
[INFO] [stdout] bf47f15982cc7afbd668773fcec7b197568fb321
[INFO] testing sabinchitrakar/contract_events against 1.75.0 for beta-1.76-1
[INFO] running `Command { std: "git" "clone" "/workspace/cache/git-repos/https%3A%2F%2Fgithub.com%2Fsabinchitrakar%2Fcontract_events" "/workspace/builds/worker-5-tc1/source", kill_on_drop: false }`
[INFO] [stderr] Cloning into '/workspace/builds/worker-5-tc1/source'...
[INFO] [stderr] done.
[INFO] validating manifest of git repo https://github.com/sabinchitrakar/contract_events on toolchain 1.75.0
[INFO] running `Command { std: CARGO_HOME="/workspace/cargo-home" RUSTUP_HOME="/workspace/rustup-home" "/workspace/cargo-home/bin/cargo" "+1.75.0" "metadata" "--manifest-path" "Cargo.toml" "--no-deps", kill_on_drop: false }`
[INFO] started tweaking git repo https://github.com/sabinchitrakar/contract_events
[INFO] finished tweaking git repo https://github.com/sabinchitrakar/contract_events
[INFO] tweaked toml for git repo https://github.com/sabinchitrakar/contract_events written to /workspace/builds/worker-5-tc1/source/Cargo.toml
[INFO] crate git repo https://github.com/sabinchitrakar/contract_events already has a lockfile, it will not be regenerated
[INFO] running `Command { std: CARGO_HOME="/workspace/cargo-home" RUSTUP_HOME="/workspace/rustup-home" "/workspace/cargo-home/bin/cargo" "+1.75.0" "fetch" "--manifest-path" "Cargo.toml", kill_on_drop: false }`
[INFO] [stderr]     Updating crates.io index
[INFO] [stderr]  Downloading crates ...
[INFO] [stderr]   Downloaded ink_metadata v3.4.0
[INFO] [stderr]   Downloaded sp-core v6.0.0
[INFO] [stderr]   Downloaded ink_prelude v3.4.0
[INFO] [stderr]   Downloaded crypto-bigint v0.2.5
[INFO] [stderr]   Downloaded sp-arithmetic v5.0.0
[INFO] [stderr]   Downloaded escape8259 v0.5.2
[INFO] [stderr]   Downloaded sp-externalities v0.12.0
[INFO] [stderr]   Downloaded sp-weights v4.0.0
[INFO] [stderr]   Downloaded sp-tracing v5.0.0
[INFO] [stderr]   Downloaded ink_engine v3.4.0
[INFO] [stderr]   Downloaded sp-runtime-interface-proc-macro v5.0.0
[INFO] [stderr]   Downloaded sp-arithmetic v6.0.0
[INFO] [stderr]   Downloaded bonsaidb-core v0.4.1
[INFO] [stderr]   Downloaded hkdf v0.11.0
[INFO] [stderr]   Downloaded object v0.30.0
[INFO] [stderr]   Downloaded hpke v0.8.0
[INFO] [stderr]   Downloaded sp-runtime v6.0.0
[INFO] [stderr]   Downloaded subxt v0.24.0
[INFO] [stderr]   Downloaded nebari v0.5.4
[INFO] [stderr]   Downloaded p256 v0.9.0
[INFO] [stderr]   Downloaded pot v1.0.2
[INFO] [stderr]   Downloaded lz4_flex v0.9.5
[INFO] [stderr]   Downloaded trybuild v1.0.73
[INFO] [stderr]   Downloaded sp-trie v6.0.0
[INFO] [stderr]   Downloaded arc-bytes v0.3.5
[INFO] [stderr]   Downloaded watchable v0.1.0
[INFO] [stderr]   Downloaded sp-std v4.0.0
[INFO] [stderr]   Downloaded subxt-codegen v0.24.0
[INFO] [stderr]   Downloaded sp-runtime-interface v6.0.0
[INFO] [stderr]   Downloaded attribute-derive-macro v0.2.0
[INFO] [stderr]   Downloaded subxt-macro v0.24.0
[INFO] [stderr]   Downloaded transmog-versions v0.1.0
[INFO] [stderr]   Downloaded sp-core-hashing v4.0.0
[INFO] [stderr]   Downloaded ink_primitives v3.4.0
[INFO] [stderr]   Downloaded sp-application-crypto v6.0.0
[INFO] [stderr]   Downloaded sp-storage v6.0.0
[INFO] [stderr]   Downloaded transmog v0.1.0
[INFO] [stderr]   Downloaded sp-keystore v0.12.0
[INFO] [stderr]   Downloaded sp-wasm-interface v6.0.0
[INFO] [stderr]   Downloaded actionable-macros v0.2.0
[INFO] [stderr]   Downloaded contract-transcode v0.2.0
[INFO] [stderr]   Downloaded circulate v0.3.0
[INFO] [stderr]   Downloaded sp-state-machine v0.12.0
[INFO] [stderr]   Downloaded sp-io v6.0.0
[INFO] [stderr]   Downloaded subxt-metadata v0.24.0
[INFO] [stderr]   Downloaded sp-debug-derive v4.0.0
[INFO] [stderr]   Downloaded elliptic-curve v0.10.4
[INFO] [stderr]   Downloaded contract-metadata v1.5.1
[INFO] [stderr]   Downloaded attribute-derive v0.2.2
[INFO] [stderr]   Downloaded bonsaidb-utils v0.4.1
[INFO] [stderr]   Downloaded actionable v0.2.0
[INFO] [stderr]   Downloaded ink_allocator v3.4.0
[INFO] [stderr]   Downloaded bonsaidb-macros v0.4.1
[INFO] [stderr]   Downloaded transmog-pot v0.1.0
[INFO] [stderr]   Downloaded ordered-varint v1.0.1
[INFO] [stderr]   Downloaded bonsaidb v0.4.1
[INFO] [stderr]   Downloaded ink_env v3.4.0
[INFO] [stderr]   Downloaded sp-panic-handler v4.0.0
[INFO] [stderr]   Downloaded derive-where v1.0.0-rc.2
[INFO] [stderr]   Downloaded bonsaidb-local v0.4.1
[INFO] running `Command { std: "docker" "create" "-v" "/var/lib/crater-agent-workspace/builds/worker-5-tc1/target:/opt/rustwide/target:rw,Z" "-v" "/var/lib/crater-agent-workspace/builds/worker-5-tc1/source:/opt/rustwide/workdir:ro,Z" "-v" "/var/lib/crater-agent-workspace/cargo-home:/opt/rustwide/cargo-home:ro,Z" "-v" "/var/lib/crater-agent-workspace/rustup-home:/opt/rustwide/rustup-home:ro,Z" "-e" "SOURCE_DIR=/opt/rustwide/workdir" "-e" "CARGO_TARGET_DIR=/opt/rustwide/target" "-e" "CARGO_HOME=/opt/rustwide/cargo-home" "-e" "RUSTUP_HOME=/opt/rustwide/rustup-home" "-w" "/opt/rustwide/workdir" "-m" "1610612736" "--user" "0:0" "--network" "none" "ghcr.io/rust-lang/crates-build-env/linux@sha256:2788e3201cd34a07e3172128adcd8b3090168a8e3bcc40d7c032b9dda1df7d1c" "/opt/rustwide/cargo-home/bin/cargo" "+1.75.0" "metadata" "--no-deps" "--format-version=1", kill_on_drop: false }`
[INFO] [stdout] 01ae8412685ba17f00421a05c173782245326591f8696a1ed22cdfb7f42f92ea
[INFO] running `Command { std: "docker" "start" "-a" "01ae8412685ba17f00421a05c173782245326591f8696a1ed22cdfb7f42f92ea", kill_on_drop: false }`
[INFO] running `Command { std: "docker" "inspect" "01ae8412685ba17f00421a05c173782245326591f8696a1ed22cdfb7f42f92ea", kill_on_drop: false }`
[INFO] running `Command { std: "docker" "rm" "-f" "01ae8412685ba17f00421a05c173782245326591f8696a1ed22cdfb7f42f92ea", kill_on_drop: false }`
[INFO] [stdout] 01ae8412685ba17f00421a05c173782245326591f8696a1ed22cdfb7f42f92ea
[INFO] running `Command { std: "docker" "create" "-v" "/var/lib/crater-agent-workspace/builds/worker-5-tc1/target:/opt/rustwide/target:rw,Z" "-v" "/var/lib/crater-agent-workspace/builds/worker-5-tc1/source:/opt/rustwide/workdir:ro,Z" "-v" "/var/lib/crater-agent-workspace/cargo-home:/opt/rustwide/cargo-home:ro,Z" "-v" "/var/lib/crater-agent-workspace/rustup-home:/opt/rustwide/rustup-home:ro,Z" "-e" "SOURCE_DIR=/opt/rustwide/workdir" "-e" "CARGO_TARGET_DIR=/opt/rustwide/target" "-e" "CARGO_INCREMENTAL=0" "-e" "RUST_BACKTRACE=full" "-e" "RUSTFLAGS=--cap-lints=warn" "-e" "RUSTDOCFLAGS=--cap-lints=warn" "-e" "CARGO_HOME=/opt/rustwide/cargo-home" "-e" "RUSTUP_HOME=/opt/rustwide/rustup-home" "-w" "/opt/rustwide/workdir" "-m" "1610612736" "--user" "0:0" "--network" "none" "ghcr.io/rust-lang/crates-build-env/linux@sha256:2788e3201cd34a07e3172128adcd8b3090168a8e3bcc40d7c032b9dda1df7d1c" "/opt/rustwide/cargo-home/bin/cargo" "+1.75.0" "build" "--frozen" "--message-format=json", kill_on_drop: false }`
[INFO] [stdout] 35b64c61b7df6745c41ac0c75f90b64c5913cf980c6e76a68def119cbb6b91d1
[INFO] running `Command { std: "docker" "start" "-a" "35b64c61b7df6745c41ac0c75f90b64c5913cf980c6e76a68def119cbb6b91d1", kill_on_drop: false }`
[INFO] [stderr]    Compiling proc-macro2 v1.0.49
[INFO] [stderr]    Compiling quote v1.0.23
[INFO] [stderr]    Compiling unicode-ident v1.0.6
[INFO] [stderr]    Compiling syn v1.0.107
[INFO] [stderr]    Compiling serde_derive v1.0.151
[INFO] [stderr]    Compiling libc v0.2.138
[INFO] [stderr]    Compiling version_check v0.9.4
[INFO] [stderr]    Compiling serde v1.0.151
[INFO] [stderr]    Compiling typenum v1.16.0
[INFO] [stderr]    Compiling autocfg v1.1.0
[INFO] [stderr]    Compiling once_cell v1.16.0
[INFO] [stderr]    Compiling thiserror v1.0.38
[INFO] [stderr]    Compiling generic-array v0.14.6
[INFO] [stderr]    Compiling arrayvec v0.7.2
[INFO] [stderr]    Compiling memchr v2.5.0
[INFO] [stderr]    Compiling subtle v2.4.1
[INFO] [stderr]    Compiling radium v0.7.0
[INFO] [stderr]    Compiling ppv-lite86 v0.2.17
[INFO] [stderr]    Compiling tap v1.0.1
[INFO] [stderr]    Compiling getrandom v0.2.8
[INFO] [stderr]    Compiling wyz v0.5.1
[INFO] [stderr]    Compiling funty v2.0.0
[INFO] [stderr]    Compiling byte-slice-cast v1.2.2
[INFO] [stderr]    Compiling bytes v1.3.0
[INFO] [stderr]    Compiling unicode-xid v0.2.4
[INFO] [stderr]    Compiling pin-project-lite v0.2.9
[INFO] [stderr]    Compiling cpufeatures v0.2.5
[INFO] [stderr]    Compiling cc v1.0.78
[INFO] [stderr]    Compiling rand_core v0.6.4
[INFO] [stderr]    Compiling crunchy v0.2.2
[INFO] [stderr]    Compiling bitvec v1.0.1
[INFO] [stderr]    Compiling log v0.4.17
[INFO] [stderr]    Compiling opaque-debug v0.3.0
[INFO] [stderr]    Compiling tracing-core v0.1.30
[INFO] [stderr]    Compiling static_assertions v1.1.0
[INFO] [stderr]    Compiling itoa v1.0.5
[INFO] [stderr]    Compiling smallvec v1.10.0
[INFO] [stderr]    Compiling byteorder v1.4.3
[INFO] [stderr]    Compiling ryu v1.0.12
[INFO] [stderr]    Compiling num-traits v0.2.15
[INFO] [stderr]    Compiling getrandom v0.1.16
[INFO] [stderr]    Compiling num_cpus v1.14.0
[INFO] [stderr]    Compiling lock_api v0.4.9
[INFO] [stderr]    Compiling regex-syntax v0.6.28
[INFO] [stderr]    Compiling digest v0.9.0
[INFO] [stderr]    Compiling rand_core v0.5.1
[INFO] [stderr]    Compiling rand_chacha v0.3.1
[INFO] [stderr]    Compiling aho-corasick v0.7.20
[INFO] [stderr]    Compiling slab v0.4.7
[INFO] [stderr]    Compiling parking_lot_core v0.9.5
[INFO] [stderr]    Compiling rand v0.8.5
[INFO] [stderr]    Compiling futures-core v0.3.25
[INFO] [stderr]    Compiling pin-utils v0.1.0
[INFO] [stderr]    Compiling parking_lot v0.12.1
[INFO] [stderr]    Compiling num-integer v0.1.45
[INFO] [stderr]    Compiling rustc-hex v2.1.0
[INFO] [stderr]    Compiling serde_json v1.0.91
[INFO] [stderr]    Compiling futures-sink v0.3.25
[INFO] [stderr]    Compiling generic-array v0.12.4
[INFO] [stderr]    Compiling sp-std v4.0.0
[INFO] [stderr]    Compiling ref-cast v1.0.14
[INFO] [stderr]    Compiling regex v1.7.0
[INFO] [stderr]    Compiling futures-io v0.3.25
[INFO] [stderr]    Compiling futures-task v0.3.25
[INFO] [stderr]    Compiling downcast-rs v1.2.0
[INFO] [stderr]    Compiling iana-time-zone v0.1.53
[INFO] [stderr]    Compiling keccak v0.1.3
[INFO] [stderr]    Compiling futures-channel v0.3.25
[INFO] [stderr]    Compiling arrayref v0.3.6
[INFO] [stderr]    Compiling regex-automata v0.1.10
[INFO] [stderr]    Compiling rand_chacha v0.2.2
[INFO] [stderr]    Compiling rand_pcg v0.2.1
[INFO] [stderr]    Compiling num-bigint v0.2.6
[INFO] [stderr]    Compiling ahash v0.7.6
[INFO] [stderr]    Compiling byte-tools v0.3.1
[INFO] [stderr]    Compiling synstructure v0.12.6
[INFO] [stderr]    Compiling futures-util v0.3.25
[INFO] [stderr]    Compiling matchers v0.0.1
[INFO] [stderr]    Compiling Inflector v0.11.4
[INFO] [stderr]    Compiling block-padding v0.1.5
[INFO] [stderr]    Compiling rand v0.7.3
[INFO] [stderr]    Compiling digest v0.8.1
[INFO] [stderr]    Compiling sharded-slab v0.1.4
[INFO] [stderr]    Compiling tracing-log v0.1.3
[INFO] [stderr]    Compiling libsecp256k1-core v0.3.0
[INFO] [stderr]    Compiling thread_local v1.1.4
[INFO] [stderr]    Compiling anyhow v1.0.68
[INFO] [stderr]    Compiling ansi_term v0.12.1
[INFO] [stderr]    Compiling num-rational v0.2.4
[INFO] [stderr]    Compiling tinyvec_macros v0.1.0
[INFO] [stderr]    Compiling tinyvec v1.6.0
[INFO] [stderr]    Compiling hashbrown v0.12.3
[INFO] [stderr]    Compiling libsecp256k1-gen-ecmult v0.3.0
[INFO] [stderr]    Compiling libsecp256k1-gen-genmult v0.3.0
[INFO] [stderr]    Compiling fake-simd v0.1.2
[INFO] [stderr]    Compiling environmental v1.1.4
[INFO] [stderr]    Compiling opaque-debug v0.2.3
[INFO] [stderr]    Compiling rustc-hash v1.1.0
[INFO] [stderr]    Compiling parity-wasm v0.42.2
[INFO] [stderr]    Compiling hex v0.4.3
[INFO] [stderr]    Compiling arrayvec v0.5.2
[INFO] [stderr]    Compiling memory_units v0.3.0
[INFO] [stderr]    Compiling arrayvec v0.4.12
[INFO] [stderr]    Compiling hash-db v0.15.2
[INFO] [stderr]    Compiling unicode-normalization v0.1.22
[INFO] [stderr]    Compiling uint v0.9.5
[INFO] [stderr]    Compiling secp256k1-sys v0.4.2
[INFO] [stderr]    Compiling base64 v0.13.1
[INFO] [stderr]    Compiling nodrop v0.1.14
[INFO] [stderr]    Compiling tiny-keccak v2.0.2
[INFO] [stderr]    Compiling chrono v0.4.23
[INFO] [stderr]    Compiling num-format v0.4.4
[INFO] [stderr]    Compiling thiserror-impl v1.0.38
[INFO] [stderr]    Compiling impl-trait-for-tuples v0.2.2
[INFO] [stderr]    Compiling zeroize_derive v1.3.3
[INFO] [stderr]    Compiling derive_more v0.99.17
[INFO] [stderr]    Compiling futures-macro v0.3.25
[INFO] [stderr]    Compiling zeroize v1.5.7
[INFO] [stderr]    Compiling tracing-attributes v0.1.23
[INFO] [stderr]    Compiling ref-cast-impl v1.0.14
[INFO] [stderr]    Compiling sp-debug-derive v4.0.0
[INFO] [stderr]    Compiling wasmi-validation v0.4.1
[INFO] [stderr]    Compiling parity-util-mem-derive v0.1.0
[INFO] [stderr]    Compiling dyn-clonable-impl v0.9.0
[INFO] [stderr]    Compiling constant_time_eq v0.1.5
[INFO] [stderr]    Compiling fnv v1.0.7
[INFO] [stderr]    Compiling dyn-clone v1.0.10
[INFO] [stderr]    Compiling blake2-rfc v0.2.18
[INFO] [stderr]    Compiling secrecy v0.8.0
[INFO] [stderr]    Compiling dyn-clonable v0.9.0
[INFO] [stderr]    Compiling hash256-std-hasher v0.15.2
[INFO] [stderr]    Compiling tracing v0.1.37
[INFO] [stderr]    Compiling proc-macro-error-attr v1.0.4
[INFO] [stderr]    Compiling base58 v0.2.0
[INFO] [stderr]    Compiling block-buffer v0.7.3
[INFO] [stderr]    Compiling proc-macro-error v1.0.4
[INFO] [stderr]    Compiling async-trait v0.1.60
[INFO] [stderr]    Compiling strsim v0.10.0
[INFO] [stderr]    Compiling sha2 v0.8.2
[INFO] [stderr]    Compiling curve25519-dalek v2.1.3
[INFO] [stderr]    Compiling merlin v2.0.1
[INFO] [stderr]    Compiling libsecp256k1 v0.7.1
[INFO] [stderr]    Compiling fixed-hash v0.7.0
[INFO] [stderr]    Compiling schnorrkel v0.9.1
[INFO] [stderr]    Compiling futures-executor v0.3.25
[INFO] [stderr]    Compiling futures v0.3.25
[INFO] [stderr]    Compiling parity-util-mem v0.11.0
[INFO] [stderr]    Compiling wasmi v0.9.1
[INFO] [stderr]    Compiling pin-project-internal v1.0.12
[INFO] [stderr]    Compiling backtrace v0.3.67
[INFO] [stderr]    Compiling gimli v0.27.0
[INFO] [stderr]    Compiling adler v1.0.2
[INFO] [stderr]    Compiling miniz_oxide v0.6.2
[INFO] [stderr]    Compiling ring v0.16.20
[INFO] [stderr]    Compiling toml v0.5.10
[INFO] [stderr]    Compiling impl-serde v0.3.2
[INFO] [stderr]    Compiling tracing-serde v0.1.3
[INFO] [stderr]    Compiling block-buffer v0.10.3
[INFO] [stderr]    Compiling crypto-common v0.1.6
[INFO] [stderr]    Compiling block-buffer v0.9.0
[INFO] [stderr]    Compiling sha2 v0.9.9
[INFO] [stderr]    Compiling digest v0.10.6
[INFO] [stderr]    Compiling crypto-mac v0.11.1
[INFO] [stderr]    Compiling hmac v0.11.0
[INFO] [stderr]    Compiling twox-hash v1.6.3
[INFO] [stderr]    Compiling signature v1.3.2
[INFO] [stderr]    Compiling proc-macro-crate v1.2.1
[INFO] [stderr]    Compiling crypto-mac v0.8.0
[INFO] [stderr]    Compiling tracing-subscriber v0.2.25
[INFO] [stderr]    Compiling ss58-registry v1.36.0
[INFO] [stderr]    Compiling hmac v0.8.1
[INFO] [stderr]    Compiling curve25519-dalek v3.2.0
[INFO] [stderr]    Compiling hmac-drbg v0.3.0
[INFO] [stderr]    Compiling pbkdf2 v0.4.0
[INFO] [stderr]    Compiling pbkdf2 v0.8.0
[INFO] [stderr]    Compiling substrate-bip39 v0.4.4
[INFO] [stderr]    Compiling tiny-bip39 v0.8.2
[INFO] [stderr]    Compiling addr2line v0.19.0
[INFO] [stderr]    Compiling parity-scale-codec-derive v3.1.3
[INFO] [stderr]    Compiling scale-info-derive v2.3.1
[INFO] [stderr]    Compiling sp-runtime-interface-proc-macro v5.0.0
[INFO] [stderr]    Compiling ed25519 v1.5.2
[INFO] [stderr]    Compiling pin-project v1.0.12
[INFO] [stderr]    Compiling object v0.30.0
[INFO] [stderr]    Compiling rustc-demangle v0.1.21
[INFO] [stderr]    Compiling ed25519-dalek v1.0.1
[INFO] [stderr]    Compiling sp-core-hashing v4.0.0
[INFO] [stderr]    Compiling secp256k1 v0.21.3
[INFO] [stderr]    Compiling parity-scale-codec v3.2.1
[INFO] [stderr]    Compiling tokio v1.23.0
[INFO] [stderr]    Compiling either v1.8.0
[INFO] [stderr]    Compiling scale-info v2.3.1
[INFO] [stderr]    Compiling impl-codec v0.6.0
[INFO] [stderr]    Compiling sp-storage v6.0.0
[INFO] [stderr]    Compiling sp-wasm-interface v6.0.0
[INFO] [stderr]    Compiling sp-externalities v0.12.0
[INFO] [stderr]    Compiling sp-tracing v5.0.0
[INFO] [stderr]    Compiling blake2 v0.10.6
[INFO] [stderr]    Compiling primitive-types v0.11.1
[INFO] [stderr]    Compiling sha2 v0.10.6
[INFO] [stderr]    Compiling tokio-macros v1.8.2
[INFO] [stderr]    Compiling mio v0.8.5
[INFO] [stderr]    Compiling signal-hook-registry v1.4.0
[INFO] [stderr]    Compiling sp-runtime-interface v6.0.0
[INFO] [stderr]    Compiling socket2 v0.4.7
[INFO] [stderr]    Compiling num-bigint v0.4.3
[INFO] [stderr]    Compiling untrusted v0.7.1
[INFO] [stderr]    Compiling spin v0.5.2
[INFO] [stderr]    Compiling paste v1.0.11
[INFO] [stderr]    Compiling sp-std v5.0.0
[INFO] [stderr]    Compiling crossbeam-utils v0.8.14
[INFO] [stderr]    Compiling sp-core v6.0.0
[INFO] [stderr]    Compiling secp256k1-sys v0.6.1
[INFO] [stderr]    Compiling memoffset v0.7.1
[INFO] [stderr]    Compiling num-rational v0.4.1
[INFO] [stderr]    Compiling const-oid v0.6.2
[INFO] [stderr]    Compiling termcolor v1.1.3
[INFO] [stderr]    Compiling event-listener v2.5.3
[INFO] [stderr]    Compiling libm v0.2.6
[INFO] [stderr]    Compiling der v0.4.5
[INFO] [stderr]    Compiling memory-db v0.29.0
[INFO] [stderr]    Compiling universal-hash v0.4.1
[INFO] [stderr]    Compiling cipher v0.3.0
[INFO] [stderr]    Compiling trie-root v0.17.0
[INFO] [stderr]    Compiling trie-db v0.23.1
[INFO] [stderr]    Compiling crossbeam-epoch v0.9.13
[INFO] [stderr]    Compiling heck v0.4.0
[INFO] [stderr]    Compiling sp-trie v6.0.0
[INFO] [stderr]    Compiling spki v0.4.1
[INFO] [stderr]    Compiling webpki v0.22.0
[INFO] [stderr]    Compiling sp-panic-handler v4.0.0
[INFO] [stderr]    Compiling sha3 v0.10.6
[INFO] [stderr]    Compiling impl-serde v0.4.0
[INFO] [stderr]    Compiling darling_core v0.13.4
[INFO] [stderr]    Compiling sp-debug-derive v5.0.0
[INFO] [stderr]    Compiling integer-sqrt v0.1.5
[INFO] [stderr]    Compiling ff v0.10.1
[INFO] [stderr]    Compiling indexmap v1.9.2
[INFO] [stderr]    Compiling waker-fn v1.1.0
[INFO] [stderr]    Compiling httparse v1.8.0
[INFO] [stderr]    Compiling fastrand v1.8.0
[INFO] [stderr]    Compiling memory_units v0.4.0
[INFO] [stderr]    Compiling rustls v0.20.7
[INFO] [stderr]    Compiling parking v2.0.0
[INFO] [stderr]    Compiling parity-wasm v0.45.0
[INFO] [stderr]    Compiling futures-lite v1.12.0
[INFO] [stderr]    Compiling wasmi_core v0.2.1
[INFO] [stderr]    Compiling group v0.10.0
[INFO] [stderr]    Compiling sp-state-machine v0.12.0
[INFO] [stderr]    Compiling wasmi-validation v0.5.0
[INFO] [stderr]    Compiling pkcs8 v0.7.6
[INFO] [stderr]    Compiling secp256k1 v0.24.2
[INFO] [stderr]    Compiling sp-keystore v0.12.0
[INFO] [stderr]    Compiling sct v0.7.0
[INFO] [stderr]    Compiling crypto-bigint v0.2.5
[INFO] [stderr]    Compiling beef v0.5.2
[INFO] [stderr]    Compiling darling_core v0.14.2
[INFO] [stderr]    Compiling derive-where v1.0.0-rc.2
[INFO] [stderr]    Compiling spin v0.9.4
[INFO] [stderr]    Compiling darling_macro v0.13.4
[INFO] [stderr]    Compiling nanorand v0.7.0
[INFO] [stderr]    Compiling atty v0.2.14
[INFO] [stderr]    Compiling half v1.8.2
[INFO] [stderr]    Compiling trybuild v1.0.73
[INFO] [stderr]    Compiling rayon-core v1.10.1
[INFO] [stderr]    Compiling flume v0.10.14
[INFO] [stderr]    Compiling elliptic-curve v0.10.4
[INFO] [stderr]    Compiling sp-io v6.0.0
[INFO] [stderr]    Compiling darling v0.13.4
[INFO] [stderr]    Compiling jsonrpsee-types v0.15.1
[INFO] [stderr]    Compiling wasmi v0.13.2
[INFO] [stderr]    Compiling crossbeam-deque v0.8.2
[INFO] [stderr]    Compiling async-lock v2.6.0
[INFO] [stderr]    Compiling pot v1.0.2
[INFO] [stderr]    Compiling darling_macro v0.14.2
[INFO] [stderr]    Compiling sp-storage v7.0.0
[INFO] [stderr]    Compiling polyval v0.5.3
[INFO] [stderr]    Compiling crossbeam-channel v0.5.6
[INFO] [stderr]    Compiling frame-metadata v15.0.0
[INFO] [stderr]    Compiling itertools v0.10.5
[INFO] [stderr]    Compiling tracing-futures v0.2.5
[INFO] [stderr]    Compiling sha-1 v0.9.8
[INFO] [stderr]    Compiling aead v0.4.3
[INFO] [stderr]    Compiling arc-bytes v0.3.5
[INFO] [stderr]    Compiling attribute-derive-macro v0.2.0
[INFO] [stderr]    Compiling rustls-pemfile v1.0.1
[INFO] [stderr]    Compiling fixed-hash v0.8.0
[INFO] [stderr]    Compiling ink_prelude v3.4.0
[INFO] [stderr]    Compiling unicode-bidi v0.3.8
[INFO] [stderr]    Compiling futures-timer v3.0.2
[INFO] [stderr]    Compiling percent-encoding v2.2.0
[INFO] [stderr]    Compiling glob v0.3.0
[INFO] [stderr]    Compiling openssl-probe v0.1.5
[INFO] [stderr]    Compiling transmog v0.1.0
[INFO] [stderr]    Compiling rustversion v1.0.11
[INFO] [stderr]    Compiling semver v1.0.16
[INFO] [stderr]    Compiling rustls-native-certs v0.6.2
[INFO] [stderr]    Compiling subxt-metadata v0.24.0
[INFO] [stderr]    Compiling attribute-derive v0.2.2
[INFO] [stderr]    Compiling form_urlencoded v1.1.0
[INFO] [stderr]    Compiling jsonrpsee-core v0.15.1
[INFO] [stderr]    Compiling idna v0.3.0
[INFO] [stderr]    Compiling ink_primitives v3.4.0
[INFO] [stderr]    Compiling primitive-types v0.12.1
[INFO] [stderr]    Compiling soketto v0.7.1
[INFO] [stderr]    Compiling sp-application-crypto v6.0.0
[INFO] [stderr]    Compiling ghash v0.4.4
[INFO] [stderr]    Compiling darling v0.14.2
[INFO] [stderr]    Compiling sp-externalities v0.13.0
[INFO] [stderr]    Compiling tokio-rustls v0.23.4
[INFO] [stderr]    Compiling sp-wasm-interface v7.0.0
[INFO] [stderr]    Compiling ecdsa v0.12.4
[INFO] [stderr]    Compiling actionable-macros v0.2.0
[INFO] [stderr]    Compiling sp-arithmetic v5.0.0
[INFO] [stderr]    Compiling webpki-roots v0.22.6
[INFO] [stderr]    Compiling ctr v0.8.0
[INFO] [stderr]    Compiling aes v0.7.5
[INFO] [stderr]    Compiling chacha20 v0.8.2
[INFO] [stderr]    Compiling poly1305 v0.7.2
[INFO] [stderr]    Compiling tokio-util v0.7.4
[INFO] [stderr]    Compiling sp-tracing v6.0.0
[INFO] [stderr]    Compiling scale-bits v0.3.0
[INFO] [stderr]    Compiling sp-runtime-interface-proc-macro v6.0.0
[INFO] [stderr]    Compiling http v0.2.8
[INFO] [stderr]    Compiling blake3 v1.3.3
[INFO] [stderr]    Compiling ordered-varint v1.0.1
[INFO] [stderr]    Compiling os_str_bytes v6.4.1
[INFO] [stderr]    Compiling minimal-lexical v0.2.1
[INFO] [stderr]    Compiling crc-catalog v2.1.0
[INFO] [stderr]    Compiling sysinfo v0.23.13
[INFO] [stderr]    Compiling base64ct v1.5.3
[INFO] [stderr]    Compiling nom v7.1.1
[INFO] [stderr]    Compiling crc v3.0.0
[INFO] [stderr]    Compiling password-hash v0.4.2
[INFO] [stderr]    Compiling clap_lex v0.2.4
[INFO] [stderr]    Compiling bonsaidb-macros v0.4.1
[INFO] [stderr]    Compiling jsonrpsee-client-transport v0.15.1
[INFO] [stderr]    Compiling actionable v0.2.0
[INFO] [stderr]    Compiling scale-decode v0.4.0
[INFO] [stderr]    Compiling chacha20poly1305 v0.9.1
[INFO] [stderr]    Compiling aes-gcm v0.9.4
[INFO] [stderr]    Compiling sp-runtime v6.0.0
[INFO] [stderr]    Compiling p256 v0.9.0
[INFO] [stderr]    Compiling rayon v1.6.1
[INFO] [stderr]    Compiling subxt-codegen v0.24.0
[INFO] [stderr]    Compiling url v2.3.1
[INFO] [stderr]    Compiling ink_metadata v3.4.0
[INFO] [stderr]    Compiling transmog-pot v0.1.0
[INFO] [stderr]    Compiling circulate v0.3.0
[INFO] [stderr]    Compiling ink_engine v3.4.0
[INFO] [stderr]    Compiling sp-core-hashing v5.0.0
[INFO] [stderr]    Compiling clap_derive v3.2.18
[INFO] [stderr]    Compiling ed25519-zebra v3.1.0
[INFO] [stderr]    Compiling hkdf v0.11.0
[INFO] [stderr]    Compiling lru v0.7.8
[INFO] [stderr]    Compiling brownstone v1.1.0
[INFO] [stderr]    Compiling ink_allocator v3.4.0
[INFO] [stderr]    Compiling array-bytes v4.2.0
[INFO] [stderr]    Compiling indent_write v2.2.0
[INFO] [stderr]    Compiling textwrap v0.16.0
[INFO] [stderr]    Compiling joinery v2.1.0
[INFO] [stderr]    Compiling yap v0.7.2
[INFO] [stderr]    Compiling constant_time_eq v0.2.4
[INFO] [stderr]    Compiling humantime v2.1.0
[INFO] [stderr]    Compiling scale-value v0.6.0
[INFO] [stderr]    Compiling nom-supreme v0.7.0
[INFO] [stderr]    Compiling env_logger v0.9.3
[INFO] [stderr]    Compiling ink_env v3.4.0
[INFO] [stderr]    Compiling nebari v0.5.4
[INFO] [stderr]    Compiling hpke v0.8.0
[INFO] [stderr]    Compiling subxt-macro v0.24.0
[INFO] [stderr]    Compiling argon2 v0.4.1
[INFO] [stderr]    Compiling escape8259 v0.5.2
[INFO] [stderr]    Compiling sp-runtime-interface v7.0.0
[INFO] [stderr]    Compiling bonsaidb-core v0.4.1
[INFO] [stderr]    Compiling contract-metadata v1.5.1
[INFO] [stderr]    Compiling jsonrpsee v0.15.1
[INFO] [stderr]    Compiling transmog-versions v0.1.0
[INFO] [stderr]    Compiling sp-core v7.0.0
[INFO] [stderr]    Compiling sp-arithmetic v6.0.0
[INFO] [stderr]    Compiling clap v3.2.23
[INFO] [stderr]    Compiling watchable v0.1.0
[INFO] [stderr]    Compiling lz4_flex v0.9.5
[INFO] [stderr]    Compiling bincode v1.3.3
[INFO] [stderr]    Compiling derivative v2.2.0
[INFO] [stderr]    Compiling region v3.0.0
[INFO] [stderr]    Compiling easy-parallel v3.2.0
[INFO] [stderr]    Compiling bonsaidb-utils v0.4.1
[INFO] [stderr]    Compiling sp-weights v4.0.0
[INFO] [stderr]    Compiling contract-transcode v0.2.0
[INFO] [stderr]    Compiling hex-literal v0.3.4
[INFO] [stderr]    Compiling subxt v0.24.0
[INFO] [stderr]    Compiling bonsaidb-local v0.4.1
[INFO] [stderr]    Compiling contract_events v0.1.0 (/opt/rustwide/workdir/crates/contract_events)
[INFO] [stderr]    Compiling bonsaidb v0.4.1
[INFO] [stderr]    Compiling staking_events v0.1.0 (/opt/rustwide/workdir/crates/staking_events)
[INFO] [stdout] warning: unused imports: `Collection`, `SerializedCollection`
[INFO] [stdout]  --> crates/staking_events/src/db.rs:2:20
[INFO] [stdout]   |
[INFO] [stdout] 2 |     core::schema::{Collection, SerializedCollection},
[INFO] [stdout]   |                    ^^^^^^^^^^  ^^^^^^^^^^^^^^^^^^^^
[INFO] [stdout]   |
[INFO] [stdout]   = note: `#[warn(unused_imports)]` on by default
[INFO] [stdout] 
[INFO] [stdout] 
[INFO] [stdout] warning: unused imports: `Database`, `SerializedCollection`, `StorageConfiguration`
[INFO] [stdout]  --> crates/staking_events/src/main.rs:4:32
[INFO] [stdout]   |
[INFO] [stdout] 4 |     core::schema::{Collection, SerializedCollection},
[INFO] [stdout]   |                                ^^^^^^^^^^^^^^^^^^^^
[INFO] [stdout] 5 |     local::{
[INFO] [stdout] 6 |         config::{Builder, StorageConfiguration},
[INFO] [stdout]   |                           ^^^^^^^^^^^^^^^^^^^^
[INFO] [stdout] 7 |         Database,
[INFO] [stdout]   |         ^^^^^^^^
[INFO] [stdout] 
[INFO] [stdout] 
[INFO] [stdout] warning: unused import: `Builder`
[INFO] [stdout]  --> crates/staking_events/src/main.rs:6:18
[INFO] [stdout]   |
[INFO] [stdout] 6 |         config::{Builder, StorageConfiguration},
[INFO] [stdout]   |                  ^^^^^^^
[INFO] [stdout] 
[INFO] [stdout] 
[INFO] [stdout] warning: unused variable: `conn`
[INFO] [stdout]   --> crates/staking_events/src/main.rs:28:9
[INFO] [stdout]    |
[INFO] [stdout] 28 |     let conn = db::get_connection::<EventDoc>("./data/events".to_owned()).unwrap();
[INFO] [stdout]    |         ^^^^ help: if this is intentional, prefix it with an underscore: `_conn`
[INFO] [stdout]    |
[INFO] [stdout]    = note: `#[warn(unused_variables)]` on by default
[INFO] [stdout] 
[INFO] [stdout] 
[INFO] [stdout] warning: 4 warnings emitted
[INFO] [stdout] 
[INFO] [stdout] 
[INFO] [stderr]     Finished dev [unoptimized + debuginfo] target(s) in 2m 42s
[INFO] running `Command { std: "docker" "inspect" "35b64c61b7df6745c41ac0c75f90b64c5913cf980c6e76a68def119cbb6b91d1", kill_on_drop: false }`
[INFO] running `Command { std: "docker" "rm" "-f" "35b64c61b7df6745c41ac0c75f90b64c5913cf980c6e76a68def119cbb6b91d1", kill_on_drop: false }`
[INFO] [stdout] 35b64c61b7df6745c41ac0c75f90b64c5913cf980c6e76a68def119cbb6b91d1
[INFO] running `Command { std: "docker" "create" "-v" "/var/lib/crater-agent-workspace/builds/worker-5-tc1/target:/opt/rustwide/target:rw,Z" "-v" "/var/lib/crater-agent-workspace/builds/worker-5-tc1/source:/opt/rustwide/workdir:ro,Z" "-v" "/var/lib/crater-agent-workspace/cargo-home:/opt/rustwide/cargo-home:ro,Z" "-v" "/var/lib/crater-agent-workspace/rustup-home:/opt/rustwide/rustup-home:ro,Z" "-e" "SOURCE_DIR=/opt/rustwide/workdir" "-e" "CARGO_TARGET_DIR=/opt/rustwide/target" "-e" "CARGO_INCREMENTAL=0" "-e" "RUST_BACKTRACE=full" "-e" "RUSTFLAGS=--cap-lints=warn" "-e" "RUSTDOCFLAGS=--cap-lints=warn" "-e" "CARGO_HOME=/opt/rustwide/cargo-home" "-e" "RUSTUP_HOME=/opt/rustwide/rustup-home" "-w" "/opt/rustwide/workdir" "-m" "1610612736" "--user" "0:0" "--network" "none" "ghcr.io/rust-lang/crates-build-env/linux@sha256:2788e3201cd34a07e3172128adcd8b3090168a8e3bcc40d7c032b9dda1df7d1c" "/opt/rustwide/cargo-home/bin/cargo" "+1.75.0" "test" "--frozen" "--no-run" "--message-format=json", kill_on_drop: false }`
[INFO] [stdout] e5aea0d840afc30a702b86a861246e7302503b95e2272c3acc5fd9e4a1ff69bd
[INFO] running `Command { std: "docker" "start" "-a" "e5aea0d840afc30a702b86a861246e7302503b95e2272c3acc5fd9e4a1ff69bd", kill_on_drop: false }`
[INFO] [stderr]    Compiling contract_events v0.1.0 (/opt/rustwide/workdir/crates/contract_events)
[INFO] [stderr]    Compiling staking_events v0.1.0 (/opt/rustwide/workdir/crates/staking_events)
[INFO] [stdout] warning: unused imports: `Collection`, `SerializedCollection`
[INFO] [stdout]  --> crates/staking_events/src/db.rs:2:20
[INFO] [stdout]   |
[INFO] [stdout] 2 |     core::schema::{Collection, SerializedCollection},
[INFO] [stdout]   |                    ^^^^^^^^^^  ^^^^^^^^^^^^^^^^^^^^
[INFO] [stdout]   |
[INFO] [stdout]   = note: `#[warn(unused_imports)]` on by default
[INFO] [stdout] 
[INFO] [stdout] 
[INFO] [stdout] warning: unused imports: `Database`, `SerializedCollection`, `StorageConfiguration`
[INFO] [stdout]  --> crates/staking_events/src/main.rs:4:32
[INFO] [stdout]   |
[INFO] [stdout] 4 |     core::schema::{Collection, SerializedCollection},
[INFO] [stdout]   |                                ^^^^^^^^^^^^^^^^^^^^
[INFO] [stdout] 5 |     local::{
[INFO] [stdout] 6 |         config::{Builder, StorageConfiguration},
[INFO] [stdout]   |                           ^^^^^^^^^^^^^^^^^^^^
[INFO] [stdout] 7 |         Database,
[INFO] [stdout]   |         ^^^^^^^^
[INFO] [stdout] 
[INFO] [stdout] 
[INFO] [stdout] warning: unused import: `Builder`
[INFO] [stdout]  --> crates/staking_events/src/main.rs:6:18
[INFO] [stdout]   |
[INFO] [stdout] 6 |         config::{Builder, StorageConfiguration},
[INFO] [stdout]   |                  ^^^^^^^
[INFO] [stdout] 
[INFO] [stdout] 
[INFO] [stdout] warning: unused variable: `conn`
[INFO] [stdout]   --> crates/staking_events/src/main.rs:28:9
[INFO] [stdout]    |
[INFO] [stdout] 28 |     let conn = db::get_connection::<EventDoc>("./data/events".to_owned()).unwrap();
[INFO] [stdout]    |         ^^^^ help: if this is intentional, prefix it with an underscore: `_conn`
[INFO] [stdout]    |
[INFO] [stdout]    = note: `#[warn(unused_variables)]` on by default
[INFO] [stdout] 
[INFO] [stdout] 
[INFO] [stdout] warning: 4 warnings emitted
[INFO] [stdout] 
[INFO] [stdout] 
[INFO] [stderr]     Finished test [unoptimized + debuginfo] target(s) in 24.92s
[INFO] running `Command { std: "docker" "inspect" "e5aea0d840afc30a702b86a861246e7302503b95e2272c3acc5fd9e4a1ff69bd", kill_on_drop: false }`
[INFO] running `Command { std: "docker" "rm" "-f" "e5aea0d840afc30a702b86a861246e7302503b95e2272c3acc5fd9e4a1ff69bd", kill_on_drop: false }`
[INFO] [stdout] e5aea0d840afc30a702b86a861246e7302503b95e2272c3acc5fd9e4a1ff69bd
[INFO] running `Command { std: "docker" "create" "-v" "/var/lib/crater-agent-workspace/builds/worker-5-tc1/target:/opt/rustwide/target:rw,Z" "-v" "/var/lib/crater-agent-workspace/builds/worker-5-tc1/source:/opt/rustwide/workdir:ro,Z" "-v" "/var/lib/crater-agent-workspace/cargo-home:/opt/rustwide/cargo-home:ro,Z" "-v" "/var/lib/crater-agent-workspace/rustup-home:/opt/rustwide/rustup-home:ro,Z" "-e" "SOURCE_DIR=/opt/rustwide/workdir" "-e" "CARGO_TARGET_DIR=/opt/rustwide/target" "-e" "CARGO_INCREMENTAL=0" "-e" "RUST_BACKTRACE=full" "-e" "RUSTFLAGS=--cap-lints=warn" "-e" "RUSTDOCFLAGS=--cap-lints=warn" "-e" "CARGO_HOME=/opt/rustwide/cargo-home" "-e" "RUSTUP_HOME=/opt/rustwide/rustup-home" "-w" "/opt/rustwide/workdir" "-m" "1610612736" "--user" "0:0" "--network" "none" "ghcr.io/rust-lang/crates-build-env/linux@sha256:2788e3201cd34a07e3172128adcd8b3090168a8e3bcc40d7c032b9dda1df7d1c" "/opt/rustwide/cargo-home/bin/cargo" "+1.75.0" "test" "--frozen", kill_on_drop: false }`
[INFO] [stdout] ede0384952afcfa3530ba244d9fb97fc69b504aa4512b764fb56740c610334c7
[INFO] running `Command { std: "docker" "start" "-a" "ede0384952afcfa3530ba244d9fb97fc69b504aa4512b764fb56740c610334c7", kill_on_drop: false }`
[INFO] [stderr] warning: unused imports: `Collection`, `SerializedCollection`
[INFO] [stderr]  --> crates/staking_events/src/db.rs:2:20
[INFO] [stderr]   |
[INFO] [stderr] 2 |     core::schema::{Collection, SerializedCollection},
[INFO] [stderr]   |                    ^^^^^^^^^^  ^^^^^^^^^^^^^^^^^^^^
[INFO] [stderr]   |
[INFO] [stderr]   = note: `#[warn(unused_imports)]` on by default
[INFO] [stderr] 
[INFO] [stderr] warning: unused imports: `Database`, `SerializedCollection`, `StorageConfiguration`
[INFO] [stderr]  --> crates/staking_events/src/main.rs:4:32
[INFO] [stderr]   |
[INFO] [stderr] 4 |     core::schema::{Collection, SerializedCollection},
[INFO] [stderr]   |                                ^^^^^^^^^^^^^^^^^^^^
[INFO] [stderr] 5 |     local::{
[INFO] [stderr] 6 |         config::{Builder, StorageConfiguration},
[INFO] [stderr]   |                           ^^^^^^^^^^^^^^^^^^^^
[INFO] [stderr] 7 |         Database,
[INFO] [stderr]   |         ^^^^^^^^
[INFO] [stderr] 
[INFO] [stderr] warning: unused import: `Builder`
[INFO] [stderr]  --> crates/staking_events/src/main.rs:6:18
[INFO] [stderr]   |
[INFO] [stderr] 6 |         config::{Builder, StorageConfiguration},
[INFO] [stderr]   |                  ^^^^^^^
[INFO] [stderr] 
[INFO] [stderr] warning: unused variable: `conn`
[INFO] [stderr]   --> crates/staking_events/src/main.rs:28:9
[INFO] [stderr]    |
[INFO] [stderr] 28 |     let conn = db::get_connection::<EventDoc>("./data/events".to_owned()).unwrap();
[INFO] [stderr]    |         ^^^^ help: if this is intentional, prefix it with an underscore: `_conn`
[INFO] [stderr]    |
[INFO] [stderr]    = note: `#[warn(unused_variables)]` on by default
[INFO] [stderr] 
[INFO] [stderr] warning: `staking_events` (bin "staking_events" test) generated 4 warnings (run `cargo fix --bin "staking_events" --tests` to apply 3 suggestions)
[INFO] [stderr]     Finished test [unoptimized + debuginfo] target(s) in 0.84s
[INFO] [stderr]      Running unittests src/lib.rs (/opt/rustwide/target/debug/deps/contract_events-ecb9321653939cdf)
[INFO] [stdout] 
[INFO] [stdout] running 1 test
[INFO] [stdout] test tests::it_works ... FAILED
[INFO] [stdout] 
[INFO] [stdout] failures:
[INFO] [stdout] 
[INFO] [stdout] ---- tests::it_works stdout ----
[INFO] [stdout] thread 'tests::it_works' panicked at crates/contract_events/src/lib.rs:197:18:
[INFO] [stdout] called `Result::unwrap()` on an `Err` value: Rpc(RpcError("Networking or low-level protocol error: Failed to resolve IP addresses for this hostname: failed to lookup address information: Temporary failure in name resolution"))
[INFO] [stdout] stack backtrace:
[INFO] [stdout]    0:     0x5567e984d4ec - std::backtrace_rs::backtrace::libunwind::trace::ha637c64ce894333a
[INFO] [stdout]                                at /rustc/82e1608dfa6e0b5569232559e3d385fea5a93112/library/std/src/../../backtrace/src/backtrace/libunwind.rs:104:5
[INFO] [stdout]    1:     0x5567e984d4ec - std::backtrace_rs::backtrace::trace_unsynchronized::h47f62dea28e0c88d
[INFO] [stdout]                                at /rustc/82e1608dfa6e0b5569232559e3d385fea5a93112/library/std/src/../../backtrace/src/backtrace/mod.rs:66:5
[INFO] [stdout]    2:     0x5567e984d4ec - std::sys_common::backtrace::_print_fmt::h9eef0abe20ede486
[INFO] [stdout]                                at /rustc/82e1608dfa6e0b5569232559e3d385fea5a93112/library/std/src/sys_common/backtrace.rs:67:5
[INFO] [stdout]    3:     0x5567e984d4ec - <std::sys_common::backtrace::_print::DisplayBacktrace as core::fmt::Display>::fmt::hed7f999df88cc644
[INFO] [stdout]                                at /rustc/82e1608dfa6e0b5569232559e3d385fea5a93112/library/std/src/sys_common/backtrace.rs:44:22
[INFO] [stdout]    4:     0x5567e987a400 - core::fmt::rt::Argument::fmt::h1539a9308b8d058d
[INFO] [stdout]                                at /rustc/82e1608dfa6e0b5569232559e3d385fea5a93112/library/core/src/fmt/rt.rs:142:9
[INFO] [stdout]    5:     0x5567e987a400 - core::fmt::write::h3a39390d8560d9c9
[INFO] [stdout]                                at /rustc/82e1608dfa6e0b5569232559e3d385fea5a93112/library/core/src/fmt/mod.rs:1120:17
[INFO] [stdout]    6:     0x5567e984a5cf - std::io::Write::write_fmt::h040b369f3a0f9cbc
[INFO] [stdout]                                at /rustc/82e1608dfa6e0b5569232559e3d385fea5a93112/library/std/src/io/mod.rs:1762:15
[INFO] [stdout]    7:     0x5567e984d2d4 - std::sys_common::backtrace::_print::h894006fb5c6f3d45
[INFO] [stdout]                                at /rustc/82e1608dfa6e0b5569232559e3d385fea5a93112/library/std/src/sys_common/backtrace.rs:47:5
[INFO] [stdout]    8:     0x5567e984d2d4 - std::sys_common::backtrace::print::h23a2d212c6fff936
[INFO] [stdout]                                at /rustc/82e1608dfa6e0b5569232559e3d385fea5a93112/library/std/src/sys_common/backtrace.rs:34:9
[INFO] [stdout]    9:     0x5567e984ef97 - std::panicking::default_hook::{{closure}}::h8a1d2ee00185001a
[INFO] [stdout]   10:     0x5567e984ec83 - std::panicking::default_hook::h6038f2eba384e475
[INFO] [stdout]                                at /rustc/82e1608dfa6e0b5569232559e3d385fea5a93112/library/std/src/panicking.rs:289:9
[INFO] [stdout]   11:     0x5567e9358177 - <alloc::boxed::Box<F,A> as core::ops::function::Fn<Args>>::call::h0ad024c9bdc6d768
[INFO] [stdout]                                at /rustc/82e1608dfa6e0b5569232559e3d385fea5a93112/library/alloc/src/boxed.rs:2021:9
[INFO] [stdout]   12:     0x5567e9358177 - test::test_main::{{closure}}::h7500b54257359db6
[INFO] [stdout]                                at /rustc/82e1608dfa6e0b5569232559e3d385fea5a93112/library/test/src/lib.rs:138:21
[INFO] [stdout]   13:     0x5567e984f5a8 - <alloc::boxed::Box<F,A> as core::ops::function::Fn<Args>>::call::h1f8f335eaa9cfaee
[INFO] [stdout]                                at /rustc/82e1608dfa6e0b5569232559e3d385fea5a93112/library/alloc/src/boxed.rs:2021:9
[INFO] [stdout]   14:     0x5567e984f5a8 - std::panicking::rust_panic_with_hook::h2b5517d590cab22e
[INFO] [stdout]                                at /rustc/82e1608dfa6e0b5569232559e3d385fea5a93112/library/std/src/panicking.rs:783:13
[INFO] [stdout]   15:     0x5567e984f2fe - std::panicking::begin_panic_handler::{{closure}}::h233112c06e0ef43e
[INFO] [stdout]                                at /rustc/82e1608dfa6e0b5569232559e3d385fea5a93112/library/std/src/panicking.rs:657:13
[INFO] [stdout]   16:     0x5567e984d9b6 - std::sys_common::backtrace::__rust_end_short_backtrace::h6e893f24d7ebbff8
[INFO] [stdout]                                at /rustc/82e1608dfa6e0b5569232559e3d385fea5a93112/library/std/src/sys_common/backtrace.rs:170:18
[INFO] [stdout]   17:     0x5567e984f062 - rust_begin_unwind
[INFO] [stdout]                                at /rustc/82e1608dfa6e0b5569232559e3d385fea5a93112/library/std/src/panicking.rs:645:5
[INFO] [stdout]   18:     0x5567e91e8485 - core::panicking::panic_fmt::hbf0e066aabfa482c
[INFO] [stdout]                                at /rustc/82e1608dfa6e0b5569232559e3d385fea5a93112/library/core/src/panicking.rs:72:14
[INFO] [stdout]   19:     0x5567e91e8a53 - core::result::unwrap_failed::hddb4fea594200c52
[INFO] [stdout]                                at /rustc/82e1608dfa6e0b5569232559e3d385fea5a93112/library/core/src/result.rs:1653:5
[INFO] [stdout]   20:     0x5567e931b5d7 - core::result::Result<T,E>::unwrap::hd83a39c87507d9d0
[INFO] [stdout]                                at /rustc/82e1608dfa6e0b5569232559e3d385fea5a93112/library/core/src/result.rs:1077:23
[INFO] [stdout]   21:     0x5567e92f47d1 - contract_events::tests::it_works::{{closure}}::h99fd601b16b55cf7
[INFO] [stdout]                                at /opt/rustwide/workdir/crates/contract_events/src/lib.rs:195:13
[INFO] [stdout]   22:     0x5567e928d018 - <core::pin::Pin<P> as core::future::future::Future>::poll::h75681712b33bffd9
[INFO] [stdout]                                at /rustc/82e1608dfa6e0b5569232559e3d385fea5a93112/library/core/src/future/future.rs:125:9
[INFO] [stdout]   23:     0x5567e928cf4b - <core::pin::Pin<P> as core::future::future::Future>::poll::h62ef81d21681379d
[INFO] [stdout]                                at /rustc/82e1608dfa6e0b5569232559e3d385fea5a93112/library/core/src/future/future.rs:125:9
[INFO] [stdout]   24:     0x5567e930b294 - tokio::runtime::scheduler::current_thread::CoreGuard::block_on::{{closure}}::{{closure}}::{{closure}}::hf27bab436950208c
[INFO] [stdout]                                at /opt/rustwide/cargo-home/registry/src/index.crates.io-6f17d22bba15001f/tokio-1.23.0/src/runtime/scheduler/current_thread.rs:541:57
[INFO] [stdout]   25:     0x5567e930b1aa - tokio::runtime::coop::with_budget::h42e833649f4ccb14
[INFO] [stdout]                                at /opt/rustwide/cargo-home/registry/src/index.crates.io-6f17d22bba15001f/tokio-1.23.0/src/runtime/coop.rs:102:5
[INFO] [stdout]   26:     0x5567e930b1aa - tokio::runtime::coop::budget::hc48437afa6ab5a7f
[INFO] [stdout]                                at /opt/rustwide/cargo-home/registry/src/index.crates.io-6f17d22bba15001f/tokio-1.23.0/src/runtime/coop.rs:68:5
[INFO] [stdout]   27:     0x5567e930b1aa - tokio::runtime::scheduler::current_thread::CoreGuard::block_on::{{closure}}::{{closure}}::hdc1c38bddaa71d92
[INFO] [stdout]                                at /opt/rustwide/cargo-home/registry/src/index.crates.io-6f17d22bba15001f/tokio-1.23.0/src/runtime/scheduler/current_thread.rs:541:25
[INFO] [stdout]   28:     0x5567e9309c9c - tokio::runtime::scheduler::current_thread::Context::enter::heeb3d1bf0371a712
[INFO] [stdout]                                at /opt/rustwide/cargo-home/registry/src/index.crates.io-6f17d22bba15001f/tokio-1.23.0/src/runtime/scheduler/current_thread.rs:350:19
[INFO] [stdout]   29:     0x5567e930a782 - tokio::runtime::scheduler::current_thread::CoreGuard::block_on::{{closure}}::hedce3e52221d4efa
[INFO] [stdout]                                at /opt/rustwide/cargo-home/registry/src/index.crates.io-6f17d22bba15001f/tokio-1.23.0/src/runtime/scheduler/current_thread.rs:540:36
[INFO] [stdout]   30:     0x5567e930a49b - tokio::runtime::scheduler::current_thread::CoreGuard::enter::{{closure}}::h928f2f64b46eec9e
[INFO] [stdout]                                at /opt/rustwide/cargo-home/registry/src/index.crates.io-6f17d22bba15001f/tokio-1.23.0/src/runtime/scheduler/current_thread.rs:615:57
[INFO] [stdout]   31:     0x5567e92c1d7d - tokio::macros::scoped_tls::ScopedKey<T>::set::ha9a71743f49da68e
[INFO] [stdout]                                at /opt/rustwide/cargo-home/registry/src/index.crates.io-6f17d22bba15001f/tokio-1.23.0/src/macros/scoped_tls.rs:61:9
[INFO] [stdout]   32:     0x5567e930a22f - tokio::runtime::scheduler::current_thread::CoreGuard::enter::h15280e3b143e25f4
[INFO] [stdout]                                at /opt/rustwide/cargo-home/registry/src/index.crates.io-6f17d22bba15001f/tokio-1.23.0/src/runtime/scheduler/current_thread.rs:615:27
[INFO] [stdout]   33:     0x5567e930a4cc - tokio::runtime::scheduler::current_thread::CoreGuard::block_on::h2793cce694c61607
[INFO] [stdout]                                at /opt/rustwide/cargo-home/registry/src/index.crates.io-6f17d22bba15001f/tokio-1.23.0/src/runtime/scheduler/current_thread.rs:530:19
[INFO] [stdout]   34:     0x5567e9308f2d - tokio::runtime::scheduler::current_thread::CurrentThread::block_on::h1c1819b8c47aa495
[INFO] [stdout]                                at /opt/rustwide/cargo-home/registry/src/index.crates.io-6f17d22bba15001f/tokio-1.23.0/src/runtime/scheduler/current_thread.rs:154:24
[INFO] [stdout]   35:     0x5567e92330ed - tokio::runtime::runtime::Runtime::block_on::h1c856e4cf7c02b7a
[INFO] [stdout]                                at /opt/rustwide/cargo-home/registry/src/index.crates.io-6f17d22bba15001f/tokio-1.23.0/src/runtime/runtime.rs:282:47
[INFO] [stdout]   36:     0x5567e92f44b4 - contract_events::tests::it_works::hd9e117fc11db5136
[INFO] [stdout]                                at /opt/rustwide/workdir/crates/contract_events/src/lib.rs:213:9
[INFO] [stdout]   37:     0x5567e92f4327 - contract_events::tests::it_works::{{closure}}::h3fd4789ccb6636e1
[INFO] [stdout]                                at /opt/rustwide/workdir/crates/contract_events/src/lib.rs:193:24
[INFO] [stdout]   38:     0x5567e92568e6 - core::ops::function::FnOnce::call_once::hfa286d3ff438c712
[INFO] [stdout]                                at /rustc/82e1608dfa6e0b5569232559e3d385fea5a93112/library/core/src/ops/function.rs:250:5
[INFO] [stdout]   39:     0x5567e935d7cf - core::ops::function::FnOnce::call_once::h2b5d431d5046312d
[INFO] [stdout]                                at /rustc/82e1608dfa6e0b5569232559e3d385fea5a93112/library/core/src/ops/function.rs:250:5
[INFO] [stdout]   40:     0x5567e935d7cf - test::__rust_begin_short_backtrace::h7714669af176e207
[INFO] [stdout]                                at /rustc/82e1608dfa6e0b5569232559e3d385fea5a93112/library/test/src/lib.rs:628:18
[INFO] [stdout]   41:     0x5567e935c7e5 - test::run_test_in_process::{{closure}}::h85218797dcbcec12
[INFO] [stdout]                                at /rustc/82e1608dfa6e0b5569232559e3d385fea5a93112/library/test/src/lib.rs:651:60
[INFO] [stdout]   42:     0x5567e935c7e5 - <core::panic::unwind_safe::AssertUnwindSafe<F> as core::ops::function::FnOnce<()>>::call_once::h76c106ea31c14d7b
[INFO] [stdout]                                at /rustc/82e1608dfa6e0b5569232559e3d385fea5a93112/library/core/src/panic/unwind_safe.rs:272:9
[INFO] [stdout]   43:     0x5567e935c7e5 - std::panicking::try::do_call::h3bd5d0f6620ee946
[INFO] [stdout]                                at /rustc/82e1608dfa6e0b5569232559e3d385fea5a93112/library/std/src/panicking.rs:552:40
[INFO] [stdout]   44:     0x5567e935c7e5 - std::panicking::try::h232e535e4744fe31
[INFO] [stdout]                                at /rustc/82e1608dfa6e0b5569232559e3d385fea5a93112/library/std/src/panicking.rs:516:19
[INFO] [stdout]   45:     0x5567e935c7e5 - std::panic::catch_unwind::h3ce3bd6ca8dbac68
[INFO] [stdout]                                at /rustc/82e1608dfa6e0b5569232559e3d385fea5a93112/library/std/src/panic.rs:142:14
[INFO] [stdout]   46:     0x5567e935c7e5 - test::run_test_in_process::hc97b257c9621286a
[INFO] [stdout]                                at /rustc/82e1608dfa6e0b5569232559e3d385fea5a93112/library/test/src/lib.rs:651:27
[INFO] [stdout]   47:     0x5567e935c7e5 - test::run_test::{{closure}}::h2aa798823a438d38
[INFO] [stdout]                                at /rustc/82e1608dfa6e0b5569232559e3d385fea5a93112/library/test/src/lib.rs:574:43
[INFO] [stdout]   48:     0x5567e9324aa6 - test::run_test::{{closure}}::h87d231c78fb59832
[INFO] [stdout]                                at /rustc/82e1608dfa6e0b5569232559e3d385fea5a93112/library/test/src/lib.rs:602:41
[INFO] [stdout]   49:     0x5567e9324aa6 - std::sys_common::backtrace::__rust_begin_short_backtrace::he6df152596625789
[INFO] [stdout]                                at /rustc/82e1608dfa6e0b5569232559e3d385fea5a93112/library/std/src/sys_common/backtrace.rs:154:18
[INFO] [stdout]   50:     0x5567e9329b57 - std::thread::Builder::spawn_unchecked_::{{closure}}::{{closure}}::ha94be15d1e0acf36
[INFO] [stdout]                                at /rustc/82e1608dfa6e0b5569232559e3d385fea5a93112/library/std/src/thread/mod.rs:529:17
[INFO] [stdout]   51:     0x5567e9329b57 - <core::panic::unwind_safe::AssertUnwindSafe<F> as core::ops::function::FnOnce<()>>::call_once::h9dc6bd6372f16606
[INFO] [stdout]                                at /rustc/82e1608dfa6e0b5569232559e3d385fea5a93112/library/core/src/panic/unwind_safe.rs:272:9
[INFO] [stdout]   52:     0x5567e9329b57 - std::panicking::try::do_call::h9057517f80303cd4
[INFO] [stdout]                                at /rustc/82e1608dfa6e0b5569232559e3d385fea5a93112/library/std/src/panicking.rs:552:40
[INFO] [stdout]   53:     0x5567e9329b57 - std::panicking::try::he3a30b11ee45340c
[INFO] [stdout]                                at /rustc/82e1608dfa6e0b5569232559e3d385fea5a93112/library/std/src/panicking.rs:516:19
[INFO] [stdout]   54:     0x5567e9329b57 - std::panic::catch_unwind::h410458cfd3528b8b
[INFO] [stdout]                                at /rustc/82e1608dfa6e0b5569232559e3d385fea5a93112/library/std/src/panic.rs:142:14
[INFO] [stdout]   55:     0x5567e9329b57 - std::thread::Builder::spawn_unchecked_::{{closure}}::h72ac3bdb567b737b
[INFO] [stdout]                                at /rustc/82e1608dfa6e0b5569232559e3d385fea5a93112/library/std/src/thread/mod.rs:528:30
[INFO] [stdout]   56:     0x5567e9329b57 - core::ops::function::FnOnce::call_once{{vtable.shim}}::h38f34da3654a8344
[INFO] [stdout]                                at /rustc/82e1608dfa6e0b5569232559e3d385fea5a93112/library/core/src/ops/function.rs:250:5
[INFO] [stdout]   57:     0x5567e98541b5 - <alloc::boxed::Box<F,A> as core::ops::function::FnOnce<Args>>::call_once::hc7eafaff61e32df9
[INFO] [stdout]                                at /rustc/82e1608dfa6e0b5569232559e3d385fea5a93112/library/alloc/src/boxed.rs:2007:9
[INFO] [stdout]   58:     0x5567e98541b5 - <alloc::boxed::Box<F,A> as core::ops::function::FnOnce<Args>>::call_once::h6ba4a5de48dd2304
[INFO] [stdout]                                at /rustc/82e1608dfa6e0b5569232559e3d385fea5a93112/library/alloc/src/boxed.rs:2007:9
[INFO] [stdout]   59:     0x5567e98541b5 - std::sys::unix::thread::Thread::new::thread_start::he469335aef763e45
[INFO] [stdout]                                at /rustc/82e1608dfa6e0b5569232559e3d385fea5a93112/library/std/src/sys/unix/thread.rs:108:17
[INFO] [stdout]   60:     0x7f45b27feac3 - <unknown>
[INFO] [stdout]   61:     0x7f45b288fbf4 - __clone
[INFO] [stdout]   62:                0x0 - <unknown>
[INFO] [stdout] 
[INFO] [stdout] 
[INFO] [stdout] failures:
[INFO] [stdout]     tests::it_works
[INFO] [stdout] 
[INFO] [stdout] test result: FAILED. 0 passed; 1 failed; 0 ignored; 0 measured; 0 filtered out; finished in 0.13s
[INFO] [stdout] 
[INFO] [stderr] error: test failed, to rerun pass `-p contract_events --lib`
[INFO] running `Command { std: "docker" "inspect" "ede0384952afcfa3530ba244d9fb97fc69b504aa4512b764fb56740c610334c7", kill_on_drop: false }`
[INFO] running `Command { std: "docker" "rm" "-f" "ede0384952afcfa3530ba244d9fb97fc69b504aa4512b764fb56740c610334c7", kill_on_drop: false }`
[INFO] [stdout] ede0384952afcfa3530ba244d9fb97fc69b504aa4512b764fb56740c610334c7
[INFO] testing sabinchitrakar/contract_events against beta-2023-12-22 for beta-1.76-1
[INFO] running `Command { std: "git" "clone" "/workspace/cache/git-repos/https%3A%2F%2Fgithub.com%2Fsabinchitrakar%2Fcontract_events" "/workspace/builds/worker-5-tc2/source", kill_on_drop: false }`
[INFO] [stderr] Cloning into '/workspace/builds/worker-5-tc2/source'...
[INFO] [stderr] done.
[INFO] validating manifest of git repo https://github.com/sabinchitrakar/contract_events on toolchain beta-2023-12-22
[INFO] running `Command { std: CARGO_HOME="/workspace/cargo-home" RUSTUP_HOME="/workspace/rustup-home" "/workspace/cargo-home/bin/cargo" "+beta-2023-12-22" "metadata" "--manifest-path" "Cargo.toml" "--no-deps", kill_on_drop: false }`
[INFO] started tweaking git repo https://github.com/sabinchitrakar/contract_events
[INFO] finished tweaking git repo https://github.com/sabinchitrakar/contract_events
[INFO] tweaked toml for git repo https://github.com/sabinchitrakar/contract_events written to /workspace/builds/worker-5-tc2/source/Cargo.toml
[INFO] crate git repo https://github.com/sabinchitrakar/contract_events already has a lockfile, it will not be regenerated
[INFO] running `Command { std: CARGO_HOME="/workspace/cargo-home" RUSTUP_HOME="/workspace/rustup-home" "/workspace/cargo-home/bin/cargo" "+beta-2023-12-22" "fetch" "--manifest-path" "Cargo.toml", kill_on_drop: false }`
[INFO] running `Command { std: "docker" "create" "-v" "/var/lib/crater-agent-workspace/builds/worker-5-tc2/target:/opt/rustwide/target:rw,Z" "-v" "/var/lib/crater-agent-workspace/builds/worker-5-tc2/source:/opt/rustwide/workdir:ro,Z" "-v" "/var/lib/crater-agent-workspace/cargo-home:/opt/rustwide/cargo-home:ro,Z" "-v" "/var/lib/crater-agent-workspace/rustup-home:/opt/rustwide/rustup-home:ro,Z" "-e" "SOURCE_DIR=/opt/rustwide/workdir" "-e" "CARGO_TARGET_DIR=/opt/rustwide/target" "-e" "CARGO_HOME=/opt/rustwide/cargo-home" "-e" "RUSTUP_HOME=/opt/rustwide/rustup-home" "-w" "/opt/rustwide/workdir" "-m" "1610612736" "--user" "0:0" "--network" "none" "ghcr.io/rust-lang/crates-build-env/linux@sha256:2788e3201cd34a07e3172128adcd8b3090168a8e3bcc40d7c032b9dda1df7d1c" "/opt/rustwide/cargo-home/bin/cargo" "+beta-2023-12-22" "metadata" "--no-deps" "--format-version=1", kill_on_drop: false }`
[INFO] [stdout] 31042a9a4181ea9b5e08971f12555ebc7fa9b25479f3af3d4ecd39c3a834262b
[INFO] running `Command { std: "docker" "start" "-a" "31042a9a4181ea9b5e08971f12555ebc7fa9b25479f3af3d4ecd39c3a834262b", kill_on_drop: false }`
[INFO] running `Command { std: "docker" "inspect" "31042a9a4181ea9b5e08971f12555ebc7fa9b25479f3af3d4ecd39c3a834262b", kill_on_drop: false }`
[INFO] running `Command { std: "docker" "rm" "-f" "31042a9a4181ea9b5e08971f12555ebc7fa9b25479f3af3d4ecd39c3a834262b", kill_on_drop: false }`
[INFO] [stdout] 31042a9a4181ea9b5e08971f12555ebc7fa9b25479f3af3d4ecd39c3a834262b
[INFO] running `Command { std: "docker" "create" "-v" "/var/lib/crater-agent-workspace/builds/worker-5-tc2/target:/opt/rustwide/target:rw,Z" "-v" "/var/lib/crater-agent-workspace/builds/worker-5-tc2/source:/opt/rustwide/workdir:ro,Z" "-v" "/var/lib/crater-agent-workspace/cargo-home:/opt/rustwide/cargo-home:ro,Z" "-v" "/var/lib/crater-agent-workspace/rustup-home:/opt/rustwide/rustup-home:ro,Z" "-e" "SOURCE_DIR=/opt/rustwide/workdir" "-e" "CARGO_TARGET_DIR=/opt/rustwide/target" "-e" "CARGO_INCREMENTAL=0" "-e" "RUST_BACKTRACE=full" "-e" "RUSTFLAGS=--cap-lints=warn" "-e" "RUSTDOCFLAGS=--cap-lints=warn" "-e" "CARGO_HOME=/opt/rustwide/cargo-home" "-e" "RUSTUP_HOME=/opt/rustwide/rustup-home" "-w" "/opt/rustwide/workdir" "-m" "1610612736" "--user" "0:0" "--network" "none" "ghcr.io/rust-lang/crates-build-env/linux@sha256:2788e3201cd34a07e3172128adcd8b3090168a8e3bcc40d7c032b9dda1df7d1c" "/opt/rustwide/cargo-home/bin/cargo" "+beta-2023-12-22" "build" "--frozen" "--message-format=json", kill_on_drop: false }`
[INFO] [stdout] 70fb5a0b8ce1e48602911f1550826f68cca6653afd5630b2630be60df9c44b5d
[INFO] running `Command { std: "docker" "start" "-a" "70fb5a0b8ce1e48602911f1550826f68cca6653afd5630b2630be60df9c44b5d", kill_on_drop: false }`
[INFO] [stderr]    Compiling proc-macro2 v1.0.49
[INFO] [stderr]    Compiling quote v1.0.23
[INFO] [stderr]    Compiling unicode-ident v1.0.6
[INFO] [stderr]    Compiling syn v1.0.107
[INFO] [stderr]    Compiling serde_derive v1.0.151
[INFO] [stderr]    Compiling libc v0.2.138
[INFO] [stderr]    Compiling version_check v0.9.4
[INFO] [stderr]    Compiling serde v1.0.151
[INFO] [stderr]    Compiling typenum v1.16.0
[INFO] [stderr]    Compiling autocfg v1.1.0
[INFO] [stderr]    Compiling once_cell v1.16.0
[INFO] [stderr]    Compiling thiserror v1.0.38
[INFO] [stderr]    Compiling generic-array v0.14.6
[INFO] [stderr]    Compiling arrayvec v0.7.2
[INFO] [stderr]    Compiling memchr v2.5.0
[INFO] [stderr]    Compiling subtle v2.4.1
[INFO] [stderr]    Compiling radium v0.7.0
[INFO] [stderr]    Compiling ppv-lite86 v0.2.17
[INFO] [stderr]    Compiling tap v1.0.1
[INFO] [stderr]    Compiling funty v2.0.0
[INFO] [stderr]    Compiling wyz v0.5.1
[INFO] [stderr]    Compiling byte-slice-cast v1.2.2
[INFO] [stderr]    Compiling getrandom v0.2.8
[INFO] [stderr]    Compiling bytes v1.3.0
[INFO] [stderr]    Compiling unicode-xid v0.2.4
[INFO] [stderr]    Compiling pin-project-lite v0.2.9
[INFO] [stderr]    Compiling cpufeatures v0.2.5
[INFO] [stderr]    Compiling cc v1.0.78
[INFO] [stderr]    Compiling rand_core v0.6.4
[INFO] [stderr]    Compiling log v0.4.17
[INFO] [stderr]    Compiling opaque-debug v0.3.0
[INFO] [stderr]    Compiling bitvec v1.0.1
[INFO] [stderr]    Compiling crunchy v0.2.2
[INFO] [stderr]    Compiling tracing-core v0.1.30
[INFO] [stderr]    Compiling static_assertions v1.1.0
[INFO] [stderr]    Compiling itoa v1.0.5
[INFO] [stderr]    Compiling smallvec v1.10.0
[INFO] [stderr]    Compiling byteorder v1.4.3
[INFO] [stderr]    Compiling ryu v1.0.12
[INFO] [stderr]    Compiling num-traits v0.2.15
[INFO] [stderr]    Compiling getrandom v0.1.16
[INFO] [stderr]    Compiling num_cpus v1.14.0
[INFO] [stderr]    Compiling lock_api v0.4.9
[INFO] [stderr]    Compiling regex-syntax v0.6.28
[INFO] [stderr]    Compiling rand_core v0.5.1
[INFO] [stderr]    Compiling digest v0.9.0
[INFO] [stderr]    Compiling rand_chacha v0.3.1
[INFO] [stderr]    Compiling aho-corasick v0.7.20
[INFO] [stderr]    Compiling slab v0.4.7
[INFO] [stderr]    Compiling parking_lot_core v0.9.5
[INFO] [stderr]    Compiling rand v0.8.5
[INFO] [stderr]    Compiling futures-core v0.3.25
[INFO] [stderr]    Compiling pin-utils v0.1.0
[INFO] [stderr]    Compiling parking_lot v0.12.1
[INFO] [stderr]    Compiling num-integer v0.1.45
[INFO] [stderr]    Compiling rustc-hex v2.1.0
[INFO] [stderr]    Compiling serde_json v1.0.91
[INFO] [stderr]    Compiling futures-sink v0.3.25
[INFO] [stderr]    Compiling generic-array v0.12.4
[INFO] [stderr]    Compiling sp-std v4.0.0
[INFO] [stderr]    Compiling regex v1.7.0
[INFO] [stderr]    Compiling futures-io v0.3.25
[INFO] [stderr]    Compiling ref-cast v1.0.14
[INFO] [stderr]    Compiling keccak v0.1.3
[INFO] [stderr]    Compiling downcast-rs v1.2.0
[INFO] [stderr]    Compiling futures-channel v0.3.25
[INFO] [stderr]    Compiling arrayref v0.3.6
[INFO] [stderr]    Compiling iana-time-zone v0.1.53
[INFO] [stderr]    Compiling futures-task v0.3.25
[INFO] [stderr]    Compiling regex-automata v0.1.10
[INFO] [stderr]    Compiling rand_pcg v0.2.1
[INFO] [stderr]    Compiling rand_chacha v0.2.2
[INFO] [stderr]    Compiling num-bigint v0.2.6
[INFO] [stderr]    Compiling ahash v0.7.6
[INFO] [stderr]    Compiling byte-tools v0.3.1
[INFO] [stderr]    Compiling futures-util v0.3.25
[INFO] [stderr]    Compiling block-padding v0.1.5
[INFO] [stderr]    Compiling rand v0.7.3
[INFO] [stderr]    Compiling digest v0.8.1
[INFO] [stderr]    Compiling sharded-slab v0.1.4
[INFO] [stderr]    Compiling synstructure v0.12.6
[INFO] [stderr]    Compiling Inflector v0.11.4
[INFO] [stderr]    Compiling matchers v0.0.1
[INFO] [stderr]    Compiling tracing-log v0.1.3
[INFO] [stderr]    Compiling libsecp256k1-core v0.3.0
[INFO] [stderr]    Compiling thread_local v1.1.4
[INFO] [stderr]    Compiling ansi_term v0.12.1
[INFO] [stderr]    Compiling anyhow v1.0.68
[INFO] [stderr]    Compiling num-rational v0.2.4
[INFO] [stderr]    Compiling tinyvec_macros v0.1.0
[INFO] [stderr]    Compiling hashbrown v0.12.3
[INFO] [stderr]    Compiling tinyvec v1.6.0
[INFO] [stderr]    Compiling libsecp256k1-gen-genmult v0.3.0
[INFO] [stderr]    Compiling libsecp256k1-gen-ecmult v0.3.0
[INFO] [stderr]    Compiling fake-simd v0.1.2
[INFO] [stderr]    Compiling opaque-debug v0.2.3
[INFO] [stderr]    Compiling environmental v1.1.4
[INFO] [stderr]    Compiling rustc-hash v1.1.0
[INFO] [stderr]    Compiling parity-wasm v0.42.2
[INFO] [stderr]    Compiling arrayvec v0.5.2
[INFO] [stderr]    Compiling hex v0.4.3
[INFO] [stderr]    Compiling memory_units v0.3.0
[INFO] [stderr]    Compiling hash-db v0.15.2
[INFO] [stderr]    Compiling arrayvec v0.4.12
[INFO] [stderr]    Compiling secp256k1-sys v0.4.2
[INFO] [stderr]    Compiling uint v0.9.5
[INFO] [stderr]    Compiling unicode-normalization v0.1.22
[INFO] [stderr]    Compiling tiny-keccak v2.0.2
[INFO] [stderr]    Compiling nodrop v0.1.14
[INFO] [stderr]    Compiling base64 v0.13.1
[INFO] [stderr]    Compiling chrono v0.4.23
[INFO] [stderr]    Compiling wasmi-validation v0.4.1
[INFO] [stderr]    Compiling num-format v0.4.4
[INFO] [stderr]    Compiling constant_time_eq v0.1.5
[INFO] [stderr]    Compiling fnv v1.0.7
[INFO] [stderr]    Compiling dyn-clone v1.0.10
[INFO] [stderr]    Compiling blake2-rfc v0.2.18
[INFO] [stderr]    Compiling thiserror-impl v1.0.38
[INFO] [stderr]    Compiling impl-trait-for-tuples v0.2.2
[INFO] [stderr]    Compiling zeroize_derive v1.3.3
[INFO] [stderr]    Compiling derive_more v0.99.17
[INFO] [stderr]    Compiling futures-macro v0.3.25
[INFO] [stderr]    Compiling tracing-attributes v0.1.23
[INFO] [stderr]    Compiling zeroize v1.5.7
[INFO] [stderr]    Compiling ref-cast-impl v1.0.14
[INFO] [stderr]    Compiling sp-debug-derive v4.0.0
[INFO] [stderr]    Compiling parity-util-mem-derive v0.1.0
[INFO] [stderr]    Compiling dyn-clonable-impl v0.9.0
[INFO] [stderr]    Compiling tracing v0.1.37
[INFO] [stderr]    Compiling secrecy v0.8.0
[INFO] [stderr]    Compiling hash256-std-hasher v0.15.2
[INFO] [stderr]    Compiling proc-macro-error-attr v1.0.4
[INFO] [stderr]    Compiling base58 v0.2.0
[INFO] [stderr]    Compiling dyn-clonable v0.9.0
[INFO] [stderr]    Compiling block-buffer v0.7.3
[INFO] [stderr]    Compiling proc-macro-error v1.0.4
[INFO] [stderr]    Compiling strsim v0.10.0
[INFO] [stderr]    Compiling async-trait v0.1.60
[INFO] [stderr]    Compiling sha2 v0.8.2
[INFO] [stderr]    Compiling curve25519-dalek v2.1.3
[INFO] [stderr]    Compiling merlin v2.0.1
[INFO] [stderr]    Compiling libsecp256k1 v0.7.1
[INFO] [stderr]    Compiling fixed-hash v0.7.0
[INFO] [stderr]    Compiling schnorrkel v0.9.1
[INFO] [stderr]    Compiling futures-executor v0.3.25
[INFO] [stderr]    Compiling futures v0.3.25
[INFO] [stderr]    Compiling parity-util-mem v0.11.0
[INFO] [stderr]    Compiling wasmi v0.9.1
[INFO] [stderr]    Compiling pin-project-internal v1.0.12
[INFO] [stderr]    Compiling backtrace v0.3.67
[INFO] [stderr]    Compiling gimli v0.27.0
[INFO] [stderr]    Compiling adler v1.0.2
[INFO] [stderr]    Compiling ring v0.16.20
[INFO] [stderr]    Compiling miniz_oxide v0.6.2
[INFO] [stderr]    Compiling block-buffer v0.9.0
[INFO] [stderr]    Compiling object v0.30.0
[INFO] [stderr]    Compiling rustc-demangle v0.1.21
[INFO] [stderr]    Compiling pin-project v1.0.12
[INFO] [stderr]    Compiling sha2 v0.9.9
[INFO] [stderr]    Compiling secp256k1 v0.21.3
[INFO] [stderr]    Compiling tokio v1.23.0
[INFO] [stderr]    Compiling either v1.8.0
[INFO] [stderr]    Compiling toml v0.5.10
[INFO] [stderr]    Compiling impl-serde v0.3.2
[INFO] [stderr]    Compiling tracing-serde v0.1.3
[INFO] [stderr]    Compiling addr2line v0.19.0
[INFO] [stderr]    Compiling block-buffer v0.10.3
[INFO] [stderr]    Compiling crypto-common v0.1.6
[INFO] [stderr]    Compiling crypto-mac v0.11.1
[INFO] [stderr]    Compiling digest v0.10.6
[INFO] [stderr]    Compiling ss58-registry v1.36.0
[INFO] [stderr]    Compiling hmac v0.11.0
[INFO] [stderr]    Compiling signature v1.3.2
[INFO] [stderr]    Compiling proc-macro-crate v1.2.1
[INFO] [stderr]    Compiling crypto-mac v0.8.0
[INFO] [stderr]    Compiling twox-hash v1.6.3
[INFO] [stderr]    Compiling hmac v0.8.1
[INFO] [stderr]    Compiling curve25519-dalek v3.2.0
[INFO] [stderr]    Compiling tracing-subscriber v0.2.25
[INFO] [stderr]    Compiling hmac-drbg v0.3.0
[INFO] [stderr]    Compiling pbkdf2 v0.4.0
[INFO] [stderr]    Compiling pbkdf2 v0.8.0
[INFO] [stderr]    Compiling substrate-bip39 v0.4.4
[INFO] [stderr]    Compiling parity-scale-codec-derive v3.1.3
[INFO] [stderr]    Compiling scale-info-derive v2.3.1
[INFO] [stderr]    Compiling sp-runtime-interface-proc-macro v5.0.0
[INFO] [stderr]    Compiling tiny-bip39 v0.8.2
[INFO] [stderr]    Compiling ed25519 v1.5.2
[INFO] [stderr]    Compiling ed25519-dalek v1.0.1
[INFO] [stderr]    Compiling sp-core-hashing v4.0.0
[INFO] [stderr]    Compiling sha2 v0.10.6
[INFO] [stderr]    Compiling blake2 v0.10.6
[INFO] [stderr]    Compiling tokio-macros v1.8.2
[INFO] [stderr]    Compiling mio v0.8.5
[INFO] [stderr]    Compiling parity-scale-codec v3.2.1
[INFO] [stderr]    Compiling scale-info v2.3.1
[INFO] [stderr]    Compiling impl-codec v0.6.0
[INFO] [stderr]    Compiling sp-storage v6.0.0
[INFO] [stderr]    Compiling sp-externalities v0.12.0
[INFO] [stderr]    Compiling sp-wasm-interface v6.0.0
[INFO] [stderr]    Compiling sp-tracing v5.0.0
[INFO] [stderr]    Compiling socket2 v0.4.7
[INFO] [stderr]    Compiling signal-hook-registry v1.4.0
[INFO] [stderr]    Compiling num-bigint v0.4.3
[INFO] [stderr]    Compiling spin v0.5.2
[INFO] [stderr]    Compiling primitive-types v0.11.1
[INFO] [stderr]    Compiling sp-std v5.0.0
[INFO] [stderr]    Compiling crossbeam-utils v0.8.14
[INFO] [stderr]    Compiling paste v1.0.11
[INFO] [stderr]    Compiling untrusted v0.7.1
[INFO] [stderr]    Compiling secp256k1-sys v0.6.1
[INFO] [stderr]    Compiling sp-runtime-interface v6.0.0
[INFO] [stderr]    Compiling memoffset v0.7.1
[INFO] [stderr]    Compiling num-rational v0.4.1
[INFO] [stderr]    Compiling sp-core v6.0.0
[INFO] [stderr]    Compiling event-listener v2.5.3
[INFO] [stderr]    Compiling termcolor v1.1.3
[INFO] [stderr]    Compiling const-oid v0.6.2
[INFO] [stderr]    Compiling libm v0.2.6
[INFO] [stderr]    Compiling der v0.4.5
[INFO] [stderr]    Compiling memory-db v0.29.0
[INFO] [stderr]    Compiling cipher v0.3.0
[INFO] [stderr]    Compiling universal-hash v0.4.1
[INFO] [stderr]    Compiling trie-db v0.23.1
[INFO] [stderr]    Compiling trie-root v0.17.0
[INFO] [stderr]    Compiling crossbeam-epoch v0.9.13
[INFO] [stderr]    Compiling heck v0.4.0
[INFO] [stderr]    Compiling sp-trie v6.0.0
[INFO] [stderr]    Compiling spki v0.4.1
[INFO] [stderr]    Compiling webpki v0.22.0
[INFO] [stderr]    Compiling sp-panic-handler v4.0.0
[INFO] [stderr]    Compiling sha3 v0.10.6
[INFO] [stderr]    Compiling impl-serde v0.4.0
[INFO] [stderr]    Compiling darling_core v0.13.4
[INFO] [stderr]    Compiling sp-debug-derive v5.0.0
[INFO] [stderr]    Compiling integer-sqrt v0.1.5
[INFO] [stderr]    Compiling ff v0.10.1
[INFO] [stderr]    Compiling indexmap v1.9.2
[INFO] [stderr]    Compiling httparse v1.8.0
[INFO] [stderr]    Compiling rustls v0.20.7
[INFO] [stderr]    Compiling memory_units v0.4.0
[INFO] [stderr]    Compiling waker-fn v1.1.0
[INFO] [stderr]    Compiling parking v2.0.0
[INFO] [stderr]    Compiling parity-wasm v0.45.0
[INFO] [stderr]    Compiling fastrand v1.8.0
[INFO] [stderr]    Compiling wasmi_core v0.2.1
[INFO] [stderr]    Compiling futures-lite v1.12.0
[INFO] [stderr]    Compiling group v0.10.0
[INFO] [stderr]    Compiling sp-state-machine v0.12.0
[INFO] [stderr]    Compiling pkcs8 v0.7.6
[INFO] [stderr]    Compiling secp256k1 v0.24.2
[INFO] [stderr]    Compiling wasmi-validation v0.5.0
[INFO] [stderr]    Compiling sp-keystore v0.12.0
[INFO] [stderr]    Compiling sct v0.7.0
[INFO] [stderr]    Compiling crypto-bigint v0.2.5
[INFO] [stderr]    Compiling beef v0.5.2
[INFO] [stderr]    Compiling darling_macro v0.13.4
[INFO] [stderr]    Compiling darling_core v0.14.2
[INFO] [stderr]    Compiling derive-where v1.0.0-rc.2
[INFO] [stderr]    Compiling spin v0.9.4
[INFO] [stderr]    Compiling nanorand v0.7.0
[INFO] [stderr]    Compiling atty v0.2.14
[INFO] [stderr]    Compiling rayon-core v1.10.1
[INFO] [stderr]    Compiling trybuild v1.0.73
[INFO] [stderr]    Compiling half v1.8.2
[INFO] [stderr]    Compiling flume v0.10.14
[INFO] [stderr]    Compiling darling v0.13.4
[INFO] [stderr]    Compiling elliptic-curve v0.10.4
[INFO] [stderr]    Compiling jsonrpsee-types v0.15.1
[INFO] [stderr]    Compiling sp-io v6.0.0
[INFO] [stderr]    Compiling wasmi v0.13.2
[INFO] [stderr]    Compiling crossbeam-deque v0.8.2
[INFO] [stderr]    Compiling async-lock v2.6.0
[INFO] [stderr]    Compiling pot v1.0.2
[INFO] [stderr]    Compiling sp-storage v7.0.0
[INFO] [stderr]    Compiling darling_macro v0.14.2
[INFO] [stderr]    Compiling polyval v0.5.3
[INFO] [stderr]    Compiling crossbeam-channel v0.5.6
[INFO] [stderr]    Compiling frame-metadata v15.0.0
[INFO] [stderr]    Compiling sha-1 v0.9.8
[INFO] [stderr]    Compiling aead v0.4.3
[INFO] [stderr]    Compiling itertools v0.10.5
[INFO] [stderr]    Compiling arc-bytes v0.3.5
[INFO] [stderr]    Compiling tracing-futures v0.2.5
[INFO] [stderr]    Compiling attribute-derive-macro v0.2.0
[INFO] [stderr]    Compiling rustls-pemfile v1.0.1
[INFO] [stderr]    Compiling fixed-hash v0.8.0
[INFO] [stderr]    Compiling ink_prelude v3.4.0
[INFO] [stderr]    Compiling openssl-probe v0.1.5
[INFO] [stderr]    Compiling futures-timer v3.0.2
[INFO] [stderr]    Compiling semver v1.0.16
[INFO] [stderr]    Compiling percent-encoding v2.2.0
[INFO] [stderr]    Compiling glob v0.3.0
[INFO] [stderr]    Compiling transmog v0.1.0
[INFO] [stderr]    Compiling rustversion v1.0.11
[INFO] [stderr]    Compiling unicode-bidi v0.3.8
[INFO] [stderr]    Compiling idna v0.3.0
[INFO] [stderr]    Compiling attribute-derive v0.2.2
[INFO] [stderr]    Compiling form_urlencoded v1.1.0
[INFO] [stderr]    Compiling jsonrpsee-core v0.15.1
[INFO] [stderr]    Compiling rustls-native-certs v0.6.2
[INFO] [stderr]    Compiling tokio-rustls v0.23.4
[INFO] [stderr]    Compiling ink_primitives v3.4.0
[INFO] [stderr]    Compiling primitive-types v0.12.1
[INFO] [stderr]    Compiling darling v0.14.2
[INFO] [stderr]    Compiling subxt-metadata v0.24.0
[INFO] [stderr]    Compiling soketto v0.7.1
[INFO] [stderr]    Compiling sp-application-crypto v6.0.0
[INFO] [stderr]    Compiling sp-externalities v0.13.0
[INFO] [stderr]    Compiling ghash v0.4.4
[INFO] [stderr]    Compiling sp-wasm-interface v7.0.0
[INFO] [stderr]    Compiling ecdsa v0.12.4
[INFO] [stderr]    Compiling actionable-macros v0.2.0
[INFO] [stderr]    Compiling sp-arithmetic v5.0.0
[INFO] [stderr]    Compiling webpki-roots v0.22.6
[INFO] [stderr]    Compiling poly1305 v0.7.2
[INFO] [stderr]    Compiling chacha20 v0.8.2
[INFO] [stderr]    Compiling ctr v0.8.0
[INFO] [stderr]    Compiling aes v0.7.5
[INFO] [stderr]    Compiling tokio-util v0.7.4
[INFO] [stderr]    Compiling sp-tracing v6.0.0
[INFO] [stderr]    Compiling scale-bits v0.3.0
[INFO] [stderr]    Compiling sp-runtime-interface-proc-macro v6.0.0
[INFO] [stderr]    Compiling http v0.2.8
[INFO] [stderr]    Compiling blake3 v1.3.3
[INFO] [stderr]    Compiling base64ct v1.5.3
[INFO] [stderr]    Compiling crc-catalog v2.1.0
[INFO] [stderr]    Compiling ordered-varint v1.0.1
[INFO] [stderr]    Compiling os_str_bytes v6.4.1
[INFO] [stderr]    Compiling minimal-lexical v0.2.1
[INFO] [stderr]    Compiling sysinfo v0.23.13
[INFO] [stderr]    Compiling clap_lex v0.2.4
[INFO] [stderr]    Compiling password-hash v0.4.2
[INFO] [stderr]    Compiling nom v7.1.1
[INFO] [stderr]    Compiling crc v3.0.0
[INFO] [stderr]    Compiling actionable v0.2.0
[INFO] [stderr]    Compiling bonsaidb-macros v0.4.1
[INFO] [stderr]    Compiling scale-decode v0.4.0
[INFO] [stderr]    Compiling aes-gcm v0.9.4
[INFO] [stderr]    Compiling jsonrpsee-client-transport v0.15.1
[INFO] [stderr]    Compiling chacha20poly1305 v0.9.1
[INFO] [stderr]    Compiling sp-runtime v6.0.0
[INFO] [stderr]    Compiling p256 v0.9.0
[INFO] [stderr]    Compiling rayon v1.6.1
[INFO] [stderr]    Compiling subxt-codegen v0.24.0
[INFO] [stderr]    Compiling ink_metadata v3.4.0
[INFO] [stderr]    Compiling url v2.3.1
[INFO] [stderr]    Compiling transmog-pot v0.1.0
[INFO] [stderr]    Compiling circulate v0.3.0
[INFO] [stderr]    Compiling ink_engine v3.4.0
[INFO] [stderr]    Compiling sp-core-hashing v5.0.0
[INFO] [stderr]    Compiling clap_derive v3.2.18
[INFO] [stderr]    Compiling ed25519-zebra v3.1.0
[INFO] [stderr]    Compiling hkdf v0.11.0
[INFO] [stderr]    Compiling lru v0.7.8
[INFO] [stderr]    Compiling brownstone v1.1.0
[INFO] [stderr]    Compiling ink_allocator v3.4.0
[INFO] [stderr]    Compiling textwrap v0.16.0
[INFO] [stderr]    Compiling joinery v2.1.0
[INFO] [stderr]    Compiling array-bytes v4.2.0
[INFO] [stderr]    Compiling constant_time_eq v0.2.4
[INFO] [stderr]    Compiling indent_write v2.2.0
[INFO] [stderr]    Compiling humantime v2.1.0
[INFO] [stderr]    Compiling yap v0.7.2
[INFO] [stderr]    Compiling nom-supreme v0.7.0
[INFO] [stderr]    Compiling scale-value v0.6.0
[INFO] [stderr]    Compiling env_logger v0.9.3
[INFO] [stderr]    Compiling ink_env v3.4.0
[INFO] [stderr]    Compiling nebari v0.5.4
[INFO] [stderr]    Compiling sp-runtime-interface v7.0.0
[INFO] [stderr]    Compiling argon2 v0.4.1
[INFO] [stderr]    Compiling subxt-macro v0.24.0
[INFO] [stderr]    Compiling hpke v0.8.0
[INFO] [stderr]    Compiling sp-core v7.0.0
[INFO] [stderr]    Compiling escape8259 v0.5.2
[INFO] [stderr]    Compiling bonsaidb-core v0.4.1
[INFO] [stderr]    Compiling contract-metadata v1.5.1
[INFO] [stderr]    Compiling jsonrpsee v0.15.1
[INFO] [stderr]    Compiling transmog-versions v0.1.0
[INFO] [stderr]    Compiling sp-arithmetic v6.0.0
[INFO] [stderr]    Compiling clap v3.2.23
[INFO] [stderr]    Compiling watchable v0.1.0
[INFO] [stderr]    Compiling lz4_flex v0.9.5
[INFO] [stderr]    Compiling bincode v1.3.3
[INFO] [stderr]    Compiling derivative v2.2.0
[INFO] [stderr]    Compiling region v3.0.0
[INFO] [stderr]    Compiling easy-parallel v3.2.0
[INFO] [stderr]    Compiling bonsaidb-utils v0.4.1
[INFO] [stderr]    Compiling sp-weights v4.0.0
[INFO] [stderr]    Compiling contract-transcode v0.2.0
[INFO] [stderr]    Compiling hex-literal v0.3.4
[INFO] [stderr]    Compiling subxt v0.24.0
[INFO] [stderr]    Compiling bonsaidb-local v0.4.1
[INFO] [stderr]    Compiling contract_events v0.1.0 (/opt/rustwide/workdir/crates/contract_events)
[INFO] [stderr]    Compiling bonsaidb v0.4.1
[INFO] [stderr]    Compiling staking_events v0.1.0 (/opt/rustwide/workdir/crates/staking_events)
[INFO] [stdout] warning: unused imports: `Collection`, `SerializedCollection`
[INFO] [stdout]  --> crates/staking_events/src/db.rs:2:20
[INFO] [stdout]   |
[INFO] [stdout] 2 |     core::schema::{Collection, SerializedCollection},
[INFO] [stdout]   |                    ^^^^^^^^^^  ^^^^^^^^^^^^^^^^^^^^
[INFO] [stdout]   |
[INFO] [stdout]   = note: `#[warn(unused_imports)]` on by default
[INFO] [stdout] 
[INFO] [stdout] 
[INFO] [stdout] warning: unused imports: `Database`, `SerializedCollection`, `StorageConfiguration`
[INFO] [stdout]  --> crates/staking_events/src/main.rs:4:32
[INFO] [stdout]   |
[INFO] [stdout] 4 |     core::schema::{Collection, SerializedCollection},
[INFO] [stdout]   |                                ^^^^^^^^^^^^^^^^^^^^
[INFO] [stdout] 5 |     local::{
[INFO] [stdout] 6 |         config::{Builder, StorageConfiguration},
[INFO] [stdout]   |                           ^^^^^^^^^^^^^^^^^^^^
[INFO] [stdout] 7 |         Database,
[INFO] [stdout]   |         ^^^^^^^^
[INFO] [stdout] 
[INFO] [stdout] 
[INFO] [stdout] warning: unused import: `Builder`
[INFO] [stdout]  --> crates/staking_events/src/main.rs:6:18
[INFO] [stdout]   |
[INFO] [stdout] 6 |         config::{Builder, StorageConfiguration},
[INFO] [stdout]   |                  ^^^^^^^
[INFO] [stdout] 
[INFO] [stdout] 
[INFO] [stdout] warning: unused variable: `conn`
[INFO] [stdout]   --> crates/staking_events/src/main.rs:28:9
[INFO] [stdout]    |
[INFO] [stdout] 28 |     let conn = db::get_connection::<EventDoc>("./data/events".to_owned()).unwrap();
[INFO] [stdout]    |         ^^^^ help: if this is intentional, prefix it with an underscore: `_conn`
[INFO] [stdout]    |
[INFO] [stdout]    = note: `#[warn(unused_variables)]` on by default
[INFO] [stdout] 
[INFO] [stdout] 
[INFO] [stdout] warning: 4 warnings emitted
[INFO] [stdout] 
[INFO] [stdout] 
[INFO] [stderr]     Finished dev [unoptimized + debuginfo] target(s) in 3m 14s
[INFO] running `Command { std: "docker" "inspect" "70fb5a0b8ce1e48602911f1550826f68cca6653afd5630b2630be60df9c44b5d", kill_on_drop: false }`
[INFO] running `Command { std: "docker" "rm" "-f" "70fb5a0b8ce1e48602911f1550826f68cca6653afd5630b2630be60df9c44b5d", kill_on_drop: false }`
[INFO] [stdout] 70fb5a0b8ce1e48602911f1550826f68cca6653afd5630b2630be60df9c44b5d
[INFO] running `Command { std: "docker" "create" "-v" "/var/lib/crater-agent-workspace/builds/worker-5-tc2/target:/opt/rustwide/target:rw,Z" "-v" "/var/lib/crater-agent-workspace/builds/worker-5-tc2/source:/opt/rustwide/workdir:ro,Z" "-v" "/var/lib/crater-agent-workspace/cargo-home:/opt/rustwide/cargo-home:ro,Z" "-v" "/var/lib/crater-agent-workspace/rustup-home:/opt/rustwide/rustup-home:ro,Z" "-e" "SOURCE_DIR=/opt/rustwide/workdir" "-e" "CARGO_TARGET_DIR=/opt/rustwide/target" "-e" "CARGO_INCREMENTAL=0" "-e" "RUST_BACKTRACE=full" "-e" "RUSTFLAGS=--cap-lints=warn" "-e" "RUSTDOCFLAGS=--cap-lints=warn" "-e" "CARGO_HOME=/opt/rustwide/cargo-home" "-e" "RUSTUP_HOME=/opt/rustwide/rustup-home" "-w" "/opt/rustwide/workdir" "-m" "1610612736" "--user" "0:0" "--network" "none" "ghcr.io/rust-lang/crates-build-env/linux@sha256:2788e3201cd34a07e3172128adcd8b3090168a8e3bcc40d7c032b9dda1df7d1c" "/opt/rustwide/cargo-home/bin/cargo" "+beta-2023-12-22" "test" "--frozen" "--no-run" "--message-format=json", kill_on_drop: false }`
[INFO] [stdout] b5bda10fc9c669c75defa5fd6cf300158aff44e084d2b68dd97269603ab2e57e
[INFO] running `Command { std: "docker" "start" "-a" "b5bda10fc9c669c75defa5fd6cf300158aff44e084d2b68dd97269603ab2e57e", kill_on_drop: false }`
[INFO] [stderr]    Compiling contract_events v0.1.0 (/opt/rustwide/workdir/crates/contract_events)
[INFO] [stderr]    Compiling staking_events v0.1.0 (/opt/rustwide/workdir/crates/staking_events)
[INFO] [stdout] warning: unused imports: `Collection`, `SerializedCollection`
[INFO] [stdout]  --> crates/staking_events/src/db.rs:2:20
[INFO] [stdout]   |
[INFO] [stdout] 2 |     core::schema::{Collection, SerializedCollection},
[INFO] [stdout]   |                    ^^^^^^^^^^  ^^^^^^^^^^^^^^^^^^^^
[INFO] [stdout]   |
[INFO] [stdout]   = note: `#[warn(unused_imports)]` on by default
[INFO] [stdout] 
[INFO] [stdout] 
[INFO] [stdout] warning: unused imports: `Database`, `SerializedCollection`, `StorageConfiguration`
[INFO] [stdout]  --> crates/staking_events/src/main.rs:4:32
[INFO] [stdout]   |
[INFO] [stdout] 4 |     core::schema::{Collection, SerializedCollection},
[INFO] [stdout]   |                                ^^^^^^^^^^^^^^^^^^^^
[INFO] [stdout] 5 |     local::{
[INFO] [stdout] 6 |         config::{Builder, StorageConfiguration},
[INFO] [stdout]   |                           ^^^^^^^^^^^^^^^^^^^^
[INFO] [stdout] 7 |         Database,
[INFO] [stdout]   |         ^^^^^^^^
[INFO] [stdout] 
[INFO] [stdout] 
[INFO] [stdout] warning: unused import: `Builder`
[INFO] [stdout]  --> crates/staking_events/src/main.rs:6:18
[INFO] [stdout]   |
[INFO] [stdout] 6 |         config::{Builder, StorageConfiguration},
[INFO] [stdout]   |                  ^^^^^^^
[INFO] [stdout] 
[INFO] [stdout] 
[INFO] [stdout] warning: unused variable: `conn`
[INFO] [stdout]   --> crates/staking_events/src/main.rs:28:9
[INFO] [stdout]    |
[INFO] [stdout] 28 |     let conn = db::get_connection::<EventDoc>("./data/events".to_owned()).unwrap();
[INFO] [stdout]    |         ^^^^ help: if this is intentional, prefix it with an underscore: `_conn`
[INFO] [stdout]    |
[INFO] [stdout]    = note: `#[warn(unused_variables)]` on by default
[INFO] [stdout] 
[INFO] [stdout] 
[INFO] [stdout] warning: 4 warnings emitted
[INFO] [stdout] 
[INFO] [stdout] 
[INFO] [stderr]     Finished test [unoptimized + debuginfo] target(s) in 13.16s
[INFO] running `Command { std: "docker" "inspect" "b5bda10fc9c669c75defa5fd6cf300158aff44e084d2b68dd97269603ab2e57e", kill_on_drop: false }`
[INFO] running `Command { std: "docker" "rm" "-f" "b5bda10fc9c669c75defa5fd6cf300158aff44e084d2b68dd97269603ab2e57e", kill_on_drop: false }`
[INFO] [stdout] b5bda10fc9c669c75defa5fd6cf300158aff44e084d2b68dd97269603ab2e57e
[INFO] running `Command { std: "docker" "create" "-v" "/var/lib/crater-agent-workspace/builds/worker-5-tc2/target:/opt/rustwide/target:rw,Z" "-v" "/var/lib/crater-agent-workspace/builds/worker-5-tc2/source:/opt/rustwide/workdir:ro,Z" "-v" "/var/lib/crater-agent-workspace/cargo-home:/opt/rustwide/cargo-home:ro,Z" "-v" "/var/lib/crater-agent-workspace/rustup-home:/opt/rustwide/rustup-home:ro,Z" "-e" "SOURCE_DIR=/opt/rustwide/workdir" "-e" "CARGO_TARGET_DIR=/opt/rustwide/target" "-e" "CARGO_INCREMENTAL=0" "-e" "RUST_BACKTRACE=full" "-e" "RUSTFLAGS=--cap-lints=warn" "-e" "RUSTDOCFLAGS=--cap-lints=warn" "-e" "CARGO_HOME=/opt/rustwide/cargo-home" "-e" "RUSTUP_HOME=/opt/rustwide/rustup-home" "-w" "/opt/rustwide/workdir" "-m" "1610612736" "--user" "0:0" "--network" "none" "ghcr.io/rust-lang/crates-build-env/linux@sha256:2788e3201cd34a07e3172128adcd8b3090168a8e3bcc40d7c032b9dda1df7d1c" "/opt/rustwide/cargo-home/bin/cargo" "+beta-2023-12-22" "test" "--frozen", kill_on_drop: false }`
[INFO] [stdout] 224fddbaba26980fced9a637ba8b451cf454216e1610f09c9370893924186800
[INFO] running `Command { std: "docker" "start" "-a" "224fddbaba26980fced9a637ba8b451cf454216e1610f09c9370893924186800", kill_on_drop: false }`
[INFO] [stderr] warning: unused imports: `Collection`, `SerializedCollection`
[INFO] [stderr]  --> crates/staking_events/src/db.rs:2:20
[INFO] [stderr]   |
[INFO] [stderr] 2 |     core::schema::{Collection, SerializedCollection},
[INFO] [stderr]   |                    ^^^^^^^^^^  ^^^^^^^^^^^^^^^^^^^^
[INFO] [stderr]   |
[INFO] [stderr]   = note: `#[warn(unused_imports)]` on by default
[INFO] [stderr] 
[INFO] [stderr] warning: unused imports: `Database`, `SerializedCollection`, `StorageConfiguration`
[INFO] [stderr]  --> crates/staking_events/src/main.rs:4:32
[INFO] [stderr]   |
[INFO] [stderr] 4 |     core::schema::{Collection, SerializedCollection},
[INFO] [stderr]   |                                ^^^^^^^^^^^^^^^^^^^^
[INFO] [stderr] 5 |     local::{
[INFO] [stderr] 6 |         config::{Builder, StorageConfiguration},
[INFO] [stderr]   |                           ^^^^^^^^^^^^^^^^^^^^
[INFO] [stderr] 7 |         Database,
[INFO] [stderr]   |         ^^^^^^^^
[INFO] [stderr] 
[INFO] [stderr] warning: unused import: `Builder`
[INFO] [stderr]  --> crates/staking_events/src/main.rs:6:18
[INFO] [stderr]   |
[INFO] [stderr] 6 |         config::{Builder, StorageConfiguration},
[INFO] [stderr]   |                  ^^^^^^^
[INFO] [stderr] 
[INFO] [stderr] warning: unused variable: `conn`
[INFO] [stderr]   --> crates/staking_events/src/main.rs:28:9
[INFO] [stderr]    |
[INFO] [stderr] 28 |     let conn = db::get_connection::<EventDoc>("./data/events".to_owned()).unwrap();
[INFO] [stderr]    |         ^^^^ help: if this is intentional, prefix it with an underscore: `_conn`
[INFO] [stderr]    |
[INFO] [stderr]    = note: `#[warn(unused_variables)]` on by default
[INFO] [stderr] 
[INFO] [stderr] warning: `staking_events` (bin "staking_events" test) generated 4 warnings (run `cargo fix --bin "staking_events" --tests` to apply 3 suggestions)
[INFO] [stderr]     Finished test [unoptimized + debuginfo] target(s) in 0.21s
[INFO] [stderr]      Running unittests src/lib.rs (/opt/rustwide/target/debug/deps/contract_events-b13fef1eeda65a5d)
[INFO] [stdout] 
[INFO] [stdout] running 1 test
[INFO] [stdout] test tests::it_works ... FAILED
[INFO] [stdout] 
[INFO] [stdout] failures:
[INFO] [stdout] 
[INFO] [stdout] ---- tests::it_works stdout ----
[INFO] [stdout] thread 'tests::it_works' panicked at crates/contract_events/src/lib.rs:197:18:
[INFO] [stdout] called `Result::unwrap()` on an `Err` value: Rpc(RpcError("Networking or low-level protocol error: Failed to resolve IP addresses for this hostname: failed to lookup address information: Temporary failure in name resolution"))
[INFO] [stdout] stack backtrace:
[INFO] [stdout]    0:     0x55c8265dd386 - std::backtrace_rs::backtrace::libunwind::trace::h261606ad26a499c1
[INFO] [stdout]                                at /rustc/0e09125c6c3c2fd70d7de961bcf0e51575235fad/library/std/src/../../backtrace/src/backtrace/libunwind.rs:104:5
[INFO] [stdout]    1:     0x55c8265dd386 - std::backtrace_rs::backtrace::trace_unsynchronized::hd183f0625477fb28
[INFO] [stdout]                                at /rustc/0e09125c6c3c2fd70d7de961bcf0e51575235fad/library/std/src/../../backtrace/src/backtrace/mod.rs:66:5
[INFO] [stdout]    2:     0x55c8265dd386 - std::sys_common::backtrace::_print_fmt::hd7f8fef21b4eda67
[INFO] [stdout]                                at /rustc/0e09125c6c3c2fd70d7de961bcf0e51575235fad/library/std/src/sys_common/backtrace.rs:68:5
[INFO] [stdout]    3:     0x55c8265dd386 - <std::sys_common::backtrace::_print::DisplayBacktrace as core::fmt::Display>::fmt::h623d9b51f2f453f1
[INFO] [stdout]                                at /rustc/0e09125c6c3c2fd70d7de961bcf0e51575235fad/library/std/src/sys_common/backtrace.rs:44:22
[INFO] [stdout]    4:     0x55c826609550 - core::fmt::rt::Argument::fmt::h9f417ac76a86f368
[INFO] [stdout]                                at /rustc/0e09125c6c3c2fd70d7de961bcf0e51575235fad/library/core/src/fmt/rt.rs:142:9
[INFO] [stdout]    5:     0x55c826609550 - core::fmt::write::hc9b6faf4ac2aeff7
[INFO] [stdout]                                at /rustc/0e09125c6c3c2fd70d7de961bcf0e51575235fad/library/core/src/fmt/mod.rs:1120:17
[INFO] [stdout]    6:     0x55c8265da41f - std::io::Write::write_fmt::he04625a3a989fec3
[INFO] [stdout]                                at /rustc/0e09125c6c3c2fd70d7de961bcf0e51575235fad/library/std/src/io/mod.rs:1810:15
[INFO] [stdout]    7:     0x55c8265dd164 - std::sys_common::backtrace::_print::hd5d66399c7df88a2
[INFO] [stdout]                                at /rustc/0e09125c6c3c2fd70d7de961bcf0e51575235fad/library/std/src/sys_common/backtrace.rs:47:5
[INFO] [stdout]    8:     0x55c8265dd164 - std::sys_common::backtrace::print::he81ed2da642d37e5
[INFO] [stdout]                                at /rustc/0e09125c6c3c2fd70d7de961bcf0e51575235fad/library/std/src/sys_common/backtrace.rs:34:9
[INFO] [stdout]    9:     0x55c8265deed7 - std::panicking::default_hook::{{closure}}::h85773f4fa117163d
[INFO] [stdout]   10:     0x55c8265debbd - std::panicking::default_hook::h6a1694a91d09b278
[INFO] [stdout]                                at /rustc/0e09125c6c3c2fd70d7de961bcf0e51575235fad/library/std/src/panicking.rs:289:9
[INFO] [stdout]   11:     0x55c8260f2847 - <alloc::boxed::Box<F,A> as core::ops::function::Fn<Args>>::call::h616ac37fa3cd6c8f
[INFO] [stdout]                                at /rustc/0e09125c6c3c2fd70d7de961bcf0e51575235fad/library/alloc/src/boxed.rs:2029:9
[INFO] [stdout]   12:     0x55c8260f2847 - test::test_main::{{closure}}::h00d84697cefdcbb6
[INFO] [stdout]                                at /rustc/0e09125c6c3c2fd70d7de961bcf0e51575235fad/library/test/src/lib.rs:138:21
[INFO] [stdout]   13:     0x55c8265df4f6 - <alloc::boxed::Box<F,A> as core::ops::function::Fn<Args>>::call::hcb3fe3b9bb537ba8
[INFO] [stdout]                                at /rustc/0e09125c6c3c2fd70d7de961bcf0e51575235fad/library/alloc/src/boxed.rs:2029:9
[INFO] [stdout]   14:     0x55c8265df4f6 - std::panicking::rust_panic_with_hook::h0a7ad96e90f7145b
[INFO] [stdout]                                at /rustc/0e09125c6c3c2fd70d7de961bcf0e51575235fad/library/std/src/panicking.rs:783:13
[INFO] [stdout]   15:     0x55c8265df242 - std::panicking::begin_panic_handler::{{closure}}::h7919090525c6485e
[INFO] [stdout]                                at /rustc/0e09125c6c3c2fd70d7de961bcf0e51575235fad/library/std/src/panicking.rs:657:13
[INFO] [stdout]   16:     0x55c8265dd886 - std::sys_common::backtrace::__rust_end_short_backtrace::hf3289479464f7dfe
[INFO] [stdout]                                at /rustc/0e09125c6c3c2fd70d7de961bcf0e51575235fad/library/std/src/sys_common/backtrace.rs:171:18
[INFO] [stdout]   17:     0x55c8265defa0 - rust_begin_unwind
[INFO] [stdout]                                at /rustc/0e09125c6c3c2fd70d7de961bcf0e51575235fad/library/std/src/panicking.rs:645:5
[INFO] [stdout]   18:     0x55c825f79465 - core::panicking::panic_fmt::hcc9f77c5c132af55
[INFO] [stdout]                                at /rustc/0e09125c6c3c2fd70d7de961bcf0e51575235fad/library/core/src/panicking.rs:72:14
[INFO] [stdout]   19:     0x55c825f79a43 - core::result::unwrap_failed::hbe14f498be1452f9
[INFO] [stdout]                                at /rustc/0e09125c6c3c2fd70d7de961bcf0e51575235fad/library/core/src/result.rs:1649:5
[INFO] [stdout]   20:     0x55c825fff361 - core::result::Result<T,E>::unwrap::h2edc45d570dcc13c
[INFO] [stdout]                                at /rustc/0e09125c6c3c2fd70d7de961bcf0e51575235fad/library/core/src/result.rs:1073:23
[INFO] [stdout]   21:     0x55c82607ced7 - contract_events::tests::it_works::{{closure}}::h7b8b403ce5f710b8
[INFO] [stdout]                                at /opt/rustwide/workdir/crates/contract_events/src/lib.rs:195:13
[INFO] [stdout]   22:     0x55c826024948 - <core::pin::Pin<P> as core::future::future::Future>::poll::h3f0bae029514d2d9
[INFO] [stdout]                                at /rustc/0e09125c6c3c2fd70d7de961bcf0e51575235fad/library/core/src/future/future.rs:124:9
[INFO] [stdout]   23:     0x55c82602499b - <core::pin::Pin<P> as core::future::future::Future>::poll::h5350ce429642e4ec
[INFO] [stdout]                                at /rustc/0e09125c6c3c2fd70d7de961bcf0e51575235fad/library/core/src/future/future.rs:124:9
[INFO] [stdout]   24:     0x55c8260889e4 - tokio::runtime::scheduler::current_thread::CoreGuard::block_on::{{closure}}::{{closure}}::{{closure}}::he2b2f9fad2a94542
[INFO] [stdout]                                at /opt/rustwide/cargo-home/registry/src/index.crates.io-6f17d22bba15001f/tokio-1.23.0/src/runtime/scheduler/current_thread.rs:541:57
[INFO] [stdout]   25:     0x55c8260888ea - tokio::runtime::coop::with_budget::h1c79229f24792c61
[INFO] [stdout]                                at /opt/rustwide/cargo-home/registry/src/index.crates.io-6f17d22bba15001f/tokio-1.23.0/src/runtime/coop.rs:102:5
[INFO] [stdout]   26:     0x55c8260888ea - tokio::runtime::coop::budget::h0bdf62f0224ad425
[INFO] [stdout]                                at /opt/rustwide/cargo-home/registry/src/index.crates.io-6f17d22bba15001f/tokio-1.23.0/src/runtime/coop.rs:68:5
[INFO] [stdout]   27:     0x55c8260888ea - tokio::runtime::scheduler::current_thread::CoreGuard::block_on::{{closure}}::{{closure}}::h15d02af38bbdcda1
[INFO] [stdout]                                at /opt/rustwide/cargo-home/registry/src/index.crates.io-6f17d22bba15001f/tokio-1.23.0/src/runtime/scheduler/current_thread.rs:541:25
[INFO] [stdout]   28:     0x55c8260873fc - tokio::runtime::scheduler::current_thread::Context::enter::ha8f0ed1622696a5d
[INFO] [stdout]                                at /opt/rustwide/cargo-home/registry/src/index.crates.io-6f17d22bba15001f/tokio-1.23.0/src/runtime/scheduler/current_thread.rs:350:19
[INFO] [stdout]   29:     0x55c826087ed2 - tokio::runtime::scheduler::current_thread::CoreGuard::block_on::{{closure}}::h9523c056c6ebab90
[INFO] [stdout]                                at /opt/rustwide/cargo-home/registry/src/index.crates.io-6f17d22bba15001f/tokio-1.23.0/src/runtime/scheduler/current_thread.rs:540:36
[INFO] [stdout]   30:     0x55c826087bfb - tokio::runtime::scheduler::current_thread::CoreGuard::enter::{{closure}}::h361827609bda5c5d
[INFO] [stdout]                                at /opt/rustwide/cargo-home/registry/src/index.crates.io-6f17d22bba15001f/tokio-1.23.0/src/runtime/scheduler/current_thread.rs:615:57
[INFO] [stdout]   31:     0x55c82607be3d - tokio::macros::scoped_tls::ScopedKey<T>::set::h63d5c97421594d41
[INFO] [stdout]                                at /opt/rustwide/cargo-home/registry/src/index.crates.io-6f17d22bba15001f/tokio-1.23.0/src/macros/scoped_tls.rs:61:9
[INFO] [stdout]   32:     0x55c82608798f - tokio::runtime::scheduler::current_thread::CoreGuard::enter::h8fbbb31c36353ce6
[INFO] [stdout]                                at /opt/rustwide/cargo-home/registry/src/index.crates.io-6f17d22bba15001f/tokio-1.23.0/src/runtime/scheduler/current_thread.rs:615:27
[INFO] [stdout]   33:     0x55c826087c2c - tokio::runtime::scheduler::current_thread::CoreGuard::block_on::hb891f93ad6247001
[INFO] [stdout]                                at /opt/rustwide/cargo-home/registry/src/index.crates.io-6f17d22bba15001f/tokio-1.23.0/src/runtime/scheduler/current_thread.rs:530:19
[INFO] [stdout]   34:     0x55c8260866ab - tokio::runtime::scheduler::current_thread::CurrentThread::block_on::h528bf029cf833855
[INFO] [stdout]                                at /opt/rustwide/cargo-home/registry/src/index.crates.io-6f17d22bba15001f/tokio-1.23.0/src/runtime/scheduler/current_thread.rs:154:24
[INFO] [stdout]   35:     0x55c8260244dd - tokio::runtime::runtime::Runtime::block_on::h6f4d02c89b685017
[INFO] [stdout]                                at /opt/rustwide/cargo-home/registry/src/index.crates.io-6f17d22bba15001f/tokio-1.23.0/src/runtime/runtime.rs:282:47
[INFO] [stdout]   36:     0x55c82607cbc4 - contract_events::tests::it_works::h7753022b5b8acc94
[INFO] [stdout]                                at /opt/rustwide/workdir/crates/contract_events/src/lib.rs:213:9
[INFO] [stdout]   37:     0x55c82607ca37 - contract_events::tests::it_works::{{closure}}::h72ba0a55a93497d8
[INFO] [stdout]                                at /opt/rustwide/workdir/crates/contract_events/src/lib.rs:193:24
[INFO] [stdout]   38:     0x55c8260182f6 - core::ops::function::FnOnce::call_once::h0dc6e73cde35604b
[INFO] [stdout]                                at /rustc/0e09125c6c3c2fd70d7de961bcf0e51575235fad/library/core/src/ops/function.rs:250:5
[INFO] [stdout]   39:     0x55c8260f811f - core::ops::function::FnOnce::call_once::hd64d26f405258157
[INFO] [stdout]                                at /rustc/0e09125c6c3c2fd70d7de961bcf0e51575235fad/library/core/src/ops/function.rs:250:5
[INFO] [stdout]   40:     0x55c8260f811f - test::__rust_begin_short_backtrace::he21b0b7a6d731bf9
[INFO] [stdout]                                at /rustc/0e09125c6c3c2fd70d7de961bcf0e51575235fad/library/test/src/lib.rs:627:18
[INFO] [stdout]   41:     0x55c8260f6ea1 - test::run_test_in_process::{{closure}}::hf5c73986d7bdfde2
[INFO] [stdout]                                at /rustc/0e09125c6c3c2fd70d7de961bcf0e51575235fad/library/test/src/lib.rs:650:60
[INFO] [stdout]   42:     0x55c8260f6ea1 - <core::panic::unwind_safe::AssertUnwindSafe<F> as core::ops::function::FnOnce<()>>::call_once::h330011ad032aadc0
[INFO] [stdout]                                at /rustc/0e09125c6c3c2fd70d7de961bcf0e51575235fad/library/core/src/panic/unwind_safe.rs:272:9
[INFO] [stdout]   43:     0x55c8260f6ea1 - std::panicking::try::do_call::he61b0a958b795a41
[INFO] [stdout]                                at /rustc/0e09125c6c3c2fd70d7de961bcf0e51575235fad/library/std/src/panicking.rs:552:40
[INFO] [stdout]   44:     0x55c8260f6ea1 - std::panicking::try::h7309da130f906eb7
[INFO] [stdout]                                at /rustc/0e09125c6c3c2fd70d7de961bcf0e51575235fad/library/std/src/panicking.rs:516:19
[INFO] [stdout]   45:     0x55c8260f6ea1 - std::panic::catch_unwind::hc5c3a06fdaf0a92a
[INFO] [stdout]                                at /rustc/0e09125c6c3c2fd70d7de961bcf0e51575235fad/library/std/src/panic.rs:142:14
[INFO] [stdout]   46:     0x55c8260f6ea1 - test::run_test_in_process::h7e7b7c71c3324e0f
[INFO] [stdout]                                at /rustc/0e09125c6c3c2fd70d7de961bcf0e51575235fad/library/test/src/lib.rs:650:27
[INFO] [stdout]   47:     0x55c8260f6ea1 - test::run_test::{{closure}}::h1f509f28f5cf20b1
[INFO] [stdout]                                at /rustc/0e09125c6c3c2fd70d7de961bcf0e51575235fad/library/test/src/lib.rs:573:43
[INFO] [stdout]   48:     0x55c8260be1d6 - test::run_test::{{closure}}::h1754218abf443f6d
[INFO] [stdout]                                at /rustc/0e09125c6c3c2fd70d7de961bcf0e51575235fad/library/test/src/lib.rs:601:41
[INFO] [stdout]   49:     0x55c8260be1d6 - std::sys_common::backtrace::__rust_begin_short_backtrace::h2ee174b9d5954948
[INFO] [stdout]                                at /rustc/0e09125c6c3c2fd70d7de961bcf0e51575235fad/library/std/src/sys_common/backtrace.rs:155:18
[INFO] [stdout]   50:     0x55c8260c3237 - std::thread::Builder::spawn_unchecked_::{{closure}}::{{closure}}::hf60bee9c1a17ef09
[INFO] [stdout]                                at /rustc/0e09125c6c3c2fd70d7de961bcf0e51575235fad/library/std/src/thread/mod.rs:529:17
[INFO] [stdout]   51:     0x55c8260c3237 - <core::panic::unwind_safe::AssertUnwindSafe<F> as core::ops::function::FnOnce<()>>::call_once::h33d0dddec5216160
[INFO] [stdout]                                at /rustc/0e09125c6c3c2fd70d7de961bcf0e51575235fad/library/core/src/panic/unwind_safe.rs:272:9
[INFO] [stdout]   52:     0x55c8260c3237 - std::panicking::try::do_call::h144b3048b546f835
[INFO] [stdout]                                at /rustc/0e09125c6c3c2fd70d7de961bcf0e51575235fad/library/std/src/panicking.rs:552:40
[INFO] [stdout]   53:     0x55c8260c3237 - std::panicking::try::h978244d04646189f
[INFO] [stdout]                                at /rustc/0e09125c6c3c2fd70d7de961bcf0e51575235fad/library/std/src/panicking.rs:516:19
[INFO] [stdout]   54:     0x55c8260c3237 - std::panic::catch_unwind::hdf436369d188fe86
[INFO] [stdout]                                at /rustc/0e09125c6c3c2fd70d7de961bcf0e51575235fad/library/std/src/panic.rs:142:14
[INFO] [stdout]   55:     0x55c8260c3237 - std::thread::Builder::spawn_unchecked_::{{closure}}::h87329cbdd33c79ec
[INFO] [stdout]                                at /rustc/0e09125c6c3c2fd70d7de961bcf0e51575235fad/library/std/src/thread/mod.rs:528:30
[INFO] [stdout]   56:     0x55c8260c3237 - core::ops::function::FnOnce::call_once{{vtable.shim}}::h401abbe67897d450
[INFO] [stdout]                                at /rustc/0e09125c6c3c2fd70d7de961bcf0e51575235fad/library/core/src/ops/function.rs:250:5
[INFO] [stdout]   57:     0x55c8265e4125 - <alloc::boxed::Box<F,A> as core::ops::function::FnOnce<Args>>::call_once::h5d7c8f150ab9c84c
[INFO] [stdout]                                at /rustc/0e09125c6c3c2fd70d7de961bcf0e51575235fad/library/alloc/src/boxed.rs:2015:9
[INFO] [stdout]   58:     0x55c8265e4125 - <alloc::boxed::Box<F,A> as core::ops::function::FnOnce<Args>>::call_once::h570d5b005c242c15
[INFO] [stdout]                                at /rustc/0e09125c6c3c2fd70d7de961bcf0e51575235fad/library/alloc/src/boxed.rs:2015:9
[INFO] [stdout]   59:     0x55c8265e4125 - std::sys::unix::thread::Thread::new::thread_start::h36b0a20c0b2361ad
[INFO] [stdout]                                at /rustc/0e09125c6c3c2fd70d7de961bcf0e51575235fad/library/std/src/sys/unix/thread.rs:108:17
[INFO] [stdout]   60:     0x7f67782ecac3 - <unknown>
[INFO] [stdout]   61:     0x7f677837dbf4 - __clone
[INFO] [stdout]   62:                0x0 - <unknown>
[INFO] [stdout] 
[INFO] [stdout] 
[INFO] [stdout] failures:
[INFO] [stdout]     tests::it_works
[INFO] [stdout] 
[INFO] [stdout] test result: FAILED. 0 passed; 1 failed; 0 ignored; 0 measured; 0 filtered out; finished in 0.07s
[INFO] [stdout] 
[INFO] [stderr] error: test failed, to rerun pass `-p contract_events --lib`
[INFO] running `Command { std: "docker" "inspect" "224fddbaba26980fced9a637ba8b451cf454216e1610f09c9370893924186800", kill_on_drop: false }`
[INFO] running `Command { std: "docker" "rm" "-f" "224fddbaba26980fced9a637ba8b451cf454216e1610f09c9370893924186800", kill_on_drop: false }`
[INFO] [stdout] 224fddbaba26980fced9a637ba8b451cf454216e1610f09c9370893924186800
