[INFO] cloning repository https://github.com/s1s5/dcsrvrs
[INFO] running `Command { std: "git" "-c" "credential.helper=" "-c" "credential.helper=/workspace/cargo-home/bin/git-credential-null" "clone" "--bare" "https://github.com/s1s5/dcsrvrs" "/workspace/cache/git-repos/https%3A%2F%2Fgithub.com%2Fs1s5%2Fdcsrvrs", kill_on_drop: false }`
[INFO] [stderr] Cloning into bare repository '/workspace/cache/git-repos/https%3A%2F%2Fgithub.com%2Fs1s5%2Fdcsrvrs'...
[INFO] running `Command { std: "git" "rev-parse" "HEAD", kill_on_drop: false }`
[INFO] [stdout] be6795b1f4216fa5a3dbcd201a86663e7c7ac28c
[INFO] testing s1s5/dcsrvrs against 1.75.0 for beta-1.76-1
[INFO] running `Command { std: "git" "clone" "/workspace/cache/git-repos/https%3A%2F%2Fgithub.com%2Fs1s5%2Fdcsrvrs" "/workspace/builds/worker-1-tc1/source", kill_on_drop: false }`
[INFO] [stderr] Cloning into '/workspace/builds/worker-1-tc1/source'...
[INFO] [stderr] done.
[INFO] validating manifest of git repo https://github.com/s1s5/dcsrvrs on toolchain 1.75.0
[INFO] running `Command { std: CARGO_HOME="/workspace/cargo-home" RUSTUP_HOME="/workspace/rustup-home" "/workspace/cargo-home/bin/cargo" "+1.75.0" "metadata" "--manifest-path" "Cargo.toml" "--no-deps", kill_on_drop: false }`
[INFO] started tweaking git repo https://github.com/s1s5/dcsrvrs
[INFO] finished tweaking git repo https://github.com/s1s5/dcsrvrs
[INFO] tweaked toml for git repo https://github.com/s1s5/dcsrvrs written to /workspace/builds/worker-1-tc1/source/Cargo.toml
[INFO] crate git repo https://github.com/s1s5/dcsrvrs already has a lockfile, it will not be regenerated
[INFO] running `Command { std: CARGO_HOME="/workspace/cargo-home" RUSTUP_HOME="/workspace/rustup-home" "/workspace/cargo-home/bin/cargo" "+1.75.0" "fetch" "--manifest-path" "Cargo.toml", kill_on_drop: false }`
[INFO] [stderr]  Downloading crates ...
[INFO] [stderr]   Downloaded uuid-macro-internal v1.2.2
[INFO] [stderr]   Downloaded sea-schema-derive v0.1.0
[INFO] [stderr]   Downloaded sea-orm-cli v0.10.5
[INFO] [stderr]   Downloaded sea-orm-migration v0.10.5
[INFO] [stderr]   Downloaded sea-schema v0.10.3
[INFO] running `Command { std: "docker" "create" "-v" "/var/lib/crater-agent-workspace/builds/worker-1-tc1/target:/opt/rustwide/target:rw,Z" "-v" "/var/lib/crater-agent-workspace/builds/worker-1-tc1/source:/opt/rustwide/workdir:ro,Z" "-v" "/var/lib/crater-agent-workspace/cargo-home:/opt/rustwide/cargo-home:ro,Z" "-v" "/var/lib/crater-agent-workspace/rustup-home:/opt/rustwide/rustup-home:ro,Z" "-e" "SOURCE_DIR=/opt/rustwide/workdir" "-e" "CARGO_TARGET_DIR=/opt/rustwide/target" "-e" "CARGO_HOME=/opt/rustwide/cargo-home" "-e" "RUSTUP_HOME=/opt/rustwide/rustup-home" "-w" "/opt/rustwide/workdir" "-m" "1610612736" "--user" "0:0" "--network" "none" "ghcr.io/rust-lang/crates-build-env/linux@sha256:2788e3201cd34a07e3172128adcd8b3090168a8e3bcc40d7c032b9dda1df7d1c" "/opt/rustwide/cargo-home/bin/cargo" "+1.75.0" "metadata" "--no-deps" "--format-version=1", kill_on_drop: false }`
[INFO] [stdout] a892895971863c30a913ac29c51f64a223f926958d4b52a9f142b0297a539b33
[INFO] running `Command { std: "docker" "start" "-a" "a892895971863c30a913ac29c51f64a223f926958d4b52a9f142b0297a539b33", kill_on_drop: false }`
[INFO] running `Command { std: "docker" "inspect" "a892895971863c30a913ac29c51f64a223f926958d4b52a9f142b0297a539b33", kill_on_drop: false }`
[INFO] running `Command { std: "docker" "rm" "-f" "a892895971863c30a913ac29c51f64a223f926958d4b52a9f142b0297a539b33", kill_on_drop: false }`
[INFO] [stdout] a892895971863c30a913ac29c51f64a223f926958d4b52a9f142b0297a539b33
[INFO] running `Command { std: "docker" "create" "-v" "/var/lib/crater-agent-workspace/builds/worker-1-tc1/target:/opt/rustwide/target:rw,Z" "-v" "/var/lib/crater-agent-workspace/builds/worker-1-tc1/source:/opt/rustwide/workdir:ro,Z" "-v" "/var/lib/crater-agent-workspace/cargo-home:/opt/rustwide/cargo-home:ro,Z" "-v" "/var/lib/crater-agent-workspace/rustup-home:/opt/rustwide/rustup-home:ro,Z" "-e" "SOURCE_DIR=/opt/rustwide/workdir" "-e" "CARGO_TARGET_DIR=/opt/rustwide/target" "-e" "CARGO_INCREMENTAL=0" "-e" "RUST_BACKTRACE=full" "-e" "RUSTFLAGS=--cap-lints=warn" "-e" "RUSTDOCFLAGS=--cap-lints=warn" "-e" "CARGO_HOME=/opt/rustwide/cargo-home" "-e" "RUSTUP_HOME=/opt/rustwide/rustup-home" "-w" "/opt/rustwide/workdir" "-m" "1610612736" "--user" "0:0" "--network" "none" "ghcr.io/rust-lang/crates-build-env/linux@sha256:2788e3201cd34a07e3172128adcd8b3090168a8e3bcc40d7c032b9dda1df7d1c" "/opt/rustwide/cargo-home/bin/cargo" "+1.75.0" "build" "--frozen" "--message-format=json", kill_on_drop: false }`
[INFO] [stdout] 484c8424cb41a05246995f632f622b27d46a9b388e9c51385c3df3fb268967e3
[INFO] running `Command { std: "docker" "start" "-a" "484c8424cb41a05246995f632f622b27d46a9b388e9c51385c3df3fb268967e3", kill_on_drop: false }`
[INFO] [stderr]    Compiling proc-macro2 v1.0.66
[INFO] [stderr]    Compiling unicode-ident v1.0.5
[INFO] [stderr]    Compiling cfg-if v1.0.0
[INFO] [stderr]    Compiling autocfg v1.1.0
[INFO] [stderr]    Compiling libc v0.2.147
[INFO] [stderr]    Compiling version_check v0.9.4
[INFO] [stderr]    Compiling syn v1.0.103
[INFO] [stderr]    Compiling once_cell v1.16.0
[INFO] [stderr]    Compiling pin-project-lite v0.2.12
[INFO] [stderr]    Compiling futures-core v0.3.28
[INFO] [stderr]    Compiling memchr v2.5.0
[INFO] [stderr]    Compiling bytes v1.4.0
[INFO] [stderr]    Compiling value-bag v1.0.0-alpha.9
[INFO] [stderr]    Compiling slab v0.4.7
[INFO] [stderr]    Compiling itoa v1.0.9
[INFO] [stderr]    Compiling serde_derive v1.0.183
[INFO] [stderr]    Compiling log v0.4.17
[INFO] [stderr]    Compiling cc v1.0.77
[INFO] [stderr]    Compiling futures-io v0.3.28
[INFO] [stderr]    Compiling futures-task v0.3.28
[INFO] [stderr]    Compiling quote v1.0.32
[INFO] [stderr]    Compiling unicode-segmentation v1.10.0
[INFO] [stderr]    Compiling pin-utils v0.1.0
[INFO] [stderr]    Compiling num-traits v0.2.15
[INFO] [stderr]    Compiling syn v2.0.28
[INFO] [stderr]    Compiling socket2 v0.5.3
[INFO] [stderr]    Compiling mio v0.8.8
[INFO] [stderr]    Compiling num_cpus v1.14.0
[INFO] [stderr]    Compiling serde v1.0.183
[INFO] [stderr]    Compiling ahash v0.7.6
[INFO] [stderr]    Compiling typenum v1.15.0
[INFO] [stderr]    Compiling ring v0.16.20
[INFO] [stderr]    Compiling futures-sink v0.3.28
[INFO] [stderr]    Compiling getrandom v0.2.8
[INFO] [stderr]    Compiling generic-array v0.14.6
[INFO] [stderr]    Compiling spin v0.5.2
[INFO] [stderr]    Compiling untrusted v0.7.1
[INFO] [stderr]    Compiling futures-channel v0.3.28
[INFO] [stderr]    Compiling futures-util v0.3.28
[INFO] [stderr]    Compiling signal-hook-registry v1.4.1
[INFO] [stderr]    Compiling num-integer v0.1.45
[INFO] [stderr]    Compiling crossbeam-utils v0.8.14
[INFO] [stderr]    Compiling lock_api v0.4.9
[INFO] [stderr]    Compiling rustls v0.20.7
[INFO] [stderr]    Compiling ryu v1.0.11
[INFO] [stderr]    Compiling tinyvec_macros v0.1.0
[INFO] [stderr]    Compiling event-listener v2.5.3
[INFO] [stderr]    Compiling serde_json v1.0.89
[INFO] [stderr]    Compiling tinyvec v1.6.0
[INFO] [stderr]    Compiling crypto-common v0.1.6
[INFO] [stderr]    Compiling block-buffer v0.10.3
[INFO] [stderr]    Compiling time-core v0.1.0
[INFO] [stderr]    Compiling thiserror v1.0.37
[INFO] [stderr]    Compiling scopeguard v1.1.0
[INFO] [stderr]    Compiling percent-encoding v2.3.0
[INFO] [stderr]    Compiling rust_decimal v1.27.0
[INFO] [stderr]    Compiling unicode-normalization v0.1.22
[INFO] [stderr]    Compiling form_urlencoded v1.2.0
[INFO] [stderr]    Compiling time-macros v0.2.6
[INFO] [stderr]    Compiling digest v0.10.6
[INFO] [stderr]    Compiling heck v0.3.3
[INFO] [stderr]    Compiling proc-macro-error-attr v1.0.4
[INFO] [stderr]    Compiling cpufeatures v0.2.5
[INFO] [stderr]    Compiling rustversion v1.0.9
[INFO] [stderr]    Compiling unicode-bidi v0.3.13
[INFO] [stderr]    Compiling iana-time-zone v0.1.53
[INFO] [stderr]    Compiling arrayvec v0.7.2
[INFO] [stderr]    Compiling smallvec v1.10.0
[INFO] [stderr]    Compiling rand_core v0.6.4
[INFO] [stderr]    Compiling proc-macro-error v1.0.4
[INFO] [stderr]    Compiling parking_lot_core v0.8.6
[INFO] [stderr]    Compiling minimal-lexical v0.2.1
[INFO] [stderr]    Compiling ppv-lite86 v0.2.17
[INFO] [stderr]    Compiling webpki v0.22.0
[INFO] [stderr]    Compiling sct v0.7.0
[INFO] [stderr]    Compiling rand_chacha v0.3.1
[INFO] [stderr]    Compiling idna v0.4.0
[INFO] [stderr]    Compiling futures-macro v0.3.28
[INFO] [stderr]    Compiling tokio-macros v2.1.0
[INFO] [stderr]    Compiling heck v0.4.0
[INFO] [stderr]    Compiling instant v0.1.12
[INFO] [stderr]    Compiling either v1.8.0
[INFO] [stderr]    Compiling base64 v0.13.1
[INFO] [stderr]    Compiling pkg-config v0.3.26
[INFO] [stderr]    Compiling vcpkg v0.2.15
[INFO] [stderr]    Compiling crossbeam-queue v0.3.8
[INFO] [stderr]    Compiling itertools v0.10.5
[INFO] [stderr]    Compiling hashbrown v0.12.3
[INFO] [stderr]    Compiling tokio v1.31.0
[INFO] [stderr]    Compiling rand v0.8.5
[INFO] [stderr]    Compiling libsqlite3-sys v0.24.2
[INFO] [stderr]    Compiling spin v0.9.4
[INFO] [stderr]    Compiling ctor v0.1.26
[INFO] [stderr]    Compiling thiserror-impl v1.0.37
[INFO] [stderr]    Compiling pin-project-internal v1.0.12
[INFO] [stderr]    Compiling uuid-macro-internal v1.2.2
[INFO] [stderr]    Compiling time v0.1.45
[INFO] [stderr]    Compiling indexmap v1.9.2
[INFO] [stderr]    Compiling num-bigint v0.4.3
[INFO] [stderr]    Compiling tracing-core v0.1.30
[INFO] [stderr]    Compiling pin-project v1.0.12
[INFO] [stderr]    Compiling bitflags v1.3.2
[INFO] [stderr]    Compiling paste v1.0.10
[INFO] [stderr]    Compiling unicode_categories v0.1.1
[INFO] [stderr]    Compiling chrono v0.4.23
[INFO] [stderr]    Compiling uuid v1.2.2
[INFO] [stderr]    Compiling futures-executor v0.3.25
[INFO] [stderr]    Compiling tracing-attributes v0.1.23
[INFO] [stderr]    Compiling parking_lot v0.11.2
[INFO] [stderr]    Compiling time v0.3.17
[INFO] [stderr]    Compiling crc-catalog v2.1.0
[INFO] [stderr]    Compiling dotenvy v0.15.6
[INFO] [stderr]    Compiling crc v3.0.0
[INFO] [stderr]    Compiling tokio-rustls v0.23.4
[INFO] [stderr]    Compiling tracing v0.1.37
[INFO] [stderr]    Compiling nom v7.1.1
[INFO] [stderr]    Compiling futures-intrusive v0.4.2
[INFO] [stderr]    Compiling rustls-pemfile v1.0.1
[INFO] [stderr]    Compiling webpki-roots v0.22.6
[INFO] [stderr]    Compiling stringprep v0.1.2
[INFO] [stderr]    Compiling atoi v1.0.0
[INFO] [stderr]    Compiling byteorder v1.4.3
[INFO] [stderr]    Compiling hex v0.4.3
[INFO] [stderr]    Compiling fastrand v1.8.0
[INFO] [stderr]    Compiling sqlformat v0.2.0
[INFO] [stderr]    Compiling sqlx-rt v0.6.2
[INFO] [stderr]    Compiling tokio-stream v0.1.11
[INFO] [stderr]    Compiling hashlink v0.8.1
[INFO] [stderr]    Compiling sea-query-derive v0.2.0
[INFO] [stderr]    Compiling flume v0.10.14
[INFO] [stderr]    Compiling url v2.4.0
[INFO] [stderr]    Compiling sha2 v0.10.6
[INFO] [stderr]    Compiling fnv v1.0.7
[INFO] [stderr]    Compiling async-trait v0.1.73
[INFO] [stderr]    Compiling parking v2.0.0
[INFO] [stderr]    Compiling waker-fn v1.1.0
[INFO] [stderr]    Compiling futures-lite v1.12.0
[INFO] [stderr]    Compiling http v0.2.9
[INFO] [stderr]    Compiling sea-query v0.27.2
[INFO] [stderr]    Compiling sqlx-core v0.6.2
[INFO] [stderr]    Compiling concurrent-queue v2.0.0
[INFO] [stderr]    Compiling regex-syntax v0.6.28
[INFO] [stderr]    Compiling async-lock v2.6.0
[INFO] [stderr]    Compiling futures v0.3.25
[INFO] [stderr]    Compiling socket2 v0.4.7
[INFO] [stderr]    Compiling polling v2.5.2
[INFO] [stderr]    Compiling rustix v0.38.8
[INFO] [stderr]    Compiling lazy_static v1.4.0
[INFO] [stderr]    Compiling Inflector v0.11.4
[INFO] [stderr]    Compiling bitflags v2.4.0
[INFO] [stderr]    Compiling strsim v0.10.0
[INFO] [stderr]    Compiling ouroboros_macro v0.15.5
[INFO] [stderr]    Compiling sea-strum_macros v0.23.0
[INFO] [stderr]    Compiling bae v0.1.7
[INFO] [stderr]    Compiling async-stream-impl v0.3.3
[INFO] [stderr]    Compiling regex-automata v0.1.10
[INFO] [stderr]    Compiling aho-corasick v0.7.20
[INFO] [stderr]    Compiling async-io v1.12.0
[INFO] [stderr]    Compiling aliasable v0.1.3
[INFO] [stderr]    Compiling linux-raw-sys v0.4.5
[INFO] [stderr]    Compiling overload v0.1.1
[INFO] [stderr]    Compiling os_str_bytes v6.4.1
[INFO] [stderr]    Compiling tower-service v0.3.2
[INFO] [stderr]    Compiling async-task v4.3.0
[INFO] [stderr]    Compiling sea-strum v0.23.0
[INFO] [stderr]    Compiling clap_lex v0.2.4
[INFO] [stderr]    Compiling regex v1.7.0
[INFO] [stderr]    Compiling nu-ansi-term v0.46.0
[INFO] [stderr]    Compiling ouroboros v0.15.5
[INFO] [stderr]    Compiling matchers v0.1.0
[INFO] [stderr]    Compiling async-stream v0.3.3
[INFO] [stderr]    Compiling sea-orm-macros v0.10.5
[INFO] [stderr]    Compiling sharded-slab v0.1.4
[INFO] [stderr]    Compiling tracing-log v0.1.3
[INFO] [stderr]    Compiling async-channel v1.8.0
[INFO] [stderr]    Compiling http-body v0.4.5
[INFO] [stderr]    Compiling clap_derive v3.2.18
[INFO] [stderr]    Compiling sea-schema-derive v0.1.0
[INFO] [stderr]    Compiling atty v0.2.14
[INFO] [stderr]    Compiling thread_local v1.1.4
[INFO] [stderr]    Compiling termcolor v1.1.3
[INFO] [stderr]    Compiling textwrap v0.16.0
[INFO] [stderr]    Compiling httparse v1.8.0
[INFO] [stderr]    Compiling utf8parse v0.2.1
[INFO] [stderr]    Compiling tower-layer v0.3.2
[INFO] [stderr]    Compiling atomic-waker v1.0.0
[INFO] [stderr]    Compiling sqlx-macros v0.6.2
[INFO] [stderr]    Compiling blocking v1.3.0
[INFO] [stderr]    Compiling anstyle-parse v0.2.1
[INFO] [stderr]    Compiling sea-schema v0.10.3
[INFO] [stderr]    Compiling tracing-subscriber v0.3.16
[INFO] [stderr]    Compiling is-terminal v0.4.9
[INFO] [stderr]    Compiling async-executor v1.5.0
[INFO] [stderr]    Compiling axum-core v0.3.4
[INFO] [stderr]    Compiling anstyle v1.0.1
[INFO] [stderr]    Compiling try-lock v0.2.3
[INFO] [stderr]    Compiling anstyle-query v1.0.0
[INFO] [stderr]    Compiling httpdate v1.0.2
[INFO] [stderr]    Compiling colorchoice v1.0.0
[INFO] [stderr]    Compiling clap v3.2.23
[INFO] [stderr]    Compiling mime v0.3.16
[INFO] [stderr]    Compiling anstream v0.3.2
[INFO] [stderr]    Compiling want v0.3.0
[INFO] [stderr]    Compiling async-global-executor v2.3.1
[INFO] [stderr]    Compiling headers-core v0.2.0
[INFO] [stderr]    Compiling kv-log-macro v1.0.7
[INFO] [stderr]    Compiling async-attributes v1.1.2
[INFO] [stderr]    Compiling axum v0.6.20
[INFO] [stderr]    Compiling sha1 v0.10.5
[INFO] [stderr]    Compiling anyhow v1.0.72
[INFO] [stderr]    Compiling clap_lex v0.5.0
[INFO] [stderr]    Compiling clap_builder v4.3.21
[INFO] [stderr]    Compiling async-std v1.12.0
[INFO] [stderr]    Compiling headers v0.3.8
[INFO] [stderr]    Compiling hyper v0.14.27
[INFO] [stderr]    Compiling tower v0.4.13
[INFO] [stderr]    Compiling clap_derive v4.3.12
[INFO] [stderr]    Compiling sea-orm-cli v0.10.5
[INFO] [stderr]    Compiling sqlx v0.6.2
[INFO] [stderr]    Compiling sea-query-binder v0.2.2
[INFO] [stderr]    Compiling sea-orm v0.10.5
[INFO] [stderr]    Compiling serde_path_to_error v0.1.14
[INFO] [stderr]    Compiling serde_urlencoded v0.7.1
[INFO] [stderr]    Compiling http-range-header v0.3.1
[INFO] [stderr]    Compiling sync_wrapper v0.1.2
[INFO] [stderr]    Compiling matchit v0.7.2
[INFO] [stderr]    Compiling remove_dir_all v0.5.3
[INFO] [stderr]    Compiling tower-http v0.4.3
[INFO] [stderr]    Compiling tempfile v3.3.0
[INFO] [stderr]    Compiling clap v4.3.21
[INFO] [stderr]    Compiling tokio-util v0.7.8
[INFO] [stderr]    Compiling derivative v2.2.0
[INFO] [stderr]    Compiling bincode v1.3.3
[INFO] [stderr]    Compiling path-clean v0.1.0
[INFO] [stderr]    Compiling sea-orm-migration v0.10.5
[INFO] [stderr]    Compiling entity v0.1.0 (/opt/rustwide/workdir/entity)
[INFO] [stderr]    Compiling migration v0.1.0 (/opt/rustwide/workdir/migration)
[INFO] [stderr]    Compiling dcsrvrs v0.1.0 (/opt/rustwide/workdir)
[INFO] [stderr]     Finished dev [unoptimized + debuginfo] target(s) in 42.85s
[INFO] running `Command { std: "docker" "inspect" "484c8424cb41a05246995f632f622b27d46a9b388e9c51385c3df3fb268967e3", kill_on_drop: false }`
[INFO] running `Command { std: "docker" "rm" "-f" "484c8424cb41a05246995f632f622b27d46a9b388e9c51385c3df3fb268967e3", kill_on_drop: false }`
[INFO] [stdout] 484c8424cb41a05246995f632f622b27d46a9b388e9c51385c3df3fb268967e3
[INFO] running `Command { std: "docker" "create" "-v" "/var/lib/crater-agent-workspace/builds/worker-1-tc1/target:/opt/rustwide/target:rw,Z" "-v" "/var/lib/crater-agent-workspace/builds/worker-1-tc1/source:/opt/rustwide/workdir:ro,Z" "-v" "/var/lib/crater-agent-workspace/cargo-home:/opt/rustwide/cargo-home:ro,Z" "-v" "/var/lib/crater-agent-workspace/rustup-home:/opt/rustwide/rustup-home:ro,Z" "-e" "SOURCE_DIR=/opt/rustwide/workdir" "-e" "CARGO_TARGET_DIR=/opt/rustwide/target" "-e" "CARGO_INCREMENTAL=0" "-e" "RUST_BACKTRACE=full" "-e" "RUSTFLAGS=--cap-lints=warn" "-e" "RUSTDOCFLAGS=--cap-lints=warn" "-e" "CARGO_HOME=/opt/rustwide/cargo-home" "-e" "RUSTUP_HOME=/opt/rustwide/rustup-home" "-w" "/opt/rustwide/workdir" "-m" "1610612736" "--user" "0:0" "--network" "none" "ghcr.io/rust-lang/crates-build-env/linux@sha256:2788e3201cd34a07e3172128adcd8b3090168a8e3bcc40d7c032b9dda1df7d1c" "/opt/rustwide/cargo-home/bin/cargo" "+1.75.0" "test" "--frozen" "--no-run" "--message-format=json", kill_on_drop: false }`
[INFO] [stdout] 7cd033d8729bf164986674b956f6169e185b283e78de386b3d55bd0278bb4547
[INFO] running `Command { std: "docker" "start" "-a" "7cd033d8729bf164986674b956f6169e185b283e78de386b3d55bd0278bb4547", kill_on_drop: false }`
[INFO] [stderr]    Compiling dcsrvrs v0.1.0 (/opt/rustwide/workdir)
[INFO] [stderr]     Finished test [unoptimized + debuginfo] target(s) in 5.62s
[INFO] running `Command { std: "docker" "inspect" "7cd033d8729bf164986674b956f6169e185b283e78de386b3d55bd0278bb4547", kill_on_drop: false }`
[INFO] running `Command { std: "docker" "rm" "-f" "7cd033d8729bf164986674b956f6169e185b283e78de386b3d55bd0278bb4547", kill_on_drop: false }`
[INFO] [stdout] 7cd033d8729bf164986674b956f6169e185b283e78de386b3d55bd0278bb4547
[INFO] running `Command { std: "docker" "create" "-v" "/var/lib/crater-agent-workspace/builds/worker-1-tc1/target:/opt/rustwide/target:rw,Z" "-v" "/var/lib/crater-agent-workspace/builds/worker-1-tc1/source:/opt/rustwide/workdir:ro,Z" "-v" "/var/lib/crater-agent-workspace/cargo-home:/opt/rustwide/cargo-home:ro,Z" "-v" "/var/lib/crater-agent-workspace/rustup-home:/opt/rustwide/rustup-home:ro,Z" "-e" "SOURCE_DIR=/opt/rustwide/workdir" "-e" "CARGO_TARGET_DIR=/opt/rustwide/target" "-e" "CARGO_INCREMENTAL=0" "-e" "RUST_BACKTRACE=full" "-e" "RUSTFLAGS=--cap-lints=warn" "-e" "RUSTDOCFLAGS=--cap-lints=warn" "-e" "CARGO_HOME=/opt/rustwide/cargo-home" "-e" "RUSTUP_HOME=/opt/rustwide/rustup-home" "-w" "/opt/rustwide/workdir" "-m" "1610612736" "--user" "0:0" "--network" "none" "ghcr.io/rust-lang/crates-build-env/linux@sha256:2788e3201cd34a07e3172128adcd8b3090168a8e3bcc40d7c032b9dda1df7d1c" "/opt/rustwide/cargo-home/bin/cargo" "+1.75.0" "test" "--frozen", kill_on_drop: false }`
[INFO] [stdout] d0b648e24ac5124093b9ce35ded654538d9147a6fce4a655bc8683bb58ed31b5
[INFO] running `Command { std: "docker" "start" "-a" "d0b648e24ac5124093b9ce35ded654538d9147a6fce4a655bc8683bb58ed31b5", kill_on_drop: false }`
[INFO] [stderr]     Finished test [unoptimized + debuginfo] target(s) in 0.15s
[INFO] [stderr]      Running unittests src/lib.rs (/opt/rustwide/target/debug/deps/dcsrvrs-e62f3b0a30a6f0cb)
[INFO] [stdout] 
[INFO] [stdout] running 9 tests
[INFO] [stdout] test dbcache::tests::test_set_get_file ... ok
[INFO] [stdout] test headers::tests::test_from ... ok
[INFO] [stdout] test dbcache::server::tests::test_keys ... ok
[INFO] [stdout] test dbcache::tests::test_set_get ... ok
[INFO] [stdout] test dbcache::server::tests::test_set_get_file ... ok
[INFO] [stdout] test dbcache::server::tests::test_set_get ... ok
[INFO] [stdout] test dbcache::tests::test_api ... ok
[INFO] [stdout] test dbcache::server::tests::test_flushall ... FAILED
[INFO] [stdout] test dbcache::server::tests::test_truncate_old ... FAILED
[INFO] [stdout] 
[INFO] [stdout] failures:
[INFO] [stdout] 
[INFO] [stdout] ---- dbcache::server::tests::test_flushall stdout ----
[INFO] [stdout] thread 'dbcache::server::tests::test_flushall' panicked at src/dbcache/server.rs:684:9:
[INFO] [stdout] assertion failed: f.cache.entries == 2
[INFO] [stdout] stack backtrace:
[INFO] [stdout]    0:     0x56388cea5bac - std::backtrace_rs::backtrace::libunwind::trace::ha637c64ce894333a
[INFO] [stdout]                                at /rustc/82e1608dfa6e0b5569232559e3d385fea5a93112/library/std/src/../../backtrace/src/backtrace/libunwind.rs:104:5
[INFO] [stdout]    1:     0x56388cea5bac - std::backtrace_rs::backtrace::trace_unsynchronized::h47f62dea28e0c88d
[INFO] [stdout]                                at /rustc/82e1608dfa6e0b5569232559e3d385fea5a93112/library/std/src/../../backtrace/src/backtrace/mod.rs:66:5
[INFO] [stdout]    2:     0x56388cea5bac - std::sys_common::backtrace::_print_fmt::h9eef0abe20ede486
[INFO] [stdout]                                at /rustc/82e1608dfa6e0b5569232559e3d385fea5a93112/library/std/src/sys_common/backtrace.rs:67:5
[INFO] [stdout]    3:     0x56388cea5bac - <std::sys_common::backtrace::_print::DisplayBacktrace as core::fmt::Display>::fmt::hed7f999df88cc644
[INFO] [stdout]                                at /rustc/82e1608dfa6e0b5569232559e3d385fea5a93112/library/std/src/sys_common/backtrace.rs:44:22
[INFO] [stdout]    4:     0x56388ced2870 - core::fmt::rt::Argument::fmt::h1539a9308b8d058d
[INFO] [stdout]                                at /rustc/82e1608dfa6e0b5569232559e3d385fea5a93112/library/core/src/fmt/rt.rs:142:9
[INFO] [stdout]    5:     0x56388ced2870 - core::fmt::write::h3a39390d8560d9c9
[INFO] [stdout]                                at /rustc/82e1608dfa6e0b5569232559e3d385fea5a93112/library/core/src/fmt/mod.rs:1120:17
[INFO] [stdout]    6:     0x56388cea316f - std::io::Write::write_fmt::h040b369f3a0f9cbc
[INFO] [stdout]                                at /rustc/82e1608dfa6e0b5569232559e3d385fea5a93112/library/std/src/io/mod.rs:1762:15
[INFO] [stdout]    7:     0x56388cea5994 - std::sys_common::backtrace::_print::h894006fb5c6f3d45
[INFO] [stdout]                                at /rustc/82e1608dfa6e0b5569232559e3d385fea5a93112/library/std/src/sys_common/backtrace.rs:47:5
[INFO] [stdout]    8:     0x56388cea5994 - std::sys_common::backtrace::print::h23a2d212c6fff936
[INFO] [stdout]                                at /rustc/82e1608dfa6e0b5569232559e3d385fea5a93112/library/std/src/sys_common/backtrace.rs:34:9
[INFO] [stdout]    9:     0x56388cea7657 - std::panicking::default_hook::{{closure}}::h8a1d2ee00185001a
[INFO] [stdout]   10:     0x56388cea7343 - std::panicking::default_hook::h6038f2eba384e475
[INFO] [stdout]                                at /rustc/82e1608dfa6e0b5569232559e3d385fea5a93112/library/std/src/panicking.rs:289:9
[INFO] [stdout]   11:     0x56388c979c47 - <alloc::boxed::Box<F,A> as core::ops::function::Fn<Args>>::call::h0ad024c9bdc6d768
[INFO] [stdout]                                at /rustc/82e1608dfa6e0b5569232559e3d385fea5a93112/library/alloc/src/boxed.rs:2021:9
[INFO] [stdout]   12:     0x56388c979c47 - test::test_main::{{closure}}::h7500b54257359db6
[INFO] [stdout]                                at /rustc/82e1608dfa6e0b5569232559e3d385fea5a93112/library/test/src/lib.rs:138:21
[INFO] [stdout]   13:     0x56388cea7c68 - <alloc::boxed::Box<F,A> as core::ops::function::Fn<Args>>::call::h1f8f335eaa9cfaee
[INFO] [stdout]                                at /rustc/82e1608dfa6e0b5569232559e3d385fea5a93112/library/alloc/src/boxed.rs:2021:9
[INFO] [stdout]   14:     0x56388cea7c68 - std::panicking::rust_panic_with_hook::h2b5517d590cab22e
[INFO] [stdout]                                at /rustc/82e1608dfa6e0b5569232559e3d385fea5a93112/library/std/src/panicking.rs:783:13
[INFO] [stdout]   15:     0x56388cea7989 - std::panicking::begin_panic_handler::{{closure}}::h233112c06e0ef43e
[INFO] [stdout]                                at /rustc/82e1608dfa6e0b5569232559e3d385fea5a93112/library/std/src/panicking.rs:649:13
[INFO] [stdout]   16:     0x56388cea6076 - std::sys_common::backtrace::__rust_end_short_backtrace::h6e893f24d7ebbff8
[INFO] [stdout]                                at /rustc/82e1608dfa6e0b5569232559e3d385fea5a93112/library/std/src/sys_common/backtrace.rs:170:18
[INFO] [stdout]   17:     0x56388cea7722 - rust_begin_unwind
[INFO] [stdout]                                at /rustc/82e1608dfa6e0b5569232559e3d385fea5a93112/library/std/src/panicking.rs:645:5
[INFO] [stdout]   18:     0x56388c843835 - core::panicking::panic_fmt::hbf0e066aabfa482c
[INFO] [stdout]                                at /rustc/82e1608dfa6e0b5569232559e3d385fea5a93112/library/core/src/panicking.rs:72:14
[INFO] [stdout]   19:     0x56388c8438d3 - core::panicking::panic::h195fc2a96298d4c3
[INFO] [stdout]                                at /rustc/82e1608dfa6e0b5569232559e3d385fea5a93112/library/core/src/panicking.rs:127:5
[INFO] [stdout]   20:     0x56388c898a64 - dcsrvrs::dbcache::server::tests::test_flushall::{{closure}}::hcb7efe2ab9d93b68
[INFO] [stdout]                                at /opt/rustwide/workdir/src/dbcache/server.rs:684:9
[INFO] [stdout]   21:     0x56388c9392db - <core::pin::Pin<P> as core::future::future::Future>::poll::ha68feea707a5e626
[INFO] [stdout]                                at /rustc/82e1608dfa6e0b5569232559e3d385fea5a93112/library/core/src/future/future.rs:125:9
[INFO] [stdout]   22:     0x56388c9393fb - <core::pin::Pin<P> as core::future::future::Future>::poll::hdb567d065caed2e6
[INFO] [stdout]                                at /rustc/82e1608dfa6e0b5569232559e3d385fea5a93112/library/core/src/future/future.rs:125:9
[INFO] [stdout]   23:     0x56388c8f41d4 - tokio::runtime::scheduler::current_thread::CoreGuard::block_on::{{closure}}::{{closure}}::{{closure}}::h9421128430fd7dac
[INFO] [stdout]                                at /opt/rustwide/cargo-home/registry/src/index.crates.io-6f17d22bba15001f/tokio-1.31.0/src/runtime/scheduler/current_thread/mod.rs:665:57
[INFO] [stdout]   24:     0x56388c8f3eb0 - tokio::runtime::coop::with_budget::ha5d21e357ab44267
[INFO] [stdout]                                at /opt/rustwide/cargo-home/registry/src/index.crates.io-6f17d22bba15001f/tokio-1.31.0/src/runtime/coop.rs:107:5
[INFO] [stdout]   25:     0x56388c8f3eb0 - tokio::runtime::coop::budget::h5b041e38597f4ca5
[INFO] [stdout]                                at /opt/rustwide/cargo-home/registry/src/index.crates.io-6f17d22bba15001f/tokio-1.31.0/src/runtime/coop.rs:73:5
[INFO] [stdout]   26:     0x56388c8f3eb0 - tokio::runtime::scheduler::current_thread::CoreGuard::block_on::{{closure}}::{{closure}}::h68275e4ae330be11
[INFO] [stdout]                                at /opt/rustwide/cargo-home/registry/src/index.crates.io-6f17d22bba15001f/tokio-1.31.0/src/runtime/scheduler/current_thread/mod.rs:665:25
[INFO] [stdout]   27:     0x56388c8f13da - tokio::runtime::scheduler::current_thread::Context::enter::h6f7cf42735b5983a
[INFO] [stdout]                                at /opt/rustwide/cargo-home/registry/src/index.crates.io-6f17d22bba15001f/tokio-1.31.0/src/runtime/scheduler/current_thread/mod.rs:410:19
[INFO] [stdout]   28:     0x56388c8f2d4b - tokio::runtime::scheduler::current_thread::CoreGuard::block_on::{{closure}}::h32bcfc49152bcef7
[INFO] [stdout]                                at /opt/rustwide/cargo-home/registry/src/index.crates.io-6f17d22bba15001f/tokio-1.31.0/src/runtime/scheduler/current_thread/mod.rs:664:36
[INFO] [stdout]   29:     0x56388c8f29e2 - tokio::runtime::scheduler::current_thread::CoreGuard::enter::{{closure}}::h8d244642cc03d68e
[INFO] [stdout]                                at /opt/rustwide/cargo-home/registry/src/index.crates.io-6f17d22bba15001f/tokio-1.31.0/src/runtime/scheduler/current_thread/mod.rs:743:68
[INFO] [stdout]   30:     0x56388c8a3c8a - tokio::runtime::context::scoped::Scoped<T>::set::h0b6cdbc97fa83e08
[INFO] [stdout]                                at /opt/rustwide/cargo-home/registry/src/index.crates.io-6f17d22bba15001f/tokio-1.31.0/src/runtime/context/scoped.rs:40:9
[INFO] [stdout]   31:     0x56388c8daf3a - tokio::runtime::context::set_scheduler::{{closure}}::h84b8245a40863e9d
[INFO] [stdout]                                at /opt/rustwide/cargo-home/registry/src/index.crates.io-6f17d22bba15001f/tokio-1.31.0/src/runtime/context.rs:176:26
[INFO] [stdout]   32:     0x56388c916223 - std::thread::local::LocalKey<T>::try_with::hf849dfba52bc85aa
[INFO] [stdout]                                at /rustc/82e1608dfa6e0b5569232559e3d385fea5a93112/library/std/src/thread/local.rs:270:16
[INFO] [stdout]   33:     0x56388c91444d - std::thread::local::LocalKey<T>::with::h922137ed589fc91d
[INFO] [stdout]                                at /rustc/82e1608dfa6e0b5569232559e3d385fea5a93112/library/std/src/thread/local.rs:246:9
[INFO] [stdout]   34:     0x56388c8daea1 - tokio::runtime::context::set_scheduler::h63b6d0340b5163c8
[INFO] [stdout]                                at /opt/rustwide/cargo-home/registry/src/index.crates.io-6f17d22bba15001f/tokio-1.31.0/src/runtime/context.rs:176:9
[INFO] [stdout]   35:     0x56388c8f22d9 - tokio::runtime::scheduler::current_thread::CoreGuard::enter::h68a7833757958bed
[INFO] [stdout]                                at /opt/rustwide/cargo-home/registry/src/index.crates.io-6f17d22bba15001f/tokio-1.31.0/src/runtime/scheduler/current_thread/mod.rs:743:27
[INFO] [stdout]   36:     0x56388c8f2a7d - tokio::runtime::scheduler::current_thread::CoreGuard::block_on::h53d02c15b501cd4f
[INFO] [stdout]                                at /opt/rustwide/cargo-home/registry/src/index.crates.io-6f17d22bba15001f/tokio-1.31.0/src/runtime/scheduler/current_thread/mod.rs:652:19
[INFO] [stdout]   37:     0x56388c8efad6 - tokio::runtime::scheduler::current_thread::CurrentThread::block_on::{{closure}}::h988b7f2d4f340c72
[INFO] [stdout]                                at /opt/rustwide/cargo-home/registry/src/index.crates.io-6f17d22bba15001f/tokio-1.31.0/src/runtime/scheduler/current_thread/mod.rs:175:28
[INFO] [stdout]   38:     0x56388c8db49a - tokio::runtime::context::runtime::enter_runtime::h22bd76539f911d8e
[INFO] [stdout]                                at /opt/rustwide/cargo-home/registry/src/index.crates.io-6f17d22bba15001f/tokio-1.31.0/src/runtime/context/runtime.rs:65:16
[INFO] [stdout]   39:     0x56388c8ef650 - tokio::runtime::scheduler::current_thread::CurrentThread::block_on::hcfc5687772b6ae57
[INFO] [stdout]                                at /opt/rustwide/cargo-home/registry/src/index.crates.io-6f17d22bba15001f/tokio-1.31.0/src/runtime/scheduler/current_thread/mod.rs:167:9
[INFO] [stdout]   40:     0x56388c93db59 - tokio::runtime::runtime::Runtime::block_on::h2aad77552de62e50
[INFO] [stdout]                                at /opt/rustwide/cargo-home/registry/src/index.crates.io-6f17d22bba15001f/tokio-1.31.0/src/runtime/runtime.rs:347:47
[INFO] [stdout]   41:     0x56388c89766a - dcsrvrs::dbcache::server::tests::test_flushall::h906542f3935564ba
[INFO] [stdout]                                at /opt/rustwide/workdir/src/dbcache/server.rs:692:9
[INFO] [stdout]   42:     0x56388c8974e7 - dcsrvrs::dbcache::server::tests::test_flushall::{{closure}}::h4f99b484c112fcbf
[INFO] [stdout]                                at /opt/rustwide/workdir/src/dbcache/server.rs:664:33
[INFO] [stdout]   43:     0x56388c845386 - core::ops::function::FnOnce::call_once::h2f7c08e8d8e853a3
[INFO] [stdout]                                at /rustc/82e1608dfa6e0b5569232559e3d385fea5a93112/library/core/src/ops/function.rs:250:5
[INFO] [stdout]   44:     0x56388c97f29f - core::ops::function::FnOnce::call_once::h2b5d431d5046312d
[INFO] [stdout]                                at /rustc/82e1608dfa6e0b5569232559e3d385fea5a93112/library/core/src/ops/function.rs:250:5
[INFO] [stdout]   45:     0x56388c97f29f - test::__rust_begin_short_backtrace::h7714669af176e207
[INFO] [stdout]                                at /rustc/82e1608dfa6e0b5569232559e3d385fea5a93112/library/test/src/lib.rs:628:18
[INFO] [stdout]   46:     0x56388c97e2b5 - test::run_test_in_process::{{closure}}::h85218797dcbcec12
[INFO] [stdout]                                at /rustc/82e1608dfa6e0b5569232559e3d385fea5a93112/library/test/src/lib.rs:651:60
[INFO] [stdout]   47:     0x56388c97e2b5 - <core::panic::unwind_safe::AssertUnwindSafe<F> as core::ops::function::FnOnce<()>>::call_once::h76c106ea31c14d7b
[INFO] [stdout]                                at /rustc/82e1608dfa6e0b5569232559e3d385fea5a93112/library/core/src/panic/unwind_safe.rs:272:9
[INFO] [stdout]   48:     0x56388c97e2b5 - std::panicking::try::do_call::h3bd5d0f6620ee946
[INFO] [stdout]                                at /rustc/82e1608dfa6e0b5569232559e3d385fea5a93112/library/std/src/panicking.rs:552:40
[INFO] [stdout]   49:     0x56388c97e2b5 - std::panicking::try::h232e535e4744fe31
[INFO] [stdout]                                at /rustc/82e1608dfa6e0b5569232559e3d385fea5a93112/library/std/src/panicking.rs:516:19
[INFO] [stdout]   50:     0x56388c97e2b5 - std::panic::catch_unwind::h3ce3bd6ca8dbac68
[INFO] [stdout]                                at /rustc/82e1608dfa6e0b5569232559e3d385fea5a93112/library/std/src/panic.rs:142:14
[INFO] [stdout]   51:     0x56388c97e2b5 - test::run_test_in_process::hc97b257c9621286a
[INFO] [stdout]                                at /rustc/82e1608dfa6e0b5569232559e3d385fea5a93112/library/test/src/lib.rs:651:27
[INFO] [stdout]   52:     0x56388c97e2b5 - test::run_test::{{closure}}::h2aa798823a438d38
[INFO] [stdout]                                at /rustc/82e1608dfa6e0b5569232559e3d385fea5a93112/library/test/src/lib.rs:574:43
[INFO] [stdout]   53:     0x56388c946576 - test::run_test::{{closure}}::h87d231c78fb59832
[INFO] [stdout]                                at /rustc/82e1608dfa6e0b5569232559e3d385fea5a93112/library/test/src/lib.rs:602:41
[INFO] [stdout]   54:     0x56388c946576 - std::sys_common::backtrace::__rust_begin_short_backtrace::he6df152596625789
[INFO] [stdout]                                at /rustc/82e1608dfa6e0b5569232559e3d385fea5a93112/library/std/src/sys_common/backtrace.rs:154:18
[INFO] [stdout]   55:     0x56388c94b627 - std::thread::Builder::spawn_unchecked_::{{closure}}::{{closure}}::ha94be15d1e0acf36
[INFO] [stdout]                                at /rustc/82e1608dfa6e0b5569232559e3d385fea5a93112/library/std/src/thread/mod.rs:529:17
[INFO] [stdout]   56:     0x56388c94b627 - <core::panic::unwind_safe::AssertUnwindSafe<F> as core::ops::function::FnOnce<()>>::call_once::h9dc6bd6372f16606
[INFO] [stdout]                                at /rustc/82e1608dfa6e0b5569232559e3d385fea5a93112/library/core/src/panic/unwind_safe.rs:272:9
[INFO] [stdout]   57:     0x56388c94b627 - std::panicking::try::do_call::h9057517f80303cd4
[INFO] [stdout]                                at /rustc/82e1608dfa6e0b5569232559e3d385fea5a93112/library/std/src/panicking.rs:552:40
[INFO] [stdout]   58:     0x56388c94b627 - std::panicking::try::he3a30b11ee45340c
[INFO] [stdout]                                at /rustc/82e1608dfa6e0b5569232559e3d385fea5a93112/library/std/src/panicking.rs:516:19
[INFO] [stdout]   59:     0x56388c94b627 - std::panic::catch_unwind::h410458cfd3528b8b
[INFO] [stdout]                                at /rustc/82e1608dfa6e0b5569232559e3d385fea5a93112/library/std/src/panic.rs:142:14
[INFO] [stdout]   60:     0x56388c94b627 - std::thread::Builder::spawn_unchecked_::{{closure}}::h72ac3bdb567b737b
[INFO] [stdout]                                at /rustc/82e1608dfa6e0b5569232559e3d385fea5a93112/library/std/src/thread/mod.rs:528:30
[INFO] [stdout]   61:     0x56388c94b627 - core::ops::function::FnOnce::call_once{{vtable.shim}}::h38f34da3654a8344
[INFO] [stdout]                                at /rustc/82e1608dfa6e0b5569232559e3d385fea5a93112/library/core/src/ops/function.rs:250:5
[INFO] [stdout]   62:     0x56388cead425 - <alloc::boxed::Box<F,A> as core::ops::function::FnOnce<Args>>::call_once::hc7eafaff61e32df9
[INFO] [stdout]                                at /rustc/82e1608dfa6e0b5569232559e3d385fea5a93112/library/alloc/src/boxed.rs:2007:9
[INFO] [stdout]   63:     0x56388cead425 - <alloc::boxed::Box<F,A> as core::ops::function::FnOnce<Args>>::call_once::h6ba4a5de48dd2304
[INFO] [stdout]                                at /rustc/82e1608dfa6e0b5569232559e3d385fea5a93112/library/alloc/src/boxed.rs:2007:9
[INFO] [stdout]   64:     0x56388cead425 - std::sys::unix::thread::Thread::new::thread_start::he469335aef763e45
[INFO] [stdout]                                at /rustc/82e1608dfa6e0b5569232559e3d385fea5a93112/library/std/src/sys/unix/thread.rs:108:17
[INFO] [stdout]   65:     0x7f720974eac3 - <unknown>
[INFO] [stdout]   66:     0x7f72097dfbf4 - __clone
[INFO] [stdout]   67:                0x0 - <unknown>
[INFO] [stdout] 
[INFO] [stdout] ---- dbcache::server::tests::test_truncate_old stdout ----
[INFO] [stdout] thread 'dbcache::server::tests::test_truncate_old' panicked at src/dbcache/server.rs:640:9:
[INFO] [stdout] assertion failed: f.cache.entries == 2
[INFO] [stdout] stack backtrace:
[INFO] [stdout]    0:     0x56388cea5bac - std::backtrace_rs::backtrace::libunwind::trace::ha637c64ce894333a
[INFO] [stdout]                                at /rustc/82e1608dfa6e0b5569232559e3d385fea5a93112/library/std/src/../../backtrace/src/backtrace/libunwind.rs:104:5
[INFO] [stdout]    1:     0x56388cea5bac - std::backtrace_rs::backtrace::trace_unsynchronized::h47f62dea28e0c88d
[INFO] [stdout]                                at /rustc/82e1608dfa6e0b5569232559e3d385fea5a93112/library/std/src/../../backtrace/src/backtrace/mod.rs:66:5
[INFO] [stdout]    2:     0x56388cea5bac - std::sys_common::backtrace::_print_fmt::h9eef0abe20ede486
[INFO] [stdout]                                at /rustc/82e1608dfa6e0b5569232559e3d385fea5a93112/library/std/src/sys_common/backtrace.rs:67:5
[INFO] [stdout]    3:     0x56388cea5bac - <std::sys_common::backtrace::_print::DisplayBacktrace as core::fmt::Display>::fmt::hed7f999df88cc644
[INFO] [stdout]                                at /rustc/82e1608dfa6e0b5569232559e3d385fea5a93112/library/std/src/sys_common/backtrace.rs:44:22
[INFO] [stdout]    4:     0x56388ced2870 - core::fmt::rt::Argument::fmt::h1539a9308b8d058d
[INFO] [stdout]                                at /rustc/82e1608dfa6e0b5569232559e3d385fea5a93112/library/core/src/fmt/rt.rs:142:9
[INFO] [stdout]    5:     0x56388ced2870 - core::fmt::write::h3a39390d8560d9c9
[INFO] [stdout]                                at /rustc/82e1608dfa6e0b5569232559e3d385fea5a93112/library/core/src/fmt/mod.rs:1120:17
[INFO] [stdout]    6:     0x56388cea316f - std::io::Write::write_fmt::h040b369f3a0f9cbc
[INFO] [stdout]                                at /rustc/82e1608dfa6e0b5569232559e3d385fea5a93112/library/std/src/io/mod.rs:1762:15
[INFO] [stdout]    7:     0x56388cea5994 - std::sys_common::backtrace::_print::h894006fb5c6f3d45
[INFO] [stdout]                                at /rustc/82e1608dfa6e0b5569232559e3d385fea5a93112/library/std/src/sys_common/backtrace.rs:47:5
[INFO] [stdout]    8:     0x56388cea5994 - std::sys_common::backtrace::print::h23a2d212c6fff936
[INFO] [stdout]                                at /rustc/82e1608dfa6e0b5569232559e3d385fea5a93112/library/std/src/sys_common/backtrace.rs:34:9
[INFO] [stdout]    9:     0x56388cea7657 - std::panicking::default_hook::{{closure}}::h8a1d2ee00185001a
[INFO] [stdout]   10:     0x56388cea7343 - std::panicking::default_hook::h6038f2eba384e475
[INFO] [stdout]                                at /rustc/82e1608dfa6e0b5569232559e3d385fea5a93112/library/std/src/panicking.rs:289:9
[INFO] [stdout]   11:     0x56388c979c47 - <alloc::boxed::Box<F,A> as core::ops::function::Fn<Args>>::call::h0ad024c9bdc6d768
[INFO] [stdout]                                at /rustc/82e1608dfa6e0b5569232559e3d385fea5a93112/library/alloc/src/boxed.rs:2021:9
[INFO] [stdout]   12:     0x56388c979c47 - test::test_main::{{closure}}::h7500b54257359db6
[INFO] [stdout]                                at /rustc/82e1608dfa6e0b5569232559e3d385fea5a93112/library/test/src/lib.rs:138:21
[INFO] [stdout]   13:     0x56388cea7c68 - <alloc::boxed::Box<F,A> as core::ops::function::Fn<Args>>::call::h1f8f335eaa9cfaee
[INFO] [stdout]                                at /rustc/82e1608dfa6e0b5569232559e3d385fea5a93112/library/alloc/src/boxed.rs:2021:9
[INFO] [stdout]   14:     0x56388cea7c68 - std::panicking::rust_panic_with_hook::h2b5517d590cab22e
[INFO] [stdout]                                at /rustc/82e1608dfa6e0b5569232559e3d385fea5a93112/library/std/src/panicking.rs:783:13
[INFO] [stdout]   15:     0x56388cea7989 - std::panicking::begin_panic_handler::{{closure}}::h233112c06e0ef43e
[INFO] [stdout]                                at /rustc/82e1608dfa6e0b5569232559e3d385fea5a93112/library/std/src/panicking.rs:649:13
[INFO] [stdout]   16:     0x56388cea6076 - std::sys_common::backtrace::__rust_end_short_backtrace::h6e893f24d7ebbff8
[INFO] [stdout]                                at /rustc/82e1608dfa6e0b5569232559e3d385fea5a93112/library/std/src/sys_common/backtrace.rs:170:18
[INFO] [stdout]   17:     0x56388cea7722 - rust_begin_unwind
[INFO] [stdout]                                at /rustc/82e1608dfa6e0b5569232559e3d385fea5a93112/library/std/src/panicking.rs:645:5
[INFO] [stdout]   18:     0x56388c843835 - core::panicking::panic_fmt::hbf0e066aabfa482c
[INFO] [stdout]                                at /rustc/82e1608dfa6e0b5569232559e3d385fea5a93112/library/core/src/panicking.rs:72:14
[INFO] [stdout]   19:     0x56388c8438d3 - core::panicking::panic::h195fc2a96298d4c3
[INFO] [stdout]                                at /rustc/82e1608dfa6e0b5569232559e3d385fea5a93112/library/core/src/panicking.rs:127:5
[INFO] [stdout]   20:     0x56388c895d09 - dcsrvrs::dbcache::server::tests::test_truncate_old::{{closure}}::h9a5dcade237cf8cd
[INFO] [stdout]                                at /opt/rustwide/workdir/src/dbcache/server.rs:640:9
[INFO] [stdout]   21:     0x56388c9392db - <core::pin::Pin<P> as core::future::future::Future>::poll::ha68feea707a5e626
[INFO] [stdout]                                at /rustc/82e1608dfa6e0b5569232559e3d385fea5a93112/library/core/src/future/future.rs:125:9
[INFO] [stdout]   22:     0x56388c9393fb - <core::pin::Pin<P> as core::future::future::Future>::poll::hdb567d065caed2e6
[INFO] [stdout]                                at /rustc/82e1608dfa6e0b5569232559e3d385fea5a93112/library/core/src/future/future.rs:125:9
[INFO] [stdout]   23:     0x56388c8f41d4 - tokio::runtime::scheduler::current_thread::CoreGuard::block_on::{{closure}}::{{closure}}::{{closure}}::h9421128430fd7dac
[INFO] [stdout]                                at /opt/rustwide/cargo-home/registry/src/index.crates.io-6f17d22bba15001f/tokio-1.31.0/src/runtime/scheduler/current_thread/mod.rs:665:57
[INFO] [stdout]   24:     0x56388c8f3eb0 - tokio::runtime::coop::with_budget::ha5d21e357ab44267
[INFO] [stdout]                                at /opt/rustwide/cargo-home/registry/src/index.crates.io-6f17d22bba15001f/tokio-1.31.0/src/runtime/coop.rs:107:5
[INFO] [stdout]   25:     0x56388c8f3eb0 - tokio::runtime::coop::budget::h5b041e38597f4ca5
[INFO] [stdout]                                at /opt/rustwide/cargo-home/registry/src/index.crates.io-6f17d22bba15001f/tokio-1.31.0/src/runtime/coop.rs:73:5
[INFO] [stdout]   26:     0x56388c8f3eb0 - tokio::runtime::scheduler::current_thread::CoreGuard::block_on::{{closure}}::{{closure}}::h68275e4ae330be11
[INFO] [stdout]                                at /opt/rustwide/cargo-home/registry/src/index.crates.io-6f17d22bba15001f/tokio-1.31.0/src/runtime/scheduler/current_thread/mod.rs:665:25
[INFO] [stdout]   27:     0x56388c8f13da - tokio::runtime::scheduler::current_thread::Context::enter::h6f7cf42735b5983a
[INFO] [stdout]                                at /opt/rustwide/cargo-home/registry/src/index.crates.io-6f17d22bba15001f/tokio-1.31.0/src/runtime/scheduler/current_thread/mod.rs:410:19
[INFO] [stdout]   28:     0x56388c8f2d4b - tokio::runtime::scheduler::current_thread::CoreGuard::block_on::{{closure}}::h32bcfc49152bcef7
[INFO] [stdout]                                at /opt/rustwide/cargo-home/registry/src/index.crates.io-6f17d22bba15001f/tokio-1.31.0/src/runtime/scheduler/current_thread/mod.rs:664:36
[INFO] [stdout]   29:     0x56388c8f29e2 - tokio::runtime::scheduler::current_thread::CoreGuard::enter::{{closure}}::h8d244642cc03d68e
[INFO] [stdout]                                at /opt/rustwide/cargo-home/registry/src/index.crates.io-6f17d22bba15001f/tokio-1.31.0/src/runtime/scheduler/current_thread/mod.rs:743:68
[INFO] [stdout]   30:     0x56388c8a3c8a - tokio::runtime::context::scoped::Scoped<T>::set::h0b6cdbc97fa83e08
[INFO] [stdout]                                at /opt/rustwide/cargo-home/registry/src/index.crates.io-6f17d22bba15001f/tokio-1.31.0/src/runtime/context/scoped.rs:40:9
[INFO] [stdout]   31:     0x56388c8daf3a - tokio::runtime::context::set_scheduler::{{closure}}::h84b8245a40863e9d
[INFO] [stdout]                                at /opt/rustwide/cargo-home/registry/src/index.crates.io-6f17d22bba15001f/tokio-1.31.0/src/runtime/context.rs:176:26
[INFO] [stdout]   32:     0x56388c916223 - std::thread::local::LocalKey<T>::try_with::hf849dfba52bc85aa
[INFO] [stdout]                                at /rustc/82e1608dfa6e0b5569232559e3d385fea5a93112/library/std/src/thread/local.rs:270:16
[INFO] [stdout]   33:     0x56388c91444d - std::thread::local::LocalKey<T>::with::h922137ed589fc91d
[INFO] [stdout]                                at /rustc/82e1608dfa6e0b5569232559e3d385fea5a93112/library/std/src/thread/local.rs:246:9
[INFO] [stdout]   34:     0x56388c8daea1 - tokio::runtime::context::set_scheduler::h63b6d0340b5163c8
[INFO] [stdout]                                at /opt/rustwide/cargo-home/registry/src/index.crates.io-6f17d22bba15001f/tokio-1.31.0/src/runtime/context.rs:176:9
[INFO] [stdout]   35:     0x56388c8f22d9 - tokio::runtime::scheduler::current_thread::CoreGuard::enter::h68a7833757958bed
[INFO] [stdout]                                at /opt/rustwide/cargo-home/registry/src/index.crates.io-6f17d22bba15001f/tokio-1.31.0/src/runtime/scheduler/current_thread/mod.rs:743:27
[INFO] [stdout]   36:     0x56388c8f2a7d - tokio::runtime::scheduler::current_thread::CoreGuard::block_on::h53d02c15b501cd4f
[INFO] [stdout]                                at /opt/rustwide/cargo-home/registry/src/index.crates.io-6f17d22bba15001f/tokio-1.31.0/src/runtime/scheduler/current_thread/mod.rs:652:19
[INFO] [stdout]   37:     0x56388c8efad6 - tokio::runtime::scheduler::current_thread::CurrentThread::block_on::{{closure}}::h988b7f2d4f340c72
[INFO] [stdout]                                at /opt/rustwide/cargo-home/registry/src/index.crates.io-6f17d22bba15001f/tokio-1.31.0/src/runtime/scheduler/current_thread/mod.rs:175:28
[INFO] [stdout]   38:     0x56388c8db49a - tokio::runtime::context::runtime::enter_runtime::h22bd76539f911d8e
[INFO] [stdout]                                at /opt/rustwide/cargo-home/registry/src/index.crates.io-6f17d22bba15001f/tokio-1.31.0/src/runtime/context/runtime.rs:65:16
[INFO] [stdout]   39:     0x56388c8ef650 - tokio::runtime::scheduler::current_thread::CurrentThread::block_on::hcfc5687772b6ae57
[INFO] [stdout]                                at /opt/rustwide/cargo-home/registry/src/index.crates.io-6f17d22bba15001f/tokio-1.31.0/src/runtime/scheduler/current_thread/mod.rs:167:9
[INFO] [stdout]   40:     0x56388c93db59 - tokio::runtime::runtime::Runtime::block_on::h2aad77552de62e50
[INFO] [stdout]                                at /opt/rustwide/cargo-home/registry/src/index.crates.io-6f17d22bba15001f/tokio-1.31.0/src/runtime/runtime.rs:347:47
[INFO] [stdout]   41:     0x56388c89482d - dcsrvrs::dbcache::server::tests::test_truncate_old::h5957f48940b907f9
[INFO] [stdout]                                at /opt/rustwide/workdir/src/dbcache/server.rs:660:9
[INFO] [stdout]   42:     0x56388c8946a7 - dcsrvrs::dbcache::server::tests::test_truncate_old::{{closure}}::h1dcc8c1e58328190
[INFO] [stdout]                                at /opt/rustwide/workdir/src/dbcache/server.rs:620:37
[INFO] [stdout]   43:     0x56388c8457a6 - core::ops::function::FnOnce::call_once::h62e04a399be2d12f
[INFO] [stdout]                                at /rustc/82e1608dfa6e0b5569232559e3d385fea5a93112/library/core/src/ops/function.rs:250:5
[INFO] [stdout]   44:     0x56388c97f29f - core::ops::function::FnOnce::call_once::h2b5d431d5046312d
[INFO] [stdout]                                at /rustc/82e1608dfa6e0b5569232559e3d385fea5a93112/library/core/src/ops/function.rs:250:5
[INFO] [stdout]   45:     0x56388c97f29f - test::__rust_begin_short_backtrace::h7714669af176e207
[INFO] [stdout]                                at /rustc/82e1608dfa6e0b5569232559e3d385fea5a93112/library/test/src/lib.rs:628:18
[INFO] [stdout]   46:     0x56388c97e2b5 - test::run_test_in_process::{{closure}}::h85218797dcbcec12
[INFO] [stdout]                                at /rustc/82e1608dfa6e0b5569232559e3d385fea5a93112/library/test/src/lib.rs:651:60
[INFO] [stdout]   47:     0x56388c97e2b5 - <core::panic::unwind_safe::AssertUnwindSafe<F> as core::ops::function::FnOnce<()>>::call_once::h76c106ea31c14d7b
[INFO] [stdout]                                at /rustc/82e1608dfa6e0b5569232559e3d385fea5a93112/library/core/src/panic/unwind_safe.rs:272:9
[INFO] [stdout]   48:     0x56388c97e2b5 - std::panicking::try::do_call::h3bd5d0f6620ee946
[INFO] [stdout]                                at /rustc/82e1608dfa6e0b5569232559e3d385fea5a93112/library/std/src/panicking.rs:552:40
[INFO] [stdout]   49:     0x56388c97e2b5 - std::panicking::try::h232e535e4744fe31
[INFO] [stdout]                                at /rustc/82e1608dfa6e0b5569232559e3d385fea5a93112/library/std/src/panicking.rs:516:19
[INFO] [stdout]   50:     0x56388c97e2b5 - std::panic::catch_unwind::h3ce3bd6ca8dbac68
[INFO] [stdout]                                at /rustc/82e1608dfa6e0b5569232559e3d385fea5a93112/library/std/src/panic.rs:142:14
[INFO] [stdout]   51:     0x56388c97e2b5 - test::run_test_in_process::hc97b257c9621286a
[INFO] [stdout]                                at /rustc/82e1608dfa6e0b5569232559e3d385fea5a93112/library/test/src/lib.rs:651:27
[INFO] [stdout]   52:     0x56388c97e2b5 - test::run_test::{{closure}}::h2aa798823a438d38
[INFO] [stdout]                                at /rustc/82e1608dfa6e0b5569232559e3d385fea5a93112/library/test/src/lib.rs:574:43
[INFO] [stdout]   53:     0x56388c946576 - test::run_test::{{closure}}::h87d231c78fb59832
[INFO] [stdout]                                at /rustc/82e1608dfa6e0b5569232559e3d385fea5a93112/library/test/src/lib.rs:602:41
[INFO] [stdout]   54:     0x56388c946576 - std::sys_common::backtrace::__rust_begin_short_backtrace::he6df152596625789
[INFO] [stdout]                                at /rustc/82e1608dfa6e0b5569232559e3d385fea5a93112/library/std/src/sys_common/backtrace.rs:154:18
[INFO] [stdout]   55:     0x56388c94b627 - std::thread::Builder::spawn_unchecked_::{{closure}}::{{closure}}::ha94be15d1e0acf36
[INFO] [stdout]                                at /rustc/82e1608dfa6e0b5569232559e3d385fea5a93112/library/std/src/thread/mod.rs:529:17
[INFO] [stdout]   56:     0x56388c94b627 - <core::panic::unwind_safe::AssertUnwindSafe<F> as core::ops::function::FnOnce<()>>::call_once::h9dc6bd6372f16606
[INFO] [stdout]                                at /rustc/82e1608dfa6e0b5569232559e3d385fea5a93112/library/core/src/panic/unwind_safe.rs:272:9
[INFO] [stdout]   57:     0x56388c94b627 - std::panicking::try::do_call::h9057517f80303cd4
[INFO] [stdout]                                at /rustc/82e1608dfa6e0b5569232559e3d385fea5a93112/library/std/src/panicking.rs:552:40
[INFO] [stdout]   58:     0x56388c94b627 - std::panicking::try::he3a30b11ee45340c
[INFO] [stdout]                                at /rustc/82e1608dfa6e0b5569232559e3d385fea5a93112/library/std/src/panicking.rs:516:19
[INFO] [stdout]   59:     0x56388c94b627 - std::panic::catch_unwind::h410458cfd3528b8b
[INFO] [stdout]                                at /rustc/82e1608dfa6e0b5569232559e3d385fea5a93112/library/std/src/panic.rs:142:14
[INFO] [stdout]   60:     0x56388c94b627 - std::thread::Builder::spawn_unchecked_::{{closure}}::h72ac3bdb567b737b
[INFO] [stdout]                                at /rustc/82e1608dfa6e0b5569232559e3d385fea5a93112/library/std/src/thread/mod.rs:528:30
[INFO] [stdout]   61:     0x56388c94b627 - core::ops::function::FnOnce::call_once{{vtable.shim}}::h38f34da3654a8344
[INFO] [stdout]                                at /rustc/82e1608dfa6e0b5569232559e3d385fea5a93112/library/core/src/ops/function.rs:250:5
[INFO] [stdout]   62:     0x56388cead425 - <alloc::boxed::Box<F,A> as core::ops::function::FnOnce<Args>>::call_once::hc7eafaff61e32df9
[INFO] [stdout]                                at /rustc/82e1608dfa6e0b5569232559e3d385fea5a93112/library/alloc/src/boxed.rs:2007:9
[INFO] [stdout]   63:     0x56388cead425 - <alloc::boxed::Box<F,A> as core::ops::function::FnOnce<Args>>::call_once::h6ba4a5de48dd2304
[INFO] [stdout]                                at /rustc/82e1608dfa6e0b5569232559e3d385fea5a93112/library/alloc/src/boxed.rs:2007:9
[INFO] [stdout]   64:     0x56388cead425 - std::sys::unix::thread::Thread::new::thread_start::he469335aef763e45
[INFO] [stdout]                                at /rustc/82e1608dfa6e0b5569232559e3d385fea5a93112/library/std/src/sys/unix/thread.rs:108:17
[INFO] [stdout]   65:     0x7f720974eac3 - <unknown>
[INFO] [stdout]   66:     0x7f72097dfbf4 - __clone
[INFO] [stdout]   67:                0x0 - <unknown>
[INFO] [stdout] 
[INFO] [stdout] 
[INFO] [stdout] failures:
[INFO] [stdout]     dbcache::server::tests::test_flushall
[INFO] [stdout]     dbcache::server::tests::test_truncate_old
[INFO] [stdout] 
[INFO] [stdout] test result: FAILED. 7 passed; 2 failed; 0 ignored; 0 measured; 0 filtered out; finished in 0.10s
[INFO] [stdout] 
[INFO] [stderr] error: test failed, to rerun pass `--lib`
[INFO] running `Command { std: "docker" "inspect" "d0b648e24ac5124093b9ce35ded654538d9147a6fce4a655bc8683bb58ed31b5", kill_on_drop: false }`
[INFO] running `Command { std: "docker" "rm" "-f" "d0b648e24ac5124093b9ce35ded654538d9147a6fce4a655bc8683bb58ed31b5", kill_on_drop: false }`
[INFO] [stdout] d0b648e24ac5124093b9ce35ded654538d9147a6fce4a655bc8683bb58ed31b5
