[INFO] cloning repository https://github.com/s-panferov/kidl
[INFO] running `Command { std: "git" "-c" "credential.helper=" "-c" "credential.helper=/workspace/cargo-home/bin/git-credential-null" "clone" "--bare" "https://github.com/s-panferov/kidl" "/workspace/cache/git-repos/https%3A%2F%2Fgithub.com%2Fs-panferov%2Fkidl", kill_on_drop: false }`
[INFO] [stderr] Cloning into bare repository '/workspace/cache/git-repos/https%3A%2F%2Fgithub.com%2Fs-panferov%2Fkidl'...
[INFO] running `Command { std: "git" "rev-parse" "HEAD", kill_on_drop: false }`
[INFO] [stdout] edc68206cdecf26099f958b46418fa872a35c6b1
[INFO] testing s-panferov/kidl against 1.75.0 for beta-1.76-1
[INFO] running `Command { std: "git" "clone" "/workspace/cache/git-repos/https%3A%2F%2Fgithub.com%2Fs-panferov%2Fkidl" "/workspace/builds/worker-4-tc1/source", kill_on_drop: false }`
[INFO] [stderr] Cloning into '/workspace/builds/worker-4-tc1/source'...
[INFO] [stderr] done.
[INFO] validating manifest of git repo https://github.com/s-panferov/kidl on toolchain 1.75.0
[INFO] running `Command { std: CARGO_HOME="/workspace/cargo-home" RUSTUP_HOME="/workspace/rustup-home" "/workspace/cargo-home/bin/cargo" "+1.75.0" "metadata" "--manifest-path" "Cargo.toml" "--no-deps", kill_on_drop: false }`
[INFO] started tweaking git repo https://github.com/s-panferov/kidl
[INFO] finished tweaking git repo https://github.com/s-panferov/kidl
[INFO] tweaked toml for git repo https://github.com/s-panferov/kidl written to /workspace/builds/worker-4-tc1/source/Cargo.toml
[INFO] crate git repo https://github.com/s-panferov/kidl already has a lockfile, it will not be regenerated
[INFO] running `Command { std: CARGO_HOME="/workspace/cargo-home" RUSTUP_HOME="/workspace/rustup-home" "/workspace/cargo-home/bin/cargo" "+1.75.0" "fetch" "--manifest-path" "Cargo.toml", kill_on_drop: false }`
[INFO] [stderr] warning: virtual workspace defaulting to `resolver = "1"` despite one or more workspace members being on edition 2021 which implies `resolver = "2"`
[INFO] [stderr] note: to keep the current resolver, specify `workspace.resolver = "1"` in the workspace root's manifest
[INFO] [stderr] note: to use the edition 2021 resolver, specify `workspace.resolver = "2"` in the workspace root's manifest
[INFO] [stderr] note: for more details see https://doc.rust-lang.org/cargo/reference/resolver.html#resolver-versions
[INFO] [stderr]     Updating crates.io index
[INFO] [stderr]  Downloading crates ...
[INFO] [stderr]   Downloaded lsp-server v0.7.0
[INFO] [stderr]   Downloaded rowan v0.15.10
[INFO] [stderr]   Downloaded clap v4.1.10
[INFO] [stderr]   Downloaded bitflags v2.0.1
[INFO] [stderr]   Downloaded snapdown v1.0.0
[INFO] running `Command { std: "docker" "create" "-v" "/var/lib/crater-agent-workspace/builds/worker-4-tc1/target:/opt/rustwide/target:rw,Z" "-v" "/var/lib/crater-agent-workspace/builds/worker-4-tc1/source:/opt/rustwide/workdir:ro,Z" "-v" "/var/lib/crater-agent-workspace/cargo-home:/opt/rustwide/cargo-home:ro,Z" "-v" "/var/lib/crater-agent-workspace/rustup-home:/opt/rustwide/rustup-home:ro,Z" "-e" "SOURCE_DIR=/opt/rustwide/workdir" "-e" "CARGO_TARGET_DIR=/opt/rustwide/target" "-e" "CARGO_HOME=/opt/rustwide/cargo-home" "-e" "RUSTUP_HOME=/opt/rustwide/rustup-home" "-w" "/opt/rustwide/workdir" "-m" "1610612736" "--user" "0:0" "--network" "none" "ghcr.io/rust-lang/crates-build-env/linux@sha256:2788e3201cd34a07e3172128adcd8b3090168a8e3bcc40d7c032b9dda1df7d1c" "/opt/rustwide/cargo-home/bin/cargo" "+1.75.0" "metadata" "--no-deps" "--format-version=1", kill_on_drop: false }`
[INFO] [stdout] d5c3742b6c1737e9e6403c43812f58ef47e1feb138f3ae107ed039e3155971ae
[INFO] running `Command { std: "docker" "start" "-a" "d5c3742b6c1737e9e6403c43812f58ef47e1feb138f3ae107ed039e3155971ae", kill_on_drop: false }`
[INFO] running `Command { std: "docker" "inspect" "d5c3742b6c1737e9e6403c43812f58ef47e1feb138f3ae107ed039e3155971ae", kill_on_drop: false }`
[INFO] running `Command { std: "docker" "rm" "-f" "d5c3742b6c1737e9e6403c43812f58ef47e1feb138f3ae107ed039e3155971ae", kill_on_drop: false }`
[INFO] [stdout] d5c3742b6c1737e9e6403c43812f58ef47e1feb138f3ae107ed039e3155971ae
[INFO] running `Command { std: "docker" "create" "-v" "/var/lib/crater-agent-workspace/builds/worker-4-tc1/target:/opt/rustwide/target:rw,Z" "-v" "/var/lib/crater-agent-workspace/builds/worker-4-tc1/source:/opt/rustwide/workdir:ro,Z" "-v" "/var/lib/crater-agent-workspace/cargo-home:/opt/rustwide/cargo-home:ro,Z" "-v" "/var/lib/crater-agent-workspace/rustup-home:/opt/rustwide/rustup-home:ro,Z" "-e" "SOURCE_DIR=/opt/rustwide/workdir" "-e" "CARGO_TARGET_DIR=/opt/rustwide/target" "-e" "CARGO_INCREMENTAL=0" "-e" "RUST_BACKTRACE=full" "-e" "RUSTFLAGS=--cap-lints=warn" "-e" "RUSTDOCFLAGS=--cap-lints=warn" "-e" "CARGO_HOME=/opt/rustwide/cargo-home" "-e" "RUSTUP_HOME=/opt/rustwide/rustup-home" "-w" "/opt/rustwide/workdir" "-m" "1610612736" "--user" "0:0" "--network" "none" "ghcr.io/rust-lang/crates-build-env/linux@sha256:2788e3201cd34a07e3172128adcd8b3090168a8e3bcc40d7c032b9dda1df7d1c" "/opt/rustwide/cargo-home/bin/cargo" "+1.75.0" "build" "--frozen" "--message-format=json", kill_on_drop: false }`
[INFO] [stdout] 9c604f669a8364de6600b4caac3e9046fd924429b56c06da8f995c7f7e069644
[INFO] running `Command { std: "docker" "start" "-a" "9c604f669a8364de6600b4caac3e9046fd924429b56c06da8f995c7f7e069644", kill_on_drop: false }`
[INFO] [stderr] warning: virtual workspace defaulting to `resolver = "1"` despite one or more workspace members being on edition 2021 which implies `resolver = "2"`
[INFO] [stderr] note: to keep the current resolver, specify `workspace.resolver = "1"` in the workspace root's manifest
[INFO] [stderr] note: to use the edition 2021 resolver, specify `workspace.resolver = "2"` in the workspace root's manifest
[INFO] [stderr] note: for more details see https://doc.rust-lang.org/cargo/reference/resolver.html#resolver-versions
[INFO] [stderr]    Compiling cfg-if v1.0.0
[INFO] [stderr]    Compiling autocfg v1.1.0
[INFO] [stderr]    Compiling proc-macro2 v1.0.52
[INFO] [stderr]    Compiling unicode-ident v1.0.8
[INFO] [stderr]    Compiling quote v1.0.26
[INFO] [stderr]    Compiling version_check v0.9.4
[INFO] [stderr]    Compiling libc v0.2.140
[INFO] [stderr]    Compiling once_cell v1.17.1
[INFO] [stderr]    Compiling syn v1.0.109
[INFO] [stderr]    Compiling crossbeam-utils v0.8.15
[INFO] [stderr]    Compiling smallvec v1.10.0
[INFO] [stderr]    Compiling scopeguard v1.1.0
[INFO] [stderr]    Compiling ahash v0.7.6
[INFO] [stderr]    Compiling serde_derive v1.0.157
[INFO] [stderr]    Compiling memoffset v0.8.0
[INFO] [stderr]    Compiling log v0.4.17
[INFO] [stderr]    Compiling lock_api v0.4.9
[INFO] [stderr]    Compiling crossbeam-epoch v0.9.14
[INFO] [stderr]    Compiling serde v1.0.157
[INFO] [stderr]    Compiling parking_lot_core v0.9.7
[INFO] [stderr]    Compiling memoffset v0.6.5
[INFO] [stderr]    Compiling heck v0.4.1
[INFO] [stderr]    Compiling crossbeam-queue v0.3.8
[INFO] [stderr]    Compiling tinyvec_macros v0.1.1
[INFO] [stderr]    Compiling eyre v0.6.8
[INFO] [stderr]    Compiling tinyvec v1.6.0
[INFO] [stderr]    Compiling syn v2.0.0
[INFO] [stderr]    Compiling crossbeam-channel v0.5.7
[INFO] [stderr]    Compiling indexmap v1.9.2
[INFO] [stderr]    Compiling proc-macro-error-attr v1.0.4
[INFO] [stderr]    Compiling serde_json v1.0.94
[INFO] [stderr]    Compiling indenter v0.3.3
[INFO] [stderr]    Compiling io-lifetimes v1.0.8
[INFO] [stderr]    Compiling rustc-hash v1.1.0
[INFO] [stderr]    Compiling bitflags v1.3.2
[INFO] [stderr]    Compiling unicode-normalization v0.1.22
[INFO] [stderr]    Compiling getrandom v0.2.8
[INFO] [stderr]    Compiling crossbeam-deque v0.8.3
[INFO] [stderr]    Compiling proc-macro-error v1.0.4
[INFO] [stderr]    Compiling tracing-core v0.1.30
[INFO] [stderr]    Compiling rustix v0.36.10
[INFO] [stderr]    Compiling hashbrown v0.12.3
[INFO] [stderr]    Compiling ryu v1.0.13
[INFO] [stderr]    Compiling text-size v1.1.0
[INFO] [stderr]    Compiling unicode-bidi v0.3.12
[INFO] [stderr]    Compiling itoa v1.0.6
[INFO] [stderr]    Compiling str_indices v0.4.1
[INFO] [stderr]    Compiling countme v3.0.1
[INFO] [stderr]    Compiling percent-encoding v2.2.0
[INFO] [stderr]    Compiling ropey v1.6.0
[INFO] [stderr]    Compiling rowan v0.15.10
[INFO] [stderr]    Compiling hashlink v0.8.1
[INFO] [stderr]    Compiling dashmap v5.4.0
[INFO] [stderr]    Compiling idna v0.3.0
[INFO] [stderr]    Compiling form_urlencoded v1.1.0
[INFO] [stderr]    Compiling crossbeam v0.8.2
[INFO] [stderr]    Compiling parking_lot v0.12.1
[INFO] [stderr]    Compiling linux-raw-sys v0.1.4
[INFO] [stderr]    Compiling lazy_static v1.4.0
[INFO] [stderr]    Compiling arc-swap v1.6.0
[INFO] [stderr]    Compiling kidl-syn v0.1.0 (/opt/rustwide/workdir/packages/kidl-syn)
[INFO] [stdout] warning: unused import: `NodeKind`
[INFO] [stdout]  --> packages/kidl-syn/src/parser/parser.rs:7:12
[INFO] [stdout]   |
[INFO] [stdout] 7 |     kind::{NodeKind, TokenKind},
[INFO] [stdout]   |            ^^^^^^^^
[INFO] [stdout]   |
[INFO] [stdout]   = note: `#[warn(unused_imports)]` on by default
[INFO] [stdout] 
[INFO] [stdout] 
[INFO] [stderr]    Compiling pin-project-lite v0.2.9
[INFO] [stdout] warning: unused variable: `t`
[INFO] [stdout]   --> packages/kidl-syn/src/parser/type.rs:38:67
[INFO] [stdout]    |
[INFO] [stdout] 38 |             self.expect(kind(TokenKind::AngleClose), &TRIVIA_NL, |t| false);
[INFO] [stdout]    |                                                                   ^ help: if this is intentional, prefix it with an underscore: `_t`
[INFO] [stdout]    |
[INFO] [stdout]    = note: `#[warn(unused_variables)]` on by default
[INFO] [stdout] 
[INFO] [stdout] 
[INFO] [stdout] warning: function `first_token_matching` is never used
[INFO] [stdout]   --> packages/kidl-syn/src/ast/helpers.rs:23:8
[INFO] [stdout]    |
[INFO] [stdout] 23 | pub fn first_token_matching(
[INFO] [stdout]    |        ^^^^^^^^^^^^^^^^^^^^
[INFO] [stdout]    |
[INFO] [stdout]    = note: `#[warn(dead_code)]` on by default
[INFO] [stdout] 
[INFO] [stdout] 
[INFO] [stdout] warning: function `first_token_of_kind` is never used
[INFO] [stdout]   --> packages/kidl-syn/src/ast/helpers.rs:39:8
[INFO] [stdout]    |
[INFO] [stdout] 39 | pub fn first_token_of_kind(node: &SyntaxNode, kind: TokenKind) -> Option<SyntaxToken> {
[INFO] [stdout]    |        ^^^^^^^^^^^^^^^^^^^
[INFO] [stdout] 
[INFO] [stdout] 
[INFO] [stdout] warning: function `first_token_of` is never used
[INFO] [stdout]   --> packages/kidl-syn/src/ast/helpers.rs:43:8
[INFO] [stdout]    |
[INFO] [stdout] 43 | pub fn first_token_of<T: AstToken>(node: &SyntaxNode) -> Option<T> {
[INFO] [stdout]    |        ^^^^^^^^^^^^^^
[INFO] [stdout] 
[INFO] [stdout] 
[INFO] [stdout] warning: method `text` is never used
[INFO] [stdout]   --> packages/kidl-syn/src/ast/ident.rs:10:12
[INFO] [stdout]    |
[INFO] [stdout] 9  | impl Ident {
[INFO] [stdout]    | ---------- method in this implementation
[INFO] [stdout] 10 |     pub fn text(&self) -> &str {
[INFO] [stdout]    |            ^^^^
[INFO] [stdout] 
[INFO] [stdout] 
[INFO] [stdout] warning: function `ident` is never used
[INFO] [stdout]   --> packages/kidl-syn/src/parser/utility/combinators.rs:66:8
[INFO] [stdout]    |
[INFO] [stdout] 66 | pub fn ident(text: &'static str) -> IdentPredicate {
[INFO] [stdout]    |        ^^^^^
[INFO] [stdout] 
[INFO] [stdout] 
[INFO] [stdout] warning: constant `TRIVIA` is never used
[INFO] [stdout]   --> packages/kidl-syn/src/parser/utility/combinators.rs:70:11
[INFO] [stdout]    |
[INFO] [stdout] 70 | pub const TRIVIA: [TokenKind; 2] = [TokenKind::Space, TokenKind::Comment];
[INFO] [stdout]    |           ^^^^^^
[INFO] [stdout] 
[INFO] [stdout] 
[INFO] [stdout] warning: function `with_trivia` is never used
[INFO] [stdout]   --> packages/kidl-syn/src/parser/utility/combinators.rs:73:8
[INFO] [stdout]    |
[INFO] [stdout] 73 | pub fn with_trivia(inner: impl Fn(&Token) -> bool) -> impl Fn(&Token) -> bool {
[INFO] [stdout]    |        ^^^^^^^^^^^
[INFO] [stdout] 
[INFO] [stdout] 
[INFO] [stdout] warning: function `with_trivia_nl` is never used
[INFO] [stdout]   --> packages/kidl-syn/src/parser/utility/combinators.rs:80:8
[INFO] [stdout]    |
[INFO] [stdout] 80 | pub fn with_trivia_nl(inner: impl Fn(&Token) -> bool) -> impl Fn(&Token) -> bool {
[INFO] [stdout]    |        ^^^^^^^^^^^^^^
[INFO] [stdout] 
[INFO] [stdout] 
[INFO] [stderr]    Compiling serde_repr v0.1.12
[INFO] [stderr]    Compiling os_str_bytes v6.4.1
[INFO] [stderr]    Compiling overload v0.1.1
[INFO] [stderr]    Compiling nu-ansi-term v0.46.0
[INFO] [stderr]    Compiling sharded-slab v0.1.4
[INFO] [stdout] warning: 10 warnings emitted
[INFO] [stdout] 
[INFO] [stdout] 
[INFO] [stderr]    Compiling tracing-log v0.1.3
[INFO] [stderr]    Compiling clap_lex v0.3.3
[INFO] [stderr]    Compiling thread_local v1.1.7
[INFO] [stderr]    Compiling termcolor v1.2.0
[INFO] [stderr]    Compiling bitflags v2.0.1
[INFO] [stderr]    Compiling strsim v0.10.0
[INFO] [stderr]    Compiling tracing-subscriber v0.3.16
[INFO] [stderr]    Compiling is-terminal v0.4.5
[INFO] [stderr]    Compiling salsa-2022-macros v0.1.0 (https://github.com/salsa-rs/salsa#a327acc1)
[INFO] [stderr]    Compiling tracing-attributes v0.1.23
[INFO] [stderr]    Compiling clap_derive v4.1.9
[INFO] [stderr]    Compiling tracing v0.1.37
[INFO] [stderr]    Compiling clap v4.1.10
[INFO] [stderr]    Compiling salsa-2022 v0.1.0 (https://github.com/salsa-rs/salsa#a327acc1)
[INFO] [stderr]    Compiling kidl-db v0.1.0 (/opt/rustwide/workdir/packages/kidl-db)
[INFO] [stderr]    Compiling url v2.3.1
[INFO] [stderr]    Compiling lsp-types v0.94.0
[INFO] [stderr]    Compiling lsp-server v0.7.0
[INFO] [stderr]    Compiling kidl-lsp v0.1.0 (/opt/rustwide/workdir/packages/kidl-lsp)
[INFO] [stdout] warning: unreachable pattern
[INFO] [stdout]    --> packages/kidl-lsp/src/highlight.rs:238:13
[INFO] [stdout]     |
[INFO] [stdout] 238 |             _ => {}
[INFO] [stdout]     |             ^
[INFO] [stdout]     |
[INFO] [stdout]     = note: `#[warn(unreachable_patterns)]` on by default
[INFO] [stdout] 
[INFO] [stdout] 
[INFO] [stdout] warning: 1 warning emitted
[INFO] [stdout] 
[INFO] [stdout] 
[INFO] [stderr]    Compiling kidl-cli v0.1.0 (/opt/rustwide/workdir/packages/kidl-cli)
[INFO] [stderr]     Finished dev [unoptimized + debuginfo] target(s) in 44.89s
[INFO] running `Command { std: "docker" "inspect" "9c604f669a8364de6600b4caac3e9046fd924429b56c06da8f995c7f7e069644", kill_on_drop: false }`
[INFO] running `Command { std: "docker" "rm" "-f" "9c604f669a8364de6600b4caac3e9046fd924429b56c06da8f995c7f7e069644", kill_on_drop: false }`
[INFO] [stdout] 9c604f669a8364de6600b4caac3e9046fd924429b56c06da8f995c7f7e069644
[INFO] running `Command { std: "docker" "create" "-v" "/var/lib/crater-agent-workspace/builds/worker-4-tc1/target:/opt/rustwide/target:rw,Z" "-v" "/var/lib/crater-agent-workspace/builds/worker-4-tc1/source:/opt/rustwide/workdir:ro,Z" "-v" "/var/lib/crater-agent-workspace/cargo-home:/opt/rustwide/cargo-home:ro,Z" "-v" "/var/lib/crater-agent-workspace/rustup-home:/opt/rustwide/rustup-home:ro,Z" "-e" "SOURCE_DIR=/opt/rustwide/workdir" "-e" "CARGO_TARGET_DIR=/opt/rustwide/target" "-e" "CARGO_INCREMENTAL=0" "-e" "RUST_BACKTRACE=full" "-e" "RUSTFLAGS=--cap-lints=warn" "-e" "RUSTDOCFLAGS=--cap-lints=warn" "-e" "CARGO_HOME=/opt/rustwide/cargo-home" "-e" "RUSTUP_HOME=/opt/rustwide/rustup-home" "-w" "/opt/rustwide/workdir" "-m" "1610612736" "--user" "0:0" "--network" "none" "ghcr.io/rust-lang/crates-build-env/linux@sha256:2788e3201cd34a07e3172128adcd8b3090168a8e3bcc40d7c032b9dda1df7d1c" "/opt/rustwide/cargo-home/bin/cargo" "+1.75.0" "test" "--frozen" "--no-run" "--message-format=json", kill_on_drop: false }`
[INFO] [stdout] ff1f91526588a7312ab93c27444dfd31eed8f94ba5dded0598b1eebbb0533361
[INFO] running `Command { std: "docker" "start" "-a" "ff1f91526588a7312ab93c27444dfd31eed8f94ba5dded0598b1eebbb0533361", kill_on_drop: false }`
[INFO] [stderr] warning: virtual workspace defaulting to `resolver = "1"` despite one or more workspace members being on edition 2021 which implies `resolver = "2"`
[INFO] [stderr] note: to keep the current resolver, specify `workspace.resolver = "1"` in the workspace root's manifest
[INFO] [stderr] note: to use the edition 2021 resolver, specify `workspace.resolver = "2"` in the workspace root's manifest
[INFO] [stderr] note: for more details see https://doc.rust-lang.org/cargo/reference/resolver.html#resolver-versions
[INFO] [stderr]    Compiling memchr v2.5.0
[INFO] [stderr]    Compiling atty v0.2.14
[INFO] [stderr]    Compiling num_cpus v1.15.0
[INFO] [stderr]    Compiling unicode-segmentation v1.10.1
[INFO] [stderr]    Compiling clap_lex v0.2.4
[INFO] [stderr]    Compiling clap_derive v3.2.18
[INFO] [stdout] warning: unused import: `NodeKind`
[INFO] [stdout]  --> packages/kidl-syn/src/parser/parser.rs:7:12
[INFO] [stdout]   |
[INFO] [stdout] 7 |     kind::{NodeKind, TokenKind},
[INFO] [stdout]   |            ^^^^^^^^
[INFO] [stdout]   |
[INFO] [stdout]   = note: `#[warn(unused_imports)]` on by default
[INFO] [stdout] 
[INFO] [stdout] 
[INFO] [stderr]    Compiling num-traits v0.2.15
[INFO] [stdout] warning: unused variable: `t`
[INFO] [stdout]   --> packages/kidl-syn/src/parser/type.rs:38:67
[INFO] [stdout]    |
[INFO] [stdout] 38 |             self.expect(kind(TokenKind::AngleClose), &TRIVIA_NL, |t| false);
[INFO] [stdout]    |                                                                   ^ help: if this is intentional, prefix it with an underscore: `_t`
[INFO] [stdout]    |
[INFO] [stdout]    = note: `#[warn(unused_variables)]` on by default
[INFO] [stdout] 
[INFO] [stdout] 
[INFO] [stderr]    Compiling either v1.8.1
[INFO] [stdout] warning: function `first_token_matching` is never used
[INFO] [stdout]   --> packages/kidl-syn/src/ast/helpers.rs:23:8
[INFO] [stdout]    |
[INFO] [stdout] 23 | pub fn first_token_matching(
[INFO] [stdout]    |        ^^^^^^^^^^^^^^^^^^^^
[INFO] [stdout]    |
[INFO] [stdout]    = note: `#[warn(dead_code)]` on by default
[INFO] [stdout] 
[INFO] [stdout] 
[INFO] [stdout] warning: function `first_token_of_kind` is never used
[INFO] [stdout]   --> packages/kidl-syn/src/ast/helpers.rs:39:8
[INFO] [stdout]    |
[INFO] [stdout] 39 | pub fn first_token_of_kind(node: &SyntaxNode, kind: TokenKind) -> Option<SyntaxToken> {
[INFO] [stdout]    |        ^^^^^^^^^^^^^^^^^^^
[INFO] [stdout] 
[INFO] [stdout] 
[INFO] [stdout] warning: function `first_token_of` is never used
[INFO] [stdout]   --> packages/kidl-syn/src/ast/helpers.rs:43:8
[INFO] [stdout]    |
[INFO] [stdout] 43 | pub fn first_token_of<T: AstToken>(node: &SyntaxNode) -> Option<T> {
[INFO] [stdout]    |        ^^^^^^^^^^^^^^
[INFO] [stdout] 
[INFO] [stdout] 
[INFO] [stdout] warning: method `text` is never used
[INFO] [stdout]   --> packages/kidl-syn/src/ast/ident.rs:10:12
[INFO] [stdout]    |
[INFO] [stdout] 9  | impl Ident {
[INFO] [stdout]    | ---------- method in this implementation
[INFO] [stdout] 10 |     pub fn text(&self) -> &str {
[INFO] [stdout]    |            ^^^^
[INFO] [stdout] 
[INFO] [stdout] 
[INFO] [stdout] warning: function `ident` is never used
[INFO] [stdout]   --> packages/kidl-syn/src/parser/utility/combinators.rs:66:8
[INFO] [stdout]    |
[INFO] [stdout] 66 | pub fn ident(text: &'static str) -> IdentPredicate {
[INFO] [stdout]    |        ^^^^^
[INFO] [stdout] 
[INFO] [stdout] 
[INFO] [stdout] warning: constant `TRIVIA` is never used
[INFO] [stdout]   --> packages/kidl-syn/src/parser/utility/combinators.rs:70:11
[INFO] [stdout]    |
[INFO] [stdout] 70 | pub const TRIVIA: [TokenKind; 2] = [TokenKind::Space, TokenKind::Comment];
[INFO] [stdout]    |           ^^^^^^
[INFO] [stdout] 
[INFO] [stdout] 
[INFO] [stdout] warning: function `with_trivia` is never used
[INFO] [stdout]   --> packages/kidl-syn/src/parser/utility/combinators.rs:73:8
[INFO] [stdout]    |
[INFO] [stdout] 73 | pub fn with_trivia(inner: impl Fn(&Token) -> bool) -> impl Fn(&Token) -> bool {
[INFO] [stdout]    |        ^^^^^^^^^^^
[INFO] [stdout] 
[INFO] [stdout] 
[INFO] [stdout] warning: function `with_trivia_nl` is never used
[INFO] [stdout]   --> packages/kidl-syn/src/parser/utility/combinators.rs:80:8
[INFO] [stdout]    |
[INFO] [stdout] 80 | pub fn with_trivia_nl(inner: impl Fn(&Token) -> bool) -> impl Fn(&Token) -> bool {
[INFO] [stdout]    |        ^^^^^^^^^^^^^^
[INFO] [stdout] 
[INFO] [stdout] 
[INFO] [stdout] warning: 10 warnings emitted
[INFO] [stdout] 
[INFO] [stdout] 
[INFO] [stderr]    Compiling rayon-core v1.11.0
[INFO] [stderr]    Compiling textwrap v0.16.0
[INFO] [stderr]    Compiling regex-syntax v0.6.28
[INFO] [stderr]    Compiling plotters-backend v0.3.4
[INFO] [stderr]    Compiling regex-automata v0.1.10
[INFO] [stderr]    Compiling ciborium-io v0.2.0
[INFO] [stderr]    Compiling same-file v1.0.6
[INFO] [stderr]    Compiling unicode-width v0.1.10
[INFO] [stderr]    Compiling half v1.8.2
[INFO] [stderr]    Compiling textwrap v0.11.0
[INFO] [stderr]    Compiling walkdir v2.3.3
[INFO] [stderr]    Compiling plotters-svg v0.3.3
[INFO] [stderr]    Compiling aho-corasick v0.7.20
[INFO] [stderr]    Compiling bstr v0.2.17
[INFO] [stderr]    Compiling ciborium-ll v0.2.0
[INFO] [stderr]    Compiling heck v0.3.3
[INFO] [stderr]    Compiling threadpool v1.8.1
[INFO] [stderr]    Compiling itertools v0.10.5
[INFO] [stderr]    Compiling vec_map v0.8.2
[INFO] [stderr]    Compiling cast v0.3.0
[INFO] [stderr]    Compiling ansi_term v0.12.1
[INFO] [stderr]    Compiling strsim v0.8.0
[INFO] [stderr]    Compiling similar v2.2.1
[INFO] [stderr]    Compiling clap v2.34.0
[INFO] [stderr]    Compiling rayon v1.7.0
[INFO] [stderr]    Compiling regex v1.7.1
[INFO] [stderr]    Compiling clap v3.2.23
[INFO] [stderr]    Compiling criterion-plot v0.5.0
[INFO] [stderr]    Compiling structopt-derive v0.4.18
[INFO] [stderr]    Compiling plotters v0.3.4
[INFO] [stderr]    Compiling ciborium v0.2.0
[INFO] [stderr]    Compiling tinytemplate v1.2.1
[INFO] [stderr]    Compiling console v0.15.5
[INFO] [stderr]    Compiling anes v0.1.6
[INFO] [stderr]    Compiling oorandom v11.1.3
[INFO] [stderr]    Compiling similar-asserts v1.4.2
[INFO] [stderr]    Compiling structopt v0.3.26
[INFO] [stdout] warning: unreachable pattern
[INFO] [stdout]    --> packages/kidl-lsp/src/highlight.rs:238:13
[INFO] [stdout]     |
[INFO] [stdout] 238 |             _ => {}
[INFO] [stdout]     |             ^
[INFO] [stdout]     |
[INFO] [stdout]     = note: `#[warn(unreachable_patterns)]` on by default
[INFO] [stdout] 
[INFO] [stdout] 
[INFO] [stdout] warning: 1 warning emitted
[INFO] [stdout] 
[INFO] [stdout] 
[INFO] [stderr]    Compiling kidl-cli v0.1.0 (/opt/rustwide/workdir/packages/kidl-cli)
[INFO] [stderr]    Compiling kidl-lsp v0.1.0 (/opt/rustwide/workdir/packages/kidl-lsp)
[INFO] [stderr]    Compiling kidl-db v0.1.0 (/opt/rustwide/workdir/packages/kidl-db)
[INFO] [stdout] warning: unreachable pattern
[INFO] [stdout]    --> packages/kidl-lsp/src/highlight.rs:238:13
[INFO] [stdout]     |
[INFO] [stdout] 238 |             _ => {}
[INFO] [stdout]     |             ^
[INFO] [stdout]     |
[INFO] [stdout]     = note: `#[warn(unreachable_patterns)]` on by default
[INFO] [stdout] 
[INFO] [stdout] 
[INFO] [stderr]    Compiling libtest-mimic v0.5.2
[INFO] [stderr]    Compiling criterion v0.4.0
[INFO] [stdout] warning: 1 warning emitted
[INFO] [stdout] 
[INFO] [stdout] 
[INFO] [stderr]    Compiling datatest-stable v0.1.3
[INFO] [stderr]    Compiling snapdown v1.0.0
[INFO] [stderr]    Compiling kidl-syn v0.1.0 (/opt/rustwide/workdir/packages/kidl-syn)
[INFO] [stdout] warning: unused import: `NodeKind`
[INFO] [stdout]  --> packages/kidl-syn/src/parser/parser.rs:7:12
[INFO] [stdout]   |
[INFO] [stdout] 7 |     kind::{NodeKind, TokenKind},
[INFO] [stdout]   |            ^^^^^^^^
[INFO] [stdout]   |
[INFO] [stdout]   = note: `#[warn(unused_imports)]` on by default
[INFO] [stdout] 
[INFO] [stdout] 
[INFO] [stdout] warning: unused variable: `t`
[INFO] [stdout]   --> packages/kidl-syn/src/parser/type.rs:38:67
[INFO] [stdout]    |
[INFO] [stdout] 38 |             self.expect(kind(TokenKind::AngleClose), &TRIVIA_NL, |t| false);
[INFO] [stdout]    |                                                                   ^ help: if this is intentional, prefix it with an underscore: `_t`
[INFO] [stdout]    |
[INFO] [stdout]    = note: `#[warn(unused_variables)]` on by default
[INFO] [stdout] 
[INFO] [stdout] 
[INFO] [stdout] warning: function `first_token_matching` is never used
[INFO] [stdout]   --> packages/kidl-syn/src/ast/helpers.rs:23:8
[INFO] [stdout]    |
[INFO] [stdout] 23 | pub fn first_token_matching(
[INFO] [stdout]    |        ^^^^^^^^^^^^^^^^^^^^
[INFO] [stdout]    |
[INFO] [stdout]    = note: `#[warn(dead_code)]` on by default
[INFO] [stdout] 
[INFO] [stdout] 
[INFO] [stdout] warning: function `first_token_of_kind` is never used
[INFO] [stdout]   --> packages/kidl-syn/src/ast/helpers.rs:39:8
[INFO] [stdout]    |
[INFO] [stdout] 39 | pub fn first_token_of_kind(node: &SyntaxNode, kind: TokenKind) -> Option<SyntaxToken> {
[INFO] [stdout]    |        ^^^^^^^^^^^^^^^^^^^
[INFO] [stdout] 
[INFO] [stdout] 
[INFO] [stdout] warning: function `first_token_of` is never used
[INFO] [stdout]   --> packages/kidl-syn/src/ast/helpers.rs:43:8
[INFO] [stdout]    |
[INFO] [stdout] 43 | pub fn first_token_of<T: AstToken>(node: &SyntaxNode) -> Option<T> {
[INFO] [stdout]    |        ^^^^^^^^^^^^^^
[INFO] [stdout] 
[INFO] [stdout] 
[INFO] [stdout] warning: method `text` is never used
[INFO] [stdout]   --> packages/kidl-syn/src/ast/ident.rs:10:12
[INFO] [stdout]    |
[INFO] [stdout] 9  | impl Ident {
[INFO] [stdout]    | ---------- method in this implementation
[INFO] [stdout] 10 |     pub fn text(&self) -> &str {
[INFO] [stdout]    |            ^^^^
[INFO] [stdout] 
[INFO] [stdout] 
[INFO] [stdout] warning: function `ident` is never used
[INFO] [stdout]   --> packages/kidl-syn/src/parser/utility/combinators.rs:66:8
[INFO] [stdout]    |
[INFO] [stdout] 66 | pub fn ident(text: &'static str) -> IdentPredicate {
[INFO] [stdout]    |        ^^^^^
[INFO] [stdout] 
[INFO] [stdout] 
[INFO] [stdout] warning: constant `TRIVIA` is never used
[INFO] [stdout]   --> packages/kidl-syn/src/parser/utility/combinators.rs:70:11
[INFO] [stdout]    |
[INFO] [stdout] 70 | pub const TRIVIA: [TokenKind; 2] = [TokenKind::Space, TokenKind::Comment];
[INFO] [stdout]    |           ^^^^^^
[INFO] [stdout] 
[INFO] [stdout] 
[INFO] [stdout] warning: function `with_trivia` is never used
[INFO] [stdout]   --> packages/kidl-syn/src/parser/utility/combinators.rs:73:8
[INFO] [stdout]    |
[INFO] [stdout] 73 | pub fn with_trivia(inner: impl Fn(&Token) -> bool) -> impl Fn(&Token) -> bool {
[INFO] [stdout]    |        ^^^^^^^^^^^
[INFO] [stdout] 
[INFO] [stdout] 
[INFO] [stdout] warning: function `with_trivia_nl` is never used
[INFO] [stdout]   --> packages/kidl-syn/src/parser/utility/combinators.rs:80:8
[INFO] [stdout]    |
[INFO] [stdout] 80 | pub fn with_trivia_nl(inner: impl Fn(&Token) -> bool) -> impl Fn(&Token) -> bool {
[INFO] [stdout]    |        ^^^^^^^^^^^^^^
[INFO] [stdout] 
[INFO] [stdout] 
[INFO] [stdout] warning: 10 warnings emitted
[INFO] [stdout] 
[INFO] [stdout] 
[INFO] [stderr]     Finished test [unoptimized + debuginfo] target(s) in 24.89s
[INFO] running `Command { std: "docker" "inspect" "ff1f91526588a7312ab93c27444dfd31eed8f94ba5dded0598b1eebbb0533361", kill_on_drop: false }`
[INFO] running `Command { std: "docker" "rm" "-f" "ff1f91526588a7312ab93c27444dfd31eed8f94ba5dded0598b1eebbb0533361", kill_on_drop: false }`
[INFO] [stdout] ff1f91526588a7312ab93c27444dfd31eed8f94ba5dded0598b1eebbb0533361
[INFO] running `Command { std: "docker" "create" "-v" "/var/lib/crater-agent-workspace/builds/worker-4-tc1/target:/opt/rustwide/target:rw,Z" "-v" "/var/lib/crater-agent-workspace/builds/worker-4-tc1/source:/opt/rustwide/workdir:ro,Z" "-v" "/var/lib/crater-agent-workspace/cargo-home:/opt/rustwide/cargo-home:ro,Z" "-v" "/var/lib/crater-agent-workspace/rustup-home:/opt/rustwide/rustup-home:ro,Z" "-e" "SOURCE_DIR=/opt/rustwide/workdir" "-e" "CARGO_TARGET_DIR=/opt/rustwide/target" "-e" "CARGO_INCREMENTAL=0" "-e" "RUST_BACKTRACE=full" "-e" "RUSTFLAGS=--cap-lints=warn" "-e" "RUSTDOCFLAGS=--cap-lints=warn" "-e" "CARGO_HOME=/opt/rustwide/cargo-home" "-e" "RUSTUP_HOME=/opt/rustwide/rustup-home" "-w" "/opt/rustwide/workdir" "-m" "1610612736" "--user" "0:0" "--network" "none" "ghcr.io/rust-lang/crates-build-env/linux@sha256:2788e3201cd34a07e3172128adcd8b3090168a8e3bcc40d7c032b9dda1df7d1c" "/opt/rustwide/cargo-home/bin/cargo" "+1.75.0" "test" "--frozen", kill_on_drop: false }`
[INFO] [stdout] d3207574c7d052ab8d6f77e82b088bec15b92d1052f2d9f22bf1d9a58df47421
[INFO] running `Command { std: "docker" "start" "-a" "d3207574c7d052ab8d6f77e82b088bec15b92d1052f2d9f22bf1d9a58df47421", kill_on_drop: false }`
[INFO] [stderr] warning: virtual workspace defaulting to `resolver = "1"` despite one or more workspace members being on edition 2021 which implies `resolver = "2"`
[INFO] [stderr] note: to keep the current resolver, specify `workspace.resolver = "1"` in the workspace root's manifest
[INFO] [stderr] note: to use the edition 2021 resolver, specify `workspace.resolver = "2"` in the workspace root's manifest
[INFO] [stderr] note: for more details see https://doc.rust-lang.org/cargo/reference/resolver.html#resolver-versions
[INFO] [stderr] warning: unused import: `NodeKind`
[INFO] [stderr]  --> packages/kidl-syn/src/parser/parser.rs:7:12
[INFO] [stderr]   |
[INFO] [stderr] 7 |     kind::{NodeKind, TokenKind},
[INFO] [stderr]   |            ^^^^^^^^
[INFO] [stderr]   |
[INFO] [stderr]   = note: `#[warn(unused_imports)]` on by default
[INFO] [stderr] 
[INFO] [stderr] warning: unused variable: `t`
[INFO] [stderr]   --> packages/kidl-syn/src/parser/type.rs:38:67
[INFO] [stderr]    |
[INFO] [stderr] 38 |             self.expect(kind(TokenKind::AngleClose), &TRIVIA_NL, |t| false);
[INFO] [stderr]    |                                                                   ^ help: if this is intentional, prefix it with an underscore: `_t`
[INFO] [stderr]    |
[INFO] [stderr]    = note: `#[warn(unused_variables)]` on by default
[INFO] [stderr] 
[INFO] [stderr] warning: function `first_token_matching` is never used
[INFO] [stderr]   --> packages/kidl-syn/src/ast/helpers.rs:23:8
[INFO] [stderr]    |
[INFO] [stderr] 23 | pub fn first_token_matching(
[INFO] [stderr]    |        ^^^^^^^^^^^^^^^^^^^^
[INFO] [stderr]    |
[INFO] [stderr]    = note: `#[warn(dead_code)]` on by default
[INFO] [stderr] 
[INFO] [stderr] warning: function `first_token_of_kind` is never used
[INFO] [stderr]   --> packages/kidl-syn/src/ast/helpers.rs:39:8
[INFO] [stderr]    |
[INFO] [stderr] 39 | pub fn first_token_of_kind(node: &SyntaxNode, kind: TokenKind) -> Option<SyntaxToken> {
[INFO] [stderr]    |        ^^^^^^^^^^^^^^^^^^^
[INFO] [stderr] 
[INFO] [stderr] warning: function `first_token_of` is never used
[INFO] [stderr]   --> packages/kidl-syn/src/ast/helpers.rs:43:8
[INFO] [stderr]    |
[INFO] [stderr] 43 | pub fn first_token_of<T: AstToken>(node: &SyntaxNode) -> Option<T> {
[INFO] [stderr]    |        ^^^^^^^^^^^^^^
[INFO] [stderr] 
[INFO] [stderr] warning: method `text` is never used
[INFO] [stderr]   --> packages/kidl-syn/src/ast/ident.rs:10:12
[INFO] [stderr]    |
[INFO] [stderr] 9  | impl Ident {
[INFO] [stderr]    | ---------- method in this implementation
[INFO] [stderr] 10 |     pub fn text(&self) -> &str {
[INFO] [stderr]    |            ^^^^
[INFO] [stderr] 
[INFO] [stderr] warning: function `ident` is never used
[INFO] [stderr]   --> packages/kidl-syn/src/parser/utility/combinators.rs:66:8
[INFO] [stderr]    |
[INFO] [stderr] 66 | pub fn ident(text: &'static str) -> IdentPredicate {
[INFO] [stderr]    |        ^^^^^
[INFO] [stderr] 
[INFO] [stderr] warning: constant `TRIVIA` is never used
[INFO] [stderr]   --> packages/kidl-syn/src/parser/utility/combinators.rs:70:11
[INFO] [stderr]    |
[INFO] [stderr] 70 | pub const TRIVIA: [TokenKind; 2] = [TokenKind::Space, TokenKind::Comment];
[INFO] [stderr]    |           ^^^^^^
[INFO] [stderr] 
[INFO] [stderr] warning: function `with_trivia` is never used
[INFO] [stderr]   --> packages/kidl-syn/src/parser/utility/combinators.rs:73:8
[INFO] [stderr]    |
[INFO] [stderr] 73 | pub fn with_trivia(inner: impl Fn(&Token) -> bool) -> impl Fn(&Token) -> bool {
[INFO] [stderr]    |        ^^^^^^^^^^^
[INFO] [stderr] 
[INFO] [stderr] warning: function `with_trivia_nl` is never used
[INFO] [stderr]   --> packages/kidl-syn/src/parser/utility/combinators.rs:80:8
[INFO] [stderr]    |
[INFO] [stderr] 80 | pub fn with_trivia_nl(inner: impl Fn(&Token) -> bool) -> impl Fn(&Token) -> bool {
[INFO] [stderr]    |        ^^^^^^^^^^^^^^
[INFO] [stderr] 
[INFO] [stderr] warning: `kidl-syn` (lib) generated 10 warnings (run `cargo fix --lib -p kidl-syn` to apply 2 suggestions)
[INFO] [stderr] warning: unreachable pattern
[INFO] [stderr]    --> packages/kidl-lsp/src/highlight.rs:238:13
[INFO] [stderr]     |
[INFO] [stderr] 238 |             _ => {}
[INFO] [stderr]     |             ^
[INFO] [stderr]     |
[INFO] [stderr]     = note: `#[warn(unreachable_patterns)]` on by default
[INFO] [stderr] 
[INFO] [stderr] warning: `kidl-lsp` (lib) generated 1 warning
[INFO] [stderr] warning: `kidl-lsp` (lib test) generated 1 warning (1 duplicate)
[INFO] [stderr] warning: `kidl-syn` (lib test) generated 10 warnings (10 duplicates)
[INFO] [stderr]     Finished test [unoptimized + debuginfo] target(s) in 0.16s
[INFO] [stderr]      Running unittests src/main.rs (/opt/rustwide/target/debug/deps/kidl_cli-740c36ac758c3262)
[INFO] [stdout] 
[INFO] [stdout] running 0 tests
[INFO] [stdout] 
[INFO] [stdout] test result: ok. 0 passed; 0 failed; 0 ignored; 0 measured; 0 filtered out; finished in 0.00s
[INFO] [stdout] 
[INFO] [stderr]      Running unittests src/lib.rs (/opt/rustwide/target/debug/deps/kidl_db-1174abc86e4610ea)
[INFO] [stdout] 
[INFO] [stdout] running 0 tests
[INFO] [stdout] 
[INFO] [stdout] test result: ok. 0 passed; 0 failed; 0 ignored; 0 measured; 0 filtered out; finished in 0.00s
[INFO] [stdout] 
[INFO] [stderr]      Running unittests src/lib.rs (/opt/rustwide/target/debug/deps/kidl_lsp-219fb9d349ff49c9)
[INFO] [stdout] 
[INFO] [stdout] running 0 tests
[INFO] [stdout] 
[INFO] [stdout] test result: ok. 0 passed; 0 failed; 0 ignored; 0 measured; 0 filtered out; finished in 0.00s
[INFO] [stdout] 
[INFO] [stderr]      Running unittests src/lib.rs (/opt/rustwide/target/debug/deps/kidl_syn-83868867f585b23b)
[INFO] [stdout] 
[INFO] [stdout] running 0 tests
[INFO] [stdout] 
[INFO] [stdout] test result: ok. 0 passed; 0 failed; 0 ignored; 0 measured; 0 filtered out; finished in 0.00s
[INFO] [stdout] 
[INFO] [stderr]      Running tests/lexer.rs (/opt/rustwide/target/debug/deps/lexer-8120b8435f411743)
[INFO] [stdout] 
[INFO] [stdout] running 1 test
[INFO] [stdout] test lexer::lexer.md ... ok
[INFO] [stdout] 
[INFO] [stdout] test result: ok. 1 passed; 0 failed; 0 ignored; 0 measured; 0 filtered out; finished in 0.04s
[INFO] [stdout] 
[INFO] [stderr]      Running tests/parser.rs (/opt/rustwide/target/debug/deps/parser-c8989db8da250046)
[INFO] [stdout] 
[INFO] [stdout] running 2 tests
[INFO] [stderr] thread '<unnamed>' panicked at /opt/rustwide/cargo-home/registry/src/index.crates.io-6f17d22bba15001f/snapdown-1.0.0/src/lib.rs:113:38:
[INFO] [stderr] called `Result::unwrap()` on an `Err` value: Os { code: 30, kind: ReadOnlyFilesystem, message: "Read-only file system" }
[INFO] [stderr] stack backtrace:
[INFO] [stderr] thread '<unnamed>' panicked at /opt/rustwide/cargo-home/registry/src/index.crates.io-6f17d22bba15001f/snapdown-1.0.0/src/lib.rs:113:38:
[INFO] [stderr] called `Result::unwrap()` on an `Err` value: Os { code: 30, kind: ReadOnlyFilesystem, message: "Read-only file system" }
[INFO] [stderr]    0:     0x557f9d5c76ac - std::backtrace_rs::backtrace::libunwind::trace::ha637c64ce894333a
[INFO] [stderr]                                at /rustc/82e1608dfa6e0b5569232559e3d385fea5a93112/library/std/src/../../backtrace/src/backtrace/libunwind.rs:104:5
[INFO] [stderr]    1:     0x557f9d5c76ac - std::backtrace_rs::backtrace::trace_unsynchronized::h47f62dea28e0c88d
[INFO] [stderr]                                at /rustc/82e1608dfa6e0b5569232559e3d385fea5a93112/library/std/src/../../backtrace/src/backtrace/mod.rs:66:5
[INFO] [stderr]    2:     0x557f9d5c76ac - std::sys_common::backtrace::_print_fmt::h9eef0abe20ede486
[INFO] [stderr]                                at /rustc/82e1608dfa6e0b5569232559e3d385fea5a93112/library/std/src/sys_common/backtrace.rs:67:5
[INFO] [stderr]    3:     0x557f9d5c76ac - <std::sys_common::backtrace::_print::DisplayBacktrace as core::fmt::Display>::fmt::hed7f999df88cc644
[INFO] [stderr]                                at /rustc/82e1608dfa6e0b5569232559e3d385fea5a93112/library/std/src/sys_common/backtrace.rs:44:22
[INFO] [stderr]    4:     0x557f9d5edbe0 - core::fmt::rt::Argument::fmt::h1539a9308b8d058d
[INFO] [stderr]                                at /rustc/82e1608dfa6e0b5569232559e3d385fea5a93112/library/core/src/fmt/rt.rs:142:9
[INFO] [stderr]    5:     0x557f9d5edbe0 - core::fmt::write::h3a39390d8560d9c9
[INFO] [stderr]                                at /rustc/82e1608dfa6e0b5569232559e3d385fea5a93112/library/core/src/fmt/mod.rs:1120:17
[INFO] [stderr]    6:     0x557f9d5c52ef - std::io::Write::write_fmt::h5fc9997dfe05f882
[INFO] [stderr]                                at /rustc/82e1608dfa6e0b5569232559e3d385fea5a93112/library/std/src/io/mod.rs:1762:15
[INFO] [stderr]    7:     0x557f9d5c7494 - std::sys_common::backtrace::_print::h894006fb5c6f3d45
[INFO] [stderr]                                at /rustc/82e1608dfa6e0b5569232559e3d385fea5a93112/library/std/src/sys_common/backtrace.rs:47:5
[INFO] [stderr]    8:     0x557f9d5c7494 - std::sys_common::backtrace::print::h23a2d212c6fff936
[INFO] [stderr]                                at /rustc/82e1608dfa6e0b5569232559e3d385fea5a93112/library/std/src/sys_common/backtrace.rs:34:9
[INFO] [stderr]    9:     0x557f9d5c8a97 - std::panicking::default_hook::{{closure}}::h8a1d2ee00185001a
[INFO] [stderr]   10:     0x557f9d5c87ff - std::panicking::default_hook::h6038f2eba384e475
[INFO] [stderr]                                at /rustc/82e1608dfa6e0b5569232559e3d385fea5a93112/library/std/src/panicking.rs:292:9
[INFO] [stderr]   11:     0x557f9d5c8f18 - std::panicking::rust_panic_with_hook::h2b5517d590cab22e
[INFO] [stderr]                                at /rustc/82e1608dfa6e0b5569232559e3d385fea5a93112/library/std/src/panicking.rs:779:13
[INFO] [stderr]   12:     0x557f9d5c8dfe - std::panicking::begin_panic_handler::{{closure}}::h233112c06e0ef43e
[INFO] [stderr]                                at /rustc/82e1608dfa6e0b5569232559e3d385fea5a93112/library/std/src/panicking.rs:657:13
[INFO] [stderr]   13:     0x557f9d5c7b76 - std::sys_common::backtrace::__rust_end_short_backtrace::h6e893f24d7ebbff8
[INFO] [stderr]                                at /rustc/82e1608dfa6e0b5569232559e3d385fea5a93112/library/std/src/sys_common/backtrace.rs:170:18
[INFO] [stderr]   14:     0x557f9d5c8b62 - rust_begin_unwind
[INFO] [stderr]                                at /rustc/82e1608dfa6e0b5569232559e3d385fea5a93112/library/std/src/panicking.rs:645:5
[INFO] [stderr]   15:     0x557f9d0d9f25 - core::panicking::panic_fmt::hbf0e066aabfa482c
[INFO] [stderr]                                at /rustc/82e1608dfa6e0b5569232559e3d385fea5a93112/library/core/src/panicking.rs:72:14
[INFO] [stderr]   16:     0x557f9d0da553 - core::result::unwrap_failed::hddb4fea594200c52
[INFO] [stderr]                                at /rustc/82e1608dfa6e0b5569232559e3d385fea5a93112/library/core/src/result.rs:1653:5
[INFO] [stderr]   17:     0x557f9d2582ad - core::result::Result<T,E>::unwrap::h9a8ab5c2a82756fe
[INFO] [stderr]                                at /rustc/82e1608dfa6e0b5569232559e3d385fea5a93112/library/core/src/result.rs:1077:23
[INFO] [stderr]   18:     0x557f9d0e0ade - snapdown::run_test::h6529488c408e6b33
[INFO] [stderr]                                at /opt/rustwide/cargo-home/registry/src/index.crates.io-6f17d22bba15001f/snapdown-1.0.0/src/lib.rs:113:9
[INFO] [stderr]   19:     0x557f9d0e8db3 - parser::parser::hf69b2424ea2afe82
[INFO] [stderr]                                at /opt/rustwide/workdir/packages/kidl-syn/tests/parser.rs:7:5
[INFO] [stderr]   20:     0x557f9d0febf9 - datatest_stable::runner::Requirements::expand::{{closure}}::{{closure}}::hc2eeb1d18b6b26db
[INFO] [stderr]                                at /opt/rustwide/cargo-home/registry/src/index.crates.io-6f17d22bba15001f/datatest-stable-0.1.3/src/runner.rs:59:25
[INFO] [stderr]   21:     0x557f9d0f9ab8 - libtest_mimic::Trial::test::{{closure}}::hb460690825928456
[INFO] [stderr]                                at /opt/rustwide/cargo-home/registry/src/index.crates.io-6f17d22bba15001f/libtest-mimic-0.5.2/src/lib.rs:110:54
[INFO] [stderr]   22:     0x557f9d0fa1a7 - core::ops::function::FnOnce::call_once{{vtable.shim}}::h59a8cdc411ee8023
[INFO] [stderr]                                at /rustc/82e1608dfa6e0b5569232559e3d385fea5a93112/library/core/src/ops/function.rs:250:5
[INFO] [stderr]   23:     0x557f9d26b3dd - <alloc::boxed::Box<F,A> as core::ops::function::FnOnce<Args>>::call_once::h229baafad27d9010
[INFO] [stderr]                                at /rustc/82e1608dfa6e0b5569232559e3d385fea5a93112/library/alloc/src/boxed.rs:2007:9
[INFO] [stderr]   24:     0x557f9d256ece - libtest_mimic::run_single::{{closure}}::h968cc870701e2dd3
[INFO] [stderr]                                at /opt/rustwide/cargo-home/registry/src/index.crates.io-6f17d22bba15001f/libtest-mimic-0.5.2/src/lib.rs:500:43
[INFO] [stderr]   25:     0x557f9d26289f - <core::panic::unwind_safe::AssertUnwindSafe<F> as core::ops::function::FnOnce<()>>::call_once::h16962e6dda5a7422
[INFO] [stderr]                                at /rustc/82e1608dfa6e0b5569232559e3d385fea5a93112/library/core/src/panic/unwind_safe.rs:272:9
[INFO] [stderr]   26:     0x557f9d25f81d - std::panicking::try::do_call::h2e270831f416dc41
[INFO] [stderr]                                at /rustc/82e1608dfa6e0b5569232559e3d385fea5a93112/library/std/src/panicking.rs:552:40
[INFO] [stderr]   27:     0x557f9d25fd1b - __rust_try
[INFO] [stderr]   28:     0x557f9d25f6fd - std::panicking::try::h3ea1cfc356ba063d
[INFO] [stderr]                                at /rustc/82e1608dfa6e0b5569232559e3d385fea5a93112/library/std/src/panicking.rs:516:19
[INFO] [stderr]   29:     0x557f9d2615ee - std::panic::catch_unwind::h521e5666366c75c5
[INFO] [stderr]                                at /rustc/82e1608dfa6e0b5569232559e3d385fea5a93112/library/std/src/panic.rs:142:14
[INFO] [stderr]   30:     0x557f9d256e80 - libtest_mimic::run_single::h95f69aab19ab4238
[INFO] [stderr]                                at /opt/rustwide/cargo-home/registry/src/index.crates.io-6f17d22bba15001f/libtest-mimic-0.5.2/src/lib.rs:500:5
[INFO] [stderr]   31:     0x557f9d256ce1 - libtest_mimic::run::{{closure}}::h76e19f2cffb4cfc3
[INFO] [stderr]                                at /opt/rustwide/cargo-home/registry/src/index.crates.io-6f17d22bba15001f/libtest-mimic-0.5.2/src/lib.rs:471:35
[INFO] [stderr]   32:     0x557f9d250a19 - <F as threadpool::FnBox>::call_box::hb534a9fe7230bc7c
[INFO] [stderr]                                at /opt/rustwide/cargo-home/registry/src/index.crates.io-6f17d22bba15001f/threadpool-1.8.1/src/lib.rs:95:9
[INFO] [stderr]   33:     0x557f9d28fd58 - threadpool::spawn_in_pool::{{closure}}::h1ad77fc82666580f
[INFO] [stderr]                                at /opt/rustwide/cargo-home/registry/src/index.crates.io-6f17d22bba15001f/threadpool-1.8.1/src/lib.rs:769:17
[INFO] [stderr]   34:     0x557f9d2873be - std::sys_common::backtrace::__rust_begin_short_backtrace::h5d9656f3b2256aea
[INFO] [stderr]                                at /rustc/82e1608dfa6e0b5569232559e3d385fea5a93112/library/std/src/sys_common/backtrace.rs:154:18
[INFO] [stderr]   35:     0x557f9d28cdeb - std::thread::Builder::spawn_unchecked_::{{closure}}::{{closure}}::h823ec3656cb48504
[INFO] [stderr]                                at /rustc/82e1608dfa6e0b5569232559e3d385fea5a93112/library/std/src/thread/mod.rs:529:17
[INFO] [stderr]   36:     0x557f9d281c9f - <core::panic::unwind_safe::AssertUnwindSafe<F> as core::ops::function::FnOnce<()>>::call_once::h9052e75fb68a09ac
[INFO] [stderr]                                at /rustc/82e1608dfa6e0b5569232559e3d385fea5a93112/library/core/src/panic/unwind_safe.rs:272:9
[INFO] [stderr]   37:     0x557f9d2841a6 - std::panicking::try::do_call::h5fc58c93ea66167d
[INFO] [stderr]                                at /rustc/82e1608dfa6e0b5569232559e3d385fea5a93112/library/std/src/panicking.rs:552:40
[INFO] [stderr]   38:     0x557f9d28711b - __rust_try
[INFO] [stderr]   39:     0x557f9d28408a - std::panicking::try::hc0ba1e27d77a7d5c
[INFO] [stderr]                                at /rustc/82e1608dfa6e0b5569232559e3d385fea5a93112/library/std/src/panicking.rs:516:19
[INFO] [stderr]   40:     0x557f9d28cc13 - std::panic::catch_unwind::h6eafa97f10703390
[INFO] [stderr]                                at /rustc/82e1608dfa6e0b5569232559e3d385fea5a93112/library/std/src/panic.rs:142:14
[INFO] [stderr]   41:     0x557f9d28cc13 - std::thread::Builder::spawn_unchecked_::{{closure}}::h0e0f72810f740464
[INFO] [stderr]                                at /rustc/82e1608dfa6e0b5569232559e3d385fea5a93112/library/std/src/thread/mod.rs:528:30
[INFO] [stderr]   42:     0x557f9d287b2f - core::ops::function::FnOnce::call_once{{vtable.shim}}::hd695708ebecf230c
[INFO] [stderr]                                at /rustc/82e1608dfa6e0b5569232559e3d385fea5a93112/library/core/src/ops/function.rs:250:5
[INFO] [stderr]   43:     0x557f9d5cc125 - <alloc::boxed::Box<F,A> as core::ops::function::FnOnce<Args>>::call_once::hc7eafaff61e32df9
[INFO] [stderr]                                at /rustc/82e1608dfa6e0b5569232559e3d385fea5a93112/library/alloc/src/boxed.rs:2007:9
[INFO] [stderr]   44:     0x557f9d5cc125 - <alloc::boxed::Box<F,A> as core::ops::function::FnOnce<Args>>::call_once::h6ba4a5de48dd2304
[INFO] [stderr]                                at /rustc/82e1608dfa6e0b5569232559e3d385fea5a93112/library/alloc/src/boxed.rs:2007:9
[INFO] [stderr]   45:     0x557f9d5cc125 - std::sys::unix::thread::Thread::new::thread_start::he469335aef763e45
[INFO] [stderr]                                at /rustc/82e1608dfa6e0b5569232559e3d385fea5a93112/library/std/src/sys/unix/thread.rs:108:17
[INFO] [stderr]   46:     0x7f72f72b3ac3 - <unknown>
[INFO] [stderr]   47:     0x7f72f7344bf4 - __clone
[INFO] [stderr]   48:                0x0 - <unknown>
[INFO] [stderr] stack backtrace:
[INFO] [stderr]    0:     0x557f9d5c76ac - std::backtrace_rs::backtrace::libunwind::trace::ha637c64ce894333a
[INFO] [stderr]                                at /rustc/82e1608dfa6e0b5569232559e3d385fea5a93112/library/std/src/../../backtrace/src/backtrace/libunwind.rs:104:5
[INFO] [stderr]    1:     0x557f9d5c76ac - std::backtrace_rs::backtrace::trace_unsynchronized::h47f62dea28e0c88d
[INFO] [stderr]                                at /rustc/82e1608dfa6e0b5569232559e3d385fea5a93112/library/std/src/../../backtrace/src/backtrace/mod.rs:66:5
[INFO] [stderr]    2:     0x557f9d5c76ac - std::sys_common::backtrace::_print_fmt::h9eef0abe20ede486
[INFO] [stderr]                                at /rustc/82e1608dfa6e0b5569232559e3d385fea5a93112/library/std/src/sys_common/backtrace.rs:67:5
[INFO] [stderr]    3:     0x557f9d5c76ac - <std::sys_common::backtrace::_print::DisplayBacktrace as core::fmt::Display>::fmt::hed7f999df88cc644
[INFO] [stderr]                                at /rustc/82e1608dfa6e0b5569232559e3d385fea5a93112/library/std/src/sys_common/backtrace.rs:44:22
[INFO] [stderr]    4:     0x557f9d5edbe0 - core::fmt::rt::Argument::fmt::h1539a9308b8d058d
[INFO] [stderr]                                at /rustc/82e1608dfa6e0b5569232559e3d385fea5a93112/library/core/src/fmt/rt.rs:142:9
[INFO] [stderr]    5:     0x557f9d5edbe0 - core::fmt::write::h3a39390d8560d9c9
[INFO] [stderr]                                at /rustc/82e1608dfa6e0b5569232559e3d385fea5a93112/library/core/src/fmt/mod.rs:1120:17
[INFO] [stderr]    6:     0x557f9d5c52ef - std::io::Write::write_fmt::h5fc9997dfe05f882
[INFO] [stderr]                                at /rustc/82e1608dfa6e0b5569232559e3d385fea5a93112/library/std/src/io/mod.rs:1762:15
[INFO] [stderr]    7:     0x557f9d5c7494 - std::sys_common::backtrace::_print::h894006fb5c6f3d45
[INFO] [stderr]                                at /rustc/82e1608dfa6e0b5569232559e3d385fea5a93112/library/std/src/sys_common/backtrace.rs:47:5
[INFO] [stderr]    8:     0x557f9d5c7494 - std::sys_common::backtrace::print::h23a2d212c6fff936
[INFO] [stderr]                                at /rustc/82e1608dfa6e0b5569232559e3d385fea5a93112/library/std/src/sys_common/backtrace.rs:34:9
[INFO] [stderr]    9:     0x557f9d5c8a97 - std::panicking::default_hook::{{closure}}::h8a1d2ee00185001a
[INFO] [stderr]   10:     0x557f9d5c87ff - std::panicking::default_hook::h6038f2eba384e475
[INFO] [stderr]                                at /rustc/82e1608dfa6e0b5569232559e3d385fea5a93112/library/std/src/panicking.rs:292:9
[INFO] [stderr]   11:     0x557f9d5c8f18 - std::panicking::rust_panic_with_hook::h2b5517d590cab22e
[INFO] [stderr]                                at /rustc/82e1608dfa6e0b5569232559e3d385fea5a93112/library/std/src/panicking.rs:779:13
[INFO] [stderr]   12:     0x557f9d5c8dfe - std::panicking::begin_panic_handler::{{closure}}::h233112c06e0ef43e
[INFO] [stderr]                                at /rustc/82e1608dfa6e0b5569232559e3d385fea5a93112/library/std/src/panicking.rs:657:13
[INFO] [stderr]   13:     0x557f9d5c7b76 - std::sys_common::backtrace::__rust_end_short_backtrace::h6e893f24d7ebbff8
[INFO] [stderr]                                at /rustc/82e1608dfa6e0b5569232559e3d385fea5a93112/library/std/src/sys_common/backtrace.rs:170:18
[INFO] [stderr]   14:     0x557f9d5c8b62 - rust_begin_unwind
[INFO] [stderr]                                at /rustc/82e1608dfa6e0b5569232559e3d385fea5a93112/library/std/src/panicking.rs:645:5
[INFO] [stderr]   15:     0x557f9d0d9f25 - core::panicking::panic_fmt::hbf0e066aabfa482c
[INFO] [stderr]                                at /rustc/82e1608dfa6e0b5569232559e3d385fea5a93112/library/core/src/panicking.rs:72:14
[INFO] [stderr]   16:     0x557f9d0da553 - core::result::unwrap_failed::hddb4fea594200c52
[INFO] [stderr]                                at /rustc/82e1608dfa6e0b5569232559e3d385fea5a93112/library/core/src/result.rs:1653:5
[INFO] [stderr]   17:     0x557f9d2582ad - core::result::Result<T,E>::unwrap::h9a8ab5c2a82756fe
[INFO] [stderr]                                at /rustc/82e1608dfa6e0b5569232559e3d385fea5a93112/library/core/src/result.rs:1077:23
[INFO] [stderr]   18:     0x557f9d0e0ade - snapdown::run_test::h6529488c408e6b33
[INFO] [stderr]                                at /opt/rustwide/cargo-home/registry/src/index.crates.io-6f17d22bba15001f/snapdown-1.0.0/src/lib.rs:113:9
[INFO] [stderr]   19:     0x557f9d0e8db3 - parser::parser::hf69b2424ea2afe82
[INFO] [stderr]                                at /opt/rustwide/workdir/packages/kidl-syn/tests/parser.rs:7:5
[INFO] [stderr]   20:     0x557f9d0febf9 - datatest_stable::runner::Requirements::expand::{{closure}}::{{closure}}::hc2eeb1d18b6b26db
[INFO] [stderr]                                at /opt/rustwide/cargo-home/registry/src/index.crates.io-6f17d22bba15001f/datatest-stable-0.1.3/src/runner.rs:59:25
[INFO] [stderr]   21:     0x557f9d0f9ab8 - libtest_mimic::Trial::test::{{closure}}::hb460690825928456
[INFO] [stderr]                                at /opt/rustwide/cargo-home/registry/src/index.crates.io-6f17d22bba15001f/libtest-mimic-0.5.2/src/lib.rs:110:54
[INFO] [stderr]   22:     0x557f9d0fa1a7 - core::ops::function::FnOnce::call_once{{vtable.shim}}::h59a8cdc411ee8023
[INFO] [stderr]                                at /rustc/82e1608dfa6e0b5569232559e3d385fea5a93112/library/core/src/ops/function.rs:250:5
[INFO] [stderr]   23:     0x557f9d26b3dd - <alloc::boxed::Box<F,A> as core::ops::function::FnOnce<Args>>::call_once::h229baafad27d9010
[INFO] [stderr]                                at /rustc/82e1608dfa6e0b5569232559e3d385fea5a93112/library/alloc/src/boxed.rs:2007:9
[INFO] [stderr]   24:     0x557f9d256ece - libtest_mimic::run_single::{{closure}}::h968cc870701e2dd3
[INFO] [stderr]                                at /opt/rustwide/cargo-home/registry/src/index.crates.io-6f17d22bba15001f/libtest-mimic-0.5.2/src/lib.rs:500:43
[INFO] [stderr]   25:     0x557f9d26289f - <core::panic::unwind_safe::AssertUnwindSafe<F> as core::ops::function::FnOnce<()>>::call_once::h16962e6dda5a7422
[INFO] [stderr]                                at /rustc/82e1608dfa6e0b5569232559e3d385fea5a93112/library/core/src/panic/unwind_safe.rs:272:9
[INFO] [stderr]   26:     0x557f9d25f81d - std::panicking::try::do_call::h2e270831f416dc41
[INFO] [stderr]                                at /rustc/82e1608dfa6e0b5569232559e3d385fea5a93112/library/std/src/panicking.rs:552:40
[INFO] [stderr]   27:     0x557f9d25fd1b - __rust_try
[INFO] [stderr]   28:     0x557f9d25f6fd - std::panicking::try::h3ea1cfc356ba063d
[INFO] [stderr]                                at /rustc/82e1608dfa6e0b5569232559e3d385fea5a93112/library/std/src/panicking.rs:516:19
[INFO] [stderr]   29:     0x557f9d2615ee - std::panic::catch_unwind::h521e5666366c75c5
[INFO] [stderr]                                at /rustc/82e1608dfa6e0b5569232559e3d385fea5a93112/library/std/src/panic.rs:142:14
[INFO] [stderr]   30:     0x557f9d256e80 - libtest_mimic::run_single::h95f69aab19ab4238
[INFO] [stderr]                                at /opt/rustwide/cargo-home/registry/src/index.crates.io-6f17d22bba15001f/libtest-mimic-0.5.2/src/lib.rs:500:5
[INFO] [stderr]   31:     0x557f9d256ce1 - libtest_mimic::run::{{closure}}::h76e19f2cffb4cfc3
[INFO] [stderr]                                at /opt/rustwide/cargo-home/registry/src/index.crates.io-6f17d22bba15001f/libtest-mimic-0.5.2/src/lib.rs:471:35
[INFO] [stderr]   32:     0x557f9d250a19 - <F as threadpool::FnBox>::call_box::hb534a9fe7230bc7c
[INFO] [stderr]                                at /opt/rustwide/cargo-home/registry/src/index.crates.io-6f17d22bba15001f/threadpool-1.8.1/src/lib.rs:95:9
[INFO] [stderr]   33:     0x557f9d28fd58 - threadpool::spawn_in_pool::{{closure}}::h1ad77fc82666580f
[INFO] [stderr]                                at /opt/rustwide/cargo-home/registry/src/index.crates.io-6f17d22bba15001f/threadpool-1.8.1/src/lib.rs:769:17
[INFO] [stderr]   34:     0x557f9d2873be - std::sys_common::backtrace::__rust_begin_short_backtrace::h5d9656f3b2256aea
[INFO] [stderr]                                at /rustc/82e1608dfa6e0b5569232559e3d385fea5a93112/library/std/src/sys_common/backtrace.rs:154:18
[INFO] [stderr]   35:     0x557f9d28cdeb - std::thread::Builder::spawn_unchecked_::{{closure}}::{{closure}}::h823ec3656cb48504
[INFO] [stderr]                                at /rustc/82e1608dfa6e0b5569232559e3d385fea5a93112/library/std/src/thread/mod.rs:529:17
[INFO] [stderr]   36:     0x557f9d281c9f - <core::panic::unwind_safe::AssertUnwindSafe<F> as core::ops::function::FnOnce<()>>::call_once::h9052e75fb68a09ac
[INFO] [stderr]                                at /rustc/82e1608dfa6e0b5569232559e3d385fea5a93112/library/core/src/panic/unwind_safe.rs:272:9
[INFO] [stderr]   37:     0x557f9d2841a6 - std::panicking::try::do_call::h5fc58c93ea66167d
[INFO] [stderr]                                at /rustc/82e1608dfa6e0b5569232559e3d385fea5a93112/library/std/src/panicking.rs:552:40
[INFO] [stderr]   38:     0x557f9d28711b - __rust_try
[INFO] [stderr]   39:     0x557f9d28408a - std::panicking::try::hc0ba1e27d77a7d5c
[INFO] [stderr]                                at /rustc/82e1608dfa6e0b5569232559e3d385fea5a93112/library/std/src/panicking.rs:516:19
[INFO] [stderr]   40:     0x557f9d28cc13 - std::panic::catch_unwind::h6eafa97f10703390
[INFO] [stderr]                                at /rustc/82e1608dfa6e0b5569232559e3d385fea5a93112/library/std/src/panic.rs:142:14
[INFO] [stderr]   41:     0x557f9d28cc13 - std::thread::Builder::spawn_unchecked_::{{closure}}::h0e0f72810f740464
[INFO] [stderr]                                at /rustc/82e1608dfa6e0b5569232559e3d385fea5a93112/library/std/src/thread/mod.rs:528:30
[INFO] [stderr]   42:     0x557f9d287b2f - core::ops::function::FnOnce::call_once{{vtable.shim}}::hd695708ebecf230c
[INFO] [stderr]                                at /rustc/82e1608dfa6e0b5569232559e3d385fea5a93112/library/core/src/ops/function.rs:250:5
[INFO] [stderr]   43:     0x557f9d5cc125 - <alloc::boxed::Box<F,A> as core::ops::function::FnOnce<Args>>::call_once::hc7eafaff61e32df9
[INFO] [stderr]                                at /rustc/82e1608dfa6e0b5569232559e3d385fea5a93112/library/alloc/src/boxed.rs:2007:9
[INFO] [stderr]   44:     0x557f9d5cc125 - <alloc::boxed::Box<F,A> as core::ops::function::FnOnce<Args>>::call_once::h6ba4a5de48dd2304
[INFO] [stderr]                                at /rustc/82e1608dfa6e0b5569232559e3d385fea5a93112/library/alloc/src/boxed.rs:2007:9
[INFO] [stderr]   45:     0x557f9d5cc125 - std::sys::unix::thread::Thread::new::thread_start::he469335aef763e45
[INFO] [stderr]                                at /rustc/82e1608dfa6e0b5569232559e3d385fea5a93112/library/std/src/sys/unix/thread.rs:108:17
[INFO] [stderr]   46:     0x7f72f72b3ac3 - <unknown>
[INFO] [stderr]   47:     0x7f72f7344bf4 - __clone
[INFO] [stderr]   48:                0x0 - <unknown>
[INFO] [stdout] test parser::use.md    ... FAILED
[INFO] [stdout] test parser::struct.md ... FAILED
[INFO] [stdout] 
[INFO] [stdout] failures:
[INFO] [stdout] 
[INFO] [stdout] ---- parser::use.md ----
[INFO] [stdout] test panicked: called `Result::unwrap()` on an `Err` value: Os { code: 30, kind: ReadOnlyFilesystem, message: "Read-only file system" }
[INFO] [stdout] 
[INFO] [stdout] ---- parser::struct.md ----
[INFO] [stdout] test panicked: called `Result::unwrap()` on an `Err` value: Os { code: 30, kind: ReadOnlyFilesystem, message: "Read-only file system" }
[INFO] [stdout] 
[INFO] [stdout] 
[INFO] [stdout] failures:
[INFO] [stdout]     parser::use.md
[INFO] [stdout]     parser::struct.md
[INFO] [stdout] 
[INFO] [stdout] test result: FAILED. 0 passed; 2 failed; 0 ignored; 0 measured; 0 filtered out; finished in 0.13s
[INFO] [stdout] 
[INFO] [stderr] error: test failed, to rerun pass `-p kidl-syn --test parser`
[INFO] running `Command { std: "docker" "inspect" "d3207574c7d052ab8d6f77e82b088bec15b92d1052f2d9f22bf1d9a58df47421", kill_on_drop: false }`
[INFO] running `Command { std: "docker" "rm" "-f" "d3207574c7d052ab8d6f77e82b088bec15b92d1052f2d9f22bf1d9a58df47421", kill_on_drop: false }`
[INFO] [stdout] d3207574c7d052ab8d6f77e82b088bec15b92d1052f2d9f22bf1d9a58df47421
