[INFO] cloning repository https://github.com/ryantinder/ask-rs
[INFO] running `Command { std: "git" "-c" "credential.helper=" "-c" "credential.helper=/workspace/cargo-home/bin/git-credential-null" "clone" "--bare" "https://github.com/ryantinder/ask-rs" "/workspace/cache/git-repos/https%3A%2F%2Fgithub.com%2Fryantinder%2Fask-rs", kill_on_drop: false }`
[INFO] [stderr] Cloning into bare repository '/workspace/cache/git-repos/https%3A%2F%2Fgithub.com%2Fryantinder%2Fask-rs'...
[INFO] running `Command { std: "git" "rev-parse" "HEAD", kill_on_drop: false }`
[INFO] [stdout] 7af648ab5acc7f562f7df6f3817e887955f2596f
[INFO] testing ryantinder/ask-rs against 1.75.0 for beta-1.76-1
[INFO] running `Command { std: "git" "clone" "/workspace/cache/git-repos/https%3A%2F%2Fgithub.com%2Fryantinder%2Fask-rs" "/workspace/builds/worker-1-tc1/source", kill_on_drop: false }`
[INFO] [stderr] Cloning into '/workspace/builds/worker-1-tc1/source'...
[INFO] [stderr] done.
[INFO] validating manifest of git repo https://github.com/ryantinder/ask-rs on toolchain 1.75.0
[INFO] running `Command { std: CARGO_HOME="/workspace/cargo-home" RUSTUP_HOME="/workspace/rustup-home" "/workspace/cargo-home/bin/cargo" "+1.75.0" "metadata" "--manifest-path" "Cargo.toml" "--no-deps", kill_on_drop: false }`
[INFO] started tweaking git repo https://github.com/ryantinder/ask-rs
[INFO] finished tweaking git repo https://github.com/ryantinder/ask-rs
[INFO] tweaked toml for git repo https://github.com/ryantinder/ask-rs written to /workspace/builds/worker-1-tc1/source/Cargo.toml
[INFO] crate git repo https://github.com/ryantinder/ask-rs already has a lockfile, it will not be regenerated
[INFO] running `Command { std: CARGO_HOME="/workspace/cargo-home" RUSTUP_HOME="/workspace/rustup-home" "/workspace/cargo-home/bin/cargo" "+1.75.0" "fetch" "--manifest-path" "Cargo.toml", kill_on_drop: false }`
[INFO] running `Command { std: "docker" "create" "-v" "/var/lib/crater-agent-workspace/builds/worker-1-tc1/target:/opt/rustwide/target:rw,Z" "-v" "/var/lib/crater-agent-workspace/builds/worker-1-tc1/source:/opt/rustwide/workdir:ro,Z" "-v" "/var/lib/crater-agent-workspace/cargo-home:/opt/rustwide/cargo-home:ro,Z" "-v" "/var/lib/crater-agent-workspace/rustup-home:/opt/rustwide/rustup-home:ro,Z" "-e" "SOURCE_DIR=/opt/rustwide/workdir" "-e" "CARGO_TARGET_DIR=/opt/rustwide/target" "-e" "CARGO_HOME=/opt/rustwide/cargo-home" "-e" "RUSTUP_HOME=/opt/rustwide/rustup-home" "-w" "/opt/rustwide/workdir" "-m" "1610612736" "--user" "0:0" "--network" "none" "ghcr.io/rust-lang/crates-build-env/linux@sha256:2788e3201cd34a07e3172128adcd8b3090168a8e3bcc40d7c032b9dda1df7d1c" "/opt/rustwide/cargo-home/bin/cargo" "+1.75.0" "metadata" "--no-deps" "--format-version=1", kill_on_drop: false }`
[INFO] [stdout] 2e9bdbfd40a58a22c78f6438ea4012267c09d8b478efc25b47581d076d91a1ba
[INFO] running `Command { std: "docker" "start" "-a" "2e9bdbfd40a58a22c78f6438ea4012267c09d8b478efc25b47581d076d91a1ba", kill_on_drop: false }`
[INFO] running `Command { std: "docker" "inspect" "2e9bdbfd40a58a22c78f6438ea4012267c09d8b478efc25b47581d076d91a1ba", kill_on_drop: false }`
[INFO] running `Command { std: "docker" "rm" "-f" "2e9bdbfd40a58a22c78f6438ea4012267c09d8b478efc25b47581d076d91a1ba", kill_on_drop: false }`
[INFO] [stdout] 2e9bdbfd40a58a22c78f6438ea4012267c09d8b478efc25b47581d076d91a1ba
[INFO] running `Command { std: "docker" "create" "-v" "/var/lib/crater-agent-workspace/builds/worker-1-tc1/target:/opt/rustwide/target:rw,Z" "-v" "/var/lib/crater-agent-workspace/builds/worker-1-tc1/source:/opt/rustwide/workdir:ro,Z" "-v" "/var/lib/crater-agent-workspace/cargo-home:/opt/rustwide/cargo-home:ro,Z" "-v" "/var/lib/crater-agent-workspace/rustup-home:/opt/rustwide/rustup-home:ro,Z" "-e" "SOURCE_DIR=/opt/rustwide/workdir" "-e" "CARGO_TARGET_DIR=/opt/rustwide/target" "-e" "CARGO_INCREMENTAL=0" "-e" "RUST_BACKTRACE=full" "-e" "RUSTFLAGS=--cap-lints=warn" "-e" "RUSTDOCFLAGS=--cap-lints=warn" "-e" "CARGO_HOME=/opt/rustwide/cargo-home" "-e" "RUSTUP_HOME=/opt/rustwide/rustup-home" "-w" "/opt/rustwide/workdir" "-m" "1610612736" "--user" "0:0" "--network" "none" "ghcr.io/rust-lang/crates-build-env/linux@sha256:2788e3201cd34a07e3172128adcd8b3090168a8e3bcc40d7c032b9dda1df7d1c" "/opt/rustwide/cargo-home/bin/cargo" "+1.75.0" "build" "--frozen" "--message-format=json", kill_on_drop: false }`
[INFO] [stdout] bbb97505012f906def915afb00a5f4a9375b6ddb72bcfad8c1daf3efdb295d0c
[INFO] running `Command { std: "docker" "start" "-a" "bbb97505012f906def915afb00a5f4a9375b6ddb72bcfad8c1daf3efdb295d0c", kill_on_drop: false }`
[INFO] [stderr]    Compiling proc-macro2 v1.0.66
[INFO] [stderr]    Compiling libc v0.2.147
[INFO] [stderr]    Compiling unicode-ident v1.0.11
[INFO] [stderr]    Compiling autocfg v1.1.0
[INFO] [stderr]    Compiling cfg-if v1.0.0
[INFO] [stderr]    Compiling once_cell v1.18.0
[INFO] [stderr]    Compiling pin-project-lite v0.2.10
[INFO] [stderr]    Compiling cc v1.0.79
[INFO] [stderr]    Compiling smallvec v1.11.0
[INFO] [stderr]    Compiling futures-core v0.3.28
[INFO] [stderr]    Compiling fnv v1.0.7
[INFO] [stderr]    Compiling memchr v2.5.0
[INFO] [stderr]    Compiling parking_lot_core v0.9.8
[INFO] [stderr]    Compiling rustix v0.38.4
[INFO] [stderr]    Compiling futures-channel v0.3.28
[INFO] [stderr]    Compiling scopeguard v1.2.0
[INFO] [stderr]    Compiling spin v0.5.2
[INFO] [stderr]    Compiling bytes v1.4.0
[INFO] [stderr]    Compiling futures-sink v0.3.28
[INFO] [stderr]    Compiling bitflags v2.3.3
[INFO] [stderr]    Compiling linux-raw-sys v0.4.3
[INFO] [stderr]    Compiling futures-task v0.3.28
[INFO] [stderr]    Compiling untrusted v0.7.1
[INFO] [stderr]    Compiling syn v1.0.109
[INFO] [stderr]    Compiling futures-util v0.3.28
[INFO] [stderr]    Compiling strsim v0.10.0
[INFO] [stderr]    Compiling itoa v1.0.9
[INFO] [stderr]    Compiling futures-io v0.3.28
[INFO] [stderr]    Compiling serde v1.0.175
[INFO] [stderr]    Compiling lock_api v0.4.10
[INFO] [stderr]    Compiling slab v0.4.8
[INFO] [stderr]    Compiling tokio v1.29.1
[INFO] [stderr]    Compiling pin-utils v0.1.0
[INFO] [stderr]    Compiling indexmap v1.9.3
[INFO] [stderr]    Compiling tracing-core v0.1.31
[INFO] [stderr]    Compiling serde_derive v1.0.175
[INFO] [stderr]    Compiling ident_case v1.0.1
[INFO] [stderr]    Compiling http v0.2.9
[INFO] [stderr]    Compiling tinyvec_macros v0.1.1
[INFO] [stderr]    Compiling utf8parse v0.2.1
[INFO] [stderr]    Compiling hashbrown v0.12.3
[INFO] [stderr]    Compiling log v0.4.19
[INFO] [stderr]    Compiling httparse v1.8.0
[INFO] [stderr]    Compiling rustls v0.21.5
[INFO] [stderr]    Compiling tinyvec v1.6.0
[INFO] [stderr]    Compiling percent-encoding v2.3.0
[INFO] [stderr]    Compiling quote v1.0.32
[INFO] [stderr]    Compiling try-lock v0.2.4
[INFO] [stderr]    Compiling tracing v0.1.37
[INFO] [stderr]    Compiling want v0.3.1
[INFO] [stderr]    Compiling form_urlencoded v1.2.0
[INFO] [stderr]    Compiling anstyle-parse v0.2.1
[INFO] [stderr]    Compiling syn v2.0.27
[INFO] [stderr]    Compiling thiserror v1.0.44
[INFO] [stderr]    Compiling anstyle-query v1.0.0
[INFO] [stderr]    Compiling httpdate v1.0.2
[INFO] [stderr]    Compiling colorchoice v1.0.0
[INFO] [stderr]    Compiling unicode-width v0.1.10
[INFO] [stderr]    Compiling ryu v1.0.15
[INFO] [stderr]    Compiling anstyle v1.0.1
[INFO] [stderr]    Compiling serde_json v1.0.103
[INFO] [stderr]    Compiling unicode-bidi v0.3.13
[INFO] [stderr]    Compiling ring v0.16.20
[INFO] [stderr]    Compiling http-body v0.4.5
[INFO] [stderr]    Compiling tower-service v0.3.2
[INFO] [stderr]    Compiling nibble_vec v0.1.0
[INFO] [stderr]    Compiling lazy_static v1.4.0
[INFO] [stderr]    Compiling base64 v0.21.2
[INFO] [stderr]    Compiling fastrand v2.0.0
[INFO] [stderr]    Compiling static_assertions v1.1.0
[INFO] [stderr]    Compiling minimal-lexical v0.2.1
[INFO] [stderr]    Compiling heck v0.4.1
[INFO] [stderr]    Compiling anyhow v1.0.72
[INFO] [stderr]    Compiling unicode-normalization v0.1.22
[INFO] [stderr]    Compiling clap_lex v0.5.0
[INFO] [stderr]    Compiling mio v0.8.8
[INFO] [stderr]    Compiling socket2 v0.4.9
[INFO] [stderr]    Compiling signal-hook-registry v1.4.1
[INFO] [stderr]    Compiling num_cpus v1.16.0
[INFO] [stderr]    Compiling parking_lot v0.12.1
[INFO] [stderr]    Compiling dirs-sys v0.3.7
[INFO] [stderr]    Compiling bitflags v1.3.2
[INFO] [stderr]    Compiling endian-type v0.1.2
[INFO] [stderr]    Compiling radix_trie v0.2.1
[INFO] [stderr]    Compiling directories v4.0.1
[INFO] [stderr]    Compiling idna v0.4.0
[INFO] [stderr]    Compiling nix v0.26.2
[INFO] [stderr]    Compiling rustls-pemfile v1.0.3
[INFO] [stderr]    Compiling nom v7.1.3
[INFO] [stderr]    Compiling console v0.15.7
[INFO] [stderr]    Compiling encoding_rs v0.8.32
[INFO] [stderr]    Compiling mime v0.3.17
[INFO] [stderr]    Compiling zeroize v1.6.0
[INFO] [stderr]    Compiling unicode-segmentation v1.10.1
[INFO] [stderr]    Compiling shell-words v1.1.0
[INFO] [stderr]    Compiling ipnet v2.8.0
[INFO] [stderr]    Compiling home v0.5.5
[INFO] [stderr]    Compiling is-terminal v0.4.9
[INFO] [stderr]    Compiling url v2.4.0
[INFO] [stderr]    Compiling tempfile v3.7.0
[INFO] [stderr]    Compiling anstream v0.3.2
[INFO] [stderr]    Compiling clap_builder v4.3.19
[INFO] [stderr]    Compiling fd-lock v3.0.13
[INFO] [stderr]    Compiling dialoguer v0.10.4
[INFO] [stderr]    Compiling rustyline v12.0.0
[INFO] [stderr]    Compiling eventsource-stream v0.2.3
[INFO] [stderr]    Compiling toml v0.5.11
[INFO] [stderr]    Compiling serde_urlencoded v0.7.1
[INFO] [stderr]    Compiling darling_core v0.14.4
[INFO] [stderr]    Compiling futures-macro v0.3.28
[INFO] [stderr]    Compiling tokio-macros v2.1.0
[INFO] [stderr]    Compiling thiserror-impl v1.0.44
[INFO] [stderr]    Compiling clap_derive v4.3.12
[INFO] [stderr]    Compiling sct v0.7.0
[INFO] [stderr]    Compiling rustls-webpki v0.101.1
[INFO] [stderr]    Compiling webpki v0.22.0
[INFO] [stderr]    Compiling webpki-roots v0.22.6
[INFO] [stderr]    Compiling confy v0.5.1
[INFO] [stderr]    Compiling darling_macro v0.14.4
[INFO] [stderr]    Compiling clap v4.3.19
[INFO] [stderr]    Compiling darling v0.14.4
[INFO] [stderr]    Compiling derive_builder_core v0.12.0
[INFO] [stderr]    Compiling derive_builder_macro v0.12.0
[INFO] [stderr]    Compiling futures-executor v0.3.28
[INFO] [stderr]    Compiling derive_builder v0.12.0
[INFO] [stderr]    Compiling futures v0.3.28
[INFO] [stderr]    Compiling tokio-util v0.7.8
[INFO] [stderr]    Compiling tokio-rustls v0.24.1
[INFO] [stderr]    Compiling h2 v0.3.20
[INFO] [stderr]    Compiling hyper v0.14.27
[INFO] [stderr]    Compiling hyper-rustls v0.24.1
[INFO] [stderr]    Compiling reqwest v0.11.18
[INFO] [stderr]    Compiling ask v0.1.0 (/opt/rustwide/workdir)
[INFO] [stdout] warning: unused import: `Subcommand`
[INFO] [stdout]  --> src/main.rs:1:20
[INFO] [stdout]   |
[INFO] [stdout] 1 | use clap::{Parser, Subcommand};
[INFO] [stdout]   |                    ^^^^^^^^^^
[INFO] [stdout]   |
[INFO] [stdout]   = note: `#[warn(unused_imports)]` on by default
[INFO] [stdout] 
[INFO] [stdout] 
[INFO] [stdout] warning: unused import: `self`
[INFO] [stdout]  --> src/main.rs:4:85
[INFO] [stdout]   |
[INFO] [stdout] 4 | use cli::prompt::{new_prompt, switch_prompt, drop_prompt, all_prompts, edit_prompt, self};
[INFO] [stdout]   |                                                                                     ^^^^
[INFO] [stdout] 
[INFO] [stdout] 
[INFO] [stdout] warning: unused import: `Editor`
[INFO] [stdout]  --> src/cli/editor.rs:1:42
[INFO] [stdout]   |
[INFO] [stdout] 1 | use dialoguer::{Select, Password, Input, Editor, };
[INFO] [stdout]   |                                          ^^^^^^
[INFO] [stdout] 
[INFO] [stdout] 
[INFO] [stdout] warning: unused imports: `Result`, `error::ReadlineError`
[INFO] [stdout]  --> src/cli/editor.rs:2:32
[INFO] [stdout]   |
[INFO] [stdout] 2 | use rustyline::{DefaultEditor, Result, error::ReadlineError};
[INFO] [stdout]   |                                ^^^^^^  ^^^^^^^^^^^^^^^^^^^^
[INFO] [stdout] 
[INFO] [stdout] 
[INFO] [stdout] warning: unused imports: `env::VarError`, `string::FromUtf8Error`
[INFO] [stdout]  --> src/cli/err.rs:1:11
[INFO] [stdout]   |
[INFO] [stdout] 1 | use std::{env::VarError, string::FromUtf8Error};
[INFO] [stdout]   |           ^^^^^^^^^^^^^  ^^^^^^^^^^^^^^^^^^^^^
[INFO] [stdout] 
[INFO] [stdout] 
[INFO] [stdout] warning: unused import: `reqwest::header::InvalidHeaderValue`
[INFO] [stdout]  --> src/cli/err.rs:3:5
[INFO] [stdout]   |
[INFO] [stdout] 3 | use reqwest::header::InvalidHeaderValue;
[INFO] [stdout]   |     ^^^^^^^^^^^^^^^^^^^^^^^^^^^^^^^^^^^
[INFO] [stdout] 
[INFO] [stdout] 
[INFO] [stdout] warning: unused import: `err`
[INFO] [stdout]  --> src/gpt/client.rs:6:70
[INFO] [stdout]   |
[INFO] [stdout] 6 | use crate::gpt::{types::{InboundResponseChunk, InboundChunkPayload}, err};
[INFO] [stdout]   |                                                                      ^^^
[INFO] [stdout] 
[INFO] [stdout] 
[INFO] [stdout] warning: unused imports: `Completion`, `ServerResponse`
[INFO] [stdout]  --> src/gpt/client.rs:8:20
[INFO] [stdout]   |
[INFO] [stdout] 8 | use super::types::{ServerResponse, CompletionRequest, Completion, Message, Role, ResponseChunk, Model, Prompt};
[INFO] [stdout]   |                    ^^^^^^^^^^^^^^                     ^^^^^^^^^^
[INFO] [stdout] 
[INFO] [stdout] 
[INFO] [stdout] warning: function `input_name` is never used
[INFO] [stdout]   --> src/cli/editor.rs:41:8
[INFO] [stdout]    |
[INFO] [stdout] 41 | pub fn input_name() -> String {
[INFO] [stdout]    |        ^^^^^^^^^^
[INFO] [stdout]    |
[INFO] [stdout]    = note: `#[warn(dead_code)]` on by default
[INFO] [stdout] 
[INFO] [stdout] 
[INFO] [stdout] warning: variant `ProfileNotFound` is never constructed
[INFO] [stdout]   --> src/cli/err.rs:10:5
[INFO] [stdout]    |
[INFO] [stdout] 8  | pub enum Error {
[INFO] [stdout]    |          ----- variant in this enum
[INFO] [stdout] 9  |     #[error("Profile name {name} not found")]
[INFO] [stdout] 10 |     ProfileNotFound {
[INFO] [stdout]    |     ^^^^^^^^^^^^^^^
[INFO] [stdout]    |
[INFO] [stdout]    = note: `Error` has a derived impl for the trait `Debug`, but this is intentionally ignored during dead code analysis
[INFO] [stdout] 
[INFO] [stdout] 
[INFO] [stdout] warning: method `to_string` is never used
[INFO] [stdout]    --> src/gpt/types.rs:132:12
[INFO] [stdout]     |
[INFO] [stdout] 131 | impl Completion {
[INFO] [stdout]     | --------------- method in this implementation
[INFO] [stdout] 132 |     pub fn to_string(&self) -> String {
[INFO] [stdout]     |            ^^^^^^^^^
[INFO] [stdout] 
[INFO] [stdout] 
[INFO] [stdout] warning: variants `ParsingError` and `BackendError` are never constructed
[INFO] [stdout]   --> src/gpt/err.rs:17:5
[INFO] [stdout]    |
[INFO] [stdout] 8  | pub enum Error {
[INFO] [stdout]    |          ----- variants in this enum
[INFO] [stdout] ...
[INFO] [stdout] 17 |     ParsingError(String),
[INFO] [stdout]    |     ^^^^^^^^^^^^
[INFO] [stdout] ...
[INFO] [stdout] 31 |     BackendError {
[INFO] [stdout]    |     ^^^^^^^^^^^^
[INFO] [stdout]    |
[INFO] [stdout]    = note: `Error` has a derived impl for the trait `Debug`, but this is intentionally ignored during dead code analysis
[INFO] [stdout] 
[INFO] [stdout] 
[INFO] [stdout] warning: 12 warnings emitted
[INFO] [stdout] 
[INFO] [stdout] 
[INFO] [stderr]     Finished dev [unoptimized + debuginfo] target(s) in 21.34s
[INFO] running `Command { std: "docker" "inspect" "bbb97505012f906def915afb00a5f4a9375b6ddb72bcfad8c1daf3efdb295d0c", kill_on_drop: false }`
[INFO] running `Command { std: "docker" "rm" "-f" "bbb97505012f906def915afb00a5f4a9375b6ddb72bcfad8c1daf3efdb295d0c", kill_on_drop: false }`
[INFO] [stdout] bbb97505012f906def915afb00a5f4a9375b6ddb72bcfad8c1daf3efdb295d0c
[INFO] running `Command { std: "docker" "create" "-v" "/var/lib/crater-agent-workspace/builds/worker-1-tc1/target:/opt/rustwide/target:rw,Z" "-v" "/var/lib/crater-agent-workspace/builds/worker-1-tc1/source:/opt/rustwide/workdir:ro,Z" "-v" "/var/lib/crater-agent-workspace/cargo-home:/opt/rustwide/cargo-home:ro,Z" "-v" "/var/lib/crater-agent-workspace/rustup-home:/opt/rustwide/rustup-home:ro,Z" "-e" "SOURCE_DIR=/opt/rustwide/workdir" "-e" "CARGO_TARGET_DIR=/opt/rustwide/target" "-e" "CARGO_INCREMENTAL=0" "-e" "RUST_BACKTRACE=full" "-e" "RUSTFLAGS=--cap-lints=warn" "-e" "RUSTDOCFLAGS=--cap-lints=warn" "-e" "CARGO_HOME=/opt/rustwide/cargo-home" "-e" "RUSTUP_HOME=/opt/rustwide/rustup-home" "-w" "/opt/rustwide/workdir" "-m" "1610612736" "--user" "0:0" "--network" "none" "ghcr.io/rust-lang/crates-build-env/linux@sha256:2788e3201cd34a07e3172128adcd8b3090168a8e3bcc40d7c032b9dda1df7d1c" "/opt/rustwide/cargo-home/bin/cargo" "+1.75.0" "test" "--frozen" "--no-run" "--message-format=json", kill_on_drop: false }`
[INFO] [stdout] b57b3360c2584c7cf71263571c80da2ab3b90d71004f125300d419a0ff012405
[INFO] running `Command { std: "docker" "start" "-a" "b57b3360c2584c7cf71263571c80da2ab3b90d71004f125300d419a0ff012405", kill_on_drop: false }`
[INFO] [stderr]    Compiling regex-syntax v0.7.4
[INFO] [stderr]    Compiling aho-corasick v1.0.2
[INFO] [stderr]    Compiling num-traits v0.2.16
[INFO] [stderr]    Compiling same-file v1.0.6
[INFO] [stderr]    Compiling predicates-core v1.0.6
[INFO] [stderr]    Compiling either v1.9.0
[INFO] [stderr]    Compiling doc-comment v0.3.3
[INFO] [stderr]    Compiling thread_local v1.1.7
[INFO] [stderr]    Compiling normalize-line-endings v0.3.0
[INFO] [stderr]    Compiling termtree v0.4.1
[INFO] [stderr]    Compiling difflib v0.4.0
[INFO] [stderr]    Compiling wait-timeout v0.2.0
[INFO] [stdout] warning: unused import: `Subcommand`
[INFO] [stdout]  --> src/main.rs:1:20
[INFO] [stdout]   |
[INFO] [stdout] 1 | use clap::{Parser, Subcommand};
[INFO] [stdout]   |                    ^^^^^^^^^^
[INFO] [stdout]   |
[INFO] [stdout]   = note: `#[warn(unused_imports)]` on by default
[INFO] [stdout] 
[INFO] [stdout] 
[INFO] [stdout] warning: unused import: `self`
[INFO] [stdout]  --> src/main.rs:4:85
[INFO] [stdout]   |
[INFO] [stdout] 4 | use cli::prompt::{new_prompt, switch_prompt, drop_prompt, all_prompts, edit_prompt, self};
[INFO] [stdout]   |                                                                                     ^^^^
[INFO] [stdout] 
[INFO] [stdout] 
[INFO] [stdout] warning: unused import: `Editor`
[INFO] [stdout]  --> src/cli/editor.rs:1:42
[INFO] [stdout]   |
[INFO] [stdout] 1 | use dialoguer::{Select, Password, Input, Editor, };
[INFO] [stdout]   |                                          ^^^^^^
[INFO] [stdout] 
[INFO] [stdout] 
[INFO] [stdout] warning: unused imports: `Result`, `error::ReadlineError`
[INFO] [stdout]  --> src/cli/editor.rs:2:32
[INFO] [stdout]   |
[INFO] [stdout] 2 | use rustyline::{DefaultEditor, Result, error::ReadlineError};
[INFO] [stdout]   |                                ^^^^^^  ^^^^^^^^^^^^^^^^^^^^
[INFO] [stdout] 
[INFO] [stdout] 
[INFO] [stdout] warning: unused imports: `env::VarError`, `string::FromUtf8Error`
[INFO] [stdout]  --> src/cli/err.rs:1:11
[INFO] [stdout]   |
[INFO] [stdout] 1 | use std::{env::VarError, string::FromUtf8Error};
[INFO] [stdout]   |           ^^^^^^^^^^^^^  ^^^^^^^^^^^^^^^^^^^^^
[INFO] [stdout] 
[INFO] [stdout] 
[INFO] [stdout] warning: unused import: `reqwest::header::InvalidHeaderValue`
[INFO] [stdout]  --> src/cli/err.rs:3:5
[INFO] [stdout]   |
[INFO] [stdout] 3 | use reqwest::header::InvalidHeaderValue;
[INFO] [stdout]   |     ^^^^^^^^^^^^^^^^^^^^^^^^^^^^^^^^^^^
[INFO] [stdout] 
[INFO] [stdout] 
[INFO] [stdout] warning: unused import: `err`
[INFO] [stdout]  --> src/gpt/client.rs:6:70
[INFO] [stdout]   |
[INFO] [stdout] 6 | use crate::gpt::{types::{InboundResponseChunk, InboundChunkPayload}, err};
[INFO] [stdout]   |                                                                      ^^^
[INFO] [stdout] 
[INFO] [stdout] 
[INFO] [stdout] warning: unused imports: `Completion`, `ServerResponse`
[INFO] [stdout]  --> src/gpt/client.rs:8:20
[INFO] [stdout]   |
[INFO] [stdout] 8 | use super::types::{ServerResponse, CompletionRequest, Completion, Message, Role, ResponseChunk, Model, Prompt};
[INFO] [stdout]   |                    ^^^^^^^^^^^^^^                     ^^^^^^^^^^
[INFO] [stdout] 
[INFO] [stdout] 
[INFO] [stdout] warning: function `input_name` is never used
[INFO] [stdout]   --> src/cli/editor.rs:41:8
[INFO] [stdout]    |
[INFO] [stdout] 41 | pub fn input_name() -> String {
[INFO] [stdout]    |        ^^^^^^^^^^
[INFO] [stdout]    |
[INFO] [stdout]    = note: `#[warn(dead_code)]` on by default
[INFO] [stdout] 
[INFO] [stdout] 
[INFO] [stdout] warning: variant `ProfileNotFound` is never constructed
[INFO] [stdout]   --> src/cli/err.rs:10:5
[INFO] [stdout]    |
[INFO] [stdout] 8  | pub enum Error {
[INFO] [stdout]    |          ----- variant in this enum
[INFO] [stdout] 9  |     #[error("Profile name {name} not found")]
[INFO] [stdout] 10 |     ProfileNotFound {
[INFO] [stdout]    |     ^^^^^^^^^^^^^^^
[INFO] [stdout]    |
[INFO] [stdout]    = note: `Error` has a derived impl for the trait `Debug`, but this is intentionally ignored during dead code analysis
[INFO] [stdout] 
[INFO] [stdout] 
[INFO] [stdout] warning: method `to_string` is never used
[INFO] [stdout]    --> src/gpt/types.rs:132:12
[INFO] [stdout]     |
[INFO] [stdout] 131 | impl Completion {
[INFO] [stdout]     | --------------- method in this implementation
[INFO] [stdout] 132 |     pub fn to_string(&self) -> String {
[INFO] [stdout]     |            ^^^^^^^^^
[INFO] [stdout] 
[INFO] [stdout] 
[INFO] [stdout] warning: variants `ParsingError` and `BackendError` are never constructed
[INFO] [stdout]   --> src/gpt/err.rs:17:5
[INFO] [stdout]    |
[INFO] [stdout] 8  | pub enum Error {
[INFO] [stdout]    |          ----- variants in this enum
[INFO] [stdout] ...
[INFO] [stdout] 17 |     ParsingError(String),
[INFO] [stdout]    |     ^^^^^^^^^^^^
[INFO] [stdout] ...
[INFO] [stdout] 31 |     BackendError {
[INFO] [stdout]    |     ^^^^^^^^^^^^
[INFO] [stdout]    |
[INFO] [stdout]    = note: `Error` has a derived impl for the trait `Debug`, but this is intentionally ignored during dead code analysis
[INFO] [stdout] 
[INFO] [stdout] 
[INFO] [stdout] warning: 12 warnings emitted
[INFO] [stdout] 
[INFO] [stdout] 
[INFO] [stderr]    Compiling walkdir v2.3.3
[INFO] [stderr]    Compiling predicates-tree v1.0.9
[INFO] [stderr]    Compiling itertools v0.10.5
[INFO] [stderr]    Compiling float-cmp v0.9.0
[INFO] [stderr]    Compiling regex-automata v0.3.3
[INFO] [stderr]    Compiling regex v1.9.1
[INFO] [stderr]    Compiling bstr v1.6.0
[INFO] [stderr]    Compiling predicates v3.0.3
[INFO] [stderr]    Compiling globset v0.4.11
[INFO] [stderr]    Compiling assert_cmd v2.0.12
[INFO] [stderr]    Compiling ignore v0.4.20
[INFO] [stderr]    Compiling globwalk v0.8.1
[INFO] [stderr]    Compiling assert_fs v1.0.13
[INFO] [stderr]    Compiling ask v0.1.0 (/opt/rustwide/workdir)
[INFO] [stdout] warning: unused import: `Subcommand`
[INFO] [stdout]  --> src/main.rs:1:20
[INFO] [stdout]   |
[INFO] [stdout] 1 | use clap::{Parser, Subcommand};
[INFO] [stdout]   |                    ^^^^^^^^^^
[INFO] [stdout]   |
[INFO] [stdout]   = note: `#[warn(unused_imports)]` on by default
[INFO] [stdout] 
[INFO] [stdout] 
[INFO] [stdout] warning: unused import: `self`
[INFO] [stdout]  --> src/main.rs:4:85
[INFO] [stdout]   |
[INFO] [stdout] 4 | use cli::prompt::{new_prompt, switch_prompt, drop_prompt, all_prompts, edit_prompt, self};
[INFO] [stdout]   |                                                                                     ^^^^
[INFO] [stdout] 
[INFO] [stdout] 
[INFO] [stdout] warning: unused import: `Editor`
[INFO] [stdout]  --> src/cli/editor.rs:1:42
[INFO] [stdout]   |
[INFO] [stdout] 1 | use dialoguer::{Select, Password, Input, Editor, };
[INFO] [stdout]   |                                          ^^^^^^
[INFO] [stdout] 
[INFO] [stdout] 
[INFO] [stdout] warning: unused imports: `Result`, `error::ReadlineError`
[INFO] [stdout]  --> src/cli/editor.rs:2:32
[INFO] [stdout]   |
[INFO] [stdout] 2 | use rustyline::{DefaultEditor, Result, error::ReadlineError};
[INFO] [stdout]   |                                ^^^^^^  ^^^^^^^^^^^^^^^^^^^^
[INFO] [stdout] 
[INFO] [stdout] 
[INFO] [stdout] warning: unused imports: `env::VarError`, `string::FromUtf8Error`
[INFO] [stdout]  --> src/cli/err.rs:1:11
[INFO] [stdout]   |
[INFO] [stdout] 1 | use std::{env::VarError, string::FromUtf8Error};
[INFO] [stdout]   |           ^^^^^^^^^^^^^  ^^^^^^^^^^^^^^^^^^^^^
[INFO] [stdout] 
[INFO] [stdout] 
[INFO] [stdout] warning: unused import: `reqwest::header::InvalidHeaderValue`
[INFO] [stdout]  --> src/cli/err.rs:3:5
[INFO] [stdout]   |
[INFO] [stdout] 3 | use reqwest::header::InvalidHeaderValue;
[INFO] [stdout]   |     ^^^^^^^^^^^^^^^^^^^^^^^^^^^^^^^^^^^
[INFO] [stdout] 
[INFO] [stdout] 
[INFO] [stdout] warning: unused import: `err`
[INFO] [stdout]  --> src/gpt/client.rs:6:70
[INFO] [stdout]   |
[INFO] [stdout] 6 | use crate::gpt::{types::{InboundResponseChunk, InboundChunkPayload}, err};
[INFO] [stdout]   |                                                                      ^^^
[INFO] [stdout] 
[INFO] [stdout] 
[INFO] [stdout] warning: unused imports: `Completion`, `ServerResponse`
[INFO] [stdout]  --> src/gpt/client.rs:8:20
[INFO] [stdout]   |
[INFO] [stdout] 8 | use super::types::{ServerResponse, CompletionRequest, Completion, Message, Role, ResponseChunk, Model, Prompt};
[INFO] [stdout]   |                    ^^^^^^^^^^^^^^                     ^^^^^^^^^^
[INFO] [stdout] 
[INFO] [stdout] 
[INFO] [stdout] warning: function `input_name` is never used
[INFO] [stdout]   --> src/cli/editor.rs:41:8
[INFO] [stdout]    |
[INFO] [stdout] 41 | pub fn input_name() -> String {
[INFO] [stdout]    |        ^^^^^^^^^^
[INFO] [stdout]    |
[INFO] [stdout]    = note: `#[warn(dead_code)]` on by default
[INFO] [stdout] 
[INFO] [stdout] 
[INFO] [stdout] warning: variant `ProfileNotFound` is never constructed
[INFO] [stdout]   --> src/cli/err.rs:10:5
[INFO] [stdout]    |
[INFO] [stdout] 8  | pub enum Error {
[INFO] [stdout]    |          ----- variant in this enum
[INFO] [stdout] 9  |     #[error("Profile name {name} not found")]
[INFO] [stdout] 10 |     ProfileNotFound {
[INFO] [stdout]    |     ^^^^^^^^^^^^^^^
[INFO] [stdout]    |
[INFO] [stdout]    = note: `Error` has a derived impl for the trait `Debug`, but this is intentionally ignored during dead code analysis
[INFO] [stdout] 
[INFO] [stdout] 
[INFO] [stdout] warning: method `to_string` is never used
[INFO] [stdout]    --> src/gpt/types.rs:132:12
[INFO] [stdout]     |
[INFO] [stdout] 131 | impl Completion {
[INFO] [stdout]     | --------------- method in this implementation
[INFO] [stdout] 132 |     pub fn to_string(&self) -> String {
[INFO] [stdout]     |            ^^^^^^^^^
[INFO] [stdout] 
[INFO] [stdout] 
[INFO] [stdout] warning: variants `ParsingError` and `BackendError` are never constructed
[INFO] [stdout]   --> src/gpt/err.rs:17:5
[INFO] [stdout]    |
[INFO] [stdout] 8  | pub enum Error {
[INFO] [stdout]    |          ----- variants in this enum
[INFO] [stdout] ...
[INFO] [stdout] 17 |     ParsingError(String),
[INFO] [stdout]    |     ^^^^^^^^^^^^
[INFO] [stdout] ...
[INFO] [stdout] 31 |     BackendError {
[INFO] [stdout]    |     ^^^^^^^^^^^^
[INFO] [stdout]    |
[INFO] [stdout]    = note: `Error` has a derived impl for the trait `Debug`, but this is intentionally ignored during dead code analysis
[INFO] [stdout] 
[INFO] [stdout] 
[INFO] [stdout] warning: 12 warnings emitted
[INFO] [stdout] 
[INFO] [stdout] 
[INFO] [stderr]     Finished test [unoptimized + debuginfo] target(s) in 5.25s
[INFO] running `Command { std: "docker" "inspect" "b57b3360c2584c7cf71263571c80da2ab3b90d71004f125300d419a0ff012405", kill_on_drop: false }`
[INFO] running `Command { std: "docker" "rm" "-f" "b57b3360c2584c7cf71263571c80da2ab3b90d71004f125300d419a0ff012405", kill_on_drop: false }`
[INFO] [stdout] b57b3360c2584c7cf71263571c80da2ab3b90d71004f125300d419a0ff012405
[INFO] running `Command { std: "docker" "create" "-v" "/var/lib/crater-agent-workspace/builds/worker-1-tc1/target:/opt/rustwide/target:rw,Z" "-v" "/var/lib/crater-agent-workspace/builds/worker-1-tc1/source:/opt/rustwide/workdir:ro,Z" "-v" "/var/lib/crater-agent-workspace/cargo-home:/opt/rustwide/cargo-home:ro,Z" "-v" "/var/lib/crater-agent-workspace/rustup-home:/opt/rustwide/rustup-home:ro,Z" "-e" "SOURCE_DIR=/opt/rustwide/workdir" "-e" "CARGO_TARGET_DIR=/opt/rustwide/target" "-e" "CARGO_INCREMENTAL=0" "-e" "RUST_BACKTRACE=full" "-e" "RUSTFLAGS=--cap-lints=warn" "-e" "RUSTDOCFLAGS=--cap-lints=warn" "-e" "CARGO_HOME=/opt/rustwide/cargo-home" "-e" "RUSTUP_HOME=/opt/rustwide/rustup-home" "-w" "/opt/rustwide/workdir" "-m" "1610612736" "--user" "0:0" "--network" "none" "ghcr.io/rust-lang/crates-build-env/linux@sha256:2788e3201cd34a07e3172128adcd8b3090168a8e3bcc40d7c032b9dda1df7d1c" "/opt/rustwide/cargo-home/bin/cargo" "+1.75.0" "test" "--frozen", kill_on_drop: false }`
[INFO] [stdout] fc96004e3f98923bb69986caf3d0fc31acb4dafafa30ebdc60d2f75c23e2df32
[INFO] running `Command { std: "docker" "start" "-a" "fc96004e3f98923bb69986caf3d0fc31acb4dafafa30ebdc60d2f75c23e2df32", kill_on_drop: false }`
[INFO] [stderr] warning: unused import: `Subcommand`
[INFO] [stderr]  --> src/main.rs:1:20
[INFO] [stderr]   |
[INFO] [stderr] 1 | use clap::{Parser, Subcommand};
[INFO] [stderr]   |                    ^^^^^^^^^^
[INFO] [stderr]   |
[INFO] [stderr]   = note: `#[warn(unused_imports)]` on by default
[INFO] [stderr] 
[INFO] [stderr] warning: unused import: `self`
[INFO] [stderr]  --> src/main.rs:4:85
[INFO] [stderr]   |
[INFO] [stderr] 4 | use cli::prompt::{new_prompt, switch_prompt, drop_prompt, all_prompts, edit_prompt, self};
[INFO] [stderr]   |                                                                                     ^^^^
[INFO] [stderr] 
[INFO] [stderr] warning: unused import: `Editor`
[INFO] [stderr]  --> src/cli/editor.rs:1:42
[INFO] [stderr]   |
[INFO] [stderr] 1 | use dialoguer::{Select, Password, Input, Editor, };
[INFO] [stderr]   |                                          ^^^^^^
[INFO] [stderr] 
[INFO] [stderr] warning: unused imports: `Result`, `error::ReadlineError`
[INFO] [stderr]  --> src/cli/editor.rs:2:32
[INFO] [stderr]   |
[INFO] [stderr] 2 | use rustyline::{DefaultEditor, Result, error::ReadlineError};
[INFO] [stderr]   |                                ^^^^^^  ^^^^^^^^^^^^^^^^^^^^
[INFO] [stderr] 
[INFO] [stderr] warning: unused imports: `env::VarError`, `string::FromUtf8Error`
[INFO] [stderr]  --> src/cli/err.rs:1:11
[INFO] [stderr]   |
[INFO] [stderr] 1 | use std::{env::VarError, string::FromUtf8Error};
[INFO] [stderr]   |           ^^^^^^^^^^^^^  ^^^^^^^^^^^^^^^^^^^^^
[INFO] [stderr] 
[INFO] [stderr] warning: unused import: `reqwest::header::InvalidHeaderValue`
[INFO] [stderr]  --> src/cli/err.rs:3:5
[INFO] [stderr]   |
[INFO] [stderr] 3 | use reqwest::header::InvalidHeaderValue;
[INFO] [stderr]   |     ^^^^^^^^^^^^^^^^^^^^^^^^^^^^^^^^^^^
[INFO] [stderr] 
[INFO] [stderr] warning: unused import: `err`
[INFO] [stderr]  --> src/gpt/client.rs:6:70
[INFO] [stderr]   |
[INFO] [stderr] 6 | use crate::gpt::{types::{InboundResponseChunk, InboundChunkPayload}, err};
[INFO] [stderr]   |                                                                      ^^^
[INFO] [stderr] 
[INFO] [stderr] warning: unused imports: `Completion`, `ServerResponse`
[INFO] [stderr]  --> src/gpt/client.rs:8:20
[INFO] [stderr]   |
[INFO] [stderr] 8 | use super::types::{ServerResponse, CompletionRequest, Completion, Message, Role, ResponseChunk, Model, Prompt};
[INFO] [stderr]   |                    ^^^^^^^^^^^^^^                     ^^^^^^^^^^
[INFO] [stderr] 
[INFO] [stderr] warning: function `input_name` is never used
[INFO] [stderr]   --> src/cli/editor.rs:41:8
[INFO] [stderr]    |
[INFO] [stderr] 41 | pub fn input_name() -> String {
[INFO] [stderr]    |        ^^^^^^^^^^
[INFO] [stderr]    |
[INFO] [stderr]    = note: `#[warn(dead_code)]` on by default
[INFO] [stderr] 
[INFO] [stderr] warning: variant `ProfileNotFound` is never constructed
[INFO] [stderr]   --> src/cli/err.rs:10:5
[INFO] [stderr]    |
[INFO] [stderr] 8  | pub enum Error {
[INFO] [stderr]    |          ----- variant in this enum
[INFO] [stderr] 9  |     #[error("Profile name {name} not found")]
[INFO] [stderr] 10 |     ProfileNotFound {
[INFO] [stderr]    |     ^^^^^^^^^^^^^^^
[INFO] [stderr]    |
[INFO] [stderr]    = note: `Error` has a derived impl for the trait `Debug`, but this is intentionally ignored during dead code analysis
[INFO] [stderr] 
[INFO] [stderr] warning: method `to_string` is never used
[INFO] [stderr]    --> src/gpt/types.rs:132:12
[INFO] [stderr]     |
[INFO] [stderr] 131 | impl Completion {
[INFO] [stderr]     | --------------- method in this implementation
[INFO] [stderr] 132 |     pub fn to_string(&self) -> String {
[INFO] [stderr]     |            ^^^^^^^^^
[INFO] [stderr] 
[INFO] [stderr] warning: variants `ParsingError` and `BackendError` are never constructed
[INFO] [stderr]   --> src/gpt/err.rs:17:5
[INFO] [stderr]    |
[INFO] [stderr] 8  | pub enum Error {
[INFO] [stderr]    |          ----- variants in this enum
[INFO] [stderr] ...
[INFO] [stderr] 17 |     ParsingError(String),
[INFO] [stderr]    |     ^^^^^^^^^^^^
[INFO] [stderr] ...
[INFO] [stderr] 31 |     BackendError {
[INFO] [stderr]    |     ^^^^^^^^^^^^
[INFO] [stderr]    |
[INFO] [stderr]    = note: `Error` has a derived impl for the trait `Debug`, but this is intentionally ignored during dead code analysis
[INFO] [stderr] 
[INFO] [stderr] warning: `ask` (bin "ask") generated 12 warnings (run `cargo fix --bin "ask"` to apply 8 suggestions)
[INFO] [stderr] warning: `ask` (bin "ask" test) generated 12 warnings (12 duplicates)
[INFO] [stderr]     Finished test [unoptimized + debuginfo] target(s) in 0.10s
[INFO] [stderr]      Running unittests src/main.rs (/opt/rustwide/target/debug/deps/ask-0bada69a545c6812)
[INFO] [stdout] 
[INFO] [stdout] running 0 tests
[INFO] [stdout] 
[INFO] [stdout] test result: ok. 0 passed; 0 failed; 0 ignored; 0 measured; 0 filtered out; finished in 0.00s
[INFO] [stdout] 
[INFO] [stderr]      Running tests/cli.rs (/opt/rustwide/target/debug/deps/cli-84c13e2c3bc85d25)
[INFO] [stdout] 
[INFO] [stdout] running 1 test
[INFO] [stdout] test file_doesnt_exist ... FAILED
[INFO] [stdout] 
[INFO] [stdout] failures:
[INFO] [stdout] 
[INFO] [stdout] ---- file_doesnt_exist stdout ----
[INFO] [stdout] thread 'file_doesnt_exist' panicked at /rustc/82e1608dfa6e0b5569232559e3d385fea5a93112/library/core/src/ops/function.rs:250:5:
[INFO] [stdout] Unexpected success
[INFO] [stdout] command=`"/opt/rustwide/target/debug/ask" "foobar" "test/file/doesnt/exist"`
[INFO] [stdout] code=0
[INFO] [stdout] stdout="Error loading api key\n"
[INFO] [stdout] stderr=""
[INFO] [stdout] 
[INFO] [stdout] stack backtrace:
[INFO] [stdout]    0:     0x55b9abfe44bc - std::backtrace_rs::backtrace::libunwind::trace::ha637c64ce894333a
[INFO] [stdout]                                at /rustc/82e1608dfa6e0b5569232559e3d385fea5a93112/library/std/src/../../backtrace/src/backtrace/libunwind.rs:104:5
[INFO] [stdout]    1:     0x55b9abfe44bc - std::backtrace_rs::backtrace::trace_unsynchronized::h47f62dea28e0c88d
[INFO] [stdout]                                at /rustc/82e1608dfa6e0b5569232559e3d385fea5a93112/library/std/src/../../backtrace/src/backtrace/mod.rs:66:5
[INFO] [stdout]    2:     0x55b9abfe44bc - std::sys_common::backtrace::_print_fmt::h9eef0abe20ede486
[INFO] [stdout]                                at /rustc/82e1608dfa6e0b5569232559e3d385fea5a93112/library/std/src/sys_common/backtrace.rs:67:5
[INFO] [stdout]    3:     0x55b9abfe44bc - <std::sys_common::backtrace::_print::DisplayBacktrace as core::fmt::Display>::fmt::hed7f999df88cc644
[INFO] [stdout]                                at /rustc/82e1608dfa6e0b5569232559e3d385fea5a93112/library/std/src/sys_common/backtrace.rs:44:22
[INFO] [stdout]    4:     0x55b9ac00ee50 - core::fmt::rt::Argument::fmt::h1539a9308b8d058d
[INFO] [stdout]                                at /rustc/82e1608dfa6e0b5569232559e3d385fea5a93112/library/core/src/fmt/rt.rs:142:9
[INFO] [stdout]    5:     0x55b9ac00ee50 - core::fmt::write::h3a39390d8560d9c9
[INFO] [stdout]                                at /rustc/82e1608dfa6e0b5569232559e3d385fea5a93112/library/core/src/fmt/mod.rs:1120:17
[INFO] [stdout]    6:     0x55b9abfe1a7f - std::io::Write::write_fmt::h040b369f3a0f9cbc
[INFO] [stdout]                                at /rustc/82e1608dfa6e0b5569232559e3d385fea5a93112/library/std/src/io/mod.rs:1762:15
[INFO] [stdout]    7:     0x55b9abfe42a4 - std::sys_common::backtrace::_print::h894006fb5c6f3d45
[INFO] [stdout]                                at /rustc/82e1608dfa6e0b5569232559e3d385fea5a93112/library/std/src/sys_common/backtrace.rs:47:5
[INFO] [stdout]    8:     0x55b9abfe42a4 - std::sys_common::backtrace::print::h23a2d212c6fff936
[INFO] [stdout]                                at /rustc/82e1608dfa6e0b5569232559e3d385fea5a93112/library/std/src/sys_common/backtrace.rs:34:9
[INFO] [stdout]    9:     0x55b9abfe5fe7 - std::panicking::default_hook::{{closure}}::h8a1d2ee00185001a
[INFO] [stdout]   10:     0x55b9abfe5cd3 - std::panicking::default_hook::h6038f2eba384e475
[INFO] [stdout]                                at /rustc/82e1608dfa6e0b5569232559e3d385fea5a93112/library/std/src/panicking.rs:289:9
[INFO] [stdout]   11:     0x55b9abf83a37 - <alloc::boxed::Box<F,A> as core::ops::function::Fn<Args>>::call::h0ad024c9bdc6d768
[INFO] [stdout]                                at /rustc/82e1608dfa6e0b5569232559e3d385fea5a93112/library/alloc/src/boxed.rs:2021:9
[INFO] [stdout]   12:     0x55b9abf83a37 - test::test_main::{{closure}}::h7500b54257359db6
[INFO] [stdout]                                at /rustc/82e1608dfa6e0b5569232559e3d385fea5a93112/library/test/src/lib.rs:138:21
[INFO] [stdout]   13:     0x55b9abfe65f8 - <alloc::boxed::Box<F,A> as core::ops::function::Fn<Args>>::call::h1f8f335eaa9cfaee
[INFO] [stdout]                                at /rustc/82e1608dfa6e0b5569232559e3d385fea5a93112/library/alloc/src/boxed.rs:2021:9
[INFO] [stdout]   14:     0x55b9abfe65f8 - std::panicking::rust_panic_with_hook::h2b5517d590cab22e
[INFO] [stdout]                                at /rustc/82e1608dfa6e0b5569232559e3d385fea5a93112/library/std/src/panicking.rs:783:13
[INFO] [stdout]   15:     0x55b9abfe634e - std::panicking::begin_panic_handler::{{closure}}::h233112c06e0ef43e
[INFO] [stdout]                                at /rustc/82e1608dfa6e0b5569232559e3d385fea5a93112/library/std/src/panicking.rs:657:13
[INFO] [stdout]   16:     0x55b9abfe4986 - std::sys_common::backtrace::__rust_end_short_backtrace::h6e893f24d7ebbff8
[INFO] [stdout]                                at /rustc/82e1608dfa6e0b5569232559e3d385fea5a93112/library/std/src/sys_common/backtrace.rs:170:18
[INFO] [stdout]   17:     0x55b9abfe60b2 - rust_begin_unwind
[INFO] [stdout]                                at /rustc/82e1608dfa6e0b5569232559e3d385fea5a93112/library/std/src/panicking.rs:645:5
[INFO] [stdout]   18:     0x55b9abf4d145 - core::panicking::panic_fmt::hbf0e066aabfa482c
[INFO] [stdout]                                at /rustc/82e1608dfa6e0b5569232559e3d385fea5a93112/library/core/src/panicking.rs:72:14
[INFO] [stdout]   19:     0x55b9abf9606f - core::panicking::panic_display::h0b0cf57553ce433f
[INFO] [stdout]                                at /rustc/82e1608dfa6e0b5569232559e3d385fea5a93112/library/core/src/panicking.rs:178:5
[INFO] [stdout]   20:     0x55b9abf9736e - assert_cmd::assert::AssertError::panic::panic_cold_display::h29ec3a7c541b200d
[INFO] [stdout]                                at /rustc/82e1608dfa6e0b5569232559e3d385fea5a93112/library/core/src/panic.rs:99:13
[INFO] [stdout]   21:     0x55b9abf96ce7 - assert_cmd::assert::AssertError::panic::h20716a696cc1b6dd
[INFO] [stdout]                                at /opt/rustwide/cargo-home/registry/src/index.crates.io-6f17d22bba15001f/assert_cmd-2.0.12/src/assert.rs:1033:9
[INFO] [stdout]   22:     0x55b9abf92b57 - core::ops::function::FnOnce::call_once::h5c9ea6cffd9143e4
[INFO] [stdout]                                at /rustc/82e1608dfa6e0b5569232559e3d385fea5a93112/library/core/src/ops/function.rs:250:5
[INFO] [stdout]   23:     0x55b9abf940e5 - core::result::Result<T,E>::unwrap_or_else::ha6791fbe94a5fcf5
[INFO] [stdout]                                at /rustc/82e1608dfa6e0b5569232559e3d385fea5a93112/library/core/src/result.rs:1430:23
[INFO] [stdout]   24:     0x55b9abf963b6 - assert_cmd::assert::Assert::failure::ha592f7b434e90069
[INFO] [stdout]                                at /opt/rustwide/cargo-home/registry/src/index.crates.io-6f17d22bba15001f/assert_cmd-2.0.12/src/assert.rs:187:9
[INFO] [stdout]   25:     0x55b9abf4ff7d - cli::file_doesnt_exist::h2b0ba9d3ee226ecc
[INFO] [stdout]                                at /opt/rustwide/workdir/tests/cli.rs:10:5
[INFO] [stdout]   26:     0x55b9abf4fdf7 - cli::file_doesnt_exist::{{closure}}::h05bc4a0608fc4b66
[INFO] [stdout]                                at /opt/rustwide/workdir/tests/cli.rs:6:27
[INFO] [stdout]   27:     0x55b9abf4eb16 - core::ops::function::FnOnce::call_once::hd27216ba20384c41
[INFO] [stdout]                                at /rustc/82e1608dfa6e0b5569232559e3d385fea5a93112/library/core/src/ops/function.rs:250:5
[INFO] [stdout]   28:     0x55b9abf8908f - core::ops::function::FnOnce::call_once::h2b5d431d5046312d
[INFO] [stdout]                                at /rustc/82e1608dfa6e0b5569232559e3d385fea5a93112/library/core/src/ops/function.rs:250:5
[INFO] [stdout]   29:     0x55b9abf8908f - test::__rust_begin_short_backtrace::h7714669af176e207
[INFO] [stdout]                                at /rustc/82e1608dfa6e0b5569232559e3d385fea5a93112/library/test/src/lib.rs:628:18
[INFO] [stdout]   30:     0x55b9abf880a5 - test::run_test_in_process::{{closure}}::h85218797dcbcec12
[INFO] [stdout]                                at /rustc/82e1608dfa6e0b5569232559e3d385fea5a93112/library/test/src/lib.rs:651:60
[INFO] [stdout]   31:     0x55b9abf880a5 - <core::panic::unwind_safe::AssertUnwindSafe<F> as core::ops::function::FnOnce<()>>::call_once::h76c106ea31c14d7b
[INFO] [stdout]                                at /rustc/82e1608dfa6e0b5569232559e3d385fea5a93112/library/core/src/panic/unwind_safe.rs:272:9
[INFO] [stdout]   32:     0x55b9abf880a5 - std::panicking::try::do_call::h3bd5d0f6620ee946
[INFO] [stdout]                                at /rustc/82e1608dfa6e0b5569232559e3d385fea5a93112/library/std/src/panicking.rs:552:40
[INFO] [stdout]   33:     0x55b9abf880a5 - std::panicking::try::h232e535e4744fe31
[INFO] [stdout]                                at /rustc/82e1608dfa6e0b5569232559e3d385fea5a93112/library/std/src/panicking.rs:516:19
[INFO] [stdout]   34:     0x55b9abf880a5 - std::panic::catch_unwind::h3ce3bd6ca8dbac68
[INFO] [stdout]                                at /rustc/82e1608dfa6e0b5569232559e3d385fea5a93112/library/std/src/panic.rs:142:14
[INFO] [stdout]   35:     0x55b9abf880a5 - test::run_test_in_process::hc97b257c9621286a
[INFO] [stdout]                                at /rustc/82e1608dfa6e0b5569232559e3d385fea5a93112/library/test/src/lib.rs:651:27
[INFO] [stdout]   36:     0x55b9abf880a5 - test::run_test::{{closure}}::h2aa798823a438d38
[INFO] [stdout]                                at /rustc/82e1608dfa6e0b5569232559e3d385fea5a93112/library/test/src/lib.rs:574:43
[INFO] [stdout]   37:     0x55b9abf50366 - test::run_test::{{closure}}::h87d231c78fb59832
[INFO] [stdout]                                at /rustc/82e1608dfa6e0b5569232559e3d385fea5a93112/library/test/src/lib.rs:602:41
[INFO] [stdout]   38:     0x55b9abf50366 - std::sys_common::backtrace::__rust_begin_short_backtrace::he6df152596625789
[INFO] [stdout]                                at /rustc/82e1608dfa6e0b5569232559e3d385fea5a93112/library/std/src/sys_common/backtrace.rs:154:18
[INFO] [stdout]   39:     0x55b9abf55417 - std::thread::Builder::spawn_unchecked_::{{closure}}::{{closure}}::ha94be15d1e0acf36
[INFO] [stdout]                                at /rustc/82e1608dfa6e0b5569232559e3d385fea5a93112/library/std/src/thread/mod.rs:529:17
[INFO] [stdout]   40:     0x55b9abf55417 - <core::panic::unwind_safe::AssertUnwindSafe<F> as core::ops::function::FnOnce<()>>::call_once::h9dc6bd6372f16606
[INFO] [stdout]                                at /rustc/82e1608dfa6e0b5569232559e3d385fea5a93112/library/core/src/panic/unwind_safe.rs:272:9
[INFO] [stdout]   41:     0x55b9abf55417 - std::panicking::try::do_call::h9057517f80303cd4
[INFO] [stdout]                                at /rustc/82e1608dfa6e0b5569232559e3d385fea5a93112/library/std/src/panicking.rs:552:40
[INFO] [stdout]   42:     0x55b9abf55417 - std::panicking::try::he3a30b11ee45340c
[INFO] [stdout]                                at /rustc/82e1608dfa6e0b5569232559e3d385fea5a93112/library/std/src/panicking.rs:516:19
[INFO] [stdout]   43:     0x55b9abf55417 - std::panic::catch_unwind::h410458cfd3528b8b
[INFO] [stdout]                                at /rustc/82e1608dfa6e0b5569232559e3d385fea5a93112/library/std/src/panic.rs:142:14
[INFO] [stdout]   44:     0x55b9abf55417 - std::thread::Builder::spawn_unchecked_::{{closure}}::h72ac3bdb567b737b
[INFO] [stdout]                                at /rustc/82e1608dfa6e0b5569232559e3d385fea5a93112/library/std/src/thread/mod.rs:528:30
[INFO] [stdout]   45:     0x55b9abf55417 - core::ops::function::FnOnce::call_once{{vtable.shim}}::h38f34da3654a8344
[INFO] [stdout]                                at /rustc/82e1608dfa6e0b5569232559e3d385fea5a93112/library/core/src/ops/function.rs:250:5
[INFO] [stdout]   46:     0x55b9abfeb9e5 - <alloc::boxed::Box<F,A> as core::ops::function::FnOnce<Args>>::call_once::hc7eafaff61e32df9
[INFO] [stdout]                                at /rustc/82e1608dfa6e0b5569232559e3d385fea5a93112/library/alloc/src/boxed.rs:2007:9
[INFO] [stdout]   47:     0x55b9abfeb9e5 - <alloc::boxed::Box<F,A> as core::ops::function::FnOnce<Args>>::call_once::h6ba4a5de48dd2304
[INFO] [stdout]                                at /rustc/82e1608dfa6e0b5569232559e3d385fea5a93112/library/alloc/src/boxed.rs:2007:9
[INFO] [stdout]   48:     0x55b9abfeb9e5 - std::sys::unix::thread::Thread::new::thread_start::he469335aef763e45
[INFO] [stdout]                                at /rustc/82e1608dfa6e0b5569232559e3d385fea5a93112/library/std/src/sys/unix/thread.rs:108:17
[INFO] [stdout]   49:     0x7f8be525aac3 - <unknown>
[INFO] [stdout]   50:     0x7f8be52ebbf4 - __clone
[INFO] [stdout]   51:                0x0 - <unknown>
[INFO] [stdout] 
[INFO] [stdout] 
[INFO] [stdout] failures:
[INFO] [stdout]     file_doesnt_exist
[INFO] [stdout] 
[INFO] [stdout] test result: FAILED. 0 passed; 1 failed; 0 ignored; 0 measured; 0 filtered out; finished in 0.03s
[INFO] [stdout] 
[INFO] [stderr] error: test failed, to rerun pass `--test cli`
[INFO] running `Command { std: "docker" "inspect" "fc96004e3f98923bb69986caf3d0fc31acb4dafafa30ebdc60d2f75c23e2df32", kill_on_drop: false }`
[INFO] running `Command { std: "docker" "rm" "-f" "fc96004e3f98923bb69986caf3d0fc31acb4dafafa30ebdc60d2f75c23e2df32", kill_on_drop: false }`
[INFO] [stdout] fc96004e3f98923bb69986caf3d0fc31acb4dafafa30ebdc60d2f75c23e2df32
[INFO] testing ryantinder/ask-rs against beta-2023-12-22 for beta-1.76-1
[INFO] running `Command { std: "git" "clone" "/workspace/cache/git-repos/https%3A%2F%2Fgithub.com%2Fryantinder%2Fask-rs" "/workspace/builds/worker-1-tc2/source", kill_on_drop: false }`
[INFO] [stderr] Cloning into '/workspace/builds/worker-1-tc2/source'...
[INFO] [stderr] done.
[INFO] validating manifest of git repo https://github.com/ryantinder/ask-rs on toolchain beta-2023-12-22
[INFO] running `Command { std: CARGO_HOME="/workspace/cargo-home" RUSTUP_HOME="/workspace/rustup-home" "/workspace/cargo-home/bin/cargo" "+beta-2023-12-22" "metadata" "--manifest-path" "Cargo.toml" "--no-deps", kill_on_drop: false }`
[INFO] started tweaking git repo https://github.com/ryantinder/ask-rs
[INFO] finished tweaking git repo https://github.com/ryantinder/ask-rs
[INFO] tweaked toml for git repo https://github.com/ryantinder/ask-rs written to /workspace/builds/worker-1-tc2/source/Cargo.toml
[INFO] crate git repo https://github.com/ryantinder/ask-rs already has a lockfile, it will not be regenerated
[INFO] running `Command { std: CARGO_HOME="/workspace/cargo-home" RUSTUP_HOME="/workspace/rustup-home" "/workspace/cargo-home/bin/cargo" "+beta-2023-12-22" "fetch" "--manifest-path" "Cargo.toml", kill_on_drop: false }`
[INFO] running `Command { std: "docker" "create" "-v" "/var/lib/crater-agent-workspace/builds/worker-1-tc2/target:/opt/rustwide/target:rw,Z" "-v" "/var/lib/crater-agent-workspace/builds/worker-1-tc2/source:/opt/rustwide/workdir:ro,Z" "-v" "/var/lib/crater-agent-workspace/cargo-home:/opt/rustwide/cargo-home:ro,Z" "-v" "/var/lib/crater-agent-workspace/rustup-home:/opt/rustwide/rustup-home:ro,Z" "-e" "SOURCE_DIR=/opt/rustwide/workdir" "-e" "CARGO_TARGET_DIR=/opt/rustwide/target" "-e" "CARGO_HOME=/opt/rustwide/cargo-home" "-e" "RUSTUP_HOME=/opt/rustwide/rustup-home" "-w" "/opt/rustwide/workdir" "-m" "1610612736" "--user" "0:0" "--network" "none" "ghcr.io/rust-lang/crates-build-env/linux@sha256:2788e3201cd34a07e3172128adcd8b3090168a8e3bcc40d7c032b9dda1df7d1c" "/opt/rustwide/cargo-home/bin/cargo" "+beta-2023-12-22" "metadata" "--no-deps" "--format-version=1", kill_on_drop: false }`
[INFO] [stdout] 8bc3ed20db1578d6499f475785790af952682eaec1f1cea9ec80ebc56b015d1d
[INFO] running `Command { std: "docker" "start" "-a" "8bc3ed20db1578d6499f475785790af952682eaec1f1cea9ec80ebc56b015d1d", kill_on_drop: false }`
[INFO] running `Command { std: "docker" "inspect" "8bc3ed20db1578d6499f475785790af952682eaec1f1cea9ec80ebc56b015d1d", kill_on_drop: false }`
[INFO] running `Command { std: "docker" "rm" "-f" "8bc3ed20db1578d6499f475785790af952682eaec1f1cea9ec80ebc56b015d1d", kill_on_drop: false }`
[INFO] [stdout] 8bc3ed20db1578d6499f475785790af952682eaec1f1cea9ec80ebc56b015d1d
[INFO] running `Command { std: "docker" "create" "-v" "/var/lib/crater-agent-workspace/builds/worker-1-tc2/target:/opt/rustwide/target:rw,Z" "-v" "/var/lib/crater-agent-workspace/builds/worker-1-tc2/source:/opt/rustwide/workdir:ro,Z" "-v" "/var/lib/crater-agent-workspace/cargo-home:/opt/rustwide/cargo-home:ro,Z" "-v" "/var/lib/crater-agent-workspace/rustup-home:/opt/rustwide/rustup-home:ro,Z" "-e" "SOURCE_DIR=/opt/rustwide/workdir" "-e" "CARGO_TARGET_DIR=/opt/rustwide/target" "-e" "CARGO_INCREMENTAL=0" "-e" "RUST_BACKTRACE=full" "-e" "RUSTFLAGS=--cap-lints=warn" "-e" "RUSTDOCFLAGS=--cap-lints=warn" "-e" "CARGO_HOME=/opt/rustwide/cargo-home" "-e" "RUSTUP_HOME=/opt/rustwide/rustup-home" "-w" "/opt/rustwide/workdir" "-m" "1610612736" "--user" "0:0" "--network" "none" "ghcr.io/rust-lang/crates-build-env/linux@sha256:2788e3201cd34a07e3172128adcd8b3090168a8e3bcc40d7c032b9dda1df7d1c" "/opt/rustwide/cargo-home/bin/cargo" "+beta-2023-12-22" "build" "--frozen" "--message-format=json", kill_on_drop: false }`
[INFO] [stdout] c22f83dfed7acb905622fd9a4600e51213471c5477e2f99607c4dea799d0e72d
[INFO] running `Command { std: "docker" "start" "-a" "c22f83dfed7acb905622fd9a4600e51213471c5477e2f99607c4dea799d0e72d", kill_on_drop: false }`
[INFO] [stderr]    Compiling proc-macro2 v1.0.66
[INFO] [stderr]    Compiling libc v0.2.147
[INFO] [stderr]    Compiling unicode-ident v1.0.11
[INFO] [stderr]    Compiling autocfg v1.1.0
[INFO] [stderr]    Compiling cfg-if v1.0.0
[INFO] [stderr]    Compiling once_cell v1.18.0
[INFO] [stderr]    Compiling pin-project-lite v0.2.10
[INFO] [stderr]    Compiling memchr v2.5.0
[INFO] [stderr]    Compiling cc v1.0.79
[INFO] [stderr]    Compiling fnv v1.0.7
[INFO] [stderr]    Compiling futures-core v0.3.28
[INFO] [stderr]    Compiling smallvec v1.11.0
[INFO] [stderr]    Compiling parking_lot_core v0.9.8
[INFO] [stderr]    Compiling rustix v0.38.4
[INFO] [stderr]    Compiling linux-raw-sys v0.4.3
[INFO] [stderr]    Compiling bitflags v2.3.3
[INFO] [stderr]    Compiling spin v0.5.2
[INFO] [stderr]    Compiling bytes v1.4.0
[INFO] [stderr]    Compiling scopeguard v1.2.0
[INFO] [stderr]    Compiling futures-channel v0.3.28
[INFO] [stderr]    Compiling futures-sink v0.3.28
[INFO] [stderr]    Compiling futures-task v0.3.28
[INFO] [stderr]    Compiling untrusted v0.7.1
[INFO] [stderr]    Compiling itoa v1.0.9
[INFO] [stderr]    Compiling syn v1.0.109
[INFO] [stderr]    Compiling strsim v0.10.0
[INFO] [stderr]    Compiling futures-util v0.3.28
[INFO] [stderr]    Compiling futures-io v0.3.28
[INFO] [stderr]    Compiling serde v1.0.175
[INFO] [stderr]    Compiling lock_api v0.4.10
[INFO] [stderr]    Compiling slab v0.4.8
[INFO] [stderr]    Compiling tokio v1.29.1
[INFO] [stderr]    Compiling pin-utils v0.1.0
[INFO] [stderr]    Compiling indexmap v1.9.3
[INFO] [stderr]    Compiling tracing-core v0.1.31
[INFO] [stderr]    Compiling serde_derive v1.0.175
[INFO] [stderr]    Compiling ident_case v1.0.1
[INFO] [stderr]    Compiling http v0.2.9
[INFO] [stderr]    Compiling utf8parse v0.2.1
[INFO] [stderr]    Compiling hashbrown v0.12.3
[INFO] [stderr]    Compiling log v0.4.19
[INFO] [stderr]    Compiling rustls v0.21.5
[INFO] [stderr]    Compiling httparse v1.8.0
[INFO] [stderr]    Compiling tinyvec_macros v0.1.1
[INFO] [stderr]    Compiling try-lock v0.2.4
[INFO] [stderr]    Compiling tinyvec v1.6.0
[INFO] [stderr]    Compiling percent-encoding v2.3.0
[INFO] [stderr]    Compiling quote v1.0.32
[INFO] [stderr]    Compiling want v0.3.1
[INFO] [stderr]    Compiling anstyle-parse v0.2.1
[INFO] [stderr]    Compiling tracing v0.1.37
[INFO] [stderr]    Compiling form_urlencoded v1.2.0
[INFO] [stderr]    Compiling syn v2.0.27
[INFO] [stderr]    Compiling httpdate v1.0.2
[INFO] [stderr]    Compiling ryu v1.0.15
[INFO] [stderr]    Compiling tower-service v0.3.2
[INFO] [stderr]    Compiling colorchoice v1.0.0
[INFO] [stderr]    Compiling unicode-bidi v0.3.13
[INFO] [stderr]    Compiling anstyle v1.0.1
[INFO] [stderr]    Compiling anstyle-query v1.0.0
[INFO] [stderr]    Compiling ring v0.16.20
[INFO] [stderr]    Compiling thiserror v1.0.44
[INFO] [stderr]    Compiling serde_json v1.0.103
[INFO] [stderr]    Compiling unicode-width v0.1.10
[INFO] [stderr]    Compiling nibble_vec v0.1.0
[INFO] [stderr]    Compiling lazy_static v1.4.0
[INFO] [stderr]    Compiling clap_lex v0.5.0
[INFO] [stderr]    Compiling static_assertions v1.1.0
[INFO] [stderr]    Compiling bitflags v1.3.2
[INFO] [stderr]    Compiling anyhow v1.0.72
[INFO] [stderr]    Compiling fastrand v2.0.0
[INFO] [stderr]    Compiling endian-type v0.1.2
[INFO] [stderr]    Compiling http-body v0.4.5
[INFO] [stderr]    Compiling heck v0.4.1
[INFO] [stderr]    Compiling unicode-normalization v0.1.22
[INFO] [stderr]    Compiling minimal-lexical v0.2.1
[INFO] [stderr]    Compiling base64 v0.21.2
[INFO] [stderr]    Compiling radix_trie v0.2.1
[INFO] [stderr]    Compiling mio v0.8.8
[INFO] [stderr]    Compiling num_cpus v1.16.0
[INFO] [stderr]    Compiling signal-hook-registry v1.4.1
[INFO] [stderr]    Compiling parking_lot v0.12.1
[INFO] [stderr]    Compiling socket2 v0.4.9
[INFO] [stderr]    Compiling dirs-sys v0.3.7
[INFO] [stderr]    Compiling rustls-pemfile v1.0.3
[INFO] [stderr]    Compiling idna v0.4.0
[INFO] [stderr]    Compiling directories v4.0.1
[INFO] [stderr]    Compiling nom v7.1.3
[INFO] [stderr]    Compiling nix v0.26.2
[INFO] [stderr]    Compiling console v0.15.7
[INFO] [stderr]    Compiling encoding_rs v0.8.32
[INFO] [stderr]    Compiling home v0.5.5
[INFO] [stderr]    Compiling shell-words v1.1.0
[INFO] [stderr]    Compiling ipnet v2.8.0
[INFO] [stderr]    Compiling mime v0.3.17
[INFO] [stderr]    Compiling is-terminal v0.4.9
[INFO] [stderr]    Compiling url v2.4.0
[INFO] [stderr]    Compiling anstream v0.3.2
[INFO] [stderr]    Compiling tempfile v3.7.0
[INFO] [stderr]    Compiling fd-lock v3.0.13
[INFO] [stderr]    Compiling zeroize v1.6.0
[INFO] [stderr]    Compiling clap_builder v4.3.19
[INFO] [stderr]    Compiling unicode-segmentation v1.10.1
[INFO] [stderr]    Compiling dialoguer v0.10.4
[INFO] [stderr]    Compiling rustyline v12.0.0
[INFO] [stderr]    Compiling toml v0.5.11
[INFO] [stderr]    Compiling serde_urlencoded v0.7.1
[INFO] [stderr]    Compiling eventsource-stream v0.2.3
[INFO] [stderr]    Compiling futures-macro v0.3.28
[INFO] [stderr]    Compiling tokio-macros v2.1.0
[INFO] [stderr]    Compiling thiserror-impl v1.0.44
[INFO] [stderr]    Compiling clap_derive v4.3.12
[INFO] [stderr]    Compiling darling_core v0.14.4
[INFO] [stderr]    Compiling rustls-webpki v0.101.1
[INFO] [stderr]    Compiling sct v0.7.0
[INFO] [stderr]    Compiling webpki v0.22.0
[INFO] [stderr]    Compiling webpki-roots v0.22.6
[INFO] [stderr]    Compiling confy v0.5.1
[INFO] [stderr]    Compiling darling_macro v0.14.4
[INFO] [stderr]    Compiling clap v4.3.19
[INFO] [stderr]    Compiling darling v0.14.4
[INFO] [stderr]    Compiling derive_builder_core v0.12.0
[INFO] [stderr]    Compiling derive_builder_macro v0.12.0
[INFO] [stderr]    Compiling futures-executor v0.3.28
[INFO] [stderr]    Compiling futures v0.3.28
[INFO] [stderr]    Compiling derive_builder v0.12.0
[INFO] [stderr]    Compiling tokio-util v0.7.8
[INFO] [stderr]    Compiling tokio-rustls v0.24.1
[INFO] [stderr]    Compiling h2 v0.3.20
[INFO] [stderr]    Compiling hyper v0.14.27
[INFO] [stderr]    Compiling hyper-rustls v0.24.1
[INFO] [stderr]    Compiling reqwest v0.11.18
[INFO] [stderr]    Compiling ask v0.1.0 (/opt/rustwide/workdir)
[INFO] [stdout] warning: unused import: `Subcommand`
[INFO] [stdout]  --> src/main.rs:1:20
[INFO] [stdout]   |
[INFO] [stdout] 1 | use clap::{Parser, Subcommand};
[INFO] [stdout]   |                    ^^^^^^^^^^
[INFO] [stdout]   |
[INFO] [stdout]   = note: `#[warn(unused_imports)]` on by default
[INFO] [stdout] 
[INFO] [stdout] 
[INFO] [stdout] warning: unused import: `self`
[INFO] [stdout]  --> src/main.rs:4:85
[INFO] [stdout]   |
[INFO] [stdout] 4 | use cli::prompt::{new_prompt, switch_prompt, drop_prompt, all_prompts, edit_prompt, self};
[INFO] [stdout]   |                                                                                     ^^^^
[INFO] [stdout] 
[INFO] [stdout] 
[INFO] [stdout] warning: unused import: `Editor`
[INFO] [stdout]  --> src/cli/editor.rs:1:42
[INFO] [stdout]   |
[INFO] [stdout] 1 | use dialoguer::{Select, Password, Input, Editor, };
[INFO] [stdout]   |                                          ^^^^^^
[INFO] [stdout] 
[INFO] [stdout] 
[INFO] [stdout] warning: unused imports: `Result`, `error::ReadlineError`
[INFO] [stdout]  --> src/cli/editor.rs:2:32
[INFO] [stdout]   |
[INFO] [stdout] 2 | use rustyline::{DefaultEditor, Result, error::ReadlineError};
[INFO] [stdout]   |                                ^^^^^^  ^^^^^^^^^^^^^^^^^^^^
[INFO] [stdout] 
[INFO] [stdout] 
[INFO] [stdout] warning: unused imports: `env::VarError`, `string::FromUtf8Error`
[INFO] [stdout]  --> src/cli/err.rs:1:11
[INFO] [stdout]   |
[INFO] [stdout] 1 | use std::{env::VarError, string::FromUtf8Error};
[INFO] [stdout]   |           ^^^^^^^^^^^^^  ^^^^^^^^^^^^^^^^^^^^^
[INFO] [stdout] 
[INFO] [stdout] 
[INFO] [stdout] warning: unused import: `reqwest::header::InvalidHeaderValue`
[INFO] [stdout]  --> src/cli/err.rs:3:5
[INFO] [stdout]   |
[INFO] [stdout] 3 | use reqwest::header::InvalidHeaderValue;
[INFO] [stdout]   |     ^^^^^^^^^^^^^^^^^^^^^^^^^^^^^^^^^^^
[INFO] [stdout] 
[INFO] [stdout] 
[INFO] [stdout] warning: unused import: `err`
[INFO] [stdout]  --> src/gpt/client.rs:6:70
[INFO] [stdout]   |
[INFO] [stdout] 6 | use crate::gpt::{types::{InboundResponseChunk, InboundChunkPayload}, err};
[INFO] [stdout]   |                                                                      ^^^
[INFO] [stdout] 
[INFO] [stdout] 
[INFO] [stdout] warning: unused imports: `Completion`, `ServerResponse`
[INFO] [stdout]  --> src/gpt/client.rs:8:20
[INFO] [stdout]   |
[INFO] [stdout] 8 | use super::types::{ServerResponse, CompletionRequest, Completion, Message, Role, ResponseChunk, Model, Prompt};
[INFO] [stdout]   |                    ^^^^^^^^^^^^^^                     ^^^^^^^^^^
[INFO] [stdout] 
[INFO] [stdout] 
[INFO] [stdout] warning: function `input_name` is never used
[INFO] [stdout]   --> src/cli/editor.rs:41:8
[INFO] [stdout]    |
[INFO] [stdout] 41 | pub fn input_name() -> String {
[INFO] [stdout]    |        ^^^^^^^^^^
[INFO] [stdout]    |
[INFO] [stdout]    = note: `#[warn(dead_code)]` on by default
[INFO] [stdout] 
[INFO] [stdout] 
[INFO] [stdout] warning: variant `ProfileNotFound` is never constructed
[INFO] [stdout]   --> src/cli/err.rs:10:5
[INFO] [stdout]    |
[INFO] [stdout] 8  | pub enum Error {
[INFO] [stdout]    |          ----- variant in this enum
[INFO] [stdout] 9  |     #[error("Profile name {name} not found")]
[INFO] [stdout] 10 |     ProfileNotFound {
[INFO] [stdout]    |     ^^^^^^^^^^^^^^^
[INFO] [stdout]    |
[INFO] [stdout]    = note: `Error` has a derived impl for the trait `Debug`, but this is intentionally ignored during dead code analysis
[INFO] [stdout] 
[INFO] [stdout] 
[INFO] [stdout] warning: method `to_string` is never used
[INFO] [stdout]    --> src/gpt/types.rs:132:12
[INFO] [stdout]     |
[INFO] [stdout] 131 | impl Completion {
[INFO] [stdout]     | --------------- method in this implementation
[INFO] [stdout] 132 |     pub fn to_string(&self) -> String {
[INFO] [stdout]     |            ^^^^^^^^^
[INFO] [stdout] 
[INFO] [stdout] 
[INFO] [stdout] warning: variants `ParsingError` and `BackendError` are never constructed
[INFO] [stdout]   --> src/gpt/err.rs:17:5
[INFO] [stdout]    |
[INFO] [stdout] 8  | pub enum Error {
[INFO] [stdout]    |          ----- variants in this enum
[INFO] [stdout] ...
[INFO] [stdout] 17 |     ParsingError(String),
[INFO] [stdout]    |     ^^^^^^^^^^^^
[INFO] [stdout] ...
[INFO] [stdout] 31 |     BackendError {
[INFO] [stdout]    |     ^^^^^^^^^^^^
[INFO] [stdout]    |
[INFO] [stdout]    = note: `Error` has a derived impl for the trait `Debug`, but this is intentionally ignored during dead code analysis
[INFO] [stdout] 
[INFO] [stdout] 
[INFO] [stdout] warning: 12 warnings emitted
[INFO] [stdout] 
[INFO] [stdout] 
[INFO] [stderr]     Finished dev [unoptimized + debuginfo] target(s) in 16.84s
[INFO] running `Command { std: "docker" "inspect" "c22f83dfed7acb905622fd9a4600e51213471c5477e2f99607c4dea799d0e72d", kill_on_drop: false }`
[INFO] running `Command { std: "docker" "rm" "-f" "c22f83dfed7acb905622fd9a4600e51213471c5477e2f99607c4dea799d0e72d", kill_on_drop: false }`
[INFO] [stdout] c22f83dfed7acb905622fd9a4600e51213471c5477e2f99607c4dea799d0e72d
[INFO] running `Command { std: "docker" "create" "-v" "/var/lib/crater-agent-workspace/builds/worker-1-tc2/target:/opt/rustwide/target:rw,Z" "-v" "/var/lib/crater-agent-workspace/builds/worker-1-tc2/source:/opt/rustwide/workdir:ro,Z" "-v" "/var/lib/crater-agent-workspace/cargo-home:/opt/rustwide/cargo-home:ro,Z" "-v" "/var/lib/crater-agent-workspace/rustup-home:/opt/rustwide/rustup-home:ro,Z" "-e" "SOURCE_DIR=/opt/rustwide/workdir" "-e" "CARGO_TARGET_DIR=/opt/rustwide/target" "-e" "CARGO_INCREMENTAL=0" "-e" "RUST_BACKTRACE=full" "-e" "RUSTFLAGS=--cap-lints=warn" "-e" "RUSTDOCFLAGS=--cap-lints=warn" "-e" "CARGO_HOME=/opt/rustwide/cargo-home" "-e" "RUSTUP_HOME=/opt/rustwide/rustup-home" "-w" "/opt/rustwide/workdir" "-m" "1610612736" "--user" "0:0" "--network" "none" "ghcr.io/rust-lang/crates-build-env/linux@sha256:2788e3201cd34a07e3172128adcd8b3090168a8e3bcc40d7c032b9dda1df7d1c" "/opt/rustwide/cargo-home/bin/cargo" "+beta-2023-12-22" "test" "--frozen" "--no-run" "--message-format=json", kill_on_drop: false }`
[INFO] [stdout] 2e536f14be97af3de8ba3eb318ffaa5db2cfba4ea356999cddf31fb0b3961d5a
[INFO] running `Command { std: "docker" "start" "-a" "2e536f14be97af3de8ba3eb318ffaa5db2cfba4ea356999cddf31fb0b3961d5a", kill_on_drop: false }`
[INFO] [stderr]    Compiling regex-syntax v0.7.4
[INFO] [stderr]    Compiling aho-corasick v1.0.2
[INFO] [stderr]    Compiling num-traits v0.2.16
[INFO] [stderr]    Compiling predicates-core v1.0.6
[INFO] [stderr]    Compiling doc-comment v0.3.3
[INFO] [stderr]    Compiling either v1.9.0
[INFO] [stderr]    Compiling same-file v1.0.6
[INFO] [stderr]    Compiling thread_local v1.1.7
[INFO] [stderr]    Compiling termtree v0.4.1
[INFO] [stderr]    Compiling normalize-line-endings v0.3.0
[INFO] [stderr]    Compiling difflib v0.4.0
[INFO] [stderr]    Compiling wait-timeout v0.2.0
[INFO] [stdout] warning: unused import: `Subcommand`
[INFO] [stdout]  --> src/main.rs:1:20
[INFO] [stdout]   |
[INFO] [stdout] 1 | use clap::{Parser, Subcommand};
[INFO] [stdout]   |                    ^^^^^^^^^^
[INFO] [stdout]   |
[INFO] [stdout]   = note: `#[warn(unused_imports)]` on by default
[INFO] [stdout] 
[INFO] [stdout] 
[INFO] [stdout] warning: unused import: `self`
[INFO] [stdout]  --> src/main.rs:4:85
[INFO] [stdout]   |
[INFO] [stdout] 4 | use cli::prompt::{new_prompt, switch_prompt, drop_prompt, all_prompts, edit_prompt, self};
[INFO] [stdout]   |                                                                                     ^^^^
[INFO] [stdout] 
[INFO] [stdout] 
[INFO] [stdout] warning: unused import: `Editor`
[INFO] [stdout]  --> src/cli/editor.rs:1:42
[INFO] [stdout]   |
[INFO] [stdout] 1 | use dialoguer::{Select, Password, Input, Editor, };
[INFO] [stdout]   |                                          ^^^^^^
[INFO] [stdout] 
[INFO] [stdout] 
[INFO] [stdout] warning: unused imports: `Result`, `error::ReadlineError`
[INFO] [stdout]  --> src/cli/editor.rs:2:32
[INFO] [stdout]   |
[INFO] [stdout] 2 | use rustyline::{DefaultEditor, Result, error::ReadlineError};
[INFO] [stdout]   |                                ^^^^^^  ^^^^^^^^^^^^^^^^^^^^
[INFO] [stdout] 
[INFO] [stdout] 
[INFO] [stdout] warning: unused imports: `env::VarError`, `string::FromUtf8Error`
[INFO] [stdout]  --> src/cli/err.rs:1:11
[INFO] [stdout]   |
[INFO] [stdout] 1 | use std::{env::VarError, string::FromUtf8Error};
[INFO] [stdout]   |           ^^^^^^^^^^^^^  ^^^^^^^^^^^^^^^^^^^^^
[INFO] [stdout] 
[INFO] [stdout] 
[INFO] [stdout] warning: unused import: `reqwest::header::InvalidHeaderValue`
[INFO] [stdout]  --> src/cli/err.rs:3:5
[INFO] [stdout]   |
[INFO] [stdout] 3 | use reqwest::header::InvalidHeaderValue;
[INFO] [stdout]   |     ^^^^^^^^^^^^^^^^^^^^^^^^^^^^^^^^^^^
[INFO] [stdout] 
[INFO] [stdout] 
[INFO] [stdout] warning: unused import: `err`
[INFO] [stdout]  --> src/gpt/client.rs:6:70
[INFO] [stdout]   |
[INFO] [stdout] 6 | use crate::gpt::{types::{InboundResponseChunk, InboundChunkPayload}, err};
[INFO] [stdout]   |                                                                      ^^^
[INFO] [stdout] 
[INFO] [stdout] 
[INFO] [stdout] warning: unused imports: `Completion`, `ServerResponse`
[INFO] [stdout]  --> src/gpt/client.rs:8:20
[INFO] [stdout]   |
[INFO] [stdout] 8 | use super::types::{ServerResponse, CompletionRequest, Completion, Message, Role, ResponseChunk, Model, Prompt};
[INFO] [stdout]   |                    ^^^^^^^^^^^^^^                     ^^^^^^^^^^
[INFO] [stdout] 
[INFO] [stdout] 
[INFO] [stdout] warning: function `input_name` is never used
[INFO] [stdout]   --> src/cli/editor.rs:41:8
[INFO] [stdout]    |
[INFO] [stdout] 41 | pub fn input_name() -> String {
[INFO] [stdout]    |        ^^^^^^^^^^
[INFO] [stdout]    |
[INFO] [stdout]    = note: `#[warn(dead_code)]` on by default
[INFO] [stdout] 
[INFO] [stdout] 
[INFO] [stdout] warning: variant `ProfileNotFound` is never constructed
[INFO] [stdout]   --> src/cli/err.rs:10:5
[INFO] [stdout]    |
[INFO] [stdout] 8  | pub enum Error {
[INFO] [stdout]    |          ----- variant in this enum
[INFO] [stdout] 9  |     #[error("Profile name {name} not found")]
[INFO] [stdout] 10 |     ProfileNotFound {
[INFO] [stdout]    |     ^^^^^^^^^^^^^^^
[INFO] [stdout]    |
[INFO] [stdout]    = note: `Error` has a derived impl for the trait `Debug`, but this is intentionally ignored during dead code analysis
[INFO] [stdout] 
[INFO] [stdout] 
[INFO] [stdout] warning: method `to_string` is never used
[INFO] [stdout]    --> src/gpt/types.rs:132:12
[INFO] [stdout]     |
[INFO] [stdout] 131 | impl Completion {
[INFO] [stdout]     | --------------- method in this implementation
[INFO] [stdout] 132 |     pub fn to_string(&self) -> String {
[INFO] [stdout]     |            ^^^^^^^^^
[INFO] [stdout] 
[INFO] [stdout] 
[INFO] [stdout] warning: variants `ParsingError` and `BackendError` are never constructed
[INFO] [stdout]   --> src/gpt/err.rs:17:5
[INFO] [stdout]    |
[INFO] [stdout] 8  | pub enum Error {
[INFO] [stdout]    |          ----- variants in this enum
[INFO] [stdout] ...
[INFO] [stdout] 17 |     ParsingError(String),
[INFO] [stdout]    |     ^^^^^^^^^^^^
[INFO] [stdout] ...
[INFO] [stdout] 31 |     BackendError {
[INFO] [stdout]    |     ^^^^^^^^^^^^
[INFO] [stdout]    |
[INFO] [stdout]    = note: `Error` has a derived impl for the trait `Debug`, but this is intentionally ignored during dead code analysis
[INFO] [stdout] 
[INFO] [stdout] 
[INFO] [stdout] warning: 12 warnings emitted
[INFO] [stdout] 
[INFO] [stdout] 
[INFO] [stderr]    Compiling walkdir v2.3.3
[INFO] [stderr]    Compiling predicates-tree v1.0.9
[INFO] [stderr]    Compiling itertools v0.10.5
[INFO] [stderr]    Compiling float-cmp v0.9.0
[INFO] [stderr]    Compiling regex-automata v0.3.3
[INFO] [stderr]    Compiling regex v1.9.1
[INFO] [stderr]    Compiling bstr v1.6.0
[INFO] [stderr]    Compiling predicates v3.0.3
[INFO] [stderr]    Compiling globset v0.4.11
[INFO] [stderr]    Compiling assert_cmd v2.0.12
[INFO] [stderr]    Compiling ignore v0.4.20
[INFO] [stderr]    Compiling globwalk v0.8.1
[INFO] [stderr]    Compiling assert_fs v1.0.13
[INFO] [stderr]    Compiling ask v0.1.0 (/opt/rustwide/workdir)
[INFO] [stdout] warning: unused import: `Subcommand`
[INFO] [stdout]  --> src/main.rs:1:20
[INFO] [stdout]   |
[INFO] [stdout] 1 | use clap::{Parser, Subcommand};
[INFO] [stdout]   |                    ^^^^^^^^^^
[INFO] [stdout]   |
[INFO] [stdout]   = note: `#[warn(unused_imports)]` on by default
[INFO] [stdout] 
[INFO] [stdout] 
[INFO] [stdout] warning: unused import: `self`
[INFO] [stdout]  --> src/main.rs:4:85
[INFO] [stdout]   |
[INFO] [stdout] 4 | use cli::prompt::{new_prompt, switch_prompt, drop_prompt, all_prompts, edit_prompt, self};
[INFO] [stdout]   |                                                                                     ^^^^
[INFO] [stdout] 
[INFO] [stdout] 
[INFO] [stdout] warning: unused import: `Editor`
[INFO] [stdout]  --> src/cli/editor.rs:1:42
[INFO] [stdout]   |
[INFO] [stdout] 1 | use dialoguer::{Select, Password, Input, Editor, };
[INFO] [stdout]   |                                          ^^^^^^
[INFO] [stdout] 
[INFO] [stdout] 
[INFO] [stdout] warning: unused imports: `Result`, `error::ReadlineError`
[INFO] [stdout]  --> src/cli/editor.rs:2:32
[INFO] [stdout]   |
[INFO] [stdout] 2 | use rustyline::{DefaultEditor, Result, error::ReadlineError};
[INFO] [stdout]   |                                ^^^^^^  ^^^^^^^^^^^^^^^^^^^^
[INFO] [stdout] 
[INFO] [stdout] 
[INFO] [stdout] warning: unused imports: `env::VarError`, `string::FromUtf8Error`
[INFO] [stdout]  --> src/cli/err.rs:1:11
[INFO] [stdout]   |
[INFO] [stdout] 1 | use std::{env::VarError, string::FromUtf8Error};
[INFO] [stdout]   |           ^^^^^^^^^^^^^  ^^^^^^^^^^^^^^^^^^^^^
[INFO] [stdout] 
[INFO] [stdout] 
[INFO] [stdout] warning: unused import: `reqwest::header::InvalidHeaderValue`
[INFO] [stdout]  --> src/cli/err.rs:3:5
[INFO] [stdout]   |
[INFO] [stdout] 3 | use reqwest::header::InvalidHeaderValue;
[INFO] [stdout]   |     ^^^^^^^^^^^^^^^^^^^^^^^^^^^^^^^^^^^
[INFO] [stdout] 
[INFO] [stdout] 
[INFO] [stdout] warning: unused import: `err`
[INFO] [stdout]  --> src/gpt/client.rs:6:70
[INFO] [stdout]   |
[INFO] [stdout] 6 | use crate::gpt::{types::{InboundResponseChunk, InboundChunkPayload}, err};
[INFO] [stdout]   |                                                                      ^^^
[INFO] [stdout] 
[INFO] [stdout] 
[INFO] [stdout] warning: unused imports: `Completion`, `ServerResponse`
[INFO] [stdout]  --> src/gpt/client.rs:8:20
[INFO] [stdout]   |
[INFO] [stdout] 8 | use super::types::{ServerResponse, CompletionRequest, Completion, Message, Role, ResponseChunk, Model, Prompt};
[INFO] [stdout]   |                    ^^^^^^^^^^^^^^                     ^^^^^^^^^^
[INFO] [stdout] 
[INFO] [stdout] 
[INFO] [stdout] warning: function `input_name` is never used
[INFO] [stdout]   --> src/cli/editor.rs:41:8
[INFO] [stdout]    |
[INFO] [stdout] 41 | pub fn input_name() -> String {
[INFO] [stdout]    |        ^^^^^^^^^^
[INFO] [stdout]    |
[INFO] [stdout]    = note: `#[warn(dead_code)]` on by default
[INFO] [stdout] 
[INFO] [stdout] 
[INFO] [stdout] warning: variant `ProfileNotFound` is never constructed
[INFO] [stdout]   --> src/cli/err.rs:10:5
[INFO] [stdout]    |
[INFO] [stdout] 8  | pub enum Error {
[INFO] [stdout]    |          ----- variant in this enum
[INFO] [stdout] 9  |     #[error("Profile name {name} not found")]
[INFO] [stdout] 10 |     ProfileNotFound {
[INFO] [stdout]    |     ^^^^^^^^^^^^^^^
[INFO] [stdout]    |
[INFO] [stdout]    = note: `Error` has a derived impl for the trait `Debug`, but this is intentionally ignored during dead code analysis
[INFO] [stdout] 
[INFO] [stdout] 
[INFO] [stdout] warning: method `to_string` is never used
[INFO] [stdout]    --> src/gpt/types.rs:132:12
[INFO] [stdout]     |
[INFO] [stdout] 131 | impl Completion {
[INFO] [stdout]     | --------------- method in this implementation
[INFO] [stdout] 132 |     pub fn to_string(&self) -> String {
[INFO] [stdout]     |            ^^^^^^^^^
[INFO] [stdout] 
[INFO] [stdout] 
[INFO] [stdout] warning: variants `ParsingError` and `BackendError` are never constructed
[INFO] [stdout]   --> src/gpt/err.rs:17:5
[INFO] [stdout]    |
[INFO] [stdout] 8  | pub enum Error {
[INFO] [stdout]    |          ----- variants in this enum
[INFO] [stdout] ...
[INFO] [stdout] 17 |     ParsingError(String),
[INFO] [stdout]    |     ^^^^^^^^^^^^
[INFO] [stdout] ...
[INFO] [stdout] 31 |     BackendError {
[INFO] [stdout]    |     ^^^^^^^^^^^^
[INFO] [stdout]    |
[INFO] [stdout]    = note: `Error` has a derived impl for the trait `Debug`, but this is intentionally ignored during dead code analysis
[INFO] [stdout] 
[INFO] [stdout] 
[INFO] [stdout] warning: 12 warnings emitted
[INFO] [stdout] 
[INFO] [stdout] 
[INFO] [stderr]     Finished test [unoptimized + debuginfo] target(s) in 4.99s
[INFO] running `Command { std: "docker" "inspect" "2e536f14be97af3de8ba3eb318ffaa5db2cfba4ea356999cddf31fb0b3961d5a", kill_on_drop: false }`
[INFO] running `Command { std: "docker" "rm" "-f" "2e536f14be97af3de8ba3eb318ffaa5db2cfba4ea356999cddf31fb0b3961d5a", kill_on_drop: false }`
[INFO] [stdout] 2e536f14be97af3de8ba3eb318ffaa5db2cfba4ea356999cddf31fb0b3961d5a
[INFO] running `Command { std: "docker" "create" "-v" "/var/lib/crater-agent-workspace/builds/worker-1-tc2/target:/opt/rustwide/target:rw,Z" "-v" "/var/lib/crater-agent-workspace/builds/worker-1-tc2/source:/opt/rustwide/workdir:ro,Z" "-v" "/var/lib/crater-agent-workspace/cargo-home:/opt/rustwide/cargo-home:ro,Z" "-v" "/var/lib/crater-agent-workspace/rustup-home:/opt/rustwide/rustup-home:ro,Z" "-e" "SOURCE_DIR=/opt/rustwide/workdir" "-e" "CARGO_TARGET_DIR=/opt/rustwide/target" "-e" "CARGO_INCREMENTAL=0" "-e" "RUST_BACKTRACE=full" "-e" "RUSTFLAGS=--cap-lints=warn" "-e" "RUSTDOCFLAGS=--cap-lints=warn" "-e" "CARGO_HOME=/opt/rustwide/cargo-home" "-e" "RUSTUP_HOME=/opt/rustwide/rustup-home" "-w" "/opt/rustwide/workdir" "-m" "1610612736" "--user" "0:0" "--network" "none" "ghcr.io/rust-lang/crates-build-env/linux@sha256:2788e3201cd34a07e3172128adcd8b3090168a8e3bcc40d7c032b9dda1df7d1c" "/opt/rustwide/cargo-home/bin/cargo" "+beta-2023-12-22" "test" "--frozen", kill_on_drop: false }`
[INFO] [stdout] e02b0622586c24be8f3b4ac3dccab9bf3d5ee9b052329ac0b81b0f29082597c2
[INFO] running `Command { std: "docker" "start" "-a" "e02b0622586c24be8f3b4ac3dccab9bf3d5ee9b052329ac0b81b0f29082597c2", kill_on_drop: false }`
[INFO] [stderr] warning: unused import: `Subcommand`
[INFO] [stderr]  --> src/main.rs:1:20
[INFO] [stderr]   |
[INFO] [stderr] 1 | use clap::{Parser, Subcommand};
[INFO] [stderr]   |                    ^^^^^^^^^^
[INFO] [stderr]   |
[INFO] [stderr]   = note: `#[warn(unused_imports)]` on by default
[INFO] [stderr] 
[INFO] [stderr] warning: unused import: `self`
[INFO] [stderr]  --> src/main.rs:4:85
[INFO] [stderr]   |
[INFO] [stderr] 4 | use cli::prompt::{new_prompt, switch_prompt, drop_prompt, all_prompts, edit_prompt, self};
[INFO] [stderr]   |                                                                                     ^^^^
[INFO] [stderr] 
[INFO] [stderr] warning: unused import: `Editor`
[INFO] [stderr]  --> src/cli/editor.rs:1:42
[INFO] [stderr]   |
[INFO] [stderr] 1 | use dialoguer::{Select, Password, Input, Editor, };
[INFO] [stderr]   |                                          ^^^^^^
[INFO] [stderr] 
[INFO] [stderr] warning: unused imports: `Result`, `error::ReadlineError`
[INFO] [stderr]  --> src/cli/editor.rs:2:32
[INFO] [stderr]   |
[INFO] [stderr] 2 | use rustyline::{DefaultEditor, Result, error::ReadlineError};
[INFO] [stderr]   |                                ^^^^^^  ^^^^^^^^^^^^^^^^^^^^
[INFO] [stderr] 
[INFO] [stderr] warning: unused imports: `env::VarError`, `string::FromUtf8Error`
[INFO] [stderr]  --> src/cli/err.rs:1:11
[INFO] [stderr]   |
[INFO] [stderr] 1 | use std::{env::VarError, string::FromUtf8Error};
[INFO] [stderr]   |           ^^^^^^^^^^^^^  ^^^^^^^^^^^^^^^^^^^^^
[INFO] [stderr] 
[INFO] [stderr] warning: unused import: `reqwest::header::InvalidHeaderValue`
[INFO] [stderr]  --> src/cli/err.rs:3:5
[INFO] [stderr]   |
[INFO] [stderr] 3 | use reqwest::header::InvalidHeaderValue;
[INFO] [stderr]   |     ^^^^^^^^^^^^^^^^^^^^^^^^^^^^^^^^^^^
[INFO] [stderr] 
[INFO] [stderr] warning: unused import: `err`
[INFO] [stderr]  --> src/gpt/client.rs:6:70
[INFO] [stderr]   |
[INFO] [stderr] 6 | use crate::gpt::{types::{InboundResponseChunk, InboundChunkPayload}, err};
[INFO] [stderr]   |                                                                      ^^^
[INFO] [stderr] 
[INFO] [stderr] warning: unused imports: `Completion`, `ServerResponse`
[INFO] [stderr]  --> src/gpt/client.rs:8:20
[INFO] [stderr]   |
[INFO] [stderr] 8 | use super::types::{ServerResponse, CompletionRequest, Completion, Message, Role, ResponseChunk, Model, Prompt};
[INFO] [stderr]   |                    ^^^^^^^^^^^^^^                     ^^^^^^^^^^
[INFO] [stderr] 
[INFO] [stderr] warning: function `input_name` is never used
[INFO] [stderr]   --> src/cli/editor.rs:41:8
[INFO] [stderr]    |
[INFO] [stderr] 41 | pub fn input_name() -> String {
[INFO] [stderr]    |        ^^^^^^^^^^
[INFO] [stderr]    |
[INFO] [stderr]    = note: `#[warn(dead_code)]` on by default
[INFO] [stderr] 
[INFO] [stderr] warning: variant `ProfileNotFound` is never constructed
[INFO] [stderr]   --> src/cli/err.rs:10:5
[INFO] [stderr]    |
[INFO] [stderr] 8  | pub enum Error {
[INFO] [stderr]    |          ----- variant in this enum
[INFO] [stderr] 9  |     #[error("Profile name {name} not found")]
[INFO] [stderr] 10 |     ProfileNotFound {
[INFO] [stderr]    |     ^^^^^^^^^^^^^^^
[INFO] [stderr]    |
[INFO] [stderr]    = note: `Error` has a derived impl for the trait `Debug`, but this is intentionally ignored during dead code analysis
[INFO] [stderr] 
[INFO] [stderr] warning: method `to_string` is never used
[INFO] [stderr]    --> src/gpt/types.rs:132:12
[INFO] [stderr]     |
[INFO] [stderr] 131 | impl Completion {
[INFO] [stderr]     | --------------- method in this implementation
[INFO] [stderr] 132 |     pub fn to_string(&self) -> String {
[INFO] [stderr]     |            ^^^^^^^^^
[INFO] [stderr] 
[INFO] [stderr] warning: variants `ParsingError` and `BackendError` are never constructed
[INFO] [stderr]   --> src/gpt/err.rs:17:5
[INFO] [stderr]    |
[INFO] [stderr] 8  | pub enum Error {
[INFO] [stderr]    |          ----- variants in this enum
[INFO] [stderr] ...
[INFO] [stderr] 17 |     ParsingError(String),
[INFO] [stderr]    |     ^^^^^^^^^^^^
[INFO] [stderr] ...
[INFO] [stderr] 31 |     BackendError {
[INFO] [stderr]    |     ^^^^^^^^^^^^
[INFO] [stderr]    |
[INFO] [stderr]    = note: `Error` has a derived impl for the trait `Debug`, but this is intentionally ignored during dead code analysis
[INFO] [stderr] 
[INFO] [stderr] warning: `ask` (bin "ask") generated 12 warnings (run `cargo fix --bin "ask"` to apply 8 suggestions)
[INFO] [stderr] warning: `ask` (bin "ask" test) generated 12 warnings (12 duplicates)
[INFO] [stderr]     Finished test [unoptimized + debuginfo] target(s) in 0.10s
[INFO] [stderr]      Running unittests src/main.rs (/opt/rustwide/target/debug/deps/ask-6b04952f08019a82)
[INFO] [stdout] 
[INFO] [stdout] running 0 tests
[INFO] [stdout] 
[INFO] [stdout] test result: ok. 0 passed; 0 failed; 0 ignored; 0 measured; 0 filtered out; finished in 0.00s
[INFO] [stdout] 
[INFO] [stderr]      Running tests/cli.rs (/opt/rustwide/target/debug/deps/cli-920871bea420ff0d)
[INFO] [stdout] 
[INFO] [stdout] running 1 test
[INFO] [stdout] test file_doesnt_exist ... FAILED
[INFO] [stdout] 
[INFO] [stdout] failures:
[INFO] [stdout] 
[INFO] [stdout] ---- file_doesnt_exist stdout ----
[INFO] [stdout] thread 'file_doesnt_exist' panicked at /rustc/0e09125c6c3c2fd70d7de961bcf0e51575235fad/library/core/src/ops/function.rs:250:5:
[INFO] [stdout] Unexpected success
[INFO] [stdout] command=`"/opt/rustwide/target/debug/ask" "foobar" "test/file/doesnt/exist"`
[INFO] [stdout] code=0
[INFO] [stdout] stdout="Error loading api key\n"
[INFO] [stdout] stderr=""
[INFO] [stdout] 
[INFO] [stdout] stack backtrace:
[INFO] [stdout]    0:     0x5609ec1ee406 - std::backtrace_rs::backtrace::libunwind::trace::h261606ad26a499c1
[INFO] [stdout]                                at /rustc/0e09125c6c3c2fd70d7de961bcf0e51575235fad/library/std/src/../../backtrace/src/backtrace/libunwind.rs:104:5
[INFO] [stdout]    1:     0x5609ec1ee406 - std::backtrace_rs::backtrace::trace_unsynchronized::hd183f0625477fb28
[INFO] [stdout]                                at /rustc/0e09125c6c3c2fd70d7de961bcf0e51575235fad/library/std/src/../../backtrace/src/backtrace/mod.rs:66:5
[INFO] [stdout]    2:     0x5609ec1ee406 - std::sys_common::backtrace::_print_fmt::hd7f8fef21b4eda67
[INFO] [stdout]                                at /rustc/0e09125c6c3c2fd70d7de961bcf0e51575235fad/library/std/src/sys_common/backtrace.rs:68:5
[INFO] [stdout]    3:     0x5609ec1ee406 - <std::sys_common::backtrace::_print::DisplayBacktrace as core::fmt::Display>::fmt::h623d9b51f2f453f1
[INFO] [stdout]                                at /rustc/0e09125c6c3c2fd70d7de961bcf0e51575235fad/library/std/src/sys_common/backtrace.rs:44:22
[INFO] [stdout]    4:     0x5609ec2180c0 - core::fmt::rt::Argument::fmt::h9f417ac76a86f368
[INFO] [stdout]                                at /rustc/0e09125c6c3c2fd70d7de961bcf0e51575235fad/library/core/src/fmt/rt.rs:142:9
[INFO] [stdout]    5:     0x5609ec2180c0 - core::fmt::write::hc9b6faf4ac2aeff7
[INFO] [stdout]                                at /rustc/0e09125c6c3c2fd70d7de961bcf0e51575235fad/library/core/src/fmt/mod.rs:1120:17
[INFO] [stdout]    6:     0x5609ec1eba7f - std::io::Write::write_fmt::he04625a3a989fec3
[INFO] [stdout]                                at /rustc/0e09125c6c3c2fd70d7de961bcf0e51575235fad/library/std/src/io/mod.rs:1810:15
[INFO] [stdout]    7:     0x5609ec1ee1e4 - std::sys_common::backtrace::_print::hd5d66399c7df88a2
[INFO] [stdout]                                at /rustc/0e09125c6c3c2fd70d7de961bcf0e51575235fad/library/std/src/sys_common/backtrace.rs:47:5
[INFO] [stdout]    8:     0x5609ec1ee1e4 - std::sys_common::backtrace::print::he81ed2da642d37e5
[INFO] [stdout]                                at /rustc/0e09125c6c3c2fd70d7de961bcf0e51575235fad/library/std/src/sys_common/backtrace.rs:34:9
[INFO] [stdout]    9:     0x5609ec1effd7 - std::panicking::default_hook::{{closure}}::h85773f4fa117163d
[INFO] [stdout]   10:     0x5609ec1efcbd - std::panicking::default_hook::h6a1694a91d09b278
[INFO] [stdout]                                at /rustc/0e09125c6c3c2fd70d7de961bcf0e51575235fad/library/std/src/panicking.rs:289:9
[INFO] [stdout]   11:     0x5609ec18d9b7 - <alloc::boxed::Box<F,A> as core::ops::function::Fn<Args>>::call::h616ac37fa3cd6c8f
[INFO] [stdout]                                at /rustc/0e09125c6c3c2fd70d7de961bcf0e51575235fad/library/alloc/src/boxed.rs:2029:9
[INFO] [stdout]   12:     0x5609ec18d9b7 - test::test_main::{{closure}}::h00d84697cefdcbb6
[INFO] [stdout]                                at /rustc/0e09125c6c3c2fd70d7de961bcf0e51575235fad/library/test/src/lib.rs:138:21
[INFO] [stdout]   13:     0x5609ec1f05f6 - <alloc::boxed::Box<F,A> as core::ops::function::Fn<Args>>::call::hcb3fe3b9bb537ba8
[INFO] [stdout]                                at /rustc/0e09125c6c3c2fd70d7de961bcf0e51575235fad/library/alloc/src/boxed.rs:2029:9
[INFO] [stdout]   14:     0x5609ec1f05f6 - std::panicking::rust_panic_with_hook::h0a7ad96e90f7145b
[INFO] [stdout]                                at /rustc/0e09125c6c3c2fd70d7de961bcf0e51575235fad/library/std/src/panicking.rs:783:13
[INFO] [stdout]   15:     0x5609ec1f0342 - std::panicking::begin_panic_handler::{{closure}}::h7919090525c6485e
[INFO] [stdout]                                at /rustc/0e09125c6c3c2fd70d7de961bcf0e51575235fad/library/std/src/panicking.rs:657:13
[INFO] [stdout]   16:     0x5609ec1ee906 - std::sys_common::backtrace::__rust_end_short_backtrace::hf3289479464f7dfe
[INFO] [stdout]                                at /rustc/0e09125c6c3c2fd70d7de961bcf0e51575235fad/library/std/src/sys_common/backtrace.rs:171:18
[INFO] [stdout]   17:     0x5609ec1f00a0 - rust_begin_unwind
[INFO] [stdout]                                at /rustc/0e09125c6c3c2fd70d7de961bcf0e51575235fad/library/std/src/panicking.rs:645:5
[INFO] [stdout]   18:     0x5609ec156125 - core::panicking::panic_fmt::hcc9f77c5c132af55
[INFO] [stdout]                                at /rustc/0e09125c6c3c2fd70d7de961bcf0e51575235fad/library/core/src/panicking.rs:72:14
[INFO] [stdout]   19:     0x5609ec19bd4f - core::panicking::panic_display::h7535c1b4836ce5e0
[INFO] [stdout]                                at /rustc/0e09125c6c3c2fd70d7de961bcf0e51575235fad/library/core/src/panicking.rs:196:5
[INFO] [stdout]   20:     0x5609ec1a00ce - assert_cmd::assert::AssertError::panic::panic_cold_display::hef77ac359333c096
[INFO] [stdout]                                at /rustc/0e09125c6c3c2fd70d7de961bcf0e51575235fad/library/core/src/panic.rs:99:13
[INFO] [stdout]   21:     0x5609ec19fa47 - assert_cmd::assert::AssertError::panic::haa90d7b9cdf85ca6
[INFO] [stdout]                                at /opt/rustwide/cargo-home/registry/src/index.crates.io-6f17d22bba15001f/assert_cmd-2.0.12/src/assert.rs:1033:9
[INFO] [stdout]   22:     0x5609ec198127 - core::ops::function::FnOnce::call_once::h63c32be4b241fd14
[INFO] [stdout]                                at /rustc/0e09125c6c3c2fd70d7de961bcf0e51575235fad/library/core/src/ops/function.rs:250:5
[INFO] [stdout]   23:     0x5609ec19973f - core::result::Result<T,E>::unwrap_or_else::h35841d19a43c7081
[INFO] [stdout]                                at /rustc/0e09125c6c3c2fd70d7de961bcf0e51575235fad/library/core/src/result.rs:1426:23
[INFO] [stdout]   24:     0x5609ec19f106 - assert_cmd::assert::Assert::failure::hc67b98440c31eee9
[INFO] [stdout]                                at /opt/rustwide/cargo-home/registry/src/index.crates.io-6f17d22bba15001f/assert_cmd-2.0.12/src/assert.rs:187:9
[INFO] [stdout]   25:     0x5609ec158f67 - cli::file_doesnt_exist::h8459fcec39af50de
[INFO] [stdout]                                at /opt/rustwide/workdir/tests/cli.rs:10:5
[INFO] [stdout]   26:     0x5609ec158dd7 - cli::file_doesnt_exist::{{closure}}::h105433d0ce99af0d
[INFO] [stdout]                                at /opt/rustwide/workdir/tests/cli.rs:6:27
[INFO] [stdout]   27:     0x5609ec157ae6 - core::ops::function::FnOnce::call_once::h5122bea740401120
[INFO] [stdout]                                at /rustc/0e09125c6c3c2fd70d7de961bcf0e51575235fad/library/core/src/ops/function.rs:250:5
[INFO] [stdout]   28:     0x5609ec19328f - core::ops::function::FnOnce::call_once::hd64d26f405258157
[INFO] [stdout]                                at /rustc/0e09125c6c3c2fd70d7de961bcf0e51575235fad/library/core/src/ops/function.rs:250:5
[INFO] [stdout]   29:     0x5609ec19328f - test::__rust_begin_short_backtrace::he21b0b7a6d731bf9
[INFO] [stdout]                                at /rustc/0e09125c6c3c2fd70d7de961bcf0e51575235fad/library/test/src/lib.rs:627:18
[INFO] [stdout]   30:     0x5609ec192011 - test::run_test_in_process::{{closure}}::hf5c73986d7bdfde2
[INFO] [stdout]                                at /rustc/0e09125c6c3c2fd70d7de961bcf0e51575235fad/library/test/src/lib.rs:650:60
[INFO] [stdout]   31:     0x5609ec192011 - <core::panic::unwind_safe::AssertUnwindSafe<F> as core::ops::function::FnOnce<()>>::call_once::h330011ad032aadc0
[INFO] [stdout]                                at /rustc/0e09125c6c3c2fd70d7de961bcf0e51575235fad/library/core/src/panic/unwind_safe.rs:272:9
[INFO] [stdout]   32:     0x5609ec192011 - std::panicking::try::do_call::he61b0a958b795a41
[INFO] [stdout]                                at /rustc/0e09125c6c3c2fd70d7de961bcf0e51575235fad/library/std/src/panicking.rs:552:40
[INFO] [stdout]   33:     0x5609ec192011 - std::panicking::try::h7309da130f906eb7
[INFO] [stdout]                                at /rustc/0e09125c6c3c2fd70d7de961bcf0e51575235fad/library/std/src/panicking.rs:516:19
[INFO] [stdout]   34:     0x5609ec192011 - std::panic::catch_unwind::hc5c3a06fdaf0a92a
[INFO] [stdout]                                at /rustc/0e09125c6c3c2fd70d7de961bcf0e51575235fad/library/std/src/panic.rs:142:14
[INFO] [stdout]   35:     0x5609ec192011 - test::run_test_in_process::h7e7b7c71c3324e0f
[INFO] [stdout]                                at /rustc/0e09125c6c3c2fd70d7de961bcf0e51575235fad/library/test/src/lib.rs:650:27
[INFO] [stdout]   36:     0x5609ec192011 - test::run_test::{{closure}}::h1f509f28f5cf20b1
[INFO] [stdout]                                at /rustc/0e09125c6c3c2fd70d7de961bcf0e51575235fad/library/test/src/lib.rs:573:43
[INFO] [stdout]   37:     0x5609ec159346 - test::run_test::{{closure}}::h1754218abf443f6d
[INFO] [stdout]                                at /rustc/0e09125c6c3c2fd70d7de961bcf0e51575235fad/library/test/src/lib.rs:601:41
[INFO] [stdout]   38:     0x5609ec159346 - std::sys_common::backtrace::__rust_begin_short_backtrace::h2ee174b9d5954948
[INFO] [stdout]                                at /rustc/0e09125c6c3c2fd70d7de961bcf0e51575235fad/library/std/src/sys_common/backtrace.rs:155:18
[INFO] [stdout]   39:     0x5609ec15e3a7 - std::thread::Builder::spawn_unchecked_::{{closure}}::{{closure}}::hf60bee9c1a17ef09
[INFO] [stdout]                                at /rustc/0e09125c6c3c2fd70d7de961bcf0e51575235fad/library/std/src/thread/mod.rs:529:17
[INFO] [stdout]   40:     0x5609ec15e3a7 - <core::panic::unwind_safe::AssertUnwindSafe<F> as core::ops::function::FnOnce<()>>::call_once::h33d0dddec5216160
[INFO] [stdout]                                at /rustc/0e09125c6c3c2fd70d7de961bcf0e51575235fad/library/core/src/panic/unwind_safe.rs:272:9
[INFO] [stdout]   41:     0x5609ec15e3a7 - std::panicking::try::do_call::h144b3048b546f835
[INFO] [stdout]                                at /rustc/0e09125c6c3c2fd70d7de961bcf0e51575235fad/library/std/src/panicking.rs:552:40
[INFO] [stdout]   42:     0x5609ec15e3a7 - std::panicking::try::h978244d04646189f
[INFO] [stdout]                                at /rustc/0e09125c6c3c2fd70d7de961bcf0e51575235fad/library/std/src/panicking.rs:516:19
[INFO] [stdout]   43:     0x5609ec15e3a7 - std::panic::catch_unwind::hdf436369d188fe86
[INFO] [stdout]                                at /rustc/0e09125c6c3c2fd70d7de961bcf0e51575235fad/library/std/src/panic.rs:142:14
[INFO] [stdout]   44:     0x5609ec15e3a7 - std::thread::Builder::spawn_unchecked_::{{closure}}::h87329cbdd33c79ec
[INFO] [stdout]                                at /rustc/0e09125c6c3c2fd70d7de961bcf0e51575235fad/library/std/src/thread/mod.rs:528:30
[INFO] [stdout]   45:     0x5609ec15e3a7 - core::ops::function::FnOnce::call_once{{vtable.shim}}::h401abbe67897d450
[INFO] [stdout]                                at /rustc/0e09125c6c3c2fd70d7de961bcf0e51575235fad/library/core/src/ops/function.rs:250:5
[INFO] [stdout]   46:     0x5609ec1f5a35 - <alloc::boxed::Box<F,A> as core::ops::function::FnOnce<Args>>::call_once::h5d7c8f150ab9c84c
[INFO] [stdout]                                at /rustc/0e09125c6c3c2fd70d7de961bcf0e51575235fad/library/alloc/src/boxed.rs:2015:9
[INFO] [stdout]   47:     0x5609ec1f5a35 - <alloc::boxed::Box<F,A> as core::ops::function::FnOnce<Args>>::call_once::h570d5b005c242c15
[INFO] [stdout]                                at /rustc/0e09125c6c3c2fd70d7de961bcf0e51575235fad/library/alloc/src/boxed.rs:2015:9
[INFO] [stdout]   48:     0x5609ec1f5a35 - std::sys::unix::thread::Thread::new::thread_start::h36b0a20c0b2361ad
[INFO] [stdout]                                at /rustc/0e09125c6c3c2fd70d7de961bcf0e51575235fad/library/std/src/sys/unix/thread.rs:108:17
[INFO] [stdout]   49:     0x7f196e213ac3 - <unknown>
[INFO] [stdout]   50:     0x7f196e2a4bf4 - __clone
[INFO] [stdout]   51:                0x0 - <unknown>
[INFO] [stdout] 
[INFO] [stdout] 
[INFO] [stdout] failures:
[INFO] [stdout]     file_doesnt_exist
[INFO] [stdout] 
[INFO] [stdout] test result: FAILED. 0 passed; 1 failed; 0 ignored; 0 measured; 0 filtered out; finished in 0.03s
[INFO] [stdout] 
[INFO] [stderr] error: test failed, to rerun pass `--test cli`
[INFO] running `Command { std: "docker" "inspect" "e02b0622586c24be8f3b4ac3dccab9bf3d5ee9b052329ac0b81b0f29082597c2", kill_on_drop: false }`
[INFO] running `Command { std: "docker" "rm" "-f" "e02b0622586c24be8f3b4ac3dccab9bf3d5ee9b052329ac0b81b0f29082597c2", kill_on_drop: false }`
[INFO] [stdout] e02b0622586c24be8f3b4ac3dccab9bf3d5ee9b052329ac0b81b0f29082597c2
