[INFO] cloning repository https://github.com/ryansch/elvui-manager
[INFO] running `Command { std: "git" "-c" "credential.helper=" "-c" "credential.helper=/workspace/cargo-home/bin/git-credential-null" "clone" "--bare" "https://github.com/ryansch/elvui-manager" "/workspace/cache/git-repos/https%3A%2F%2Fgithub.com%2Fryansch%2Felvui-manager", kill_on_drop: false }`
[INFO] [stderr] Cloning into bare repository '/workspace/cache/git-repos/https%3A%2F%2Fgithub.com%2Fryansch%2Felvui-manager'...
[INFO] running `Command { std: "git" "rev-parse" "HEAD", kill_on_drop: false }`
[INFO] [stdout] b7cd2f452740118955f1bb74d7355b7ca4f4628e
[INFO] testing ryansch/elvui-manager against 1.75.0 for beta-1.76-1
[INFO] running `Command { std: "git" "clone" "/workspace/cache/git-repos/https%3A%2F%2Fgithub.com%2Fryansch%2Felvui-manager" "/workspace/builds/worker-2-tc1/source", kill_on_drop: false }`
[INFO] [stderr] Cloning into '/workspace/builds/worker-2-tc1/source'...
[INFO] [stderr] done.
[INFO] validating manifest of git repo https://github.com/ryansch/elvui-manager on toolchain 1.75.0
[INFO] running `Command { std: CARGO_HOME="/workspace/cargo-home" RUSTUP_HOME="/workspace/rustup-home" "/workspace/cargo-home/bin/cargo" "+1.75.0" "metadata" "--manifest-path" "Cargo.toml" "--no-deps", kill_on_drop: false }`
[INFO] started tweaking git repo https://github.com/ryansch/elvui-manager
[INFO] finished tweaking git repo https://github.com/ryansch/elvui-manager
[INFO] tweaked toml for git repo https://github.com/ryansch/elvui-manager written to /workspace/builds/worker-2-tc1/source/Cargo.toml
[INFO] crate git repo https://github.com/ryansch/elvui-manager already has a lockfile, it will not be regenerated
[INFO] running `Command { std: CARGO_HOME="/workspace/cargo-home" RUSTUP_HOME="/workspace/rustup-home" "/workspace/cargo-home/bin/cargo" "+1.75.0" "fetch" "--manifest-path" "Cargo.toml", kill_on_drop: false }`
[INFO] running `Command { std: "docker" "create" "-v" "/var/lib/crater-agent-workspace/builds/worker-2-tc1/target:/opt/rustwide/target:rw,Z" "-v" "/var/lib/crater-agent-workspace/builds/worker-2-tc1/source:/opt/rustwide/workdir:ro,Z" "-v" "/var/lib/crater-agent-workspace/cargo-home:/opt/rustwide/cargo-home:ro,Z" "-v" "/var/lib/crater-agent-workspace/rustup-home:/opt/rustwide/rustup-home:ro,Z" "-e" "SOURCE_DIR=/opt/rustwide/workdir" "-e" "CARGO_TARGET_DIR=/opt/rustwide/target" "-e" "CARGO_HOME=/opt/rustwide/cargo-home" "-e" "RUSTUP_HOME=/opt/rustwide/rustup-home" "-w" "/opt/rustwide/workdir" "-m" "1610612736" "--user" "0:0" "--network" "none" "ghcr.io/rust-lang/crates-build-env/linux@sha256:2788e3201cd34a07e3172128adcd8b3090168a8e3bcc40d7c032b9dda1df7d1c" "/opt/rustwide/cargo-home/bin/cargo" "+1.75.0" "metadata" "--no-deps" "--format-version=1", kill_on_drop: false }`
[INFO] [stdout] fce71206cd3d3e00f5df018c4ee6b8b7b70c2883258cf3bc8cc69e2f3d0f0f8b
[INFO] running `Command { std: "docker" "start" "-a" "fce71206cd3d3e00f5df018c4ee6b8b7b70c2883258cf3bc8cc69e2f3d0f0f8b", kill_on_drop: false }`
[INFO] running `Command { std: "docker" "inspect" "fce71206cd3d3e00f5df018c4ee6b8b7b70c2883258cf3bc8cc69e2f3d0f0f8b", kill_on_drop: false }`
[INFO] running `Command { std: "docker" "rm" "-f" "fce71206cd3d3e00f5df018c4ee6b8b7b70c2883258cf3bc8cc69e2f3d0f0f8b", kill_on_drop: false }`
[INFO] [stdout] fce71206cd3d3e00f5df018c4ee6b8b7b70c2883258cf3bc8cc69e2f3d0f0f8b
[INFO] running `Command { std: "docker" "create" "-v" "/var/lib/crater-agent-workspace/builds/worker-2-tc1/target:/opt/rustwide/target:rw,Z" "-v" "/var/lib/crater-agent-workspace/builds/worker-2-tc1/source:/opt/rustwide/workdir:ro,Z" "-v" "/var/lib/crater-agent-workspace/cargo-home:/opt/rustwide/cargo-home:ro,Z" "-v" "/var/lib/crater-agent-workspace/rustup-home:/opt/rustwide/rustup-home:ro,Z" "-e" "SOURCE_DIR=/opt/rustwide/workdir" "-e" "CARGO_TARGET_DIR=/opt/rustwide/target" "-e" "CARGO_INCREMENTAL=0" "-e" "RUST_BACKTRACE=full" "-e" "RUSTFLAGS=--cap-lints=warn" "-e" "RUSTDOCFLAGS=--cap-lints=warn" "-e" "CARGO_HOME=/opt/rustwide/cargo-home" "-e" "RUSTUP_HOME=/opt/rustwide/rustup-home" "-w" "/opt/rustwide/workdir" "-m" "1610612736" "--user" "0:0" "--network" "none" "ghcr.io/rust-lang/crates-build-env/linux@sha256:2788e3201cd34a07e3172128adcd8b3090168a8e3bcc40d7c032b9dda1df7d1c" "/opt/rustwide/cargo-home/bin/cargo" "+1.75.0" "build" "--frozen" "--message-format=json", kill_on_drop: false }`
[INFO] [stdout] f3e23d46716c515203fe801dcff865a2e5c4c2cd047deb87f6029395a3a87797
[INFO] running `Command { std: "docker" "start" "-a" "f3e23d46716c515203fe801dcff865a2e5c4c2cd047deb87f6029395a3a87797", kill_on_drop: false }`
[INFO] [stderr]    Compiling libc v0.2.145
[INFO] [stderr]    Compiling proc-macro2 v1.0.59
[INFO] [stderr]    Compiling unicode-ident v1.0.9
[INFO] [stderr]    Compiling quote v1.0.28
[INFO] [stderr]    Compiling autocfg v1.1.0
[INFO] [stderr]    Compiling cc v1.0.79
[INFO] [stderr]    Compiling pkg-config v0.3.27
[INFO] [stderr]    Compiling cfg-if v1.0.0
[INFO] [stderr]    Compiling once_cell v1.18.0
[INFO] [stderr]    Compiling pin-project-lite v0.2.9
[INFO] [stderr]    Compiling memchr v2.5.0
[INFO] [stderr]    Compiling futures-core v0.3.28
[INFO] [stderr]    Compiling bytes v1.4.0
[INFO] [stderr]    Compiling log v0.4.18
[INFO] [stderr]    Compiling itoa v1.0.6
[INFO] [stderr]    Compiling version_check v0.9.4
[INFO] [stderr]    Compiling bitflags v1.3.2
[INFO] [stderr]    Compiling futures-task v0.3.28
[INFO] [stderr]    Compiling foreign-types-shared v0.1.1
[INFO] [stderr]    Compiling futures-util v0.3.28
[INFO] [stderr]    Compiling fnv v1.0.7
[INFO] [stderr]    Compiling hashbrown v0.12.3
[INFO] [stderr]    Compiling tracing-core v0.1.31
[INFO] [stderr]    Compiling openssl v0.10.54
[INFO] [stderr]    Compiling foreign-types v0.3.2
[INFO] [stderr]    Compiling syn v1.0.109
[INFO] [stderr]    Compiling proc-macro-error-attr v1.0.4
[INFO] [stderr]    Compiling tokio v1.28.2
[INFO] [stderr]    Compiling indexmap v1.9.3
[INFO] [stderr]    Compiling slab v0.4.8
[INFO] [stderr]    Compiling http v0.2.9
[INFO] [stderr]    Compiling futures-channel v0.3.28
[INFO] [stderr]    Compiling httparse v1.8.0
[INFO] [stderr]    Compiling tracing v0.1.37
[INFO] [stderr]    Compiling tinyvec_macros v0.1.1
[INFO] [stderr]    Compiling futures-io v0.3.28
[INFO] [stderr]    Compiling pin-utils v0.1.0
[INFO] [stderr]    Compiling native-tls v0.2.11
[INFO] [stderr]    Compiling serde v1.0.163
[INFO] [stderr]    Compiling futures-sink v0.3.28
[INFO] [stderr]    Compiling tinyvec v1.6.0
[INFO] [stderr]    Compiling proc-macro-error v1.0.4
[INFO] [stderr]    Compiling io-lifetimes v1.0.11
[INFO] [stderr]    Compiling try-lock v0.2.4
[INFO] [stderr]    Compiling percent-encoding v2.3.0
[INFO] [stderr]    Compiling crc32fast v1.3.2
[INFO] [stderr]    Compiling syn v2.0.18
[INFO] [stderr]    Compiling openssl-probe v0.1.5
[INFO] [stderr]    Compiling form_urlencoded v1.2.0
[INFO] [stderr]    Compiling want v0.3.0
[INFO] [stderr]    Compiling httpdate v1.0.2
[INFO] [stderr]    Compiling tower-service v0.3.2
[INFO] [stderr]    Compiling thiserror v1.0.40
[INFO] [stderr]    Compiling ryu v1.0.13
[INFO] [stderr]    Compiling unicode-bidi v0.3.13
[INFO] [stderr]    Compiling http-body v0.4.5
[INFO] [stderr]    Compiling rustix v0.37.19
[INFO] [stderr]    Compiling openssl-sys v0.9.88
[INFO] [stderr]    Compiling bzip2-sys v0.1.11+1.0.8
[INFO] [stderr]    Compiling adler v1.0.2
[INFO] [stderr]    Compiling serde_json v1.0.96
[INFO] [stderr]    Compiling unicode-normalization v0.1.22
[INFO] [stderr]    Compiling miniz_oxide v0.7.1
[INFO] [stderr]    Compiling aho-corasick v1.0.2
[INFO] [stderr]    Compiling termcolor v1.2.0
[INFO] [stderr]    Compiling anyhow v1.0.71
[INFO] [stderr]    Compiling heck v0.4.1
[INFO] [stderr]    Compiling linux-raw-sys v0.3.8
[INFO] [stderr]    Compiling num_cpus v1.15.0
[INFO] [stderr]    Compiling mio v0.8.8
[INFO] [stderr]    Compiling socket2 v0.4.9
[INFO] [stderr]    Compiling atty v0.2.14
[INFO] [stderr]    Compiling idna v0.4.0
[INFO] [stderr]    Compiling regex-syntax v0.7.2
[INFO] [stderr]    Compiling os_str_bytes v6.5.0
[INFO] [stderr]    Compiling flate2 v1.0.26
[INFO] [stderr]    Compiling time v0.1.45
[INFO] [stderr]    Compiling clap_lex v0.2.4
[INFO] [stderr]    Compiling encoding_rs v0.8.32
[INFO] [stderr]    Compiling url v2.4.0
[INFO] [stderr]    Compiling mime v0.3.17
[INFO] [stderr]    Compiling textwrap v0.16.0
[INFO] [stderr]    Compiling bzip2 v0.4.4
[INFO] [stderr]    Compiling strsim v0.10.0
[INFO] [stderr]    Compiling fastrand v1.9.0
[INFO] [stderr]    Compiling ipnet v2.7.2
[INFO] [stderr]    Compiling humantime v2.1.0
[INFO] [stderr]    Compiling base64 v0.21.2
[INFO] [stderr]    Compiling byteorder v1.4.3
[INFO] [stderr]    Compiling version-compare v0.1.1
[INFO] [stderr]    Compiling regex v1.8.3
[INFO] [stderr]    Compiling tempfile v3.5.0
[INFO] [stderr]    Compiling openssl-macros v0.1.1
[INFO] [stderr]    Compiling serde_derive v1.0.163
[INFO] [stderr]    Compiling thiserror-impl v1.0.40
[INFO] [stderr]    Compiling clap_derive v3.2.25
[INFO] [stderr]    Compiling env_logger v0.8.4
[INFO] [stderr]    Compiling zip v0.5.13
[INFO] [stderr]    Compiling tokio-util v0.7.8
[INFO] [stderr]    Compiling h2 v0.3.19
[INFO] [stderr]    Compiling clap v3.2.25
[INFO] [stderr]    Compiling tokio-native-tls v0.3.1
[INFO] [stderr]    Compiling hyper v0.14.26
[INFO] [stderr]    Compiling serde_urlencoded v0.7.1
[INFO] [stderr]    Compiling hyper-tls v0.5.0
[INFO] [stderr]    Compiling reqwest v0.11.18
[INFO] [stderr]    Compiling elvui-manager v0.1.0 (/opt/rustwide/workdir)
[INFO] [stderr]     Finished dev [unoptimized + debuginfo] target(s) in 16.52s
[INFO] running `Command { std: "docker" "inspect" "f3e23d46716c515203fe801dcff865a2e5c4c2cd047deb87f6029395a3a87797", kill_on_drop: false }`
[INFO] running `Command { std: "docker" "rm" "-f" "f3e23d46716c515203fe801dcff865a2e5c4c2cd047deb87f6029395a3a87797", kill_on_drop: false }`
[INFO] [stdout] f3e23d46716c515203fe801dcff865a2e5c4c2cd047deb87f6029395a3a87797
[INFO] running `Command { std: "docker" "create" "-v" "/var/lib/crater-agent-workspace/builds/worker-2-tc1/target:/opt/rustwide/target:rw,Z" "-v" "/var/lib/crater-agent-workspace/builds/worker-2-tc1/source:/opt/rustwide/workdir:ro,Z" "-v" "/var/lib/crater-agent-workspace/cargo-home:/opt/rustwide/cargo-home:ro,Z" "-v" "/var/lib/crater-agent-workspace/rustup-home:/opt/rustwide/rustup-home:ro,Z" "-e" "SOURCE_DIR=/opt/rustwide/workdir" "-e" "CARGO_TARGET_DIR=/opt/rustwide/target" "-e" "CARGO_INCREMENTAL=0" "-e" "RUST_BACKTRACE=full" "-e" "RUSTFLAGS=--cap-lints=warn" "-e" "RUSTDOCFLAGS=--cap-lints=warn" "-e" "CARGO_HOME=/opt/rustwide/cargo-home" "-e" "RUSTUP_HOME=/opt/rustwide/rustup-home" "-w" "/opt/rustwide/workdir" "-m" "1610612736" "--user" "0:0" "--network" "none" "ghcr.io/rust-lang/crates-build-env/linux@sha256:2788e3201cd34a07e3172128adcd8b3090168a8e3bcc40d7c032b9dda1df7d1c" "/opt/rustwide/cargo-home/bin/cargo" "+1.75.0" "test" "--frozen" "--no-run" "--message-format=json", kill_on_drop: false }`
[INFO] [stdout] db01df1ec56b47759f34ec9f5705b903aae9195a45cb2722ee4607121d6b4ee3
[INFO] running `Command { std: "docker" "start" "-a" "db01df1ec56b47759f34ec9f5705b903aae9195a45cb2722ee4607121d6b4ee3", kill_on_drop: false }`
[INFO] [stderr]    Compiling elvui-manager v0.1.0 (/opt/rustwide/workdir)
[INFO] [stderr]     Finished test [unoptimized + debuginfo] target(s) in 2.32s
[INFO] running `Command { std: "docker" "inspect" "db01df1ec56b47759f34ec9f5705b903aae9195a45cb2722ee4607121d6b4ee3", kill_on_drop: false }`
[INFO] running `Command { std: "docker" "rm" "-f" "db01df1ec56b47759f34ec9f5705b903aae9195a45cb2722ee4607121d6b4ee3", kill_on_drop: false }`
[INFO] [stdout] db01df1ec56b47759f34ec9f5705b903aae9195a45cb2722ee4607121d6b4ee3
[INFO] running `Command { std: "docker" "create" "-v" "/var/lib/crater-agent-workspace/builds/worker-2-tc1/target:/opt/rustwide/target:rw,Z" "-v" "/var/lib/crater-agent-workspace/builds/worker-2-tc1/source:/opt/rustwide/workdir:ro,Z" "-v" "/var/lib/crater-agent-workspace/cargo-home:/opt/rustwide/cargo-home:ro,Z" "-v" "/var/lib/crater-agent-workspace/rustup-home:/opt/rustwide/rustup-home:ro,Z" "-e" "SOURCE_DIR=/opt/rustwide/workdir" "-e" "CARGO_TARGET_DIR=/opt/rustwide/target" "-e" "CARGO_INCREMENTAL=0" "-e" "RUST_BACKTRACE=full" "-e" "RUSTFLAGS=--cap-lints=warn" "-e" "RUSTDOCFLAGS=--cap-lints=warn" "-e" "CARGO_HOME=/opt/rustwide/cargo-home" "-e" "RUSTUP_HOME=/opt/rustwide/rustup-home" "-w" "/opt/rustwide/workdir" "-m" "1610612736" "--user" "0:0" "--network" "none" "ghcr.io/rust-lang/crates-build-env/linux@sha256:2788e3201cd34a07e3172128adcd8b3090168a8e3bcc40d7c032b9dda1df7d1c" "/opt/rustwide/cargo-home/bin/cargo" "+1.75.0" "test" "--frozen", kill_on_drop: false }`
[INFO] [stdout] 57d0097bcb8a12307de7154c30d0376a2c61221fcb0de15fee1d6f9208a3c047
[INFO] running `Command { std: "docker" "start" "-a" "57d0097bcb8a12307de7154c30d0376a2c61221fcb0de15fee1d6f9208a3c047", kill_on_drop: false }`
[INFO] [stderr]     Finished test [unoptimized + debuginfo] target(s) in 0.07s
[INFO] [stderr]      Running unittests src/main.rs (/opt/rustwide/target/debug/deps/elvui_manager-295f29cd41556b12)
[INFO] [stdout] 
[INFO] [stdout] running 5 tests
[INFO] [stdout] test tests::latest_version_404 ... ignored
[INFO] [stdout] test tests::latest_version_bad_version ... ignored
[INFO] [stdout] test tests::latest_version_no_bold_div ... ignored
[INFO] [stdout] test tests::latest_version_no_version_div ... ignored
[INFO] [stdout] test tests::check_metadata ... FAILED
[INFO] [stdout] 
[INFO] [stdout] failures:
[INFO] [stdout] 
[INFO] [stdout] ---- tests::check_metadata stdout ----
[INFO] [stdout] thread 'tests::check_metadata' panicked at src/main.rs:170:9:
[INFO] [stdout] assertion failed: result.is_ok()
[INFO] [stdout] stack backtrace:
[INFO] [stdout]    0:     0x558b5e358a7c - std::backtrace_rs::backtrace::libunwind::trace::ha637c64ce894333a
[INFO] [stdout]                                at /rustc/82e1608dfa6e0b5569232559e3d385fea5a93112/library/std/src/../../backtrace/src/backtrace/libunwind.rs:104:5
[INFO] [stdout]    1:     0x558b5e358a7c - std::backtrace_rs::backtrace::trace_unsynchronized::h47f62dea28e0c88d
[INFO] [stdout]                                at /rustc/82e1608dfa6e0b5569232559e3d385fea5a93112/library/std/src/../../backtrace/src/backtrace/mod.rs:66:5
[INFO] [stdout]    2:     0x558b5e358a7c - std::sys_common::backtrace::_print_fmt::h9eef0abe20ede486
[INFO] [stdout]                                at /rustc/82e1608dfa6e0b5569232559e3d385fea5a93112/library/std/src/sys_common/backtrace.rs:67:5
[INFO] [stdout]    3:     0x558b5e358a7c - <std::sys_common::backtrace::_print::DisplayBacktrace as core::fmt::Display>::fmt::hed7f999df88cc644
[INFO] [stdout]                                at /rustc/82e1608dfa6e0b5569232559e3d385fea5a93112/library/std/src/sys_common/backtrace.rs:44:22
[INFO] [stdout]    4:     0x558b5e385a30 - core::fmt::rt::Argument::fmt::h1539a9308b8d058d
[INFO] [stdout]                                at /rustc/82e1608dfa6e0b5569232559e3d385fea5a93112/library/core/src/fmt/rt.rs:142:9
[INFO] [stdout]    5:     0x558b5e385a30 - core::fmt::write::h3a39390d8560d9c9
[INFO] [stdout]                                at /rustc/82e1608dfa6e0b5569232559e3d385fea5a93112/library/core/src/fmt/mod.rs:1120:17
[INFO] [stdout]    6:     0x558b5e355a0f - std::io::Write::write_fmt::h040b369f3a0f9cbc
[INFO] [stdout]                                at /rustc/82e1608dfa6e0b5569232559e3d385fea5a93112/library/std/src/io/mod.rs:1762:15
[INFO] [stdout]    7:     0x558b5e358864 - std::sys_common::backtrace::_print::h894006fb5c6f3d45
[INFO] [stdout]                                at /rustc/82e1608dfa6e0b5569232559e3d385fea5a93112/library/std/src/sys_common/backtrace.rs:47:5
[INFO] [stdout]    8:     0x558b5e358864 - std::sys_common::backtrace::print::h23a2d212c6fff936
[INFO] [stdout]                                at /rustc/82e1608dfa6e0b5569232559e3d385fea5a93112/library/std/src/sys_common/backtrace.rs:34:9
[INFO] [stdout]    9:     0x558b5e35a527 - std::panicking::default_hook::{{closure}}::h8a1d2ee00185001a
[INFO] [stdout]   10:     0x558b5e35a213 - std::panicking::default_hook::h6038f2eba384e475
[INFO] [stdout]                                at /rustc/82e1608dfa6e0b5569232559e3d385fea5a93112/library/std/src/panicking.rs:289:9
[INFO] [stdout]   11:     0x558b5e31e4f7 - <alloc::boxed::Box<F,A> as core::ops::function::Fn<Args>>::call::h0ad024c9bdc6d768
[INFO] [stdout]                                at /rustc/82e1608dfa6e0b5569232559e3d385fea5a93112/library/alloc/src/boxed.rs:2021:9
[INFO] [stdout]   12:     0x558b5e31e4f7 - test::test_main::{{closure}}::h7500b54257359db6
[INFO] [stdout]                                at /rustc/82e1608dfa6e0b5569232559e3d385fea5a93112/library/test/src/lib.rs:138:21
[INFO] [stdout]   13:     0x558b5e35ab38 - <alloc::boxed::Box<F,A> as core::ops::function::Fn<Args>>::call::h1f8f335eaa9cfaee
[INFO] [stdout]                                at /rustc/82e1608dfa6e0b5569232559e3d385fea5a93112/library/alloc/src/boxed.rs:2021:9
[INFO] [stdout]   14:     0x558b5e35ab38 - std::panicking::rust_panic_with_hook::h2b5517d590cab22e
[INFO] [stdout]                                at /rustc/82e1608dfa6e0b5569232559e3d385fea5a93112/library/std/src/panicking.rs:783:13
[INFO] [stdout]   15:     0x558b5e35a859 - std::panicking::begin_panic_handler::{{closure}}::h233112c06e0ef43e
[INFO] [stdout]                                at /rustc/82e1608dfa6e0b5569232559e3d385fea5a93112/library/std/src/panicking.rs:649:13
[INFO] [stdout]   16:     0x558b5e358f46 - std::sys_common::backtrace::__rust_end_short_backtrace::h6e893f24d7ebbff8
[INFO] [stdout]                                at /rustc/82e1608dfa6e0b5569232559e3d385fea5a93112/library/std/src/sys_common/backtrace.rs:170:18
[INFO] [stdout]   17:     0x558b5e35a5f2 - rust_begin_unwind
[INFO] [stdout]                                at /rustc/82e1608dfa6e0b5569232559e3d385fea5a93112/library/std/src/panicking.rs:645:5
[INFO] [stdout]   18:     0x558b5ded4605 - core::panicking::panic_fmt::hbf0e066aabfa482c
[INFO] [stdout]                                at /rustc/82e1608dfa6e0b5569232559e3d385fea5a93112/library/core/src/panicking.rs:72:14
[INFO] [stdout]   19:     0x558b5ded46a3 - core::panicking::panic::h195fc2a96298d4c3
[INFO] [stdout]                                at /rustc/82e1608dfa6e0b5569232559e3d385fea5a93112/library/core/src/panicking.rs:127:5
[INFO] [stdout]   20:     0x558b5dee4115 - elvui_manager::tests::check_metadata::hc49e209917443526
[INFO] [stdout]                                at /opt/rustwide/workdir/src/main.rs:170:9
[INFO] [stdout]   21:     0x558b5dee4077 - elvui_manager::tests::check_metadata::{{closure}}::h26d65879916e3703
[INFO] [stdout]                                at /opt/rustwide/workdir/src/main.rs:168:24
[INFO] [stdout]   22:     0x558b5dede946 - core::ops::function::FnOnce::call_once::hc9ea3ad902c2cd1d
[INFO] [stdout]                                at /rustc/82e1608dfa6e0b5569232559e3d385fea5a93112/library/core/src/ops/function.rs:250:5
[INFO] [stdout]   23:     0x558b5e323b4f - core::ops::function::FnOnce::call_once::h2b5d431d5046312d
[INFO] [stdout]                                at /rustc/82e1608dfa6e0b5569232559e3d385fea5a93112/library/core/src/ops/function.rs:250:5
[INFO] [stdout]   24:     0x558b5e323b4f - test::__rust_begin_short_backtrace::h7714669af176e207
[INFO] [stdout]                                at /rustc/82e1608dfa6e0b5569232559e3d385fea5a93112/library/test/src/lib.rs:628:18
[INFO] [stdout]   25:     0x558b5e322b65 - test::run_test_in_process::{{closure}}::h85218797dcbcec12
[INFO] [stdout]                                at /rustc/82e1608dfa6e0b5569232559e3d385fea5a93112/library/test/src/lib.rs:651:60
[INFO] [stdout]   26:     0x558b5e322b65 - <core::panic::unwind_safe::AssertUnwindSafe<F> as core::ops::function::FnOnce<()>>::call_once::h76c106ea31c14d7b
[INFO] [stdout]                                at /rustc/82e1608dfa6e0b5569232559e3d385fea5a93112/library/core/src/panic/unwind_safe.rs:272:9
[INFO] [stdout]   27:     0x558b5e322b65 - std::panicking::try::do_call::h3bd5d0f6620ee946
[INFO] [stdout]                                at /rustc/82e1608dfa6e0b5569232559e3d385fea5a93112/library/std/src/panicking.rs:552:40
[INFO] [stdout]   28:     0x558b5e322b65 - std::panicking::try::h232e535e4744fe31
[INFO] [stdout]                                at /rustc/82e1608dfa6e0b5569232559e3d385fea5a93112/library/std/src/panicking.rs:516:19
[INFO] [stdout]   29:     0x558b5e322b65 - std::panic::catch_unwind::h3ce3bd6ca8dbac68
[INFO] [stdout]                                at /rustc/82e1608dfa6e0b5569232559e3d385fea5a93112/library/std/src/panic.rs:142:14
[INFO] [stdout]   30:     0x558b5e322b65 - test::run_test_in_process::hc97b257c9621286a
[INFO] [stdout]                                at /rustc/82e1608dfa6e0b5569232559e3d385fea5a93112/library/test/src/lib.rs:651:27
[INFO] [stdout]   31:     0x558b5e322b65 - test::run_test::{{closure}}::h2aa798823a438d38
[INFO] [stdout]                                at /rustc/82e1608dfa6e0b5569232559e3d385fea5a93112/library/test/src/lib.rs:574:43
[INFO] [stdout]   32:     0x558b5e2eae26 - test::run_test::{{closure}}::h87d231c78fb59832
[INFO] [stdout]                                at /rustc/82e1608dfa6e0b5569232559e3d385fea5a93112/library/test/src/lib.rs:602:41
[INFO] [stdout]   33:     0x558b5e2eae26 - std::sys_common::backtrace::__rust_begin_short_backtrace::he6df152596625789
[INFO] [stdout]                                at /rustc/82e1608dfa6e0b5569232559e3d385fea5a93112/library/std/src/sys_common/backtrace.rs:154:18
[INFO] [stdout]   34:     0x558b5e2efed7 - std::thread::Builder::spawn_unchecked_::{{closure}}::{{closure}}::ha94be15d1e0acf36
[INFO] [stdout]                                at /rustc/82e1608dfa6e0b5569232559e3d385fea5a93112/library/std/src/thread/mod.rs:529:17
[INFO] [stdout]   35:     0x558b5e2efed7 - <core::panic::unwind_safe::AssertUnwindSafe<F> as core::ops::function::FnOnce<()>>::call_once::h9dc6bd6372f16606
[INFO] [stdout]                                at /rustc/82e1608dfa6e0b5569232559e3d385fea5a93112/library/core/src/panic/unwind_safe.rs:272:9
[INFO] [stdout]   36:     0x558b5e2efed7 - std::panicking::try::do_call::h9057517f80303cd4
[INFO] [stdout]                                at /rustc/82e1608dfa6e0b5569232559e3d385fea5a93112/library/std/src/panicking.rs:552:40
[INFO] [stdout]   37:     0x558b5e2efed7 - std::panicking::try::he3a30b11ee45340c
[INFO] [stdout]                                at /rustc/82e1608dfa6e0b5569232559e3d385fea5a93112/library/std/src/panicking.rs:516:19
[INFO] [stdout]   38:     0x558b5e2efed7 - std::panic::catch_unwind::h410458cfd3528b8b
[INFO] [stdout]                                at /rustc/82e1608dfa6e0b5569232559e3d385fea5a93112/library/std/src/panic.rs:142:14
[INFO] [stdout]   39:     0x558b5e2efed7 - std::thread::Builder::spawn_unchecked_::{{closure}}::h72ac3bdb567b737b
[INFO] [stdout]                                at /rustc/82e1608dfa6e0b5569232559e3d385fea5a93112/library/std/src/thread/mod.rs:528:30
[INFO] [stdout]   40:     0x558b5e2efed7 - core::ops::function::FnOnce::call_once{{vtable.shim}}::h38f34da3654a8344
[INFO] [stdout]                                at /rustc/82e1608dfa6e0b5569232559e3d385fea5a93112/library/core/src/ops/function.rs:250:5
[INFO] [stdout]   41:     0x558b5e35f855 - <alloc::boxed::Box<F,A> as core::ops::function::FnOnce<Args>>::call_once::hc7eafaff61e32df9
[INFO] [stdout]                                at /rustc/82e1608dfa6e0b5569232559e3d385fea5a93112/library/alloc/src/boxed.rs:2007:9
[INFO] [stdout]   42:     0x558b5e35f855 - <alloc::boxed::Box<F,A> as core::ops::function::FnOnce<Args>>::call_once::h6ba4a5de48dd2304
[INFO] [stdout]                                at /rustc/82e1608dfa6e0b5569232559e3d385fea5a93112/library/alloc/src/boxed.rs:2007:9
[INFO] [stdout]   43:     0x558b5e35f855 - std::sys::unix::thread::Thread::new::thread_start::he469335aef763e45
[INFO] [stdout]                                at /rustc/82e1608dfa6e0b5569232559e3d385fea5a93112/library/std/src/sys/unix/thread.rs:108:17
[INFO] [stdout]   44:     0x7fe58bc3fac3 - <unknown>
[INFO] [stdout]   45:     0x7fe58bcd0bf4 - __clone
[INFO] [stdout]   46:                0x0 - <unknown>
[INFO] [stdout] 
[INFO] [stdout] 
[INFO] [stdout] failures:
[INFO] [stdout]     tests::check_metadata
[INFO] [stdout] 
[INFO] [stdout] test result: FAILED. 0 passed; 1 failed; 4 ignored; 0 measured; 0 filtered out; finished in 0.08s
[INFO] [stdout] 
[INFO] [stderr] error: test failed, to rerun pass `--bin elvui-manager`
[INFO] running `Command { std: "docker" "inspect" "57d0097bcb8a12307de7154c30d0376a2c61221fcb0de15fee1d6f9208a3c047", kill_on_drop: false }`
[INFO] running `Command { std: "docker" "rm" "-f" "57d0097bcb8a12307de7154c30d0376a2c61221fcb0de15fee1d6f9208a3c047", kill_on_drop: false }`
[INFO] [stdout] 57d0097bcb8a12307de7154c30d0376a2c61221fcb0de15fee1d6f9208a3c047
[INFO] testing ryansch/elvui-manager against beta-2023-12-22 for beta-1.76-1
[INFO] running `Command { std: "git" "clone" "/workspace/cache/git-repos/https%3A%2F%2Fgithub.com%2Fryansch%2Felvui-manager" "/workspace/builds/worker-2-tc2/source", kill_on_drop: false }`
[INFO] [stderr] Cloning into '/workspace/builds/worker-2-tc2/source'...
[INFO] [stderr] done.
[INFO] validating manifest of git repo https://github.com/ryansch/elvui-manager on toolchain beta-2023-12-22
[INFO] running `Command { std: CARGO_HOME="/workspace/cargo-home" RUSTUP_HOME="/workspace/rustup-home" "/workspace/cargo-home/bin/cargo" "+beta-2023-12-22" "metadata" "--manifest-path" "Cargo.toml" "--no-deps", kill_on_drop: false }`
[INFO] started tweaking git repo https://github.com/ryansch/elvui-manager
[INFO] finished tweaking git repo https://github.com/ryansch/elvui-manager
[INFO] tweaked toml for git repo https://github.com/ryansch/elvui-manager written to /workspace/builds/worker-2-tc2/source/Cargo.toml
[INFO] crate git repo https://github.com/ryansch/elvui-manager already has a lockfile, it will not be regenerated
[INFO] running `Command { std: CARGO_HOME="/workspace/cargo-home" RUSTUP_HOME="/workspace/rustup-home" "/workspace/cargo-home/bin/cargo" "+beta-2023-12-22" "fetch" "--manifest-path" "Cargo.toml", kill_on_drop: false }`
[INFO] running `Command { std: "docker" "create" "-v" "/var/lib/crater-agent-workspace/builds/worker-2-tc2/target:/opt/rustwide/target:rw,Z" "-v" "/var/lib/crater-agent-workspace/builds/worker-2-tc2/source:/opt/rustwide/workdir:ro,Z" "-v" "/var/lib/crater-agent-workspace/cargo-home:/opt/rustwide/cargo-home:ro,Z" "-v" "/var/lib/crater-agent-workspace/rustup-home:/opt/rustwide/rustup-home:ro,Z" "-e" "SOURCE_DIR=/opt/rustwide/workdir" "-e" "CARGO_TARGET_DIR=/opt/rustwide/target" "-e" "CARGO_HOME=/opt/rustwide/cargo-home" "-e" "RUSTUP_HOME=/opt/rustwide/rustup-home" "-w" "/opt/rustwide/workdir" "-m" "1610612736" "--user" "0:0" "--network" "none" "ghcr.io/rust-lang/crates-build-env/linux@sha256:2788e3201cd34a07e3172128adcd8b3090168a8e3bcc40d7c032b9dda1df7d1c" "/opt/rustwide/cargo-home/bin/cargo" "+beta-2023-12-22" "metadata" "--no-deps" "--format-version=1", kill_on_drop: false }`
[INFO] [stdout] 43c65651818f78dc2d5d223c32877f052bdf0544eff4a6b21855513482efe82a
[INFO] running `Command { std: "docker" "start" "-a" "43c65651818f78dc2d5d223c32877f052bdf0544eff4a6b21855513482efe82a", kill_on_drop: false }`
[INFO] running `Command { std: "docker" "inspect" "43c65651818f78dc2d5d223c32877f052bdf0544eff4a6b21855513482efe82a", kill_on_drop: false }`
[INFO] running `Command { std: "docker" "rm" "-f" "43c65651818f78dc2d5d223c32877f052bdf0544eff4a6b21855513482efe82a", kill_on_drop: false }`
[INFO] [stdout] 43c65651818f78dc2d5d223c32877f052bdf0544eff4a6b21855513482efe82a
[INFO] running `Command { std: "docker" "create" "-v" "/var/lib/crater-agent-workspace/builds/worker-2-tc2/target:/opt/rustwide/target:rw,Z" "-v" "/var/lib/crater-agent-workspace/builds/worker-2-tc2/source:/opt/rustwide/workdir:ro,Z" "-v" "/var/lib/crater-agent-workspace/cargo-home:/opt/rustwide/cargo-home:ro,Z" "-v" "/var/lib/crater-agent-workspace/rustup-home:/opt/rustwide/rustup-home:ro,Z" "-e" "SOURCE_DIR=/opt/rustwide/workdir" "-e" "CARGO_TARGET_DIR=/opt/rustwide/target" "-e" "CARGO_INCREMENTAL=0" "-e" "RUST_BACKTRACE=full" "-e" "RUSTFLAGS=--cap-lints=warn" "-e" "RUSTDOCFLAGS=--cap-lints=warn" "-e" "CARGO_HOME=/opt/rustwide/cargo-home" "-e" "RUSTUP_HOME=/opt/rustwide/rustup-home" "-w" "/opt/rustwide/workdir" "-m" "1610612736" "--user" "0:0" "--network" "none" "ghcr.io/rust-lang/crates-build-env/linux@sha256:2788e3201cd34a07e3172128adcd8b3090168a8e3bcc40d7c032b9dda1df7d1c" "/opt/rustwide/cargo-home/bin/cargo" "+beta-2023-12-22" "build" "--frozen" "--message-format=json", kill_on_drop: false }`
[INFO] [stdout] 5bd55e7bcb36d24daa8ff71e0f6de241780bc3ecd31f055aaa4b2c36f119ca83
[INFO] running `Command { std: "docker" "start" "-a" "5bd55e7bcb36d24daa8ff71e0f6de241780bc3ecd31f055aaa4b2c36f119ca83", kill_on_drop: false }`
[INFO] [stderr]    Compiling libc v0.2.145
[INFO] [stderr]    Compiling proc-macro2 v1.0.59
[INFO] [stderr]    Compiling unicode-ident v1.0.9
[INFO] [stderr]    Compiling quote v1.0.28
[INFO] [stderr]    Compiling autocfg v1.1.0
[INFO] [stderr]    Compiling pkg-config v0.3.27
[INFO] [stderr]    Compiling cc v1.0.79
[INFO] [stderr]    Compiling cfg-if v1.0.0
[INFO] [stderr]    Compiling once_cell v1.18.0
[INFO] [stderr]    Compiling pin-project-lite v0.2.9
[INFO] [stderr]    Compiling memchr v2.5.0
[INFO] [stderr]    Compiling bytes v1.4.0
[INFO] [stderr]    Compiling futures-core v0.3.28
[INFO] [stderr]    Compiling log v0.4.18
[INFO] [stderr]    Compiling bitflags v1.3.2
[INFO] [stderr]    Compiling version_check v0.9.4
[INFO] [stderr]    Compiling itoa v1.0.6
[INFO] [stderr]    Compiling futures-task v0.3.28
[INFO] [stderr]    Compiling futures-util v0.3.28
[INFO] [stderr]    Compiling fnv v1.0.7
[INFO] [stderr]    Compiling foreign-types-shared v0.1.1
[INFO] [stderr]    Compiling tracing-core v0.1.31
[INFO] [stderr]    Compiling hashbrown v0.12.3
[INFO] [stderr]    Compiling openssl v0.10.54
[INFO] [stderr]    Compiling tokio v1.28.2
[INFO] [stderr]    Compiling slab v0.4.8
[INFO] [stderr]    Compiling indexmap v1.9.3
[INFO] [stderr]    Compiling proc-macro-error-attr v1.0.4
[INFO] [stderr]    Compiling foreign-types v0.3.2
[INFO] [stderr]    Compiling tinyvec_macros v0.1.1
[INFO] [stderr]    Compiling futures-sink v0.3.28
[INFO] [stderr]    Compiling httparse v1.8.0
[INFO] [stderr]    Compiling futures-io v0.3.28
[INFO] [stderr]    Compiling futures-channel v0.3.28
[INFO] [stderr]    Compiling syn v1.0.109
[INFO] [stderr]    Compiling http v0.2.9
[INFO] [stderr]    Compiling tracing v0.1.37
[INFO] [stderr]    Compiling native-tls v0.2.11
[INFO] [stderr]    Compiling pin-utils v0.1.0
[INFO] [stderr]    Compiling serde v1.0.163
[INFO] [stderr]    Compiling tinyvec v1.6.0
[INFO] [stderr]    Compiling proc-macro-error v1.0.4
[INFO] [stderr]    Compiling io-lifetimes v1.0.11
[INFO] [stderr]    Compiling crc32fast v1.3.2
[INFO] [stderr]    Compiling percent-encoding v2.3.0
[INFO] [stderr]    Compiling try-lock v0.2.4
[INFO] [stderr]    Compiling openssl-probe v0.1.5
[INFO] [stderr]    Compiling form_urlencoded v1.2.0
[INFO] [stderr]    Compiling want v0.3.0
[INFO] [stderr]    Compiling syn v2.0.18
[INFO] [stderr]    Compiling serde_json v1.0.96
[INFO] [stderr]    Compiling thiserror v1.0.40
[INFO] [stderr]    Compiling adler v1.0.2
[INFO] [stderr]    Compiling rustix v0.37.19
[INFO] [stderr]    Compiling httpdate v1.0.2
[INFO] [stderr]    Compiling unicode-bidi v0.3.13
[INFO] [stderr]    Compiling tower-service v0.3.2
[INFO] [stderr]    Compiling ryu v1.0.13
[INFO] [stderr]    Compiling miniz_oxide v0.7.1
[INFO] [stderr]    Compiling openssl-sys v0.9.88
[INFO] [stderr]    Compiling bzip2-sys v0.1.11+1.0.8
[INFO] [stderr]    Compiling http-body v0.4.5
[INFO] [stderr]    Compiling aho-corasick v1.0.2
[INFO] [stderr]    Compiling regex-syntax v0.7.2
[INFO] [stderr]    Compiling unicode-normalization v0.1.22
[INFO] [stderr]    Compiling os_str_bytes v6.5.0
[INFO] [stderr]    Compiling linux-raw-sys v0.3.8
[INFO] [stderr]    Compiling mio v0.8.8
[INFO] [stderr]    Compiling socket2 v0.4.9
[INFO] [stderr]    Compiling num_cpus v1.15.0
[INFO] [stderr]    Compiling atty v0.2.14
[INFO] [stderr]    Compiling idna v0.4.0
[INFO] [stderr]    Compiling termcolor v1.2.0
[INFO] [stderr]    Compiling anyhow v1.0.71
[INFO] [stderr]    Compiling heck v0.4.1
[INFO] [stderr]    Compiling clap_lex v0.2.4
[INFO] [stderr]    Compiling flate2 v1.0.26
[INFO] [stderr]    Compiling time v0.1.45
[INFO] [stderr]    Compiling encoding_rs v0.8.32
[INFO] [stderr]    Compiling url v2.4.0
[INFO] [stderr]    Compiling textwrap v0.16.0
[INFO] [stderr]    Compiling fastrand v1.9.0
[INFO] [stderr]    Compiling bzip2 v0.4.4
[INFO] [stderr]    Compiling strsim v0.10.0
[INFO] [stderr]    Compiling byteorder v1.4.3
[INFO] [stderr]    Compiling ipnet v2.7.2
[INFO] [stderr]    Compiling base64 v0.21.2
[INFO] [stderr]    Compiling mime v0.3.17
[INFO] [stderr]    Compiling humantime v2.1.0
[INFO] [stderr]    Compiling version-compare v0.1.1
[INFO] [stderr]    Compiling regex v1.8.3
[INFO] [stderr]    Compiling tempfile v3.5.0
[INFO] [stderr]    Compiling env_logger v0.8.4
[INFO] [stderr]    Compiling clap_derive v3.2.25
[INFO] [stderr]    Compiling openssl-macros v0.1.1
[INFO] [stderr]    Compiling serde_derive v1.0.163
[INFO] [stderr]    Compiling thiserror-impl v1.0.40
[INFO] [stderr]    Compiling tokio-util v0.7.8
[INFO] [stderr]    Compiling zip v0.5.13
[INFO] [stderr]    Compiling h2 v0.3.19
[INFO] [stderr]    Compiling clap v3.2.25
[INFO] [stderr]    Compiling tokio-native-tls v0.3.1
[INFO] [stderr]    Compiling hyper v0.14.26
[INFO] [stderr]    Compiling serde_urlencoded v0.7.1
[INFO] [stderr]    Compiling hyper-tls v0.5.0
[INFO] [stderr]    Compiling reqwest v0.11.18
[INFO] [stderr]    Compiling elvui-manager v0.1.0 (/opt/rustwide/workdir)
[INFO] [stderr]     Finished dev [unoptimized + debuginfo] target(s) in 15.13s
[INFO] running `Command { std: "docker" "inspect" "5bd55e7bcb36d24daa8ff71e0f6de241780bc3ecd31f055aaa4b2c36f119ca83", kill_on_drop: false }`
[INFO] running `Command { std: "docker" "rm" "-f" "5bd55e7bcb36d24daa8ff71e0f6de241780bc3ecd31f055aaa4b2c36f119ca83", kill_on_drop: false }`
[INFO] [stdout] 5bd55e7bcb36d24daa8ff71e0f6de241780bc3ecd31f055aaa4b2c36f119ca83
[INFO] running `Command { std: "docker" "create" "-v" "/var/lib/crater-agent-workspace/builds/worker-2-tc2/target:/opt/rustwide/target:rw,Z" "-v" "/var/lib/crater-agent-workspace/builds/worker-2-tc2/source:/opt/rustwide/workdir:ro,Z" "-v" "/var/lib/crater-agent-workspace/cargo-home:/opt/rustwide/cargo-home:ro,Z" "-v" "/var/lib/crater-agent-workspace/rustup-home:/opt/rustwide/rustup-home:ro,Z" "-e" "SOURCE_DIR=/opt/rustwide/workdir" "-e" "CARGO_TARGET_DIR=/opt/rustwide/target" "-e" "CARGO_INCREMENTAL=0" "-e" "RUST_BACKTRACE=full" "-e" "RUSTFLAGS=--cap-lints=warn" "-e" "RUSTDOCFLAGS=--cap-lints=warn" "-e" "CARGO_HOME=/opt/rustwide/cargo-home" "-e" "RUSTUP_HOME=/opt/rustwide/rustup-home" "-w" "/opt/rustwide/workdir" "-m" "1610612736" "--user" "0:0" "--network" "none" "ghcr.io/rust-lang/crates-build-env/linux@sha256:2788e3201cd34a07e3172128adcd8b3090168a8e3bcc40d7c032b9dda1df7d1c" "/opt/rustwide/cargo-home/bin/cargo" "+beta-2023-12-22" "test" "--frozen" "--no-run" "--message-format=json", kill_on_drop: false }`
[INFO] [stdout] 9ba2a27424c9e7158f0116057ca86014bb1083b8b2f0733f29129e8d34250d2e
[INFO] running `Command { std: "docker" "start" "-a" "9ba2a27424c9e7158f0116057ca86014bb1083b8b2f0733f29129e8d34250d2e", kill_on_drop: false }`
[INFO] [stderr]    Compiling elvui-manager v0.1.0 (/opt/rustwide/workdir)
[INFO] [stderr]     Finished test [unoptimized + debuginfo] target(s) in 2.01s
[INFO] running `Command { std: "docker" "inspect" "9ba2a27424c9e7158f0116057ca86014bb1083b8b2f0733f29129e8d34250d2e", kill_on_drop: false }`
[INFO] running `Command { std: "docker" "rm" "-f" "9ba2a27424c9e7158f0116057ca86014bb1083b8b2f0733f29129e8d34250d2e", kill_on_drop: false }`
[INFO] [stdout] 9ba2a27424c9e7158f0116057ca86014bb1083b8b2f0733f29129e8d34250d2e
[INFO] running `Command { std: "docker" "create" "-v" "/var/lib/crater-agent-workspace/builds/worker-2-tc2/target:/opt/rustwide/target:rw,Z" "-v" "/var/lib/crater-agent-workspace/builds/worker-2-tc2/source:/opt/rustwide/workdir:ro,Z" "-v" "/var/lib/crater-agent-workspace/cargo-home:/opt/rustwide/cargo-home:ro,Z" "-v" "/var/lib/crater-agent-workspace/rustup-home:/opt/rustwide/rustup-home:ro,Z" "-e" "SOURCE_DIR=/opt/rustwide/workdir" "-e" "CARGO_TARGET_DIR=/opt/rustwide/target" "-e" "CARGO_INCREMENTAL=0" "-e" "RUST_BACKTRACE=full" "-e" "RUSTFLAGS=--cap-lints=warn" "-e" "RUSTDOCFLAGS=--cap-lints=warn" "-e" "CARGO_HOME=/opt/rustwide/cargo-home" "-e" "RUSTUP_HOME=/opt/rustwide/rustup-home" "-w" "/opt/rustwide/workdir" "-m" "1610612736" "--user" "0:0" "--network" "none" "ghcr.io/rust-lang/crates-build-env/linux@sha256:2788e3201cd34a07e3172128adcd8b3090168a8e3bcc40d7c032b9dda1df7d1c" "/opt/rustwide/cargo-home/bin/cargo" "+beta-2023-12-22" "test" "--frozen", kill_on_drop: false }`
[INFO] [stdout] 81670d416d359321043279d305dc5de893d047c56903a6d9a9b9572b60460393
[INFO] running `Command { std: "docker" "start" "-a" "81670d416d359321043279d305dc5de893d047c56903a6d9a9b9572b60460393", kill_on_drop: false }`
[INFO] [stderr]     Finished test [unoptimized + debuginfo] target(s) in 0.08s
[INFO] [stderr]      Running unittests src/main.rs (/opt/rustwide/target/debug/deps/elvui_manager-0aa054ff0d00cb58)
[INFO] [stdout] 
[INFO] [stdout] running 5 tests
[INFO] [stdout] test tests::latest_version_404 ... ignored
[INFO] [stdout] test tests::latest_version_bad_version ... ignored
[INFO] [stdout] test tests::latest_version_no_bold_div ... ignored
[INFO] [stdout] test tests::latest_version_no_version_div ... ignored
[INFO] [stdout] test tests::check_metadata ... FAILED
[INFO] [stdout] 
[INFO] [stdout] failures:
[INFO] [stdout] 
[INFO] [stdout] ---- tests::check_metadata stdout ----
[INFO] [stdout] thread 'tests::check_metadata' panicked at src/main.rs:170:9:
[INFO] [stdout] assertion failed: result.is_ok()
[INFO] [stdout] stack backtrace:
[INFO] [stdout]    0:     0x55c6e1bb83c6 - std::backtrace_rs::backtrace::libunwind::trace::h261606ad26a499c1
[INFO] [stdout]                                at /rustc/0e09125c6c3c2fd70d7de961bcf0e51575235fad/library/std/src/../../backtrace/src/backtrace/libunwind.rs:104:5
[INFO] [stdout]    1:     0x55c6e1bb83c6 - std::backtrace_rs::backtrace::trace_unsynchronized::hd183f0625477fb28
[INFO] [stdout]                                at /rustc/0e09125c6c3c2fd70d7de961bcf0e51575235fad/library/std/src/../../backtrace/src/backtrace/mod.rs:66:5
[INFO] [stdout]    2:     0x55c6e1bb83c6 - std::sys_common::backtrace::_print_fmt::hd7f8fef21b4eda67
[INFO] [stdout]                                at /rustc/0e09125c6c3c2fd70d7de961bcf0e51575235fad/library/std/src/sys_common/backtrace.rs:68:5
[INFO] [stdout]    3:     0x55c6e1bb83c6 - <std::sys_common::backtrace::_print::DisplayBacktrace as core::fmt::Display>::fmt::h623d9b51f2f453f1
[INFO] [stdout]                                at /rustc/0e09125c6c3c2fd70d7de961bcf0e51575235fad/library/std/src/sys_common/backtrace.rs:44:22
[INFO] [stdout]    4:     0x55c6e1be4630 - core::fmt::rt::Argument::fmt::h9f417ac76a86f368
[INFO] [stdout]                                at /rustc/0e09125c6c3c2fd70d7de961bcf0e51575235fad/library/core/src/fmt/rt.rs:142:9
[INFO] [stdout]    5:     0x55c6e1be4630 - core::fmt::write::hc9b6faf4ac2aeff7
[INFO] [stdout]                                at /rustc/0e09125c6c3c2fd70d7de961bcf0e51575235fad/library/core/src/fmt/mod.rs:1120:17
[INFO] [stdout]    6:     0x55c6e1bb541f - std::io::Write::write_fmt::he04625a3a989fec3
[INFO] [stdout]                                at /rustc/0e09125c6c3c2fd70d7de961bcf0e51575235fad/library/std/src/io/mod.rs:1810:15
[INFO] [stdout]    7:     0x55c6e1bb81a4 - std::sys_common::backtrace::_print::hd5d66399c7df88a2
[INFO] [stdout]                                at /rustc/0e09125c6c3c2fd70d7de961bcf0e51575235fad/library/std/src/sys_common/backtrace.rs:47:5
[INFO] [stdout]    8:     0x55c6e1bb81a4 - std::sys_common::backtrace::print::he81ed2da642d37e5
[INFO] [stdout]                                at /rustc/0e09125c6c3c2fd70d7de961bcf0e51575235fad/library/std/src/sys_common/backtrace.rs:34:9
[INFO] [stdout]    9:     0x55c6e1bb9f17 - std::panicking::default_hook::{{closure}}::h85773f4fa117163d
[INFO] [stdout]   10:     0x55c6e1bb9bfd - std::panicking::default_hook::h6a1694a91d09b278
[INFO] [stdout]                                at /rustc/0e09125c6c3c2fd70d7de961bcf0e51575235fad/library/std/src/panicking.rs:289:9
[INFO] [stdout]   11:     0x55c6e1b7d807 - <alloc::boxed::Box<F,A> as core::ops::function::Fn<Args>>::call::h616ac37fa3cd6c8f
[INFO] [stdout]                                at /rustc/0e09125c6c3c2fd70d7de961bcf0e51575235fad/library/alloc/src/boxed.rs:2029:9
[INFO] [stdout]   12:     0x55c6e1b7d807 - test::test_main::{{closure}}::h00d84697cefdcbb6
[INFO] [stdout]                                at /rustc/0e09125c6c3c2fd70d7de961bcf0e51575235fad/library/test/src/lib.rs:138:21
[INFO] [stdout]   13:     0x55c6e1bba536 - <alloc::boxed::Box<F,A> as core::ops::function::Fn<Args>>::call::hcb3fe3b9bb537ba8
[INFO] [stdout]                                at /rustc/0e09125c6c3c2fd70d7de961bcf0e51575235fad/library/alloc/src/boxed.rs:2029:9
[INFO] [stdout]   14:     0x55c6e1bba536 - std::panicking::rust_panic_with_hook::h0a7ad96e90f7145b
[INFO] [stdout]                                at /rustc/0e09125c6c3c2fd70d7de961bcf0e51575235fad/library/std/src/panicking.rs:783:13
[INFO] [stdout]   15:     0x55c6e1bba249 - std::panicking::begin_panic_handler::{{closure}}::h7919090525c6485e
[INFO] [stdout]                                at /rustc/0e09125c6c3c2fd70d7de961bcf0e51575235fad/library/std/src/panicking.rs:649:13
[INFO] [stdout]   16:     0x55c6e1bb88c6 - std::sys_common::backtrace::__rust_end_short_backtrace::hf3289479464f7dfe
[INFO] [stdout]                                at /rustc/0e09125c6c3c2fd70d7de961bcf0e51575235fad/library/std/src/sys_common/backtrace.rs:171:18
[INFO] [stdout]   17:     0x55c6e1bb9fe0 - rust_begin_unwind
[INFO] [stdout]                                at /rustc/0e09125c6c3c2fd70d7de961bcf0e51575235fad/library/std/src/panicking.rs:645:5
[INFO] [stdout]   18:     0x55c6e17385e5 - core::panicking::panic_fmt::hcc9f77c5c132af55
[INFO] [stdout]                                at /rustc/0e09125c6c3c2fd70d7de961bcf0e51575235fad/library/core/src/panicking.rs:72:14
[INFO] [stdout]   19:     0x55c6e17386a3 - core::panicking::panic::h5a1259c1164bd480
[INFO] [stdout]                                at /rustc/0e09125c6c3c2fd70d7de961bcf0e51575235fad/library/core/src/panicking.rs:144:5
[INFO] [stdout]   20:     0x55c6e1748555 - elvui_manager::tests::check_metadata::hd2e74b2f79c1acf9
[INFO] [stdout]                                at /opt/rustwide/workdir/src/main.rs:170:9
[INFO] [stdout]   21:     0x55c6e17484b7 - elvui_manager::tests::check_metadata::{{closure}}::h684aded6c8fa8766
[INFO] [stdout]                                at /opt/rustwide/workdir/src/main.rs:168:24
[INFO] [stdout]   22:     0x55c6e17428e6 - core::ops::function::FnOnce::call_once::h076e50165b9b2c1f
[INFO] [stdout]                                at /rustc/0e09125c6c3c2fd70d7de961bcf0e51575235fad/library/core/src/ops/function.rs:250:5
[INFO] [stdout]   23:     0x55c6e1b830df - core::ops::function::FnOnce::call_once::hd64d26f405258157
[INFO] [stdout]                                at /rustc/0e09125c6c3c2fd70d7de961bcf0e51575235fad/library/core/src/ops/function.rs:250:5
[INFO] [stdout]   24:     0x55c6e1b830df - test::__rust_begin_short_backtrace::he21b0b7a6d731bf9
[INFO] [stdout]                                at /rustc/0e09125c6c3c2fd70d7de961bcf0e51575235fad/library/test/src/lib.rs:627:18
[INFO] [stdout]   25:     0x55c6e1b81e61 - test::run_test_in_process::{{closure}}::hf5c73986d7bdfde2
[INFO] [stdout]                                at /rustc/0e09125c6c3c2fd70d7de961bcf0e51575235fad/library/test/src/lib.rs:650:60
[INFO] [stdout]   26:     0x55c6e1b81e61 - <core::panic::unwind_safe::AssertUnwindSafe<F> as core::ops::function::FnOnce<()>>::call_once::h330011ad032aadc0
[INFO] [stdout]                                at /rustc/0e09125c6c3c2fd70d7de961bcf0e51575235fad/library/core/src/panic/unwind_safe.rs:272:9
[INFO] [stdout]   27:     0x55c6e1b81e61 - std::panicking::try::do_call::he61b0a958b795a41
[INFO] [stdout]                                at /rustc/0e09125c6c3c2fd70d7de961bcf0e51575235fad/library/std/src/panicking.rs:552:40
[INFO] [stdout]   28:     0x55c6e1b81e61 - std::panicking::try::h7309da130f906eb7
[INFO] [stdout]                                at /rustc/0e09125c6c3c2fd70d7de961bcf0e51575235fad/library/std/src/panicking.rs:516:19
[INFO] [stdout]   29:     0x55c6e1b81e61 - std::panic::catch_unwind::hc5c3a06fdaf0a92a
[INFO] [stdout]                                at /rustc/0e09125c6c3c2fd70d7de961bcf0e51575235fad/library/std/src/panic.rs:142:14
[INFO] [stdout]   30:     0x55c6e1b81e61 - test::run_test_in_process::h7e7b7c71c3324e0f
[INFO] [stdout]                                at /rustc/0e09125c6c3c2fd70d7de961bcf0e51575235fad/library/test/src/lib.rs:650:27
[INFO] [stdout]   31:     0x55c6e1b81e61 - test::run_test::{{closure}}::h1f509f28f5cf20b1
[INFO] [stdout]                                at /rustc/0e09125c6c3c2fd70d7de961bcf0e51575235fad/library/test/src/lib.rs:573:43
[INFO] [stdout]   32:     0x55c6e1b49196 - test::run_test::{{closure}}::h1754218abf443f6d
[INFO] [stdout]                                at /rustc/0e09125c6c3c2fd70d7de961bcf0e51575235fad/library/test/src/lib.rs:601:41
[INFO] [stdout]   33:     0x55c6e1b49196 - std::sys_common::backtrace::__rust_begin_short_backtrace::h2ee174b9d5954948
[INFO] [stdout]                                at /rustc/0e09125c6c3c2fd70d7de961bcf0e51575235fad/library/std/src/sys_common/backtrace.rs:155:18
[INFO] [stdout]   34:     0x55c6e1b4e1f7 - std::thread::Builder::spawn_unchecked_::{{closure}}::{{closure}}::hf60bee9c1a17ef09
[INFO] [stdout]                                at /rustc/0e09125c6c3c2fd70d7de961bcf0e51575235fad/library/std/src/thread/mod.rs:529:17
[INFO] [stdout]   35:     0x55c6e1b4e1f7 - <core::panic::unwind_safe::AssertUnwindSafe<F> as core::ops::function::FnOnce<()>>::call_once::h33d0dddec5216160
[INFO] [stdout]                                at /rustc/0e09125c6c3c2fd70d7de961bcf0e51575235fad/library/core/src/panic/unwind_safe.rs:272:9
[INFO] [stdout]   36:     0x55c6e1b4e1f7 - std::panicking::try::do_call::h144b3048b546f835
[INFO] [stdout]                                at /rustc/0e09125c6c3c2fd70d7de961bcf0e51575235fad/library/std/src/panicking.rs:552:40
[INFO] [stdout]   37:     0x55c6e1b4e1f7 - std::panicking::try::h978244d04646189f
[INFO] [stdout]                                at /rustc/0e09125c6c3c2fd70d7de961bcf0e51575235fad/library/std/src/panicking.rs:516:19
[INFO] [stdout]   38:     0x55c6e1b4e1f7 - std::panic::catch_unwind::hdf436369d188fe86
[INFO] [stdout]                                at /rustc/0e09125c6c3c2fd70d7de961bcf0e51575235fad/library/std/src/panic.rs:142:14
[INFO] [stdout]   39:     0x55c6e1b4e1f7 - std::thread::Builder::spawn_unchecked_::{{closure}}::h87329cbdd33c79ec
[INFO] [stdout]                                at /rustc/0e09125c6c3c2fd70d7de961bcf0e51575235fad/library/std/src/thread/mod.rs:528:30
[INFO] [stdout]   40:     0x55c6e1b4e1f7 - core::ops::function::FnOnce::call_once{{vtable.shim}}::h401abbe67897d450
[INFO] [stdout]                                at /rustc/0e09125c6c3c2fd70d7de961bcf0e51575235fad/library/core/src/ops/function.rs:250:5
[INFO] [stdout]   41:     0x55c6e1bbf275 - <alloc::boxed::Box<F,A> as core::ops::function::FnOnce<Args>>::call_once::h5d7c8f150ab9c84c
[INFO] [stdout]                                at /rustc/0e09125c6c3c2fd70d7de961bcf0e51575235fad/library/alloc/src/boxed.rs:2015:9
[INFO] [stdout]   42:     0x55c6e1bbf275 - <alloc::boxed::Box<F,A> as core::ops::function::FnOnce<Args>>::call_once::h570d5b005c242c15
[INFO] [stdout]                                at /rustc/0e09125c6c3c2fd70d7de961bcf0e51575235fad/library/alloc/src/boxed.rs:2015:9
[INFO] [stdout]   43:     0x55c6e1bbf275 - std::sys::unix::thread::Thread::new::thread_start::h36b0a20c0b2361ad
[INFO] [stdout]                                at /rustc/0e09125c6c3c2fd70d7de961bcf0e51575235fad/library/std/src/sys/unix/thread.rs:108:17
[INFO] [stdout]   44:     0x7f1703125ac3 - <unknown>
[INFO] [stdout]   45:     0x7f17031b6bf4 - __clone
[INFO] [stdout]   46:                0x0 - <unknown>
[INFO] [stdout] 
[INFO] [stdout] 
[INFO] [stdout] failures:
[INFO] [stdout]     tests::check_metadata
[INFO] [stdout] 
[INFO] [stdout] test result: FAILED. 0 passed; 1 failed; 4 ignored; 0 measured; 0 filtered out; finished in 0.07s
[INFO] [stdout] 
[INFO] [stderr] error: test failed, to rerun pass `--bin elvui-manager`
[INFO] running `Command { std: "docker" "inspect" "81670d416d359321043279d305dc5de893d047c56903a6d9a9b9572b60460393", kill_on_drop: false }`
[INFO] running `Command { std: "docker" "rm" "-f" "81670d416d359321043279d305dc5de893d047c56903a6d9a9b9572b60460393", kill_on_drop: false }`
[INFO] [stdout] 81670d416d359321043279d305dc5de893d047c56903a6d9a9b9572b60460393
