[INFO] cloning repository https://github.com/ryankurte/rust-mapfile
[INFO] running `Command { std: "git" "-c" "credential.helper=" "-c" "credential.helper=/workspace/cargo-home/bin/git-credential-null" "clone" "--bare" "https://github.com/ryankurte/rust-mapfile" "/workspace/cache/git-repos/https%3A%2F%2Fgithub.com%2Fryankurte%2Frust-mapfile", kill_on_drop: false }`
[INFO] [stderr] Cloning into bare repository '/workspace/cache/git-repos/https%3A%2F%2Fgithub.com%2Fryankurte%2Frust-mapfile'...
[INFO] running `Command { std: "git" "rev-parse" "HEAD", kill_on_drop: false }`
[INFO] [stdout] 31f2ef0f100c723dc057d83d869a709c39ef91f9
[INFO] testing ryankurte/rust-mapfile against 1.75.0 for beta-1.76-1
[INFO] running `Command { std: "git" "clone" "/workspace/cache/git-repos/https%3A%2F%2Fgithub.com%2Fryankurte%2Frust-mapfile" "/workspace/builds/worker-1-tc1/source", kill_on_drop: false }`
[INFO] [stderr] Cloning into '/workspace/builds/worker-1-tc1/source'...
[INFO] [stderr] done.
[INFO] validating manifest of git repo https://github.com/ryankurte/rust-mapfile on toolchain 1.75.0
[INFO] running `Command { std: CARGO_HOME="/workspace/cargo-home" RUSTUP_HOME="/workspace/rustup-home" "/workspace/cargo-home/bin/cargo" "+1.75.0" "metadata" "--manifest-path" "Cargo.toml" "--no-deps", kill_on_drop: false }`
[INFO] started tweaking git repo https://github.com/ryankurte/rust-mapfile
[INFO] finished tweaking git repo https://github.com/ryankurte/rust-mapfile
[INFO] tweaked toml for git repo https://github.com/ryankurte/rust-mapfile written to /workspace/builds/worker-1-tc1/source/Cargo.toml
[INFO] crate git repo https://github.com/ryankurte/rust-mapfile already has a lockfile, it will not be regenerated
[INFO] running `Command { std: CARGO_HOME="/workspace/cargo-home" RUSTUP_HOME="/workspace/rustup-home" "/workspace/cargo-home/bin/cargo" "+1.75.0" "fetch" "--manifest-path" "Cargo.toml", kill_on_drop: false }`
[INFO] running `Command { std: "docker" "create" "-v" "/var/lib/crater-agent-workspace/builds/worker-1-tc1/target:/opt/rustwide/target:rw,Z" "-v" "/var/lib/crater-agent-workspace/builds/worker-1-tc1/source:/opt/rustwide/workdir:ro,Z" "-v" "/var/lib/crater-agent-workspace/cargo-home:/opt/rustwide/cargo-home:ro,Z" "-v" "/var/lib/crater-agent-workspace/rustup-home:/opt/rustwide/rustup-home:ro,Z" "-e" "SOURCE_DIR=/opt/rustwide/workdir" "-e" "CARGO_TARGET_DIR=/opt/rustwide/target" "-e" "CARGO_HOME=/opt/rustwide/cargo-home" "-e" "RUSTUP_HOME=/opt/rustwide/rustup-home" "-w" "/opt/rustwide/workdir" "-m" "1610612736" "--user" "0:0" "--network" "none" "ghcr.io/rust-lang/crates-build-env/linux@sha256:2788e3201cd34a07e3172128adcd8b3090168a8e3bcc40d7c032b9dda1df7d1c" "/opt/rustwide/cargo-home/bin/cargo" "+1.75.0" "metadata" "--no-deps" "--format-version=1", kill_on_drop: false }`
[INFO] [stdout] 051fd9cacb8ee2c055af8a5e6646e1a436e0ca94ca30ebd5f81764310076b3b5
[INFO] running `Command { std: "docker" "start" "-a" "051fd9cacb8ee2c055af8a5e6646e1a436e0ca94ca30ebd5f81764310076b3b5", kill_on_drop: false }`
[INFO] running `Command { std: "docker" "inspect" "051fd9cacb8ee2c055af8a5e6646e1a436e0ca94ca30ebd5f81764310076b3b5", kill_on_drop: false }`
[INFO] running `Command { std: "docker" "rm" "-f" "051fd9cacb8ee2c055af8a5e6646e1a436e0ca94ca30ebd5f81764310076b3b5", kill_on_drop: false }`
[INFO] [stdout] 051fd9cacb8ee2c055af8a5e6646e1a436e0ca94ca30ebd5f81764310076b3b5
[INFO] running `Command { std: "docker" "create" "-v" "/var/lib/crater-agent-workspace/builds/worker-1-tc1/target:/opt/rustwide/target:rw,Z" "-v" "/var/lib/crater-agent-workspace/builds/worker-1-tc1/source:/opt/rustwide/workdir:ro,Z" "-v" "/var/lib/crater-agent-workspace/cargo-home:/opt/rustwide/cargo-home:ro,Z" "-v" "/var/lib/crater-agent-workspace/rustup-home:/opt/rustwide/rustup-home:ro,Z" "-e" "SOURCE_DIR=/opt/rustwide/workdir" "-e" "CARGO_TARGET_DIR=/opt/rustwide/target" "-e" "CARGO_INCREMENTAL=0" "-e" "RUST_BACKTRACE=full" "-e" "RUSTFLAGS=--cap-lints=warn" "-e" "RUSTDOCFLAGS=--cap-lints=warn" "-e" "CARGO_HOME=/opt/rustwide/cargo-home" "-e" "RUSTUP_HOME=/opt/rustwide/rustup-home" "-w" "/opt/rustwide/workdir" "-m" "1610612736" "--user" "0:0" "--network" "none" "ghcr.io/rust-lang/crates-build-env/linux@sha256:2788e3201cd34a07e3172128adcd8b3090168a8e3bcc40d7c032b9dda1df7d1c" "/opt/rustwide/cargo-home/bin/cargo" "+1.75.0" "build" "--frozen" "--message-format=json", kill_on_drop: false }`
[INFO] [stdout] d4cce143bca86970da17d9effef71e2a9cd9e6bb8b6d5dc9910b8f1913f44791
[INFO] running `Command { std: "docker" "start" "-a" "d4cce143bca86970da17d9effef71e2a9cd9e6bb8b6d5dc9910b8f1913f44791", kill_on_drop: false }`
[INFO] [stderr]    Compiling proc-macro2 v1.0.47
[INFO] [stderr]    Compiling version_check v0.9.4
[INFO] [stderr]    Compiling unicode-ident v1.0.0
[INFO] [stderr]    Compiling quote v1.0.21
[INFO] [stderr]    Compiling libc v0.2.126
[INFO] [stderr]    Compiling syn v1.0.103
[INFO] [stderr]    Compiling memchr v2.5.0
[INFO] [stderr]    Compiling autocfg v1.1.0
[INFO] [stderr]    Compiling log v0.4.17
[INFO] [stderr]    Compiling itoa v1.0.2
[INFO] [stderr]    Compiling heck v0.4.0
[INFO] [stderr]    Compiling num_threads v0.1.6
[INFO] [stderr]    Compiling cfg-if v1.0.0
[INFO] [stderr]    Compiling arrayvec v0.7.2
[INFO] [stderr]    Compiling time-macros v0.2.4
[INFO] [stderr]    Compiling termcolor v1.1.3
[INFO] [stderr]    Compiling anyhow v1.0.57
[INFO] [stderr]    Compiling os_str_bytes v6.1.0
[INFO] [stderr]    Compiling minimal-lexical v0.2.1
[INFO] [stderr]    Compiling hashbrown v0.11.2
[INFO] [stderr]    Compiling brownstone v3.0.0
[INFO] [stderr]    Compiling bitflags v1.3.2
[INFO] [stderr]    Compiling clap_lex v0.2.0
[INFO] [stderr]    Compiling strsim v0.10.0
[INFO] [stderr]    Compiling lazy_static v1.4.0
[INFO] [stderr]    Compiling indent_write v2.2.0
[INFO] [stderr]    Compiling proc-macro-error-attr v1.0.4
[INFO] [stderr]    Compiling proc-macro-error v1.0.4
[INFO] [stderr]    Compiling textwrap v0.15.0
[INFO] [stderr]    Compiling indexmap v1.8.2
[INFO] [stderr]    Compiling joinery v2.1.0
[INFO] [stderr]    Compiling nom v7.1.1
[INFO] [stderr]    Compiling atty v0.2.14
[INFO] [stderr]    Compiling time v0.3.9
[INFO] [stderr]    Compiling simplelog v0.12.0
[INFO] [stderr]    Compiling nom-supreme v0.8.0
[INFO] [stderr]    Compiling clap_derive v3.1.18
[INFO] [stderr]    Compiling clap v3.1.18
[INFO] [stderr]    Compiling mapfile v0.1.0 (/opt/rustwide/workdir)
[INFO] [stdout] warning: unused import: `space1`
[INFO] [stdout]  --> src/lib.rs:7:41
[INFO] [stdout]   |
[INFO] [stdout] 7 |     character::{complete::{line_ending, space1, space0}, is_hex_digit}, combinator::{rest, map_res, opt},
[INFO] [stdout]   |                                         ^^^^^^
[INFO] [stdout]   |
[INFO] [stdout]   = note: `#[warn(unused_imports)]` on by default
[INFO] [stdout] 
[INFO] [stdout] 
[INFO] [stdout] warning: unused import: `Location`
[INFO] [stdout]   --> src/lib.rs:11:34
[INFO] [stdout]    |
[INFO] [stdout] 11 |     final_parser::{final_parser, Location},
[INFO] [stdout]    |                                  ^^^^^^^^
[INFO] [stdout] 
[INFO] [stdout] 
[INFO] [stdout] warning: unused imports: `debug`, `trace`
[INFO] [stdout]   --> src/lib.rs:16:11
[INFO] [stdout]    |
[INFO] [stdout] 16 | use log::{trace, debug};
[INFO] [stdout]    |           ^^^^^  ^^^^^
[INFO] [stdout] 
[INFO] [stdout] 
[INFO] [stdout] warning: unused imports: `is_not`, `map_res`, `preceded`, `space0`, `tag`, `take_until1`, `take_while1`, `terminated`
[INFO] [stdout]  --> src/objects/section.rs:3:50
[INFO] [stdout]   |
[INFO] [stdout] 3 |     error::context, sequence::{tuple, delimited, terminated, preceded}, 
[INFO] [stdout]   |                                                  ^^^^^^^^^^  ^^^^^^^^
[INFO] [stdout] 4 |     bytes::complete::{take_while1, tag, is_not, take_until1}, 
[INFO] [stdout]   |                       ^^^^^^^^^^^  ^^^  ^^^^^^  ^^^^^^^^^^^
[INFO] [stdout] 5 |     character::complete::{line_ending, space1, space0},
[INFO] [stdout]   |                                                ^^^^^^
[INFO] [stdout] 6 |     combinator::{map_res, opt}, multi::many0,
[INFO] [stdout]   |                  ^^^^^^^
[INFO] [stdout] 
[INFO] [stdout] 
[INFO] [stdout] warning: unused import: `SymbolKind`
[INFO] [stdout]   --> src/objects/section.rs:12:21
[INFO] [stdout]    |
[INFO] [stdout] 12 | use super::{Symbol, SymbolKind};
[INFO] [stdout]    |                     ^^^^^^^^^^
[INFO] [stdout] 
[INFO] [stdout] 
[INFO] [stdout] warning: unused imports: `many1`, `multispace0`, `one_of`, `preceded`, `tag`, `take_until1`
[INFO] [stdout]  --> src/objects/symbol.rs:4:39
[INFO] [stdout]   |
[INFO] [stdout] 4 |     error::context, sequence::{tuple, preceded}, 
[INFO] [stdout]   |                                       ^^^^^^^^
[INFO] [stdout] 5 |     bytes::complete::{take_while1, tag, take_until1}, 
[INFO] [stdout]   |                                    ^^^  ^^^^^^^^^^^
[INFO] [stdout] 6 |     character::complete::{line_ending, space1, space0, multispace0, one_of, newline},
[INFO] [stdout]   |                                                        ^^^^^^^^^^^  ^^^^^^
[INFO] [stdout] 7 |     combinator::{opt, map}, branch::alt, multi::{many1, many0},
[INFO] [stdout]   |                                                  ^^^^^
[INFO] [stdout] 
[INFO] [stdout] 
[INFO] [stdout] warning: 6 warnings emitted
[INFO] [stdout] 
[INFO] [stdout] 
[INFO] [stdout] warning: unused import: `warn`
[INFO] [stdout]  --> src/main.rs:4:24
[INFO] [stdout]   |
[INFO] [stdout] 4 | use log::{debug, info, warn, LevelFilter};
[INFO] [stdout]   |                        ^^^^
[INFO] [stdout]   |
[INFO] [stdout]   = note: `#[warn(unused_imports)]` on by default
[INFO] [stdout] 
[INFO] [stdout] 
[INFO] [stdout] warning: 1 warning emitted
[INFO] [stdout] 
[INFO] [stdout] 
[INFO] [stderr]     Finished dev [unoptimized + debuginfo] target(s) in 8.03s
[INFO] running `Command { std: "docker" "inspect" "d4cce143bca86970da17d9effef71e2a9cd9e6bb8b6d5dc9910b8f1913f44791", kill_on_drop: false }`
[INFO] running `Command { std: "docker" "rm" "-f" "d4cce143bca86970da17d9effef71e2a9cd9e6bb8b6d5dc9910b8f1913f44791", kill_on_drop: false }`
[INFO] [stdout] d4cce143bca86970da17d9effef71e2a9cd9e6bb8b6d5dc9910b8f1913f44791
[INFO] running `Command { std: "docker" "create" "-v" "/var/lib/crater-agent-workspace/builds/worker-1-tc1/target:/opt/rustwide/target:rw,Z" "-v" "/var/lib/crater-agent-workspace/builds/worker-1-tc1/source:/opt/rustwide/workdir:ro,Z" "-v" "/var/lib/crater-agent-workspace/cargo-home:/opt/rustwide/cargo-home:ro,Z" "-v" "/var/lib/crater-agent-workspace/rustup-home:/opt/rustwide/rustup-home:ro,Z" "-e" "SOURCE_DIR=/opt/rustwide/workdir" "-e" "CARGO_TARGET_DIR=/opt/rustwide/target" "-e" "CARGO_INCREMENTAL=0" "-e" "RUST_BACKTRACE=full" "-e" "RUSTFLAGS=--cap-lints=warn" "-e" "RUSTDOCFLAGS=--cap-lints=warn" "-e" "CARGO_HOME=/opt/rustwide/cargo-home" "-e" "RUSTUP_HOME=/opt/rustwide/rustup-home" "-w" "/opt/rustwide/workdir" "-m" "1610612736" "--user" "0:0" "--network" "none" "ghcr.io/rust-lang/crates-build-env/linux@sha256:2788e3201cd34a07e3172128adcd8b3090168a8e3bcc40d7c032b9dda1df7d1c" "/opt/rustwide/cargo-home/bin/cargo" "+1.75.0" "test" "--frozen" "--no-run" "--message-format=json", kill_on_drop: false }`
[INFO] [stdout] 1afdb54dfde7a00aae3fbf34ab28f10b4da7cde42029d3618cf7f18c13a87b48
[INFO] running `Command { std: "docker" "start" "-a" "1afdb54dfde7a00aae3fbf34ab28f10b4da7cde42029d3618cf7f18c13a87b48", kill_on_drop: false }`
[INFO] [stderr]    Compiling yansi v0.5.1
[INFO] [stderr]    Compiling diff v0.1.13
[INFO] [stdout] warning: unused import: `space1`
[INFO] [stdout]  --> src/lib.rs:7:41
[INFO] [stdout]   |
[INFO] [stdout] 7 |     character::{complete::{line_ending, space1, space0}, is_hex_digit}, combinator::{rest, map_res, opt},
[INFO] [stdout]   |                                         ^^^^^^
[INFO] [stdout]   |
[INFO] [stdout]   = note: `#[warn(unused_imports)]` on by default
[INFO] [stdout] 
[INFO] [stdout] 
[INFO] [stdout] warning: unused import: `Location`
[INFO] [stdout]   --> src/lib.rs:11:34
[INFO] [stdout]    |
[INFO] [stdout] 11 |     final_parser::{final_parser, Location},
[INFO] [stdout]    |                                  ^^^^^^^^
[INFO] [stdout] 
[INFO] [stdout] 
[INFO] [stdout] warning: unused imports: `debug`, `trace`
[INFO] [stdout]   --> src/lib.rs:16:11
[INFO] [stdout]    |
[INFO] [stdout] 16 | use log::{trace, debug};
[INFO] [stdout]    |           ^^^^^  ^^^^^
[INFO] [stdout] 
[INFO] [stdout] 
[INFO] [stdout] warning: unused imports: `is_not`, `map_res`, `preceded`, `space0`, `tag`, `take_until1`, `take_while1`, `terminated`
[INFO] [stdout]  --> src/objects/section.rs:3:50
[INFO] [stdout]   |
[INFO] [stdout] 3 |     error::context, sequence::{tuple, delimited, terminated, preceded}, 
[INFO] [stdout]   |                                                  ^^^^^^^^^^  ^^^^^^^^
[INFO] [stdout] 4 |     bytes::complete::{take_while1, tag, is_not, take_until1}, 
[INFO] [stdout]   |                       ^^^^^^^^^^^  ^^^  ^^^^^^  ^^^^^^^^^^^
[INFO] [stdout] 5 |     character::complete::{line_ending, space1, space0},
[INFO] [stdout]   |                                                ^^^^^^
[INFO] [stdout] 6 |     combinator::{map_res, opt}, multi::many0,
[INFO] [stdout]   |                  ^^^^^^^
[INFO] [stdout] 
[INFO] [stdout] 
[INFO] [stdout] warning: unused import: `SymbolKind`
[INFO] [stdout]   --> src/objects/section.rs:12:21
[INFO] [stdout]    |
[INFO] [stdout] 12 | use super::{Symbol, SymbolKind};
[INFO] [stdout]    |                     ^^^^^^^^^^
[INFO] [stdout] 
[INFO] [stdout] 
[INFO] [stdout] warning: unused imports: `many1`, `multispace0`, `one_of`, `preceded`, `tag`, `take_until1`
[INFO] [stdout]  --> src/objects/symbol.rs:4:39
[INFO] [stdout]   |
[INFO] [stdout] 4 |     error::context, sequence::{tuple, preceded}, 
[INFO] [stdout]   |                                       ^^^^^^^^
[INFO] [stdout] 5 |     bytes::complete::{take_while1, tag, take_until1}, 
[INFO] [stdout]   |                                    ^^^  ^^^^^^^^^^^
[INFO] [stdout] 6 |     character::complete::{line_ending, space1, space0, multispace0, one_of, newline},
[INFO] [stdout]   |                                                        ^^^^^^^^^^^  ^^^^^^
[INFO] [stdout] 7 |     combinator::{opt, map}, branch::alt, multi::{many1, many0},
[INFO] [stdout]   |                                                  ^^^^^
[INFO] [stdout] 
[INFO] [stdout] 
[INFO] [stdout] warning: 6 warnings emitted
[INFO] [stdout] 
[INFO] [stdout] 
[INFO] [stdout] warning: unused import: `warn`
[INFO] [stdout]  --> src/main.rs:4:24
[INFO] [stdout]   |
[INFO] [stdout] 4 | use log::{debug, info, warn, LevelFilter};
[INFO] [stdout]   |                        ^^^^
[INFO] [stdout]   |
[INFO] [stdout]   = note: `#[warn(unused_imports)]` on by default
[INFO] [stdout] 
[INFO] [stdout] 
[INFO] [stdout] warning: 1 warning emitted
[INFO] [stdout] 
[INFO] [stdout] 
[INFO] [stderr]    Compiling pretty_assertions v1.3.0
[INFO] [stderr]    Compiling mapfile v0.1.0 (/opt/rustwide/workdir)
[INFO] [stdout] warning: unused import: `space1`
[INFO] [stdout]  --> src/lib.rs:7:41
[INFO] [stdout]   |
[INFO] [stdout] 7 |     character::{complete::{line_ending, space1, space0}, is_hex_digit}, combinator::{rest, map_res, opt},
[INFO] [stdout]   |                                         ^^^^^^
[INFO] [stdout]   |
[INFO] [stdout]   = note: `#[warn(unused_imports)]` on by default
[INFO] [stdout] 
[INFO] [stdout] 
[INFO] [stdout] warning: unused import: `warn`
[INFO] [stdout]  --> src/main.rs:4:24
[INFO] [stdout]   |
[INFO] [stdout] 4 | use log::{debug, info, warn, LevelFilter};
[INFO] [stdout]   |                        ^^^^
[INFO] [stdout]   |
[INFO] [stdout]   = note: `#[warn(unused_imports)]` on by default
[INFO] [stdout] 
[INFO] [stdout] 
[INFO] [stdout] warning: unused import: `Location`
[INFO] [stdout]   --> src/lib.rs:11:34
[INFO] [stdout]    |
[INFO] [stdout] 11 |     final_parser::{final_parser, Location},
[INFO] [stdout]    |                                  ^^^^^^^^
[INFO] [stdout] 
[INFO] [stdout] 
[INFO] [stdout] warning: unused imports: `debug`, `trace`
[INFO] [stdout]   --> src/lib.rs:16:11
[INFO] [stdout]    |
[INFO] [stdout] 16 | use log::{trace, debug};
[INFO] [stdout]    |           ^^^^^  ^^^^^
[INFO] [stdout] 
[INFO] [stdout] 
[INFO] [stdout] warning: unused imports: `is_not`, `map_res`, `preceded`, `space0`, `tag`, `take_until1`, `take_while1`, `terminated`
[INFO] [stdout]  --> src/objects/section.rs:3:50
[INFO] [stdout]   |
[INFO] [stdout] 3 |     error::context, sequence::{tuple, delimited, terminated, preceded}, 
[INFO] [stdout]   |                                                  ^^^^^^^^^^  ^^^^^^^^
[INFO] [stdout] 4 |     bytes::complete::{take_while1, tag, is_not, take_until1}, 
[INFO] [stdout]   |                       ^^^^^^^^^^^  ^^^  ^^^^^^  ^^^^^^^^^^^
[INFO] [stdout] 5 |     character::complete::{line_ending, space1, space0},
[INFO] [stdout]   |                                                ^^^^^^
[INFO] [stdout] 6 |     combinator::{map_res, opt}, multi::many0,
[INFO] [stdout]   |                  ^^^^^^^
[INFO] [stdout] 
[INFO] [stdout] 
[INFO] [stdout] warning: unused imports: `many1`, `multispace0`, `one_of`, `preceded`, `tag`, `take_until1`
[INFO] [stdout]  --> src/objects/symbol.rs:4:39
[INFO] [stdout]   |
[INFO] [stdout] 4 |     error::context, sequence::{tuple, preceded}, 
[INFO] [stdout]   |                                       ^^^^^^^^
[INFO] [stdout] 5 |     bytes::complete::{take_while1, tag, take_until1}, 
[INFO] [stdout]   |                                    ^^^  ^^^^^^^^^^^
[INFO] [stdout] 6 |     character::complete::{line_ending, space1, space0, multispace0, one_of, newline},
[INFO] [stdout]   |                                                        ^^^^^^^^^^^  ^^^^^^
[INFO] [stdout] 7 |     combinator::{opt, map}, branch::alt, multi::{many1, many0},
[INFO] [stdout]   |                                                  ^^^^^
[INFO] [stdout] 
[INFO] [stdout] 
[INFO] [stdout] warning: unused import: `nom::multi::many0`
[INFO] [stdout]    --> src/objects/symbol.rs:147:9
[INFO] [stdout]     |
[INFO] [stdout] 147 |     use nom::multi::many0;
[INFO] [stdout]     |         ^^^^^^^^^^^^^^^^^
[INFO] [stdout] 
[INFO] [stdout] 
[INFO] [stdout] warning: 1 warning emitted
[INFO] [stdout] 
[INFO] [stdout] 
[INFO] [stdout] warning: 6 warnings emitted
[INFO] [stdout] 
[INFO] [stdout] 
[INFO] [stderr]     Finished test [unoptimized + debuginfo] target(s) in 1.38s
[INFO] running `Command { std: "docker" "inspect" "1afdb54dfde7a00aae3fbf34ab28f10b4da7cde42029d3618cf7f18c13a87b48", kill_on_drop: false }`
[INFO] running `Command { std: "docker" "rm" "-f" "1afdb54dfde7a00aae3fbf34ab28f10b4da7cde42029d3618cf7f18c13a87b48", kill_on_drop: false }`
[INFO] [stdout] 1afdb54dfde7a00aae3fbf34ab28f10b4da7cde42029d3618cf7f18c13a87b48
[INFO] running `Command { std: "docker" "create" "-v" "/var/lib/crater-agent-workspace/builds/worker-1-tc1/target:/opt/rustwide/target:rw,Z" "-v" "/var/lib/crater-agent-workspace/builds/worker-1-tc1/source:/opt/rustwide/workdir:ro,Z" "-v" "/var/lib/crater-agent-workspace/cargo-home:/opt/rustwide/cargo-home:ro,Z" "-v" "/var/lib/crater-agent-workspace/rustup-home:/opt/rustwide/rustup-home:ro,Z" "-e" "SOURCE_DIR=/opt/rustwide/workdir" "-e" "CARGO_TARGET_DIR=/opt/rustwide/target" "-e" "CARGO_INCREMENTAL=0" "-e" "RUST_BACKTRACE=full" "-e" "RUSTFLAGS=--cap-lints=warn" "-e" "RUSTDOCFLAGS=--cap-lints=warn" "-e" "CARGO_HOME=/opt/rustwide/cargo-home" "-e" "RUSTUP_HOME=/opt/rustwide/rustup-home" "-w" "/opt/rustwide/workdir" "-m" "1610612736" "--user" "0:0" "--network" "none" "ghcr.io/rust-lang/crates-build-env/linux@sha256:2788e3201cd34a07e3172128adcd8b3090168a8e3bcc40d7c032b9dda1df7d1c" "/opt/rustwide/cargo-home/bin/cargo" "+1.75.0" "test" "--frozen", kill_on_drop: false }`
[INFO] [stdout] 877aeaaa016bfaadd5cf30829da9ec5a2111c402451561d4ca7ccab02db3d37f
[INFO] running `Command { std: "docker" "start" "-a" "877aeaaa016bfaadd5cf30829da9ec5a2111c402451561d4ca7ccab02db3d37f", kill_on_drop: false }`
[INFO] [stderr] warning: unused import: `space1`
[INFO] [stderr]  --> src/lib.rs:7:41
[INFO] [stderr]   |
[INFO] [stderr] 7 |     character::{complete::{line_ending, space1, space0}, is_hex_digit}, combinator::{rest, map_res, opt},
[INFO] [stderr]   |                                         ^^^^^^
[INFO] [stderr]   |
[INFO] [stderr]   = note: `#[warn(unused_imports)]` on by default
[INFO] [stderr] 
[INFO] [stderr] warning: unused import: `Location`
[INFO] [stderr]   --> src/lib.rs:11:34
[INFO] [stderr]    |
[INFO] [stderr] 11 |     final_parser::{final_parser, Location},
[INFO] [stderr]    |                                  ^^^^^^^^
[INFO] [stderr] 
[INFO] [stderr] warning: unused imports: `debug`, `trace`
[INFO] [stderr]   --> src/lib.rs:16:11
[INFO] [stderr]    |
[INFO] [stderr] 16 | use log::{trace, debug};
[INFO] [stderr]    |           ^^^^^  ^^^^^
[INFO] [stderr] 
[INFO] [stderr] warning: unused imports: `is_not`, `map_res`, `preceded`, `space0`, `tag`, `take_until1`, `take_while1`, `terminated`
[INFO] [stderr]  --> src/objects/section.rs:3:50
[INFO] [stderr]   |
[INFO] [stderr] 3 |     error::context, sequence::{tuple, delimited, terminated, preceded}, 
[INFO] [stderr]   |                                                  ^^^^^^^^^^  ^^^^^^^^
[INFO] [stderr] 4 |     bytes::complete::{take_while1, tag, is_not, take_until1}, 
[INFO] [stderr]   |                       ^^^^^^^^^^^  ^^^  ^^^^^^  ^^^^^^^^^^^
[INFO] [stderr] 5 |     character::complete::{line_ending, space1, space0},
[INFO] [stderr]   |                                                ^^^^^^
[INFO] [stderr] 6 |     combinator::{map_res, opt}, multi::many0,
[INFO] [stderr]   |                  ^^^^^^^
[INFO] [stderr] 
[INFO] [stderr] warning: unused import: `SymbolKind`
[INFO] [stderr]   --> src/objects/section.rs:12:21
[INFO] [stderr]    |
[INFO] [stderr] 12 | use super::{Symbol, SymbolKind};
[INFO] [stderr]    |                     ^^^^^^^^^^
[INFO] [stderr] 
[INFO] [stderr] warning: unused imports: `many1`, `multispace0`, `one_of`, `preceded`, `tag`, `take_until1`
[INFO] [stderr]  --> src/objects/symbol.rs:4:39
[INFO] [stderr]   |
[INFO] [stderr] 4 |     error::context, sequence::{tuple, preceded}, 
[INFO] [stderr]   |                                       ^^^^^^^^
[INFO] [stderr] 5 |     bytes::complete::{take_while1, tag, take_until1}, 
[INFO] [stderr]   |                                    ^^^  ^^^^^^^^^^^
[INFO] [stderr] 6 |     character::complete::{line_ending, space1, space0, multispace0, one_of, newline},
[INFO] [stderr]   |                                                        ^^^^^^^^^^^  ^^^^^^
[INFO] [stderr] 7 |     combinator::{opt, map}, branch::alt, multi::{many1, many0},
[INFO] [stderr]   |                                                  ^^^^^
[INFO] [stderr] 
[INFO] [stderr] warning: unused import: `nom::multi::many0`
[INFO] [stderr]    --> src/objects/symbol.rs:147:9
[INFO] [stderr]     |
[INFO] [stderr] 147 |     use nom::multi::many0;
[INFO] [stderr]     |         ^^^^^^^^^^^^^^^^^
[INFO] [stderr] 
[INFO] [stderr] warning: `mapfile` (lib) generated 6 warnings (run `cargo fix --lib -p mapfile` to apply 6 suggestions)
[INFO] [stderr] warning: `mapfile` (lib test) generated 6 warnings (5 duplicates) (run `cargo fix --lib -p mapfile --tests` to apply 1 suggestion)
[INFO] [stderr] warning: unused import: `warn`
[INFO] [stderr]  --> src/main.rs:4:24
[INFO] [stderr]   |
[INFO] [stderr] 4 | use log::{debug, info, warn, LevelFilter};
[INFO] [stderr]   |                        ^^^^
[INFO] [stderr]   |
[INFO] [stderr]   = note: `#[warn(unused_imports)]` on by default
[INFO] [stderr] 
[INFO] [stderr] warning: `mapfile` (bin "mapfile" test) generated 1 warning (run `cargo fix --bin "mapfile" --tests` to apply 1 suggestion)
[INFO] [stderr] warning: `mapfile` (bin "mapfile") generated 1 warning (1 duplicate)
[INFO] [stderr]     Finished test [unoptimized + debuginfo] target(s) in 0.04s
[INFO] [stderr]      Running unittests src/lib.rs (/opt/rustwide/target/debug/deps/mapfile-981819dc8605a307)
[INFO] [stdout] 
[INFO] [stdout] running 7 tests
[INFO] [stdout] test objects::symbol::test::parse_symbols ... ok
[INFO] [stdout] test objects::info::test::parse_sections ... ok
[INFO] [stdout] test objects::info::test::parse_memory_info ... ok
[INFO] [stdout] test objects::info::test::parse_file_info ... ok
[INFO] [stdout] test objects::symbol::test::parse_chained_symbols ... ok
[INFO] [stdout] test objects::info::test::parse_archive_info ... ok
[INFO] [stdout] test objects::section::tests::parse_objects ... FAILED
[INFO] [stdout] 
[INFO] [stdout] failures:
[INFO] [stdout] 
[INFO] [stdout] ---- objects::section::tests::parse_objects stdout ----
[INFO] [stdout] PARSE: '  *(.vendorheader)
[INFO] [stdout]   .vendorheader  0x0000000008040000      0xa00 build/firmware/embed/firmware/vendorheader.o
[INFO] [stdout]                  0x0000000008040000                _binary_embed_vendorheader_vendorheader_unsafe_signed_prod_bin_start
[INFO] [stdout]                  0x0000000008040a00                _binary_embed_vendorheader_vendorheader_unsafe_signed_prod_bin_end
[INFO] [stdout]             '
[INFO] [stdout] section: '
[INFO] [stdout] 
[INFO] [stdout]   *(.vendorheader)
[INFO] [stdout]   .vendorheader  0x0000000008040000      0xa00 build/firmware/embed/firmware/vendorheader.o
[INFO] [stdout]                  0x0000000008040000                _binary_embed_vendorheader_vendorheader_unsafe_signed_prod_bin_start
[INFO] [stdout]                  0x0000000008040a00                _binary_embed_vendorheader_vendorheader_unsafe_signed_prod_bin_end
[INFO] [stdout]             
[INFO] [stdout] '
[INFO] [stdout] label: None header: None, symbols: []
[INFO] [stdout] thread 'objects::section::tests::parse_objects' panicked at src/objects/section.rs:226:13:
[INFO] [stdout] assertion failed: `(left == right)`
[INFO] [stdout] 
[INFO] [stdout] [1mDiff[0m [31m< left[0m / [32mright >[0m :
[INFO] [stdout]  Object {
[INFO] [stdout] [31m<    name: None,[0m
[INFO] [stdout] [31m<    addr: None,[0m
[INFO] [stdout] [31m<    size: None,[0m
[INFO] [stdout] [31m<    source: None,[0m
[INFO] [stdout] [31m<    symbols: [],[0m
[INFO] [stdout] [32m>    name: Some([0m
[INFO] [stdout] [32m>        ".vendorheader",[0m
[INFO] [stdout] [32m>    ),[0m
[INFO] [stdout] [32m>    addr: Some([0m
[INFO] [stdout] [32m>        134479872,[0m
[INFO] [stdout] [32m>    ),[0m
[INFO] [stdout] [32m>    size: Some([0m
[INFO] [stdout] [32m>        2560,[0m
[INFO] [stdout] [32m>    ),[0m
[INFO] [stdout] [32m>    source: Some([0m
[INFO] [stdout] [32m>        "build/firmware/embed/firmware/vendorheader.o",[0m
[INFO] [stdout] [32m>    ),[0m
[INFO] [stdout] [32m>    symbols: [[0m
[INFO] [stdout] [32m>        Symbol {[0m
[INFO] [stdout] [32m>            name: None,[0m
[INFO] [stdout] [32m>            addr: 134479872,[0m
[INFO] [stdout] [32m>            kind: Value([0m
[INFO] [stdout] [32m>                "_binary_embed_vendorheader_vendorheader_unsafe_signed_prod_bin_start",[0m
[INFO] [stdout] [32m>            ),[0m
[INFO] [stdout] [32m>        },[0m
[INFO] [stdout] [32m>        Symbol {[0m
[INFO] [stdout] [32m>            name: None,[0m
[INFO] [stdout] [32m>            addr: 134482432,[0m
[INFO] [stdout] [32m>            kind: Value([0m
[INFO] [stdout] [32m>                "_binary_embed_vendorheader_vendorheader_unsafe_signed_prod_bin_end",[0m
[INFO] [stdout] [32m>            ),[0m
[INFO] [stdout] [32m>        },[0m
[INFO] [stdout] [32m>    ],[0m
[INFO] [stdout]  }
[INFO] [stdout] 
[INFO] [stdout] 
[INFO] [stdout] stack backtrace:
[INFO] [stdout]    0:     0x558317d69aec - std::backtrace_rs::backtrace::libunwind::trace::ha637c64ce894333a
[INFO] [stdout]                                at /rustc/82e1608dfa6e0b5569232559e3d385fea5a93112/library/std/src/../../backtrace/src/backtrace/libunwind.rs:104:5
[INFO] [stdout]    1:     0x558317d69aec - std::backtrace_rs::backtrace::trace_unsynchronized::h47f62dea28e0c88d
[INFO] [stdout]                                at /rustc/82e1608dfa6e0b5569232559e3d385fea5a93112/library/std/src/../../backtrace/src/backtrace/mod.rs:66:5
[INFO] [stdout]    2:     0x558317d69aec - std::sys_common::backtrace::_print_fmt::h9eef0abe20ede486
[INFO] [stdout]                                at /rustc/82e1608dfa6e0b5569232559e3d385fea5a93112/library/std/src/sys_common/backtrace.rs:67:5
[INFO] [stdout]    3:     0x558317d69aec - <std::sys_common::backtrace::_print::DisplayBacktrace as core::fmt::Display>::fmt::hed7f999df88cc644
[INFO] [stdout]                                at /rustc/82e1608dfa6e0b5569232559e3d385fea5a93112/library/std/src/sys_common/backtrace.rs:44:22
[INFO] [stdout]    4:     0x558317d93630 - core::fmt::rt::Argument::fmt::h1539a9308b8d058d
[INFO] [stdout]                                at /rustc/82e1608dfa6e0b5569232559e3d385fea5a93112/library/core/src/fmt/rt.rs:142:9
[INFO] [stdout]    5:     0x558317d93630 - core::fmt::write::h3a39390d8560d9c9
[INFO] [stdout]                                at /rustc/82e1608dfa6e0b5569232559e3d385fea5a93112/library/core/src/fmt/mod.rs:1120:17
[INFO] [stdout]    6:     0x558317d6749f - std::io::Write::write_fmt::h040b369f3a0f9cbc
[INFO] [stdout]                                at /rustc/82e1608dfa6e0b5569232559e3d385fea5a93112/library/std/src/io/mod.rs:1762:15
[INFO] [stdout]    7:     0x558317d698d4 - std::sys_common::backtrace::_print::h894006fb5c6f3d45
[INFO] [stdout]                                at /rustc/82e1608dfa6e0b5569232559e3d385fea5a93112/library/std/src/sys_common/backtrace.rs:47:5
[INFO] [stdout]    8:     0x558317d698d4 - std::sys_common::backtrace::print::h23a2d212c6fff936
[INFO] [stdout]                                at /rustc/82e1608dfa6e0b5569232559e3d385fea5a93112/library/std/src/sys_common/backtrace.rs:34:9
[INFO] [stdout]    9:     0x558317d6b597 - std::panicking::default_hook::{{closure}}::h8a1d2ee00185001a
[INFO] [stdout]   10:     0x558317d6b283 - std::panicking::default_hook::h6038f2eba384e475
[INFO] [stdout]                                at /rustc/82e1608dfa6e0b5569232559e3d385fea5a93112/library/std/src/panicking.rs:289:9
[INFO] [stdout]   11:     0x558317d20d07 - <alloc::boxed::Box<F,A> as core::ops::function::Fn<Args>>::call::h0ad024c9bdc6d768
[INFO] [stdout]                                at /rustc/82e1608dfa6e0b5569232559e3d385fea5a93112/library/alloc/src/boxed.rs:2021:9
[INFO] [stdout]   12:     0x558317d20d07 - test::test_main::{{closure}}::h7500b54257359db6
[INFO] [stdout]                                at /rustc/82e1608dfa6e0b5569232559e3d385fea5a93112/library/test/src/lib.rs:138:21
[INFO] [stdout]   13:     0x558317d6bba8 - <alloc::boxed::Box<F,A> as core::ops::function::Fn<Args>>::call::h1f8f335eaa9cfaee
[INFO] [stdout]                                at /rustc/82e1608dfa6e0b5569232559e3d385fea5a93112/library/alloc/src/boxed.rs:2021:9
[INFO] [stdout]   14:     0x558317d6bba8 - std::panicking::rust_panic_with_hook::h2b5517d590cab22e
[INFO] [stdout]                                at /rustc/82e1608dfa6e0b5569232559e3d385fea5a93112/library/std/src/panicking.rs:783:13
[INFO] [stdout]   15:     0x558317d6b8fe - std::panicking::begin_panic_handler::{{closure}}::h233112c06e0ef43e
[INFO] [stdout]                                at /rustc/82e1608dfa6e0b5569232559e3d385fea5a93112/library/std/src/panicking.rs:657:13
[INFO] [stdout]   16:     0x558317d69fb6 - std::sys_common::backtrace::__rust_end_short_backtrace::h6e893f24d7ebbff8
[INFO] [stdout]                                at /rustc/82e1608dfa6e0b5569232559e3d385fea5a93112/library/std/src/sys_common/backtrace.rs:170:18
[INFO] [stdout]   17:     0x558317d6b662 - rust_begin_unwind
[INFO] [stdout]                                at /rustc/82e1608dfa6e0b5569232559e3d385fea5a93112/library/std/src/panicking.rs:645:5
[INFO] [stdout]   18:     0x558317cbdcf5 - core::panicking::panic_fmt::hbf0e066aabfa482c
[INFO] [stdout]                                at /rustc/82e1608dfa6e0b5569232559e3d385fea5a93112/library/core/src/panicking.rs:72:14
[INFO] [stdout]   19:     0x558317cdb275 - mapfile::objects::section::tests::parse_objects::h0e518bae0ed62895
[INFO] [stdout]                                at /opt/rustwide/workdir/src/objects/section.rs:226:13
[INFO] [stdout]   20:     0x558317cda1f7 - mapfile::objects::section::tests::parse_objects::{{closure}}::hd02df16a4a1d80e0
[INFO] [stdout]                                at /opt/rustwide/workdir/src/objects/section.rs:134:23
[INFO] [stdout]   21:     0x558317ccca66 - core::ops::function::FnOnce::call_once::h551b0b44b5e7ccf6
[INFO] [stdout]                                at /rustc/82e1608dfa6e0b5569232559e3d385fea5a93112/library/core/src/ops/function.rs:250:5
[INFO] [stdout]   22:     0x558317d2635f - core::ops::function::FnOnce::call_once::h2b5d431d5046312d
[INFO] [stdout]                                at /rustc/82e1608dfa6e0b5569232559e3d385fea5a93112/library/core/src/ops/function.rs:250:5
[INFO] [stdout]   23:     0x558317d2635f - test::__rust_begin_short_backtrace::h7714669af176e207
[INFO] [stdout]                                at /rustc/82e1608dfa6e0b5569232559e3d385fea5a93112/library/test/src/lib.rs:628:18
[INFO] [stdout]   24:     0x558317d25375 - test::run_test_in_process::{{closure}}::h85218797dcbcec12
[INFO] [stdout]                                at /rustc/82e1608dfa6e0b5569232559e3d385fea5a93112/library/test/src/lib.rs:651:60
[INFO] [stdout]   25:     0x558317d25375 - <core::panic::unwind_safe::AssertUnwindSafe<F> as core::ops::function::FnOnce<()>>::call_once::h76c106ea31c14d7b
[INFO] [stdout]                                at /rustc/82e1608dfa6e0b5569232559e3d385fea5a93112/library/core/src/panic/unwind_safe.rs:272:9
[INFO] [stdout]   26:     0x558317d25375 - std::panicking::try::do_call::h3bd5d0f6620ee946
[INFO] [stdout]                                at /rustc/82e1608dfa6e0b5569232559e3d385fea5a93112/library/std/src/panicking.rs:552:40
[INFO] [stdout]   27:     0x558317d25375 - std::panicking::try::h232e535e4744fe31
[INFO] [stdout]                                at /rustc/82e1608dfa6e0b5569232559e3d385fea5a93112/library/std/src/panicking.rs:516:19
[INFO] [stdout]   28:     0x558317d25375 - std::panic::catch_unwind::h3ce3bd6ca8dbac68
[INFO] [stdout]                                at /rustc/82e1608dfa6e0b5569232559e3d385fea5a93112/library/std/src/panic.rs:142:14
[INFO] [stdout]   29:     0x558317d25375 - test::run_test_in_process::hc97b257c9621286a
[INFO] [stdout]                                at /rustc/82e1608dfa6e0b5569232559e3d385fea5a93112/library/test/src/lib.rs:651:27
[INFO] [stdout]   30:     0x558317d25375 - test::run_test::{{closure}}::h2aa798823a438d38
[INFO] [stdout]                                at /rustc/82e1608dfa6e0b5569232559e3d385fea5a93112/library/test/src/lib.rs:574:43
[INFO] [stdout]   31:     0x558317ced636 - test::run_test::{{closure}}::h87d231c78fb59832
[INFO] [stdout]                                at /rustc/82e1608dfa6e0b5569232559e3d385fea5a93112/library/test/src/lib.rs:602:41
[INFO] [stdout]   32:     0x558317ced636 - std::sys_common::backtrace::__rust_begin_short_backtrace::he6df152596625789
[INFO] [stdout]                                at /rustc/82e1608dfa6e0b5569232559e3d385fea5a93112/library/std/src/sys_common/backtrace.rs:154:18
[INFO] [stdout]   33:     0x558317cf26e7 - std::thread::Builder::spawn_unchecked_::{{closure}}::{{closure}}::ha94be15d1e0acf36
[INFO] [stdout]                                at /rustc/82e1608dfa6e0b5569232559e3d385fea5a93112/library/std/src/thread/mod.rs:529:17
[INFO] [stdout]   34:     0x558317cf26e7 - <core::panic::unwind_safe::AssertUnwindSafe<F> as core::ops::function::FnOnce<()>>::call_once::h9dc6bd6372f16606
[INFO] [stdout]                                at /rustc/82e1608dfa6e0b5569232559e3d385fea5a93112/library/core/src/panic/unwind_safe.rs:272:9
[INFO] [stdout]   35:     0x558317cf26e7 - std::panicking::try::do_call::h9057517f80303cd4
[INFO] [stdout]                                at /rustc/82e1608dfa6e0b5569232559e3d385fea5a93112/library/std/src/panicking.rs:552:40
[INFO] [stdout]   36:     0x558317cf26e7 - std::panicking::try::he3a30b11ee45340c
[INFO] [stdout]                                at /rustc/82e1608dfa6e0b5569232559e3d385fea5a93112/library/std/src/panicking.rs:516:19
[INFO] [stdout]   37:     0x558317cf26e7 - std::panic::catch_unwind::h410458cfd3528b8b
[INFO] [stdout]                                at /rustc/82e1608dfa6e0b5569232559e3d385fea5a93112/library/std/src/panic.rs:142:14
[INFO] [stdout]   38:     0x558317cf26e7 - std::thread::Builder::spawn_unchecked_::{{closure}}::h72ac3bdb567b737b
[INFO] [stdout]                                at /rustc/82e1608dfa6e0b5569232559e3d385fea5a93112/library/std/src/thread/mod.rs:528:30
[INFO] [stdout]   39:     0x558317cf26e7 - core::ops::function::FnOnce::call_once{{vtable.shim}}::h38f34da3654a8344
[INFO] [stdout]                                at /rustc/82e1608dfa6e0b5569232559e3d385fea5a93112/library/core/src/ops/function.rs:250:5
[INFO] [stdout]   40:     0x558317d70635 - <alloc::boxed::Box<F,A> as core::ops::function::FnOnce<Args>>::call_once::hc7eafaff61e32df9
[INFO] [stdout]                                at /rustc/82e1608dfa6e0b5569232559e3d385fea5a93112/library/alloc/src/boxed.rs:2007:9
[INFO] [stdout]   41:     0x558317d70635 - <alloc::boxed::Box<F,A> as core::ops::function::FnOnce<Args>>::call_once::h6ba4a5de48dd2304
[INFO] [stdout]                                at /rustc/82e1608dfa6e0b5569232559e3d385fea5a93112/library/alloc/src/boxed.rs:2007:9
[INFO] [stdout]   42:     0x558317d70635 - std::sys::unix::thread::Thread::new::thread_start::he469335aef763e45
[INFO] [stdout]                                at /rustc/82e1608dfa6e0b5569232559e3d385fea5a93112/library/std/src/sys/unix/thread.rs:108:17
[INFO] [stdout]   43:     0x7f5bc6517ac3 - <unknown>
[INFO] [stdout]   44:     0x7f5bc65a8bf4 - __clone
[INFO] [stdout]   45:                0x0 - <unknown>
[INFO] [stdout] 
[INFO] [stdout] 
[INFO] [stdout] failures:
[INFO] [stdout]     objects::section::tests::parse_objects
[INFO] [stdout] 
[INFO] [stdout] test result: FAILED. 6 passed; 1 failed; 0 ignored; 0 measured; 0 filtered out; finished in 0.02s
[INFO] [stdout] 
[INFO] [stderr] error: test failed, to rerun pass `--lib`
[INFO] running `Command { std: "docker" "inspect" "877aeaaa016bfaadd5cf30829da9ec5a2111c402451561d4ca7ccab02db3d37f", kill_on_drop: false }`
[INFO] running `Command { std: "docker" "rm" "-f" "877aeaaa016bfaadd5cf30829da9ec5a2111c402451561d4ca7ccab02db3d37f", kill_on_drop: false }`
[INFO] [stdout] 877aeaaa016bfaadd5cf30829da9ec5a2111c402451561d4ca7ccab02db3d37f
[INFO] testing ryankurte/rust-mapfile against beta-2023-12-22 for beta-1.76-1
[INFO] running `Command { std: "git" "clone" "/workspace/cache/git-repos/https%3A%2F%2Fgithub.com%2Fryankurte%2Frust-mapfile" "/workspace/builds/worker-1-tc2/source", kill_on_drop: false }`
[INFO] [stderr] Cloning into '/workspace/builds/worker-1-tc2/source'...
[INFO] [stderr] done.
[INFO] validating manifest of git repo https://github.com/ryankurte/rust-mapfile on toolchain beta-2023-12-22
[INFO] running `Command { std: CARGO_HOME="/workspace/cargo-home" RUSTUP_HOME="/workspace/rustup-home" "/workspace/cargo-home/bin/cargo" "+beta-2023-12-22" "metadata" "--manifest-path" "Cargo.toml" "--no-deps", kill_on_drop: false }`
[INFO] started tweaking git repo https://github.com/ryankurte/rust-mapfile
[INFO] finished tweaking git repo https://github.com/ryankurte/rust-mapfile
[INFO] tweaked toml for git repo https://github.com/ryankurte/rust-mapfile written to /workspace/builds/worker-1-tc2/source/Cargo.toml
[INFO] crate git repo https://github.com/ryankurte/rust-mapfile already has a lockfile, it will not be regenerated
[INFO] running `Command { std: CARGO_HOME="/workspace/cargo-home" RUSTUP_HOME="/workspace/rustup-home" "/workspace/cargo-home/bin/cargo" "+beta-2023-12-22" "fetch" "--manifest-path" "Cargo.toml", kill_on_drop: false }`
[INFO] running `Command { std: "docker" "create" "-v" "/var/lib/crater-agent-workspace/builds/worker-1-tc2/target:/opt/rustwide/target:rw,Z" "-v" "/var/lib/crater-agent-workspace/builds/worker-1-tc2/source:/opt/rustwide/workdir:ro,Z" "-v" "/var/lib/crater-agent-workspace/cargo-home:/opt/rustwide/cargo-home:ro,Z" "-v" "/var/lib/crater-agent-workspace/rustup-home:/opt/rustwide/rustup-home:ro,Z" "-e" "SOURCE_DIR=/opt/rustwide/workdir" "-e" "CARGO_TARGET_DIR=/opt/rustwide/target" "-e" "CARGO_HOME=/opt/rustwide/cargo-home" "-e" "RUSTUP_HOME=/opt/rustwide/rustup-home" "-w" "/opt/rustwide/workdir" "-m" "1610612736" "--user" "0:0" "--network" "none" "ghcr.io/rust-lang/crates-build-env/linux@sha256:2788e3201cd34a07e3172128adcd8b3090168a8e3bcc40d7c032b9dda1df7d1c" "/opt/rustwide/cargo-home/bin/cargo" "+beta-2023-12-22" "metadata" "--no-deps" "--format-version=1", kill_on_drop: false }`
[INFO] [stdout] 06243e6b14ab6c6842a213b43c14a4e5ac1e87701bafb6f4e538c988b64a2f78
[INFO] running `Command { std: "docker" "start" "-a" "06243e6b14ab6c6842a213b43c14a4e5ac1e87701bafb6f4e538c988b64a2f78", kill_on_drop: false }`
[INFO] running `Command { std: "docker" "inspect" "06243e6b14ab6c6842a213b43c14a4e5ac1e87701bafb6f4e538c988b64a2f78", kill_on_drop: false }`
[INFO] running `Command { std: "docker" "rm" "-f" "06243e6b14ab6c6842a213b43c14a4e5ac1e87701bafb6f4e538c988b64a2f78", kill_on_drop: false }`
[INFO] [stdout] 06243e6b14ab6c6842a213b43c14a4e5ac1e87701bafb6f4e538c988b64a2f78
[INFO] running `Command { std: "docker" "create" "-v" "/var/lib/crater-agent-workspace/builds/worker-1-tc2/target:/opt/rustwide/target:rw,Z" "-v" "/var/lib/crater-agent-workspace/builds/worker-1-tc2/source:/opt/rustwide/workdir:ro,Z" "-v" "/var/lib/crater-agent-workspace/cargo-home:/opt/rustwide/cargo-home:ro,Z" "-v" "/var/lib/crater-agent-workspace/rustup-home:/opt/rustwide/rustup-home:ro,Z" "-e" "SOURCE_DIR=/opt/rustwide/workdir" "-e" "CARGO_TARGET_DIR=/opt/rustwide/target" "-e" "CARGO_INCREMENTAL=0" "-e" "RUST_BACKTRACE=full" "-e" "RUSTFLAGS=--cap-lints=warn" "-e" "RUSTDOCFLAGS=--cap-lints=warn" "-e" "CARGO_HOME=/opt/rustwide/cargo-home" "-e" "RUSTUP_HOME=/opt/rustwide/rustup-home" "-w" "/opt/rustwide/workdir" "-m" "1610612736" "--user" "0:0" "--network" "none" "ghcr.io/rust-lang/crates-build-env/linux@sha256:2788e3201cd34a07e3172128adcd8b3090168a8e3bcc40d7c032b9dda1df7d1c" "/opt/rustwide/cargo-home/bin/cargo" "+beta-2023-12-22" "build" "--frozen" "--message-format=json", kill_on_drop: false }`
[INFO] [stdout] aa95f667f9f66e6d8be13b78756665b4feac692af97e79d9107a61859e9e5b74
[INFO] running `Command { std: "docker" "start" "-a" "aa95f667f9f66e6d8be13b78756665b4feac692af97e79d9107a61859e9e5b74", kill_on_drop: false }`
[INFO] [stderr]    Compiling proc-macro2 v1.0.47
[INFO] [stderr]    Compiling version_check v0.9.4
[INFO] [stderr]    Compiling unicode-ident v1.0.0
[INFO] [stderr]    Compiling quote v1.0.21
[INFO] [stderr]    Compiling libc v0.2.126
[INFO] [stderr]    Compiling syn v1.0.103
[INFO] [stderr]    Compiling autocfg v1.1.0
[INFO] [stderr]    Compiling memchr v2.5.0
[INFO] [stderr]    Compiling log v0.4.17
[INFO] [stderr]    Compiling heck v0.4.0
[INFO] [stderr]    Compiling termcolor v1.1.3
[INFO] [stderr]    Compiling itoa v1.0.2
[INFO] [stderr]    Compiling cfg-if v1.0.0
[INFO] [stderr]    Compiling minimal-lexical v0.2.1
[INFO] [stderr]    Compiling anyhow v1.0.57
[INFO] [stderr]    Compiling num_threads v0.1.6
[INFO] [stderr]    Compiling time-macros v0.2.4
[INFO] [stderr]    Compiling hashbrown v0.11.2
[INFO] [stderr]    Compiling os_str_bytes v6.1.0
[INFO] [stderr]    Compiling arrayvec v0.7.2
[INFO] [stderr]    Compiling joinery v2.1.0
[INFO] [stderr]    Compiling lazy_static v1.4.0
[INFO] [stderr]    Compiling strsim v0.10.0
[INFO] [stderr]    Compiling brownstone v3.0.0
[INFO] [stderr]    Compiling bitflags v1.3.2
[INFO] [stderr]    Compiling textwrap v0.15.0
[INFO] [stderr]    Compiling indent_write v2.2.0
[INFO] [stderr]    Compiling clap_lex v0.2.0
[INFO] [stderr]    Compiling proc-macro-error-attr v1.0.4
[INFO] [stderr]    Compiling proc-macro-error v1.0.4
[INFO] [stderr]    Compiling indexmap v1.8.2
[INFO] [stderr]    Compiling nom v7.1.1
[INFO] [stderr]    Compiling atty v0.2.14
[INFO] [stderr]    Compiling time v0.3.9
[INFO] [stderr]    Compiling simplelog v0.12.0
[INFO] [stderr]    Compiling nom-supreme v0.8.0
[INFO] [stderr]    Compiling clap_derive v3.1.18
[INFO] [stderr]    Compiling clap v3.1.18
[INFO] [stderr]    Compiling mapfile v0.1.0 (/opt/rustwide/workdir)
[INFO] [stdout] warning: unused import: `space1`
[INFO] [stdout]  --> src/lib.rs:7:41
[INFO] [stdout]   |
[INFO] [stdout] 7 |     character::{complete::{line_ending, space1, space0}, is_hex_digit}, combinator::{rest, map_res, opt},
[INFO] [stdout]   |                                         ^^^^^^
[INFO] [stdout]   |
[INFO] [stdout]   = note: `#[warn(unused_imports)]` on by default
[INFO] [stdout] 
[INFO] [stdout] 
[INFO] [stdout] warning: unused import: `Location`
[INFO] [stdout]   --> src/lib.rs:11:34
[INFO] [stdout]    |
[INFO] [stdout] 11 |     final_parser::{final_parser, Location},
[INFO] [stdout]    |                                  ^^^^^^^^
[INFO] [stdout] 
[INFO] [stdout] 
[INFO] [stdout] warning: unused imports: `debug`, `trace`
[INFO] [stdout]   --> src/lib.rs:16:11
[INFO] [stdout]    |
[INFO] [stdout] 16 | use log::{trace, debug};
[INFO] [stdout]    |           ^^^^^  ^^^^^
[INFO] [stdout] 
[INFO] [stdout] 
[INFO] [stdout] warning: unused imports: `is_not`, `map_res`, `preceded`, `space0`, `tag`, `take_until1`, `take_while1`, `terminated`
[INFO] [stdout]  --> src/objects/section.rs:3:50
[INFO] [stdout]   |
[INFO] [stdout] 3 |     error::context, sequence::{tuple, delimited, terminated, preceded}, 
[INFO] [stdout]   |                                                  ^^^^^^^^^^  ^^^^^^^^
[INFO] [stdout] 4 |     bytes::complete::{take_while1, tag, is_not, take_until1}, 
[INFO] [stdout]   |                       ^^^^^^^^^^^  ^^^  ^^^^^^  ^^^^^^^^^^^
[INFO] [stdout] 5 |     character::complete::{line_ending, space1, space0},
[INFO] [stdout]   |                                                ^^^^^^
[INFO] [stdout] 6 |     combinator::{map_res, opt}, multi::many0,
[INFO] [stdout]   |                  ^^^^^^^
[INFO] [stdout] 
[INFO] [stdout] 
[INFO] [stdout] warning: unused import: `SymbolKind`
[INFO] [stdout]   --> src/objects/section.rs:12:21
[INFO] [stdout]    |
[INFO] [stdout] 12 | use super::{Symbol, SymbolKind};
[INFO] [stdout]    |                     ^^^^^^^^^^
[INFO] [stdout] 
[INFO] [stdout] 
[INFO] [stdout] warning: unused imports: `many1`, `multispace0`, `one_of`, `preceded`, `tag`, `take_until1`
[INFO] [stdout]  --> src/objects/symbol.rs:4:39
[INFO] [stdout]   |
[INFO] [stdout] 4 |     error::context, sequence::{tuple, preceded}, 
[INFO] [stdout]   |                                       ^^^^^^^^
[INFO] [stdout] 5 |     bytes::complete::{take_while1, tag, take_until1}, 
[INFO] [stdout]   |                                    ^^^  ^^^^^^^^^^^
[INFO] [stdout] 6 |     character::complete::{line_ending, space1, space0, multispace0, one_of, newline},
[INFO] [stdout]   |                                                        ^^^^^^^^^^^  ^^^^^^
[INFO] [stdout] 7 |     combinator::{opt, map}, branch::alt, multi::{many1, many0},
[INFO] [stdout]   |                                                  ^^^^^
[INFO] [stdout] 
[INFO] [stdout] 
[INFO] [stdout] warning: 6 warnings emitted
[INFO] [stdout] 
[INFO] [stdout] 
[INFO] [stdout] warning: unused import: `warn`
[INFO] [stdout]  --> src/main.rs:4:24
[INFO] [stdout]   |
[INFO] [stdout] 4 | use log::{debug, info, warn, LevelFilter};
[INFO] [stdout]   |                        ^^^^
[INFO] [stdout]   |
[INFO] [stdout]   = note: `#[warn(unused_imports)]` on by default
[INFO] [stdout] 
[INFO] [stdout] 
[INFO] [stdout] warning: 1 warning emitted
[INFO] [stdout] 
[INFO] [stdout] 
[INFO] [stderr]     Finished dev [unoptimized + debuginfo] target(s) in 9.55s
[INFO] running `Command { std: "docker" "inspect" "aa95f667f9f66e6d8be13b78756665b4feac692af97e79d9107a61859e9e5b74", kill_on_drop: false }`
[INFO] running `Command { std: "docker" "rm" "-f" "aa95f667f9f66e6d8be13b78756665b4feac692af97e79d9107a61859e9e5b74", kill_on_drop: false }`
[INFO] [stdout] aa95f667f9f66e6d8be13b78756665b4feac692af97e79d9107a61859e9e5b74
[INFO] running `Command { std: "docker" "create" "-v" "/var/lib/crater-agent-workspace/builds/worker-1-tc2/target:/opt/rustwide/target:rw,Z" "-v" "/var/lib/crater-agent-workspace/builds/worker-1-tc2/source:/opt/rustwide/workdir:ro,Z" "-v" "/var/lib/crater-agent-workspace/cargo-home:/opt/rustwide/cargo-home:ro,Z" "-v" "/var/lib/crater-agent-workspace/rustup-home:/opt/rustwide/rustup-home:ro,Z" "-e" "SOURCE_DIR=/opt/rustwide/workdir" "-e" "CARGO_TARGET_DIR=/opt/rustwide/target" "-e" "CARGO_INCREMENTAL=0" "-e" "RUST_BACKTRACE=full" "-e" "RUSTFLAGS=--cap-lints=warn" "-e" "RUSTDOCFLAGS=--cap-lints=warn" "-e" "CARGO_HOME=/opt/rustwide/cargo-home" "-e" "RUSTUP_HOME=/opt/rustwide/rustup-home" "-w" "/opt/rustwide/workdir" "-m" "1610612736" "--user" "0:0" "--network" "none" "ghcr.io/rust-lang/crates-build-env/linux@sha256:2788e3201cd34a07e3172128adcd8b3090168a8e3bcc40d7c032b9dda1df7d1c" "/opt/rustwide/cargo-home/bin/cargo" "+beta-2023-12-22" "test" "--frozen" "--no-run" "--message-format=json", kill_on_drop: false }`
[INFO] [stdout] 12ef16abae7e39053820b3ddd7448210138efaea6ed38fdd912c9f02ee892167
[INFO] running `Command { std: "docker" "start" "-a" "12ef16abae7e39053820b3ddd7448210138efaea6ed38fdd912c9f02ee892167", kill_on_drop: false }`
[INFO] [stderr]    Compiling diff v0.1.13
[INFO] [stderr]    Compiling yansi v0.5.1
[INFO] [stdout] warning: unused import: `space1`
[INFO] [stdout]  --> src/lib.rs:7:41
[INFO] [stdout]   |
[INFO] [stdout] 7 |     character::{complete::{line_ending, space1, space0}, is_hex_digit}, combinator::{rest, map_res, opt},
[INFO] [stdout]   |                                         ^^^^^^
[INFO] [stdout]   |
[INFO] [stdout]   = note: `#[warn(unused_imports)]` on by default
[INFO] [stdout] 
[INFO] [stdout] 
[INFO] [stdout] warning: unused import: `Location`
[INFO] [stdout]   --> src/lib.rs:11:34
[INFO] [stdout]    |
[INFO] [stdout] 11 |     final_parser::{final_parser, Location},
[INFO] [stdout]    |                                  ^^^^^^^^
[INFO] [stdout] 
[INFO] [stdout] 
[INFO] [stdout] warning: unused imports: `debug`, `trace`
[INFO] [stdout]   --> src/lib.rs:16:11
[INFO] [stdout]    |
[INFO] [stdout] 16 | use log::{trace, debug};
[INFO] [stdout]    |           ^^^^^  ^^^^^
[INFO] [stdout] 
[INFO] [stdout] 
[INFO] [stdout] warning: unused imports: `is_not`, `map_res`, `preceded`, `space0`, `tag`, `take_until1`, `take_while1`, `terminated`
[INFO] [stdout]  --> src/objects/section.rs:3:50
[INFO] [stdout]   |
[INFO] [stdout] 3 |     error::context, sequence::{tuple, delimited, terminated, preceded}, 
[INFO] [stdout]   |                                                  ^^^^^^^^^^  ^^^^^^^^
[INFO] [stdout] 4 |     bytes::complete::{take_while1, tag, is_not, take_until1}, 
[INFO] [stdout]   |                       ^^^^^^^^^^^  ^^^  ^^^^^^  ^^^^^^^^^^^
[INFO] [stdout] 5 |     character::complete::{line_ending, space1, space0},
[INFO] [stdout]   |                                                ^^^^^^
[INFO] [stdout] 6 |     combinator::{map_res, opt}, multi::many0,
[INFO] [stdout]   |                  ^^^^^^^
[INFO] [stdout] 
[INFO] [stdout] 
[INFO] [stdout] warning: unused import: `SymbolKind`
[INFO] [stdout]   --> src/objects/section.rs:12:21
[INFO] [stdout]    |
[INFO] [stdout] 12 | use super::{Symbol, SymbolKind};
[INFO] [stdout]    |                     ^^^^^^^^^^
[INFO] [stdout] 
[INFO] [stdout] 
[INFO] [stdout] warning: unused imports: `many1`, `multispace0`, `one_of`, `preceded`, `tag`, `take_until1`
[INFO] [stdout]  --> src/objects/symbol.rs:4:39
[INFO] [stdout]   |
[INFO] [stdout] 4 |     error::context, sequence::{tuple, preceded}, 
[INFO] [stdout]   |                                       ^^^^^^^^
[INFO] [stdout] 5 |     bytes::complete::{take_while1, tag, take_until1}, 
[INFO] [stdout]   |                                    ^^^  ^^^^^^^^^^^
[INFO] [stdout] 6 |     character::complete::{line_ending, space1, space0, multispace0, one_of, newline},
[INFO] [stdout]   |                                                        ^^^^^^^^^^^  ^^^^^^
[INFO] [stdout] 7 |     combinator::{opt, map}, branch::alt, multi::{many1, many0},
[INFO] [stdout]   |                                                  ^^^^^
[INFO] [stdout] 
[INFO] [stdout] 
[INFO] [stdout] warning: 6 warnings emitted
[INFO] [stdout] 
[INFO] [stdout] 
[INFO] [stdout] warning: unused import: `warn`
[INFO] [stdout]  --> src/main.rs:4:24
[INFO] [stdout]   |
[INFO] [stdout] 4 | use log::{debug, info, warn, LevelFilter};
[INFO] [stdout]   |                        ^^^^
[INFO] [stdout]   |
[INFO] [stdout]   = note: `#[warn(unused_imports)]` on by default
[INFO] [stdout] 
[INFO] [stdout] 
[INFO] [stdout] warning: 1 warning emitted
[INFO] [stdout] 
[INFO] [stdout] 
[INFO] [stderr]    Compiling pretty_assertions v1.3.0
[INFO] [stderr]    Compiling mapfile v0.1.0 (/opt/rustwide/workdir)
[INFO] [stdout] warning: unused import: `space1`
[INFO] [stdout]  --> src/lib.rs:7:41
[INFO] [stdout]   |
[INFO] [stdout] 7 |     character::{complete::{line_ending, space1, space0}, is_hex_digit}, combinator::{rest, map_res, opt},
[INFO] [stdout]   |                                         ^^^^^^
[INFO] [stdout]   |
[INFO] [stdout]   = note: `#[warn(unused_imports)]` on by default
[INFO] [stdout] 
[INFO] [stdout] 
[INFO] [stdout] warning: unused import: `Location`
[INFO] [stdout]   --> src/lib.rs:11:34
[INFO] [stdout]    |
[INFO] [stdout] 11 |     final_parser::{final_parser, Location},
[INFO] [stdout]    |                                  ^^^^^^^^
[INFO] [stdout] 
[INFO] [stdout] 
[INFO] [stdout] warning: unused imports: `debug`, `trace`
[INFO] [stdout]   --> src/lib.rs:16:11
[INFO] [stdout]    |
[INFO] [stdout] 16 | use log::{trace, debug};
[INFO] [stdout]    |           ^^^^^  ^^^^^
[INFO] [stdout] 
[INFO] [stdout] 
[INFO] [stdout] warning: unused imports: `is_not`, `map_res`, `preceded`, `space0`, `tag`, `take_until1`, `take_while1`, `terminated`
[INFO] [stdout]  --> src/objects/section.rs:3:50
[INFO] [stdout]   |
[INFO] [stdout] 3 |     error::context, sequence::{tuple, delimited, terminated, preceded}, 
[INFO] [stdout]   |                                                  ^^^^^^^^^^  ^^^^^^^^
[INFO] [stdout] 4 |     bytes::complete::{take_while1, tag, is_not, take_until1}, 
[INFO] [stdout]   |                       ^^^^^^^^^^^  ^^^  ^^^^^^  ^^^^^^^^^^^
[INFO] [stdout] 5 |     character::complete::{line_ending, space1, space0},
[INFO] [stdout]   |                                                ^^^^^^
[INFO] [stdout] 6 |     combinator::{map_res, opt}, multi::many0,
[INFO] [stdout]   |                  ^^^^^^^
[INFO] [stdout] 
[INFO] [stdout] 
[INFO] [stdout] warning: unused imports: `many1`, `multispace0`, `one_of`, `preceded`, `tag`, `take_until1`
[INFO] [stdout]  --> src/objects/symbol.rs:4:39
[INFO] [stdout]   |
[INFO] [stdout] 4 |     error::context, sequence::{tuple, preceded}, 
[INFO] [stdout]   |                                       ^^^^^^^^
[INFO] [stdout] 5 |     bytes::complete::{take_while1, tag, take_until1}, 
[INFO] [stdout]   |                                    ^^^  ^^^^^^^^^^^
[INFO] [stdout] 6 |     character::complete::{line_ending, space1, space0, multispace0, one_of, newline},
[INFO] [stdout]   |                                                        ^^^^^^^^^^^  ^^^^^^
[INFO] [stdout] 7 |     combinator::{opt, map}, branch::alt, multi::{many1, many0},
[INFO] [stdout]   |                                                  ^^^^^
[INFO] [stdout] 
[INFO] [stdout] 
[INFO] [stdout] warning: unused import: `nom::multi::many0`
[INFO] [stdout]    --> src/objects/symbol.rs:147:9
[INFO] [stdout]     |
[INFO] [stdout] 147 |     use nom::multi::many0;
[INFO] [stdout]     |         ^^^^^^^^^^^^^^^^^
[INFO] [stdout] 
[INFO] [stdout] 
[INFO] [stdout] warning: unused import: `warn`
[INFO] [stdout]  --> src/main.rs:4:24
[INFO] [stdout]   |
[INFO] [stdout] 4 | use log::{debug, info, warn, LevelFilter};
[INFO] [stdout]   |                        ^^^^
[INFO] [stdout]   |
[INFO] [stdout]   = note: `#[warn(unused_imports)]` on by default
[INFO] [stdout] 
[INFO] [stdout] 
[INFO] [stdout] warning: 1 warning emitted
[INFO] [stdout] 
[INFO] [stdout] 
[INFO] [stdout] warning: 6 warnings emitted
[INFO] [stdout] 
[INFO] [stdout] 
[INFO] [stderr]     Finished test [unoptimized + debuginfo] target(s) in 1.46s
[INFO] running `Command { std: "docker" "inspect" "12ef16abae7e39053820b3ddd7448210138efaea6ed38fdd912c9f02ee892167", kill_on_drop: false }`
[INFO] running `Command { std: "docker" "rm" "-f" "12ef16abae7e39053820b3ddd7448210138efaea6ed38fdd912c9f02ee892167", kill_on_drop: false }`
[INFO] [stdout] 12ef16abae7e39053820b3ddd7448210138efaea6ed38fdd912c9f02ee892167
[INFO] running `Command { std: "docker" "create" "-v" "/var/lib/crater-agent-workspace/builds/worker-1-tc2/target:/opt/rustwide/target:rw,Z" "-v" "/var/lib/crater-agent-workspace/builds/worker-1-tc2/source:/opt/rustwide/workdir:ro,Z" "-v" "/var/lib/crater-agent-workspace/cargo-home:/opt/rustwide/cargo-home:ro,Z" "-v" "/var/lib/crater-agent-workspace/rustup-home:/opt/rustwide/rustup-home:ro,Z" "-e" "SOURCE_DIR=/opt/rustwide/workdir" "-e" "CARGO_TARGET_DIR=/opt/rustwide/target" "-e" "CARGO_INCREMENTAL=0" "-e" "RUST_BACKTRACE=full" "-e" "RUSTFLAGS=--cap-lints=warn" "-e" "RUSTDOCFLAGS=--cap-lints=warn" "-e" "CARGO_HOME=/opt/rustwide/cargo-home" "-e" "RUSTUP_HOME=/opt/rustwide/rustup-home" "-w" "/opt/rustwide/workdir" "-m" "1610612736" "--user" "0:0" "--network" "none" "ghcr.io/rust-lang/crates-build-env/linux@sha256:2788e3201cd34a07e3172128adcd8b3090168a8e3bcc40d7c032b9dda1df7d1c" "/opt/rustwide/cargo-home/bin/cargo" "+beta-2023-12-22" "test" "--frozen", kill_on_drop: false }`
[INFO] [stdout] 14eaab01f93f5c5e2c411a62b74b9ebc06b79d0f3cf3568b78af80b5b1fd0f51
[INFO] running `Command { std: "docker" "start" "-a" "14eaab01f93f5c5e2c411a62b74b9ebc06b79d0f3cf3568b78af80b5b1fd0f51", kill_on_drop: false }`
[INFO] [stderr] warning: unused import: `space1`
[INFO] [stderr]  --> src/lib.rs:7:41
[INFO] [stderr]   |
[INFO] [stderr] 7 |     character::{complete::{line_ending, space1, space0}, is_hex_digit}, combinator::{rest, map_res, opt},
[INFO] [stderr]   |                                         ^^^^^^
[INFO] [stderr]   |
[INFO] [stderr]   = note: `#[warn(unused_imports)]` on by default
[INFO] [stderr] 
[INFO] [stderr] warning: unused import: `Location`
[INFO] [stderr]   --> src/lib.rs:11:34
[INFO] [stderr]    |
[INFO] [stderr] 11 |     final_parser::{final_parser, Location},
[INFO] [stderr]    |                                  ^^^^^^^^
[INFO] [stderr] 
[INFO] [stderr] warning: unused imports: `debug`, `trace`
[INFO] [stderr]   --> src/lib.rs:16:11
[INFO] [stderr]    |
[INFO] [stderr] 16 | use log::{trace, debug};
[INFO] [stderr]    |           ^^^^^  ^^^^^
[INFO] [stderr] 
[INFO] [stderr] warning: unused imports: `is_not`, `map_res`, `preceded`, `space0`, `tag`, `take_until1`, `take_while1`, `terminated`
[INFO] [stderr]  --> src/objects/section.rs:3:50
[INFO] [stderr]   |
[INFO] [stderr] 3 |     error::context, sequence::{tuple, delimited, terminated, preceded}, 
[INFO] [stderr]   |                                                  ^^^^^^^^^^  ^^^^^^^^
[INFO] [stderr] 4 |     bytes::complete::{take_while1, tag, is_not, take_until1}, 
[INFO] [stderr]   |                       ^^^^^^^^^^^  ^^^  ^^^^^^  ^^^^^^^^^^^
[INFO] [stderr] 5 |     character::complete::{line_ending, space1, space0},
[INFO] [stderr]   |                                                ^^^^^^
[INFO] [stderr] 6 |     combinator::{map_res, opt}, multi::many0,
[INFO] [stderr]   |                  ^^^^^^^
[INFO] [stderr] 
[INFO] [stderr] warning: unused import: `SymbolKind`
[INFO] [stderr]   --> src/objects/section.rs:12:21
[INFO] [stderr]    |
[INFO] [stderr] 12 | use super::{Symbol, SymbolKind};
[INFO] [stderr]    |                     ^^^^^^^^^^
[INFO] [stderr] 
[INFO] [stderr] warning: unused imports: `many1`, `multispace0`, `one_of`, `preceded`, `tag`, `take_until1`
[INFO] [stderr]  --> src/objects/symbol.rs:4:39
[INFO] [stderr]   |
[INFO] [stderr] 4 |     error::context, sequence::{tuple, preceded}, 
[INFO] [stderr]   |                                       ^^^^^^^^
[INFO] [stderr] 5 |     bytes::complete::{take_while1, tag, take_until1}, 
[INFO] [stderr]   |                                    ^^^  ^^^^^^^^^^^
[INFO] [stderr] 6 |     character::complete::{line_ending, space1, space0, multispace0, one_of, newline},
[INFO] [stderr]   |                                                        ^^^^^^^^^^^  ^^^^^^
[INFO] [stderr] 7 |     combinator::{opt, map}, branch::alt, multi::{many1, many0},
[INFO] [stderr]   |                                                  ^^^^^
[INFO] [stderr] 
[INFO] [stderr] warning: unused import: `nom::multi::many0`
[INFO] [stderr]    --> src/objects/symbol.rs:147:9
[INFO] [stderr]     |
[INFO] [stderr] 147 |     use nom::multi::many0;
[INFO] [stderr]     |         ^^^^^^^^^^^^^^^^^
[INFO] [stderr] 
[INFO] [stderr] warning: `mapfile` (lib) generated 6 warnings (run `cargo fix --lib -p mapfile` to apply 6 suggestions)
[INFO] [stderr] warning: `mapfile` (lib test) generated 6 warnings (5 duplicates) (run `cargo fix --lib -p mapfile --tests` to apply 1 suggestion)
[INFO] [stderr] warning: unused import: `warn`
[INFO] [stderr]  --> src/main.rs:4:24
[INFO] [stderr]   |
[INFO] [stderr] 4 | use log::{debug, info, warn, LevelFilter};
[INFO] [stderr]   |                        ^^^^
[INFO] [stderr]   |
[INFO] [stderr]   = note: `#[warn(unused_imports)]` on by default
[INFO] [stderr] 
[INFO] [stderr] warning: `mapfile` (bin "mapfile" test) generated 1 warning (run `cargo fix --bin "mapfile" --tests` to apply 1 suggestion)
[INFO] [stderr] warning: `mapfile` (bin "mapfile") generated 1 warning (1 duplicate)
[INFO] [stderr]     Finished test [unoptimized + debuginfo] target(s) in 0.04s
[INFO] [stderr]      Running unittests src/lib.rs (/opt/rustwide/target/debug/deps/mapfile-337e82c6b0029c37)
[INFO] [stdout] 
[INFO] [stdout] running 7 tests
[INFO] [stdout] test objects::info::test::parse_sections ... ok
[INFO] [stdout] test objects::info::test::parse_archive_info ... ok
[INFO] [stdout] test objects::info::test::parse_file_info ... ok
[INFO] [stdout] test objects::info::test::parse_memory_info ... ok
[INFO] [stdout] test objects::symbol::test::parse_symbols ... ok
[INFO] [stdout] test objects::symbol::test::parse_chained_symbols ... ok
[INFO] [stdout] test objects::section::tests::parse_objects ... FAILED
[INFO] [stdout] 
[INFO] [stdout] failures:
[INFO] [stdout] 
[INFO] [stdout] ---- objects::section::tests::parse_objects stdout ----
[INFO] [stdout] PARSE: '  *(.vendorheader)
[INFO] [stdout]   .vendorheader  0x0000000008040000      0xa00 build/firmware/embed/firmware/vendorheader.o
[INFO] [stdout]                  0x0000000008040000                _binary_embed_vendorheader_vendorheader_unsafe_signed_prod_bin_start
[INFO] [stdout]                  0x0000000008040a00                _binary_embed_vendorheader_vendorheader_unsafe_signed_prod_bin_end
[INFO] [stdout]             '
[INFO] [stdout] section: '
[INFO] [stdout] 
[INFO] [stdout]   *(.vendorheader)
[INFO] [stdout]   .vendorheader  0x0000000008040000      0xa00 build/firmware/embed/firmware/vendorheader.o
[INFO] [stdout]                  0x0000000008040000                _binary_embed_vendorheader_vendorheader_unsafe_signed_prod_bin_start
[INFO] [stdout]                  0x0000000008040a00                _binary_embed_vendorheader_vendorheader_unsafe_signed_prod_bin_end
[INFO] [stdout]             
[INFO] [stdout] '
[INFO] [stdout] label: None header: None, symbols: []
[INFO] [stdout] thread 'objects::section::tests::parse_objects' panicked at src/objects/section.rs:226:13:
[INFO] [stdout] assertion failed: `(left == right)`
[INFO] [stdout] 
[INFO] [stdout] [1mDiff[0m [31m< left[0m / [32mright >[0m :
[INFO] [stdout]  Object {
[INFO] [stdout] [31m<    name: None,[0m
[INFO] [stdout] [31m<    addr: None,[0m
[INFO] [stdout] [31m<    size: None,[0m
[INFO] [stdout] [31m<    source: None,[0m
[INFO] [stdout] [31m<    symbols: [],[0m
[INFO] [stdout] [32m>    name: Some([0m
[INFO] [stdout] [32m>        ".vendorheader",[0m
[INFO] [stdout] [32m>    ),[0m
[INFO] [stdout] [32m>    addr: Some([0m
[INFO] [stdout] [32m>        134479872,[0m
[INFO] [stdout] [32m>    ),[0m
[INFO] [stdout] [32m>    size: Some([0m
[INFO] [stdout] [32m>        2560,[0m
[INFO] [stdout] [32m>    ),[0m
[INFO] [stdout] [32m>    source: Some([0m
[INFO] [stdout] [32m>        "build/firmware/embed/firmware/vendorheader.o",[0m
[INFO] [stdout] [32m>    ),[0m
[INFO] [stdout] [32m>    symbols: [[0m
[INFO] [stdout] [32m>        Symbol {[0m
[INFO] [stdout] [32m>            name: None,[0m
[INFO] [stdout] [32m>            addr: 134479872,[0m
[INFO] [stdout] [32m>            kind: Value([0m
[INFO] [stdout] [32m>                "_binary_embed_vendorheader_vendorheader_unsafe_signed_prod_bin_start",[0m
[INFO] [stdout] [32m>            ),[0m
[INFO] [stdout] [32m>        },[0m
[INFO] [stdout] [32m>        Symbol {[0m
[INFO] [stdout] [32m>            name: None,[0m
[INFO] [stdout] [32m>            addr: 134482432,[0m
[INFO] [stdout] [32m>            kind: Value([0m
[INFO] [stdout] [32m>                "_binary_embed_vendorheader_vendorheader_unsafe_signed_prod_bin_end",[0m
[INFO] [stdout] [32m>            ),[0m
[INFO] [stdout] [32m>        },[0m
[INFO] [stdout] [32m>    ],[0m
[INFO] [stdout]  }
[INFO] [stdout] 
[INFO] [stdout] 
[INFO] [stdout] stack backtrace:
[INFO] [stdout]    0:     0x5613bcaf4056 - std::backtrace_rs::backtrace::libunwind::trace::h261606ad26a499c1
[INFO] [stdout]                                at /rustc/0e09125c6c3c2fd70d7de961bcf0e51575235fad/library/std/src/../../backtrace/src/backtrace/libunwind.rs:104:5
[INFO] [stdout]    1:     0x5613bcaf4056 - std::backtrace_rs::backtrace::trace_unsynchronized::hd183f0625477fb28
[INFO] [stdout]                                at /rustc/0e09125c6c3c2fd70d7de961bcf0e51575235fad/library/std/src/../../backtrace/src/backtrace/mod.rs:66:5
[INFO] [stdout]    2:     0x5613bcaf4056 - std::sys_common::backtrace::_print_fmt::hd7f8fef21b4eda67
[INFO] [stdout]                                at /rustc/0e09125c6c3c2fd70d7de961bcf0e51575235fad/library/std/src/sys_common/backtrace.rs:68:5
[INFO] [stdout]    3:     0x5613bcaf4056 - <std::sys_common::backtrace::_print::DisplayBacktrace as core::fmt::Display>::fmt::h623d9b51f2f453f1
[INFO] [stdout]                                at /rustc/0e09125c6c3c2fd70d7de961bcf0e51575235fad/library/std/src/sys_common/backtrace.rs:44:22
[INFO] [stdout]    4:     0x5613bcb1cea0 - core::fmt::rt::Argument::fmt::h9f417ac76a86f368
[INFO] [stdout]                                at /rustc/0e09125c6c3c2fd70d7de961bcf0e51575235fad/library/core/src/fmt/rt.rs:142:9
[INFO] [stdout]    5:     0x5613bcb1cea0 - core::fmt::write::hc9b6faf4ac2aeff7
[INFO] [stdout]                                at /rustc/0e09125c6c3c2fd70d7de961bcf0e51575235fad/library/core/src/fmt/mod.rs:1120:17
[INFO] [stdout]    6:     0x5613bcaf1abf - std::io::Write::write_fmt::he04625a3a989fec3
[INFO] [stdout]                                at /rustc/0e09125c6c3c2fd70d7de961bcf0e51575235fad/library/std/src/io/mod.rs:1810:15
[INFO] [stdout]    7:     0x5613bcaf3e34 - std::sys_common::backtrace::_print::hd5d66399c7df88a2
[INFO] [stdout]                                at /rustc/0e09125c6c3c2fd70d7de961bcf0e51575235fad/library/std/src/sys_common/backtrace.rs:47:5
[INFO] [stdout]    8:     0x5613bcaf3e34 - std::sys_common::backtrace::print::he81ed2da642d37e5
[INFO] [stdout]                                at /rustc/0e09125c6c3c2fd70d7de961bcf0e51575235fad/library/std/src/sys_common/backtrace.rs:34:9
[INFO] [stdout]    9:     0x5613bcaf5ba7 - std::panicking::default_hook::{{closure}}::h85773f4fa117163d
[INFO] [stdout]   10:     0x5613bcaf588d - std::panicking::default_hook::h6a1694a91d09b278
[INFO] [stdout]                                at /rustc/0e09125c6c3c2fd70d7de961bcf0e51575235fad/library/std/src/panicking.rs:289:9
[INFO] [stdout]   11:     0x5613bcaaac97 - <alloc::boxed::Box<F,A> as core::ops::function::Fn<Args>>::call::h616ac37fa3cd6c8f
[INFO] [stdout]                                at /rustc/0e09125c6c3c2fd70d7de961bcf0e51575235fad/library/alloc/src/boxed.rs:2029:9
[INFO] [stdout]   12:     0x5613bcaaac97 - test::test_main::{{closure}}::h00d84697cefdcbb6
[INFO] [stdout]                                at /rustc/0e09125c6c3c2fd70d7de961bcf0e51575235fad/library/test/src/lib.rs:138:21
[INFO] [stdout]   13:     0x5613bcaf61c6 - <alloc::boxed::Box<F,A> as core::ops::function::Fn<Args>>::call::hcb3fe3b9bb537ba8
[INFO] [stdout]                                at /rustc/0e09125c6c3c2fd70d7de961bcf0e51575235fad/library/alloc/src/boxed.rs:2029:9
[INFO] [stdout]   14:     0x5613bcaf61c6 - std::panicking::rust_panic_with_hook::h0a7ad96e90f7145b
[INFO] [stdout]                                at /rustc/0e09125c6c3c2fd70d7de961bcf0e51575235fad/library/std/src/panicking.rs:783:13
[INFO] [stdout]   15:     0x5613bcaf5f12 - std::panicking::begin_panic_handler::{{closure}}::h7919090525c6485e
[INFO] [stdout]                                at /rustc/0e09125c6c3c2fd70d7de961bcf0e51575235fad/library/std/src/panicking.rs:657:13
[INFO] [stdout]   16:     0x5613bcaf4556 - std::sys_common::backtrace::__rust_end_short_backtrace::hf3289479464f7dfe
[INFO] [stdout]                                at /rustc/0e09125c6c3c2fd70d7de961bcf0e51575235fad/library/std/src/sys_common/backtrace.rs:171:18
[INFO] [stdout]   17:     0x5613bcaf5c70 - rust_begin_unwind
[INFO] [stdout]                                at /rustc/0e09125c6c3c2fd70d7de961bcf0e51575235fad/library/std/src/panicking.rs:645:5
[INFO] [stdout]   18:     0x5613bca46cd5 - core::panicking::panic_fmt::hcc9f77c5c132af55
[INFO] [stdout]                                at /rustc/0e09125c6c3c2fd70d7de961bcf0e51575235fad/library/core/src/panicking.rs:72:14
[INFO] [stdout]   19:     0x5613bca6988f - mapfile::objects::section::tests::parse_objects::h360c81c55ac35fde
[INFO] [stdout]                                at /opt/rustwide/workdir/src/objects/section.rs:226:13
[INFO] [stdout]   20:     0x5613bca68817 - mapfile::objects::section::tests::parse_objects::{{closure}}::h4ed7716e69182165
[INFO] [stdout]                                at /opt/rustwide/workdir/src/objects/section.rs:134:23
[INFO] [stdout]   21:     0x5613bca6a556 - core::ops::function::FnOnce::call_once::h7f8c6c88a59c8e06
[INFO] [stdout]                                at /rustc/0e09125c6c3c2fd70d7de961bcf0e51575235fad/library/core/src/ops/function.rs:250:5
[INFO] [stdout]   22:     0x5613bcab056f - core::ops::function::FnOnce::call_once::hd64d26f405258157
[INFO] [stdout]                                at /rustc/0e09125c6c3c2fd70d7de961bcf0e51575235fad/library/core/src/ops/function.rs:250:5
[INFO] [stdout]   23:     0x5613bcab056f - test::__rust_begin_short_backtrace::he21b0b7a6d731bf9
[INFO] [stdout]                                at /rustc/0e09125c6c3c2fd70d7de961bcf0e51575235fad/library/test/src/lib.rs:627:18
[INFO] [stdout]   24:     0x5613bcaaf2f1 - test::run_test_in_process::{{closure}}::hf5c73986d7bdfde2
[INFO] [stdout]                                at /rustc/0e09125c6c3c2fd70d7de961bcf0e51575235fad/library/test/src/lib.rs:650:60
[INFO] [stdout]   25:     0x5613bcaaf2f1 - <core::panic::unwind_safe::AssertUnwindSafe<F> as core::ops::function::FnOnce<()>>::call_once::h330011ad032aadc0
[INFO] [stdout]                                at /rustc/0e09125c6c3c2fd70d7de961bcf0e51575235fad/library/core/src/panic/unwind_safe.rs:272:9
[INFO] [stdout]   26:     0x5613bcaaf2f1 - std::panicking::try::do_call::he61b0a958b795a41
[INFO] [stdout]                                at /rustc/0e09125c6c3c2fd70d7de961bcf0e51575235fad/library/std/src/panicking.rs:552:40
[INFO] [stdout]   27:     0x5613bcaaf2f1 - std::panicking::try::h7309da130f906eb7
[INFO] [stdout]                                at /rustc/0e09125c6c3c2fd70d7de961bcf0e51575235fad/library/std/src/panicking.rs:516:19
[INFO] [stdout]   28:     0x5613bcaaf2f1 - std::panic::catch_unwind::hc5c3a06fdaf0a92a
[INFO] [stdout]                                at /rustc/0e09125c6c3c2fd70d7de961bcf0e51575235fad/library/std/src/panic.rs:142:14
[INFO] [stdout]   29:     0x5613bcaaf2f1 - test::run_test_in_process::h7e7b7c71c3324e0f
[INFO] [stdout]                                at /rustc/0e09125c6c3c2fd70d7de961bcf0e51575235fad/library/test/src/lib.rs:650:27
[INFO] [stdout]   30:     0x5613bcaaf2f1 - test::run_test::{{closure}}::h1f509f28f5cf20b1
[INFO] [stdout]                                at /rustc/0e09125c6c3c2fd70d7de961bcf0e51575235fad/library/test/src/lib.rs:573:43
[INFO] [stdout]   31:     0x5613bca76626 - test::run_test::{{closure}}::h1754218abf443f6d
[INFO] [stdout]                                at /rustc/0e09125c6c3c2fd70d7de961bcf0e51575235fad/library/test/src/lib.rs:601:41
[INFO] [stdout]   32:     0x5613bca76626 - std::sys_common::backtrace::__rust_begin_short_backtrace::h2ee174b9d5954948
[INFO] [stdout]                                at /rustc/0e09125c6c3c2fd70d7de961bcf0e51575235fad/library/std/src/sys_common/backtrace.rs:155:18
[INFO] [stdout]   33:     0x5613bca7b687 - std::thread::Builder::spawn_unchecked_::{{closure}}::{{closure}}::hf60bee9c1a17ef09
[INFO] [stdout]                                at /rustc/0e09125c6c3c2fd70d7de961bcf0e51575235fad/library/std/src/thread/mod.rs:529:17
[INFO] [stdout]   34:     0x5613bca7b687 - <core::panic::unwind_safe::AssertUnwindSafe<F> as core::ops::function::FnOnce<()>>::call_once::h33d0dddec5216160
[INFO] [stdout]                                at /rustc/0e09125c6c3c2fd70d7de961bcf0e51575235fad/library/core/src/panic/unwind_safe.rs:272:9
[INFO] [stdout]   35:     0x5613bca7b687 - std::panicking::try::do_call::h144b3048b546f835
[INFO] [stdout]                                at /rustc/0e09125c6c3c2fd70d7de961bcf0e51575235fad/library/std/src/panicking.rs:552:40
[INFO] [stdout]   36:     0x5613bca7b687 - std::panicking::try::h978244d04646189f
[INFO] [stdout]                                at /rustc/0e09125c6c3c2fd70d7de961bcf0e51575235fad/library/std/src/panicking.rs:516:19
[INFO] [stdout]   37:     0x5613bca7b687 - std::panic::catch_unwind::hdf436369d188fe86
[INFO] [stdout]                                at /rustc/0e09125c6c3c2fd70d7de961bcf0e51575235fad/library/std/src/panic.rs:142:14
[INFO] [stdout]   38:     0x5613bca7b687 - std::thread::Builder::spawn_unchecked_::{{closure}}::h87329cbdd33c79ec
[INFO] [stdout]                                at /rustc/0e09125c6c3c2fd70d7de961bcf0e51575235fad/library/std/src/thread/mod.rs:528:30
[INFO] [stdout]   39:     0x5613bca7b687 - core::ops::function::FnOnce::call_once{{vtable.shim}}::h401abbe67897d450
[INFO] [stdout]                                at /rustc/0e09125c6c3c2fd70d7de961bcf0e51575235fad/library/core/src/ops/function.rs:250:5
[INFO] [stdout]   40:     0x5613bcafac75 - <alloc::boxed::Box<F,A> as core::ops::function::FnOnce<Args>>::call_once::h5d7c8f150ab9c84c
[INFO] [stdout]                                at /rustc/0e09125c6c3c2fd70d7de961bcf0e51575235fad/library/alloc/src/boxed.rs:2015:9
[INFO] [stdout]   41:     0x5613bcafac75 - <alloc::boxed::Box<F,A> as core::ops::function::FnOnce<Args>>::call_once::h570d5b005c242c15
[INFO] [stdout]                                at /rustc/0e09125c6c3c2fd70d7de961bcf0e51575235fad/library/alloc/src/boxed.rs:2015:9
[INFO] [stdout]   42:     0x5613bcafac75 - std::sys::unix::thread::Thread::new::thread_start::h36b0a20c0b2361ad
[INFO] [stdout]                                at /rustc/0e09125c6c3c2fd70d7de961bcf0e51575235fad/library/std/src/sys/unix/thread.rs:108:17
[INFO] [stdout]   43:     0x7f19ed3a3ac3 - <unknown>
[INFO] [stdout]   44:     0x7f19ed434bf4 - __clone
[INFO] [stdout]   45:                0x0 - <unknown>
[INFO] [stdout] 
[INFO] [stdout] 
[INFO] [stdout] failures:
[INFO] [stdout]     objects::section::tests::parse_objects
[INFO] [stdout] 
[INFO] [stdout] test result: FAILED. 6 passed; 1 failed; 0 ignored; 0 measured; 0 filtered out; finished in 0.03s
[INFO] [stdout] 
[INFO] [stderr] error: test failed, to rerun pass `--lib`
[INFO] running `Command { std: "docker" "inspect" "14eaab01f93f5c5e2c411a62b74b9ebc06b79d0f3cf3568b78af80b5b1fd0f51", kill_on_drop: false }`
[INFO] running `Command { std: "docker" "rm" "-f" "14eaab01f93f5c5e2c411a62b74b9ebc06b79d0f3cf3568b78af80b5b1fd0f51", kill_on_drop: false }`
[INFO] [stdout] 14eaab01f93f5c5e2c411a62b74b9ebc06b79d0f3cf3568b78af80b5b1fd0f51
