[INFO] cloning repository https://github.com/ryanfrishkorn/snip-rs
[INFO] running `Command { std: "git" "-c" "credential.helper=" "-c" "credential.helper=/workspace/cargo-home/bin/git-credential-null" "clone" "--bare" "https://github.com/ryanfrishkorn/snip-rs" "/workspace/cache/git-repos/https%3A%2F%2Fgithub.com%2Fryanfrishkorn%2Fsnip-rs", kill_on_drop: false }`
[INFO] [stderr] Cloning into bare repository '/workspace/cache/git-repos/https%3A%2F%2Fgithub.com%2Fryanfrishkorn%2Fsnip-rs'...
[INFO] running `Command { std: "git" "rev-parse" "HEAD", kill_on_drop: false }`
[INFO] [stdout] d3d380afba954c3e62dd0bc942b70d491442b435
[INFO] testing ryanfrishkorn/snip-rs against 1.75.0 for beta-1.76-1
[INFO] running `Command { std: "git" "clone" "/workspace/cache/git-repos/https%3A%2F%2Fgithub.com%2Fryanfrishkorn%2Fsnip-rs" "/workspace/builds/worker-1-tc1/source", kill_on_drop: false }`
[INFO] [stderr] Cloning into '/workspace/builds/worker-1-tc1/source'...
[INFO] [stderr] done.
[INFO] validating manifest of git repo https://github.com/ryanfrishkorn/snip-rs on toolchain 1.75.0
[INFO] running `Command { std: CARGO_HOME="/workspace/cargo-home" RUSTUP_HOME="/workspace/rustup-home" "/workspace/cargo-home/bin/cargo" "+1.75.0" "metadata" "--manifest-path" "Cargo.toml" "--no-deps", kill_on_drop: false }`
[INFO] started tweaking git repo https://github.com/ryanfrishkorn/snip-rs
[INFO] finished tweaking git repo https://github.com/ryanfrishkorn/snip-rs
[INFO] tweaked toml for git repo https://github.com/ryanfrishkorn/snip-rs written to /workspace/builds/worker-1-tc1/source/Cargo.toml
[INFO] crate git repo https://github.com/ryanfrishkorn/snip-rs already has a lockfile, it will not be regenerated
[INFO] running `Command { std: CARGO_HOME="/workspace/cargo-home" RUSTUP_HOME="/workspace/rustup-home" "/workspace/cargo-home/bin/cargo" "+1.75.0" "fetch" "--manifest-path" "Cargo.toml", kill_on_drop: false }`
[INFO] running `Command { std: "docker" "create" "-v" "/var/lib/crater-agent-workspace/builds/worker-1-tc1/target:/opt/rustwide/target:rw,Z" "-v" "/var/lib/crater-agent-workspace/builds/worker-1-tc1/source:/opt/rustwide/workdir:ro,Z" "-v" "/var/lib/crater-agent-workspace/cargo-home:/opt/rustwide/cargo-home:ro,Z" "-v" "/var/lib/crater-agent-workspace/rustup-home:/opt/rustwide/rustup-home:ro,Z" "-e" "SOURCE_DIR=/opt/rustwide/workdir" "-e" "CARGO_TARGET_DIR=/opt/rustwide/target" "-e" "CARGO_HOME=/opt/rustwide/cargo-home" "-e" "RUSTUP_HOME=/opt/rustwide/rustup-home" "-w" "/opt/rustwide/workdir" "-m" "1610612736" "--user" "0:0" "--network" "none" "ghcr.io/rust-lang/crates-build-env/linux@sha256:2788e3201cd34a07e3172128adcd8b3090168a8e3bcc40d7c032b9dda1df7d1c" "/opt/rustwide/cargo-home/bin/cargo" "+1.75.0" "metadata" "--no-deps" "--format-version=1", kill_on_drop: false }`
[INFO] [stdout] 94f2bb945925ddb4fbc8c21881f7d746a67f01f6156b8b30b74d950f903f7650
[INFO] running `Command { std: "docker" "start" "-a" "94f2bb945925ddb4fbc8c21881f7d746a67f01f6156b8b30b74d950f903f7650", kill_on_drop: false }`
[INFO] running `Command { std: "docker" "inspect" "94f2bb945925ddb4fbc8c21881f7d746a67f01f6156b8b30b74d950f903f7650", kill_on_drop: false }`
[INFO] running `Command { std: "docker" "rm" "-f" "94f2bb945925ddb4fbc8c21881f7d746a67f01f6156b8b30b74d950f903f7650", kill_on_drop: false }`
[INFO] [stdout] 94f2bb945925ddb4fbc8c21881f7d746a67f01f6156b8b30b74d950f903f7650
[INFO] running `Command { std: "docker" "create" "-v" "/var/lib/crater-agent-workspace/builds/worker-1-tc1/target:/opt/rustwide/target:rw,Z" "-v" "/var/lib/crater-agent-workspace/builds/worker-1-tc1/source:/opt/rustwide/workdir:ro,Z" "-v" "/var/lib/crater-agent-workspace/cargo-home:/opt/rustwide/cargo-home:ro,Z" "-v" "/var/lib/crater-agent-workspace/rustup-home:/opt/rustwide/rustup-home:ro,Z" "-e" "SOURCE_DIR=/opt/rustwide/workdir" "-e" "CARGO_TARGET_DIR=/opt/rustwide/target" "-e" "CARGO_INCREMENTAL=0" "-e" "RUST_BACKTRACE=full" "-e" "RUSTFLAGS=--cap-lints=warn" "-e" "RUSTDOCFLAGS=--cap-lints=warn" "-e" "CARGO_HOME=/opt/rustwide/cargo-home" "-e" "RUSTUP_HOME=/opt/rustwide/rustup-home" "-w" "/opt/rustwide/workdir" "-m" "1610612736" "--user" "0:0" "--network" "none" "ghcr.io/rust-lang/crates-build-env/linux@sha256:2788e3201cd34a07e3172128adcd8b3090168a8e3bcc40d7c032b9dda1df7d1c" "/opt/rustwide/cargo-home/bin/cargo" "+1.75.0" "build" "--frozen" "--message-format=json", kill_on_drop: false }`
[INFO] [stdout] 013250ca0d21900dbb476ed6f6b76681bd98e92b685f5a6945bbb6113c254c15
[INFO] running `Command { std: "docker" "start" "-a" "013250ca0d21900dbb476ed6f6b76681bd98e92b685f5a6945bbb6113c254c15", kill_on_drop: false }`
[INFO] [stderr]    Compiling version_check v0.9.4
[INFO] [stderr]    Compiling proc-macro2 v1.0.70
[INFO] [stderr]    Compiling unicode-ident v1.0.12
[INFO] [stderr]    Compiling bitflags v2.4.1
[INFO] [stderr]    Compiling memchr v2.6.4
[INFO] [stderr]    Compiling rustix v0.38.28
[INFO] [stderr]    Compiling vcpkg v0.2.15
[INFO] [stderr]    Compiling utf8parse v0.2.1
[INFO] [stderr]    Compiling autocfg v1.1.0
[INFO] [stderr]    Compiling serde v1.0.193
[INFO] [stderr]    Compiling linux-raw-sys v0.4.12
[INFO] [stderr]    Compiling once_cell v1.19.0
[INFO] [stderr]    Compiling zerocopy v0.7.31
[INFO] [stderr]    Compiling pkg-config v0.3.27
[INFO] [stderr]    Compiling anstyle-query v1.0.2
[INFO] [stderr]    Compiling allocator-api2 v0.2.16
[INFO] [stderr]    Compiling anstyle-parse v0.2.3
[INFO] [stderr]    Compiling colorchoice v1.0.0
[INFO] [stderr]    Compiling anstyle v1.0.4
[INFO] [stderr]    Compiling regex-syntax v0.8.2
[INFO] [stderr]    Compiling powerfmt v0.2.0
[INFO] [stderr]    Compiling unicode-width v0.1.11
[INFO] [stderr]    Compiling strsim v0.10.0
[INFO] [stderr]    Compiling anstream v0.6.5
[INFO] [stderr]    Compiling clap_lex v0.6.0
[INFO] [stderr]    Compiling ahash v0.8.6
[INFO] [stderr]    Compiling unicase v2.7.0
[INFO] [stderr]    Compiling num-traits v0.2.17
[INFO] [stderr]    Compiling heck v0.4.1
[INFO] [stderr]    Compiling deranged v0.3.10
[INFO] [stderr]    Compiling itoa v1.0.10
[INFO] [stderr]    Compiling aho-corasick v1.1.2
[INFO] [stderr]    Compiling csv-core v0.1.11
[INFO] [stderr]    Compiling iana-time-zone v0.1.58
[INFO] [stderr]    Compiling smallvec v1.11.2
[INFO] [stderr]    Compiling ryu v1.0.16
[INFO] [stderr]    Compiling fallible-streaming-iterator v0.1.9
[INFO] [stderr]    Compiling quote v1.0.33
[INFO] [stderr]    Compiling hashbrown v0.14.3
[INFO] [stderr]    Compiling fallible-iterator v0.2.0
[INFO] [stderr]    Compiling time-core v0.1.2
[INFO] [stderr]    Compiling lazy_static v1.4.0
[INFO] [stderr]    Compiling uuid v1.6.1
[INFO] [stderr]    Compiling libsqlite3-sys v0.26.0
[INFO] [stderr]    Compiling colored v2.1.0
[INFO] [stderr]    Compiling unicode-segmentation v1.10.1
[INFO] [stderr]    Compiling syn v2.0.41
[INFO] [stderr]    Compiling terminal_size v0.3.0
[INFO] [stderr]    Compiling clap_builder v4.4.11
[INFO] [stderr]    Compiling time v0.3.31
[INFO] [stderr]    Compiling hashlink v0.8.4
[INFO] [stderr]    Compiling chrono v0.4.31
[INFO] [stderr]    Compiling rusqlite v0.29.0
[INFO] [stderr]    Compiling regex-automata v0.4.3
[INFO] [stderr]    Compiling csv v1.3.0
[INFO] [stderr]    Compiling serde_derive v1.0.193
[INFO] [stderr]    Compiling clap_derive v4.4.7
[INFO] [stderr]    Compiling regex v1.10.2
[INFO] [stderr]    Compiling clap v4.4.11
[INFO] [stderr]    Compiling rust-stemmers v1.2.0
[INFO] [stderr]    Compiling snip v0.1.0 (/opt/rustwide/workdir)
[INFO] [stderr]     Finished dev [unoptimized + debuginfo] target(s) in 8.21s
[INFO] running `Command { std: "docker" "inspect" "013250ca0d21900dbb476ed6f6b76681bd98e92b685f5a6945bbb6113c254c15", kill_on_drop: false }`
[INFO] running `Command { std: "docker" "rm" "-f" "013250ca0d21900dbb476ed6f6b76681bd98e92b685f5a6945bbb6113c254c15", kill_on_drop: false }`
[INFO] [stdout] 013250ca0d21900dbb476ed6f6b76681bd98e92b685f5a6945bbb6113c254c15
[INFO] running `Command { std: "docker" "create" "-v" "/var/lib/crater-agent-workspace/builds/worker-1-tc1/target:/opt/rustwide/target:rw,Z" "-v" "/var/lib/crater-agent-workspace/builds/worker-1-tc1/source:/opt/rustwide/workdir:ro,Z" "-v" "/var/lib/crater-agent-workspace/cargo-home:/opt/rustwide/cargo-home:ro,Z" "-v" "/var/lib/crater-agent-workspace/rustup-home:/opt/rustwide/rustup-home:ro,Z" "-e" "SOURCE_DIR=/opt/rustwide/workdir" "-e" "CARGO_TARGET_DIR=/opt/rustwide/target" "-e" "CARGO_INCREMENTAL=0" "-e" "RUST_BACKTRACE=full" "-e" "RUSTFLAGS=--cap-lints=warn" "-e" "RUSTDOCFLAGS=--cap-lints=warn" "-e" "CARGO_HOME=/opt/rustwide/cargo-home" "-e" "RUSTUP_HOME=/opt/rustwide/rustup-home" "-w" "/opt/rustwide/workdir" "-m" "1610612736" "--user" "0:0" "--network" "none" "ghcr.io/rust-lang/crates-build-env/linux@sha256:2788e3201cd34a07e3172128adcd8b3090168a8e3bcc40d7c032b9dda1df7d1c" "/opt/rustwide/cargo-home/bin/cargo" "+1.75.0" "test" "--frozen" "--no-run" "--message-format=json", kill_on_drop: false }`
[INFO] [stdout] 62604a3a8b0378275d9fa72b3c75be7a59f3830c78cde6fb44939566ab04c3c9
[INFO] running `Command { std: "docker" "start" "-a" "62604a3a8b0378275d9fa72b3c75be7a59f3830c78cde6fb44939566ab04c3c9", kill_on_drop: false }`
[INFO] [stderr]    Compiling snip v0.1.0 (/opt/rustwide/workdir)
[INFO] [stderr]     Finished test [unoptimized + debuginfo] target(s) in 2.22s
[INFO] running `Command { std: "docker" "inspect" "62604a3a8b0378275d9fa72b3c75be7a59f3830c78cde6fb44939566ab04c3c9", kill_on_drop: false }`
[INFO] running `Command { std: "docker" "rm" "-f" "62604a3a8b0378275d9fa72b3c75be7a59f3830c78cde6fb44939566ab04c3c9", kill_on_drop: false }`
[INFO] [stdout] 62604a3a8b0378275d9fa72b3c75be7a59f3830c78cde6fb44939566ab04c3c9
[INFO] running `Command { std: "docker" "create" "-v" "/var/lib/crater-agent-workspace/builds/worker-1-tc1/target:/opt/rustwide/target:rw,Z" "-v" "/var/lib/crater-agent-workspace/builds/worker-1-tc1/source:/opt/rustwide/workdir:ro,Z" "-v" "/var/lib/crater-agent-workspace/cargo-home:/opt/rustwide/cargo-home:ro,Z" "-v" "/var/lib/crater-agent-workspace/rustup-home:/opt/rustwide/rustup-home:ro,Z" "-e" "SOURCE_DIR=/opt/rustwide/workdir" "-e" "CARGO_TARGET_DIR=/opt/rustwide/target" "-e" "CARGO_INCREMENTAL=0" "-e" "RUST_BACKTRACE=full" "-e" "RUSTFLAGS=--cap-lints=warn" "-e" "RUSTDOCFLAGS=--cap-lints=warn" "-e" "CARGO_HOME=/opt/rustwide/cargo-home" "-e" "RUSTUP_HOME=/opt/rustwide/rustup-home" "-w" "/opt/rustwide/workdir" "-m" "1610612736" "--user" "0:0" "--network" "none" "ghcr.io/rust-lang/crates-build-env/linux@sha256:2788e3201cd34a07e3172128adcd8b3090168a8e3bcc40d7c032b9dda1df7d1c" "/opt/rustwide/cargo-home/bin/cargo" "+1.75.0" "test" "--frozen", kill_on_drop: false }`
[INFO] [stdout] 37688295efad1fc6a0cc1daabe2cb9d1262800a1877823eb3bcc41db097a72b3
[INFO] running `Command { std: "docker" "start" "-a" "37688295efad1fc6a0cc1daabe2cb9d1262800a1877823eb3bcc41db097a72b3", kill_on_drop: false }`
[INFO] [stderr]     Finished test [unoptimized + debuginfo] target(s) in 0.07s
[INFO] [stderr]      Running unittests src/main.rs (/opt/rustwide/target/debug/deps/snip-0d84e83174d46b47)
[INFO] [stdout] 
[INFO] [stdout] running 22 tests
[INFO] [stdout] test snip::doc::tests::test_parse_field ... ok
[INFO] [stdout] test snip::doc::tests::test_from_file ... ok
[INFO] [stdout] test snip::doc::tests::test_generate_name ... ok
[INFO] [stdout] test snip::doc::tests::test_parse_header ... ok
[INFO] [stdout] test snip::attachment::test::test_remove ... ok
[INFO] [stdout] test snip::attachment::test::test_search_attachment_uuid ... ok
[INFO] [stdout] test snip::doc::tests::test_collect_attachments ... ok
[INFO] [stdout] test snip::doc::tests::test_insert ... ok
[INFO] [stdout] test snip::attachment::test::test_attachment_write ... FAILED
[INFO] [stdout] test snip::doc::tests::test_remove_snip ... ok
[INFO] [stdout] test snip::doc::tests::test_get_from_uuid ... ok
[INFO] [stdout] test snip::analysis::tests::test_get_term_context ... ok
[INFO] [stdout] test snip::attachment::test::test_add_attachment ... ok
[INFO] [stdout] test snip::attachment::test::test_get_attachment_from_uuid ... ok
[INFO] [stdout] test snip::doc::tests::test_update ... ok
[INFO] [stdout] test snip::doc::tests::test_insert_new ... ok
[INFO] [stdout] test snip::search::tests::test_search_uuid ... ok
[INFO] [stdout] test snip::doc::tests::test_index_snip ... ok
[INFO] [stdout] test snip::search::tests::test_search_structured_uuids ... ok
[INFO] [stdout] test snip::search::tests::test_search_structured ... ok
[INFO] [stdout] test snip::search::tests::test_search_all_present ... ok
[INFO] [stdout] test snip::analysis::tests::test_stats_index ... ok
[INFO] [stdout] 
[INFO] [stdout] failures:
[INFO] [stdout] 
[INFO] [stdout] ---- snip::attachment::test::test_attachment_write stdout ----
[INFO] [stdout] Error: Os { code: 30, kind: ReadOnlyFilesystem, message: "Read-only file system" }
[INFO] [stdout] 
[INFO] [stdout] 
[INFO] [stdout] failures:
[INFO] [stdout]     snip::attachment::test::test_attachment_write
[INFO] [stdout] 
[INFO] [stdout] test result: FAILED. 21 passed; 1 failed; 0 ignored; 0 measured; 0 filtered out; finished in 0.16s
[INFO] [stdout] 
[INFO] [stderr] error: test failed, to rerun pass `--bin snip`
[INFO] running `Command { std: "docker" "inspect" "37688295efad1fc6a0cc1daabe2cb9d1262800a1877823eb3bcc41db097a72b3", kill_on_drop: false }`
[INFO] running `Command { std: "docker" "rm" "-f" "37688295efad1fc6a0cc1daabe2cb9d1262800a1877823eb3bcc41db097a72b3", kill_on_drop: false }`
[INFO] [stdout] 37688295efad1fc6a0cc1daabe2cb9d1262800a1877823eb3bcc41db097a72b3
[INFO] testing ryanfrishkorn/snip-rs against beta-2023-12-22 for beta-1.76-1
[INFO] running `Command { std: "git" "clone" "/workspace/cache/git-repos/https%3A%2F%2Fgithub.com%2Fryanfrishkorn%2Fsnip-rs" "/workspace/builds/worker-1-tc2/source", kill_on_drop: false }`
[INFO] [stderr] Cloning into '/workspace/builds/worker-1-tc2/source'...
[INFO] [stderr] done.
[INFO] validating manifest of git repo https://github.com/ryanfrishkorn/snip-rs on toolchain beta-2023-12-22
[INFO] running `Command { std: CARGO_HOME="/workspace/cargo-home" RUSTUP_HOME="/workspace/rustup-home" "/workspace/cargo-home/bin/cargo" "+beta-2023-12-22" "metadata" "--manifest-path" "Cargo.toml" "--no-deps", kill_on_drop: false }`
[INFO] started tweaking git repo https://github.com/ryanfrishkorn/snip-rs
[INFO] finished tweaking git repo https://github.com/ryanfrishkorn/snip-rs
[INFO] tweaked toml for git repo https://github.com/ryanfrishkorn/snip-rs written to /workspace/builds/worker-1-tc2/source/Cargo.toml
[INFO] crate git repo https://github.com/ryanfrishkorn/snip-rs already has a lockfile, it will not be regenerated
[INFO] running `Command { std: CARGO_HOME="/workspace/cargo-home" RUSTUP_HOME="/workspace/rustup-home" "/workspace/cargo-home/bin/cargo" "+beta-2023-12-22" "fetch" "--manifest-path" "Cargo.toml", kill_on_drop: false }`
[INFO] running `Command { std: "docker" "create" "-v" "/var/lib/crater-agent-workspace/builds/worker-1-tc2/target:/opt/rustwide/target:rw,Z" "-v" "/var/lib/crater-agent-workspace/builds/worker-1-tc2/source:/opt/rustwide/workdir:ro,Z" "-v" "/var/lib/crater-agent-workspace/cargo-home:/opt/rustwide/cargo-home:ro,Z" "-v" "/var/lib/crater-agent-workspace/rustup-home:/opt/rustwide/rustup-home:ro,Z" "-e" "SOURCE_DIR=/opt/rustwide/workdir" "-e" "CARGO_TARGET_DIR=/opt/rustwide/target" "-e" "CARGO_HOME=/opt/rustwide/cargo-home" "-e" "RUSTUP_HOME=/opt/rustwide/rustup-home" "-w" "/opt/rustwide/workdir" "-m" "1610612736" "--user" "0:0" "--network" "none" "ghcr.io/rust-lang/crates-build-env/linux@sha256:2788e3201cd34a07e3172128adcd8b3090168a8e3bcc40d7c032b9dda1df7d1c" "/opt/rustwide/cargo-home/bin/cargo" "+beta-2023-12-22" "metadata" "--no-deps" "--format-version=1", kill_on_drop: false }`
[INFO] [stdout] f3f519ffc1fd6bfac87e81266e99b1902723cb6e7dab10389ef536632addd8a4
[INFO] running `Command { std: "docker" "start" "-a" "f3f519ffc1fd6bfac87e81266e99b1902723cb6e7dab10389ef536632addd8a4", kill_on_drop: false }`
[INFO] running `Command { std: "docker" "inspect" "f3f519ffc1fd6bfac87e81266e99b1902723cb6e7dab10389ef536632addd8a4", kill_on_drop: false }`
[INFO] running `Command { std: "docker" "rm" "-f" "f3f519ffc1fd6bfac87e81266e99b1902723cb6e7dab10389ef536632addd8a4", kill_on_drop: false }`
[INFO] [stdout] f3f519ffc1fd6bfac87e81266e99b1902723cb6e7dab10389ef536632addd8a4
[INFO] running `Command { std: "docker" "create" "-v" "/var/lib/crater-agent-workspace/builds/worker-1-tc2/target:/opt/rustwide/target:rw,Z" "-v" "/var/lib/crater-agent-workspace/builds/worker-1-tc2/source:/opt/rustwide/workdir:ro,Z" "-v" "/var/lib/crater-agent-workspace/cargo-home:/opt/rustwide/cargo-home:ro,Z" "-v" "/var/lib/crater-agent-workspace/rustup-home:/opt/rustwide/rustup-home:ro,Z" "-e" "SOURCE_DIR=/opt/rustwide/workdir" "-e" "CARGO_TARGET_DIR=/opt/rustwide/target" "-e" "CARGO_INCREMENTAL=0" "-e" "RUST_BACKTRACE=full" "-e" "RUSTFLAGS=--cap-lints=warn" "-e" "RUSTDOCFLAGS=--cap-lints=warn" "-e" "CARGO_HOME=/opt/rustwide/cargo-home" "-e" "RUSTUP_HOME=/opt/rustwide/rustup-home" "-w" "/opt/rustwide/workdir" "-m" "1610612736" "--user" "0:0" "--network" "none" "ghcr.io/rust-lang/crates-build-env/linux@sha256:2788e3201cd34a07e3172128adcd8b3090168a8e3bcc40d7c032b9dda1df7d1c" "/opt/rustwide/cargo-home/bin/cargo" "+beta-2023-12-22" "build" "--frozen" "--message-format=json", kill_on_drop: false }`
[INFO] [stdout] a1604b3e8b36e7e21b3ee0275f42645b61096d52514e6b0e7d081e758738ba34
[INFO] running `Command { std: "docker" "start" "-a" "a1604b3e8b36e7e21b3ee0275f42645b61096d52514e6b0e7d081e758738ba34", kill_on_drop: false }`
[INFO] [stderr]    Compiling version_check v0.9.4
[INFO] [stderr]    Compiling proc-macro2 v1.0.70
[INFO] [stderr]    Compiling unicode-ident v1.0.12
[INFO] [stderr]    Compiling bitflags v2.4.1
[INFO] [stderr]    Compiling rustix v0.38.28
[INFO] [stderr]    Compiling memchr v2.6.4
[INFO] [stderr]    Compiling serde v1.0.193
[INFO] [stderr]    Compiling vcpkg v0.2.15
[INFO] [stderr]    Compiling zerocopy v0.7.31
[INFO] [stderr]    Compiling pkg-config v0.3.27
[INFO] [stderr]    Compiling linux-raw-sys v0.4.12
[INFO] [stderr]    Compiling once_cell v1.19.0
[INFO] [stderr]    Compiling autocfg v1.1.0
[INFO] [stderr]    Compiling utf8parse v0.2.1
[INFO] [stderr]    Compiling anstyle-query v1.0.2
[INFO] [stderr]    Compiling allocator-api2 v0.2.16
[INFO] [stderr]    Compiling colorchoice v1.0.0
[INFO] [stderr]    Compiling anstyle-parse v0.2.3
[INFO] [stderr]    Compiling anstyle v1.0.4
[INFO] [stderr]    Compiling heck v0.4.1
[INFO] [stderr]    Compiling strsim v0.10.0
[INFO] [stderr]    Compiling clap_lex v0.6.0
[INFO] [stderr]    Compiling ahash v0.8.6
[INFO] [stderr]    Compiling unicase v2.7.0
[INFO] [stderr]    Compiling anstream v0.6.5
[INFO] [stderr]    Compiling regex-syntax v0.8.2
[INFO] [stderr]    Compiling powerfmt v0.2.0
[INFO] [stderr]    Compiling num-traits v0.2.17
[INFO] [stderr]    Compiling unicode-width v0.1.11
[INFO] [stderr]    Compiling aho-corasick v1.1.2
[INFO] [stderr]    Compiling csv-core v0.1.11
[INFO] [stderr]    Compiling deranged v0.3.10
[INFO] [stderr]    Compiling iana-time-zone v0.1.58
[INFO] [stderr]    Compiling time-core v0.1.2
[INFO] [stderr]    Compiling quote v1.0.33
[INFO] [stderr]    Compiling itoa v1.0.10
[INFO] [stderr]    Compiling smallvec v1.11.2
[INFO] [stderr]    Compiling fallible-streaming-iterator v0.1.9
[INFO] [stderr]    Compiling hashbrown v0.14.3
[INFO] [stderr]    Compiling lazy_static v1.4.0
[INFO] [stderr]    Compiling syn v2.0.41
[INFO] [stderr]    Compiling fallible-iterator v0.2.0
[INFO] [stderr]    Compiling ryu v1.0.16
[INFO] [stderr]    Compiling libsqlite3-sys v0.26.0
[INFO] [stderr]    Compiling colored v2.1.0
[INFO] [stderr]    Compiling uuid v1.6.1
[INFO] [stderr]    Compiling unicode-segmentation v1.10.1
[INFO] [stderr]    Compiling terminal_size v0.3.0
[INFO] [stderr]    Compiling clap_builder v4.4.11
[INFO] [stderr]    Compiling hashlink v0.8.4
[INFO] [stderr]    Compiling time v0.3.31
[INFO] [stderr]    Compiling rusqlite v0.29.0
[INFO] [stderr]    Compiling chrono v0.4.31
[INFO] [stderr]    Compiling regex-automata v0.4.3
[INFO] [stderr]    Compiling csv v1.3.0
[INFO] [stderr]    Compiling clap_derive v4.4.7
[INFO] [stderr]    Compiling serde_derive v1.0.193
[INFO] [stderr]    Compiling regex v1.10.2
[INFO] [stderr]    Compiling clap v4.4.11
[INFO] [stderr]    Compiling rust-stemmers v1.2.0
[INFO] [stderr]    Compiling snip v0.1.0 (/opt/rustwide/workdir)
[INFO] [stderr]     Finished dev [unoptimized + debuginfo] target(s) in 15.56s
[INFO] running `Command { std: "docker" "inspect" "a1604b3e8b36e7e21b3ee0275f42645b61096d52514e6b0e7d081e758738ba34", kill_on_drop: false }`
[INFO] running `Command { std: "docker" "rm" "-f" "a1604b3e8b36e7e21b3ee0275f42645b61096d52514e6b0e7d081e758738ba34", kill_on_drop: false }`
[INFO] [stdout] a1604b3e8b36e7e21b3ee0275f42645b61096d52514e6b0e7d081e758738ba34
[INFO] running `Command { std: "docker" "create" "-v" "/var/lib/crater-agent-workspace/builds/worker-1-tc2/target:/opt/rustwide/target:rw,Z" "-v" "/var/lib/crater-agent-workspace/builds/worker-1-tc2/source:/opt/rustwide/workdir:ro,Z" "-v" "/var/lib/crater-agent-workspace/cargo-home:/opt/rustwide/cargo-home:ro,Z" "-v" "/var/lib/crater-agent-workspace/rustup-home:/opt/rustwide/rustup-home:ro,Z" "-e" "SOURCE_DIR=/opt/rustwide/workdir" "-e" "CARGO_TARGET_DIR=/opt/rustwide/target" "-e" "CARGO_INCREMENTAL=0" "-e" "RUST_BACKTRACE=full" "-e" "RUSTFLAGS=--cap-lints=warn" "-e" "RUSTDOCFLAGS=--cap-lints=warn" "-e" "CARGO_HOME=/opt/rustwide/cargo-home" "-e" "RUSTUP_HOME=/opt/rustwide/rustup-home" "-w" "/opt/rustwide/workdir" "-m" "1610612736" "--user" "0:0" "--network" "none" "ghcr.io/rust-lang/crates-build-env/linux@sha256:2788e3201cd34a07e3172128adcd8b3090168a8e3bcc40d7c032b9dda1df7d1c" "/opt/rustwide/cargo-home/bin/cargo" "+beta-2023-12-22" "test" "--frozen" "--no-run" "--message-format=json", kill_on_drop: false }`
[INFO] [stdout] ee03bafba7517ebe7ef061d2193c90c3aa2f07755022983dcef2758876d2e5b4
[INFO] running `Command { std: "docker" "start" "-a" "ee03bafba7517ebe7ef061d2193c90c3aa2f07755022983dcef2758876d2e5b4", kill_on_drop: false }`
[INFO] [stderr]    Compiling snip v0.1.0 (/opt/rustwide/workdir)
[INFO] [stderr]     Finished test [unoptimized + debuginfo] target(s) in 2.06s
[INFO] running `Command { std: "docker" "inspect" "ee03bafba7517ebe7ef061d2193c90c3aa2f07755022983dcef2758876d2e5b4", kill_on_drop: false }`
[INFO] running `Command { std: "docker" "rm" "-f" "ee03bafba7517ebe7ef061d2193c90c3aa2f07755022983dcef2758876d2e5b4", kill_on_drop: false }`
[INFO] [stdout] ee03bafba7517ebe7ef061d2193c90c3aa2f07755022983dcef2758876d2e5b4
[INFO] running `Command { std: "docker" "create" "-v" "/var/lib/crater-agent-workspace/builds/worker-1-tc2/target:/opt/rustwide/target:rw,Z" "-v" "/var/lib/crater-agent-workspace/builds/worker-1-tc2/source:/opt/rustwide/workdir:ro,Z" "-v" "/var/lib/crater-agent-workspace/cargo-home:/opt/rustwide/cargo-home:ro,Z" "-v" "/var/lib/crater-agent-workspace/rustup-home:/opt/rustwide/rustup-home:ro,Z" "-e" "SOURCE_DIR=/opt/rustwide/workdir" "-e" "CARGO_TARGET_DIR=/opt/rustwide/target" "-e" "CARGO_INCREMENTAL=0" "-e" "RUST_BACKTRACE=full" "-e" "RUSTFLAGS=--cap-lints=warn" "-e" "RUSTDOCFLAGS=--cap-lints=warn" "-e" "CARGO_HOME=/opt/rustwide/cargo-home" "-e" "RUSTUP_HOME=/opt/rustwide/rustup-home" "-w" "/opt/rustwide/workdir" "-m" "1610612736" "--user" "0:0" "--network" "none" "ghcr.io/rust-lang/crates-build-env/linux@sha256:2788e3201cd34a07e3172128adcd8b3090168a8e3bcc40d7c032b9dda1df7d1c" "/opt/rustwide/cargo-home/bin/cargo" "+beta-2023-12-22" "test" "--frozen", kill_on_drop: false }`
[INFO] [stdout] aace20f293a88e7650905872d54d4e8562871579883d9803de0c290837e297a1
[INFO] running `Command { std: "docker" "start" "-a" "aace20f293a88e7650905872d54d4e8562871579883d9803de0c290837e297a1", kill_on_drop: false }`
[INFO] [stderr]     Finished test [unoptimized + debuginfo] target(s) in 0.05s
[INFO] [stderr]      Running unittests src/main.rs (/opt/rustwide/target/debug/deps/snip-3d6f6f4426ed7b28)
[INFO] [stdout] 
[INFO] [stdout] running 22 tests
[INFO] [stdout] test snip::doc::tests::test_from_file ... ok
[INFO] [stdout] test snip::doc::tests::test_generate_name ... ok
[INFO] [stdout] test snip::doc::tests::test_parse_header ... ok
[INFO] [stdout] test snip::doc::tests::test_parse_field ... ok
[INFO] [stdout] test snip::attachment::test::test_get_attachment_from_uuid ... ok
[INFO] [stdout] test snip::doc::tests::test_get_from_uuid ... ok
[INFO] [stdout] test snip::doc::tests::test_insert_new ... ok
[INFO] [stdout] test snip::doc::tests::test_update ... ok
[INFO] [stdout] test snip::attachment::test::test_attachment_write ... FAILED
[INFO] [stdout] test snip::attachment::test::test_remove ... ok
[INFO] [stdout] test snip::doc::tests::test_insert ... ok
[INFO] [stdout] test snip::doc::tests::test_collect_attachments ... ok
[INFO] [stdout] test snip::attachment::test::test_add_attachment ... ok
[INFO] [stdout] test snip::analysis::tests::test_get_term_context ... ok
[INFO] [stdout] test snip::doc::tests::test_remove_snip ... ok
[INFO] [stdout] test snip::attachment::test::test_search_attachment_uuid ... ok
[INFO] [stdout] test snip::search::tests::test_search_uuid ... ok
[INFO] [stdout] test snip::doc::tests::test_index_snip ... ok
[INFO] [stdout] test snip::analysis::tests::test_stats_index ... ok
[INFO] [stdout] test snip::search::tests::test_search_all_present ... ok
[INFO] [stdout] test snip::search::tests::test_search_structured_uuids ... ok
[INFO] [stdout] test snip::search::tests::test_search_structured ... ok
[INFO] [stdout] 
[INFO] [stdout] failures:
[INFO] [stdout] 
[INFO] [stdout] ---- snip::attachment::test::test_attachment_write stdout ----
[INFO] [stdout] Error: Os { code: 30, kind: ReadOnlyFilesystem, message: "Read-only file system" }
[INFO] [stdout] 
[INFO] [stdout] 
[INFO] [stdout] failures:
[INFO] [stdout]     snip::attachment::test::test_attachment_write
[INFO] [stdout] 
[INFO] [stdout] test result: FAILED. 21 passed; 1 failed; 0 ignored; 0 measured; 0 filtered out; finished in 0.10s
[INFO] [stdout] 
[INFO] [stderr] error: test failed, to rerun pass `--bin snip`
[INFO] running `Command { std: "docker" "inspect" "aace20f293a88e7650905872d54d4e8562871579883d9803de0c290837e297a1", kill_on_drop: false }`
[INFO] running `Command { std: "docker" "rm" "-f" "aace20f293a88e7650905872d54d4e8562871579883d9803de0c290837e297a1", kill_on_drop: false }`
[INFO] [stdout] aace20f293a88e7650905872d54d4e8562871579883d9803de0c290837e297a1
