[INFO] cloning repository https://github.com/rustl3rs/banner
[INFO] running `Command { std: "git" "-c" "credential.helper=" "-c" "credential.helper=/workspace/cargo-home/bin/git-credential-null" "clone" "--bare" "https://github.com/rustl3rs/banner" "/workspace/cache/git-repos/https%3A%2F%2Fgithub.com%2Frustl3rs%2Fbanner", kill_on_drop: false }`
[INFO] [stderr] Cloning into bare repository '/workspace/cache/git-repos/https%3A%2F%2Fgithub.com%2Frustl3rs%2Fbanner'...
[INFO] running `Command { std: "git" "rev-parse" "HEAD", kill_on_drop: false }`
[INFO] [stdout] 1877dedc44368bcf2b042a7a020ee5cc847ce9c6
[INFO] testing rustl3rs/banner against 1.75.0 for beta-1.76-1
[INFO] running `Command { std: "git" "clone" "/workspace/cache/git-repos/https%3A%2F%2Fgithub.com%2Frustl3rs%2Fbanner" "/workspace/builds/worker-2-tc1/source", kill_on_drop: false }`
[INFO] [stderr] Cloning into '/workspace/builds/worker-2-tc1/source'...
[INFO] [stderr] done.
[INFO] validating manifest of git repo https://github.com/rustl3rs/banner on toolchain 1.75.0
[INFO] running `Command { std: CARGO_HOME="/workspace/cargo-home" RUSTUP_HOME="/workspace/rustup-home" "/workspace/cargo-home/bin/cargo" "+1.75.0" "metadata" "--manifest-path" "Cargo.toml" "--no-deps", kill_on_drop: false }`
[INFO] started tweaking git repo https://github.com/rustl3rs/banner
[INFO] finished tweaking git repo https://github.com/rustl3rs/banner
[INFO] tweaked toml for git repo https://github.com/rustl3rs/banner written to /workspace/builds/worker-2-tc1/source/Cargo.toml
[INFO] crate git repo https://github.com/rustl3rs/banner already has a lockfile, it will not be regenerated
[INFO] running `Command { std: CARGO_HOME="/workspace/cargo-home" RUSTUP_HOME="/workspace/rustup-home" "/workspace/cargo-home/bin/cargo" "+1.75.0" "fetch" "--manifest-path" "Cargo.toml", kill_on_drop: false }`
[INFO] [stderr]     Updating git repository `https://github.com/gin66/tui-logger.git`
[INFO] [stderr]     Updating crates.io index
[INFO] [stderr]  Downloading crates ...
[INFO] [stderr]   Downloaded cap-tempfile v1.0.15
[INFO] [stderr]   Downloaded rune-modules v0.12.4
[INFO] [stderr]   Downloaded rune-macros v0.12.4
[INFO] [stderr]   Downloaded rune v0.12.4
[INFO] running `Command { std: "docker" "create" "-v" "/var/lib/crater-agent-workspace/builds/worker-2-tc1/target:/opt/rustwide/target:rw,Z" "-v" "/var/lib/crater-agent-workspace/builds/worker-2-tc1/source:/opt/rustwide/workdir:ro,Z" "-v" "/var/lib/crater-agent-workspace/cargo-home:/opt/rustwide/cargo-home:ro,Z" "-v" "/var/lib/crater-agent-workspace/rustup-home:/opt/rustwide/rustup-home:ro,Z" "-e" "SOURCE_DIR=/opt/rustwide/workdir" "-e" "CARGO_TARGET_DIR=/opt/rustwide/target" "-e" "CARGO_HOME=/opt/rustwide/cargo-home" "-e" "RUSTUP_HOME=/opt/rustwide/rustup-home" "-w" "/opt/rustwide/workdir" "-m" "1610612736" "--user" "0:0" "--network" "none" "ghcr.io/rust-lang/crates-build-env/linux@sha256:2788e3201cd34a07e3172128adcd8b3090168a8e3bcc40d7c032b9dda1df7d1c" "/opt/rustwide/cargo-home/bin/cargo" "+1.75.0" "metadata" "--no-deps" "--format-version=1", kill_on_drop: false }`
[INFO] [stdout] 8db8838121096b1e4c4a5f783d2e9d56153e06f95cd245584c09cc2b36db195d
[INFO] running `Command { std: "docker" "start" "-a" "8db8838121096b1e4c4a5f783d2e9d56153e06f95cd245584c09cc2b36db195d", kill_on_drop: false }`
[INFO] running `Command { std: "docker" "inspect" "8db8838121096b1e4c4a5f783d2e9d56153e06f95cd245584c09cc2b36db195d", kill_on_drop: false }`
[INFO] running `Command { std: "docker" "rm" "-f" "8db8838121096b1e4c4a5f783d2e9d56153e06f95cd245584c09cc2b36db195d", kill_on_drop: false }`
[INFO] [stdout] 8db8838121096b1e4c4a5f783d2e9d56153e06f95cd245584c09cc2b36db195d
[INFO] running `Command { std: "docker" "create" "-v" "/var/lib/crater-agent-workspace/builds/worker-2-tc1/target:/opt/rustwide/target:rw,Z" "-v" "/var/lib/crater-agent-workspace/builds/worker-2-tc1/source:/opt/rustwide/workdir:ro,Z" "-v" "/var/lib/crater-agent-workspace/cargo-home:/opt/rustwide/cargo-home:ro,Z" "-v" "/var/lib/crater-agent-workspace/rustup-home:/opt/rustwide/rustup-home:ro,Z" "-e" "SOURCE_DIR=/opt/rustwide/workdir" "-e" "CARGO_TARGET_DIR=/opt/rustwide/target" "-e" "CARGO_INCREMENTAL=0" "-e" "RUST_BACKTRACE=full" "-e" "RUSTFLAGS=--cap-lints=warn" "-e" "RUSTDOCFLAGS=--cap-lints=warn" "-e" "CARGO_HOME=/opt/rustwide/cargo-home" "-e" "RUSTUP_HOME=/opt/rustwide/rustup-home" "-w" "/opt/rustwide/workdir" "-m" "1610612736" "--user" "0:0" "--network" "none" "ghcr.io/rust-lang/crates-build-env/linux@sha256:2788e3201cd34a07e3172128adcd8b3090168a8e3bcc40d7c032b9dda1df7d1c" "/opt/rustwide/cargo-home/bin/cargo" "+1.75.0" "build" "--frozen" "--message-format=json", kill_on_drop: false }`
[INFO] [stdout] 15773c0609cb4f44c30787e87d146e744a53b89fd4c75bc63f20deeebac466af
[INFO] running `Command { std: "docker" "start" "-a" "15773c0609cb4f44c30787e87d146e744a53b89fd4c75bc63f20deeebac466af", kill_on_drop: false }`
[INFO] [stderr]    Compiling proc-macro2 v1.0.69
[INFO] [stderr]    Compiling unicode-ident v1.0.12
[INFO] [stderr]    Compiling libc v0.2.149
[INFO] [stderr]    Compiling autocfg v1.1.0
[INFO] [stderr]    Compiling cfg-if v1.0.0
[INFO] [stderr]    Compiling once_cell v1.18.0
[INFO] [stderr]    Compiling serde v1.0.190
[INFO] [stderr]    Compiling log v0.4.20
[INFO] [stderr]    Compiling futures-core v0.3.29
[INFO] [stderr]    Compiling pin-project-lite v0.2.13
[INFO] [stderr]    Compiling memchr v2.6.4
[INFO] [stderr]    Compiling version_check v0.9.4
[INFO] [stderr]    Compiling itoa v1.0.9
[INFO] [stderr]    Compiling futures-channel v0.3.29
[INFO] [stderr]    Compiling futures-task v0.3.29
[INFO] [stderr]    Compiling futures-sink v0.3.29
[INFO] [stderr]    Compiling thiserror v1.0.50
[INFO] [stderr]    Compiling bytes v1.5.0
[INFO] [stderr]    Compiling futures-util v0.3.29
[INFO] [stderr]    Compiling futures-io v0.3.29
[INFO] [stderr]    Compiling tracing-core v0.1.32
[INFO] [stderr]    Compiling pin-utils v0.1.0
[INFO] [stderr]    Compiling fnv v1.0.7
[INFO] [stderr]    Compiling io-lifetimes v1.0.11
[INFO] [stderr]    Compiling bitflags v2.4.1
[INFO] [stderr]    Compiling hashbrown v0.12.3
[INFO] [stderr]    Compiling rustversion v1.0.14
[INFO] [stderr]    Compiling spin v0.9.8
[INFO] [stderr]    Compiling heck v0.4.1
[INFO] [stderr]    Compiling slab v0.4.9
[INFO] [stderr]    Compiling num-traits v0.2.17
[INFO] [stderr]    Compiling num-integer v0.1.45
[INFO] [stderr]    Compiling indexmap v1.9.3
[INFO] [stderr]    Compiling num-bigint v0.4.4
[INFO] [stderr]    Compiling http v0.2.9
[INFO] [stderr]    Compiling ucd-trie v0.1.6
[INFO] [stderr]    Compiling untrusted v0.9.0
[INFO] [stderr]    Compiling either v1.9.0
[INFO] [stderr]    Compiling httparse v1.8.0
[INFO] [stderr]    Compiling num-iter v0.1.43
[INFO] [stderr]    Compiling num-rational v0.4.1
[INFO] [stderr]    Compiling ahash v0.7.7
[INFO] [stderr]    Compiling try-lock v0.2.4
[INFO] [stderr]    Compiling syn v1.0.109
[INFO] [stderr]    Compiling quote v1.0.33
[INFO] [stderr]    Compiling ryu v1.0.15
[INFO] [stderr]    Compiling unicode-width v0.1.11
[INFO] [stderr]    Compiling rustix v0.38.21
[INFO] [stderr]    Compiling want v0.3.1
[INFO] [stderr]    Compiling syn v2.0.38
[INFO] [stderr]    Compiling cc v1.0.83
[INFO] [stderr]    Compiling lock_api v0.4.11
[INFO] [stderr]    Compiling ahash v0.8.6
[INFO] [stderr]    Compiling tower-service v0.3.2
[INFO] [stderr]    Compiling rustls v0.21.8
[INFO] [stderr]    Compiling tinyvec_macros v0.1.1
[INFO] [stderr]    Compiling httpdate v1.0.3
[INFO] [stderr]    Compiling io-extras v0.17.4
[INFO] [stderr]    Compiling byteorder v1.5.0
[INFO] [stderr]    Compiling http-body v0.4.5
[INFO] [stderr]    Compiling rustix v0.37.27
[INFO] [stderr]    Compiling linux-raw-sys v0.4.10
[INFO] [stderr]    Compiling base64 v0.21.5
[INFO] [stderr]    Compiling signal-hook v0.3.17
[INFO] [stderr]    Compiling anyhow v1.0.75
[INFO] [stderr]    Compiling parking_lot_core v0.9.9
[INFO] [stderr]    Compiling tinyvec v1.6.0
[INFO] [stderr]    Compiling cap-primitives v1.0.15
[INFO] [stderr]    Compiling zerocopy v0.7.15
[INFO] [stderr]    Compiling bitflags v1.3.2
[INFO] [stderr]    Compiling linux-raw-sys v0.3.8
[INFO] [stderr]    Compiling termcolor v1.3.0
[INFO] [stderr]    Compiling getrandom v0.2.10
[INFO] [stderr]    Compiling mio v0.8.9
[INFO] [stderr]    Compiling socket2 v0.5.5
[INFO] [stderr]    Compiling num_cpus v1.16.0
[INFO] [stderr]    Compiling socket2 v0.4.10
[INFO] [stderr]    Compiling num-complex v0.4.4
[INFO] [stderr]    Compiling signal-hook-registry v1.4.1
[INFO] [stderr]    Compiling static_assertions v1.1.0
[INFO] [stderr]    Compiling scopeguard v1.2.0
[INFO] [stderr]    Compiling percent-encoding v2.3.0
[INFO] [stderr]    Compiling utf8-decode v1.0.1
[INFO] [stderr]    Compiling pct-str v1.2.0
[INFO] [stderr]    Compiling form_urlencoded v1.2.0
[INFO] [stderr]    Compiling ring v0.17.5
[INFO] [stderr]    Compiling unicode-normalization v0.1.22
[INFO] [stderr]    Compiling twox-hash v1.6.3
[INFO] [stderr]    Compiling codespan-reporting v0.11.1
[INFO] [stderr]    Compiling rustls-pemfile v1.0.3
[INFO] [stderr]    Compiling itertools v0.11.0
[INFO] [stderr]    Compiling itertools v0.10.5
[INFO] [stderr]    Compiling linked-hash-map v0.5.6
[INFO] [stderr]    Compiling cap-std v1.0.15
[INFO] [stderr]    Compiling ipnet v2.9.0
[INFO] [stderr]    Compiling async-trait v0.1.74
[INFO] [stderr]    Compiling unicode-bidi v0.3.13
[INFO] [stderr]    Compiling iana-time-zone v0.1.58
[INFO] [stderr]    Compiling numtoa v0.1.0
[INFO] [stderr]    Compiling maybe-owned v0.3.4
[INFO] [stderr]    Compiling semver v1.0.20
[INFO] [stderr]    Compiling allocator-api2 v0.2.16
[INFO] [stderr]    Compiling ambient-authority v0.0.2
[INFO] [stderr]    Compiling void v1.0.2
[INFO] [stderr]    Compiling paste v1.0.14
[INFO] [stderr]    Compiling openssl-probe v0.1.5
[INFO] [stderr]    Compiling serde_json v1.0.107
[INFO] [stderr]    Compiling unicode-xid v0.2.4
[INFO] [stderr]    Compiling itoa v0.4.8
[INFO] [stderr]    Compiling utf8parse v0.2.1
[INFO] [stderr]    Compiling const_format_proc_macros v0.2.32
[INFO] [stderr]    Compiling hashbrown v0.14.2
[INFO] [stderr]    Compiling anstyle-parse v0.2.2
[INFO] [stderr]    Compiling rustls-native-certs v0.6.3
[INFO] [stderr]    Compiling idna v0.4.0
[INFO] [stderr]    Compiling chrono v0.4.31
[INFO] [stderr]    Compiling num v0.4.1
[INFO] [stderr]    Compiling signal-hook-mio v0.2.3
[INFO] [stderr]    Compiling rand_core v0.6.4
[INFO] [stderr]    Compiling anstyle v1.0.4
[INFO] [stderr]    Compiling anstyle-query v1.0.0
[INFO] [stderr]    Compiling fs-set-times v0.19.2
[INFO] [stderr]    Compiling colorchoice v1.0.0
[INFO] [stderr]    Compiling lazy_static v1.4.0
[INFO] [stderr]    Compiling hex v0.4.3
[INFO] [stderr]    Compiling ppv-lite86 v0.2.17
[INFO] [stderr]    Compiling overload v0.1.1
[INFO] [stderr]    Compiling sharded-slab v0.1.7
[INFO] [stderr]    Compiling anstream v0.6.4
[INFO] [stderr]    Compiling nu-ansi-term v0.46.0
[INFO] [stderr]    Compiling lru v0.12.0
[INFO] [stderr]    Compiling url v2.4.1
[INFO] [stderr]    Compiling termion v2.0.1
[INFO] [stderr]    Compiling rand_chacha v0.3.1
[INFO] [stderr]    Compiling uuid v1.5.0
[INFO] [stderr]    Compiling tracing-log v0.1.4
[INFO] [stderr]    Compiling thread_local v1.1.7
[INFO] [stderr]    Compiling const_format v0.2.32
[INFO] [stderr]    Compiling clap_lex v0.6.0
[INFO] [stderr]    Compiling unicode-segmentation v1.10.1
[INFO] [stderr]    Compiling fastrand v1.9.0
[INFO] [stderr]    Compiling cassowary v0.3.0
[INFO] [stderr]    Compiling indoc v2.0.4
[INFO] [stderr]    Compiling strsim v0.10.0
[INFO] [stderr]    Compiling rand v0.8.5
[INFO] [stderr]    Compiling clap_builder v4.4.7
[INFO] [stderr]    Compiling termion v1.5.6
[INFO] [stderr]    Compiling fxhash v0.2.1
[INFO] [stderr]    Compiling futures-timer v3.0.2
[INFO] [stderr]    Compiling k8s-engine v0.0.1 (/opt/rustwide/workdir/k8s-engine)
[INFO] [stderr]    Compiling cap-tempfile v1.0.15
[INFO] [stderr]    Compiling rune-macros v0.12.4
[INFO] [stderr]    Compiling serde_derive v1.0.190
[INFO] [stderr]    Compiling tracing-attributes v0.1.27
[INFO] [stderr]    Compiling thiserror-impl v1.0.50
[INFO] [stderr]    Compiling futures-macro v0.3.29
[INFO] [stderr]    Compiling tokio-macros v2.1.0
[INFO] [stderr]    Compiling pin-project-internal v1.1.3
[INFO] [stderr]    Compiling strum_macros v0.25.3
[INFO] [stderr]    Compiling pest-ast v0.3.4
[INFO] [stderr]    Compiling serde_repr v0.1.16
[INFO] [stderr]    Compiling clap_derive v4.4.7
[INFO] [stderr]    Compiling async-recursion v1.0.5
[INFO] [stderr]    Compiling tokio v1.33.0
[INFO] [stderr]    Compiling sct v0.7.1
[INFO] [stderr]    Compiling rustls-webpki v0.101.7
[INFO] [stderr]    Compiling pin-project v1.1.3
[INFO] [stderr]    Compiling tracing v0.1.40
[INFO] [stderr]    Compiling pest v2.7.5
[INFO] [stderr]    Compiling strum v0.25.0
[INFO] [stderr]    Compiling clap v4.4.7
[INFO] [stderr]    Compiling pest_meta v2.7.5
[INFO] [stderr]    Compiling from-pest v0.3.2
[INFO] [stderr]    Compiling pest_generator v2.7.5
[INFO] [stderr]    Compiling futures-executor v0.3.29
[INFO] [stderr]    Compiling futures v0.3.29
[INFO] [stderr]    Compiling tokio-util v0.7.10
[INFO] [stderr]    Compiling tokio-rustls v0.24.1
[INFO] [stderr]    Compiling backon v0.4.1
[INFO] [stderr]    Compiling pest_derive v2.7.5
[INFO] [stderr]    Compiling h2 v0.3.21
[INFO] [stderr]    Compiling smallvec v1.11.1
[INFO] [stderr]    Compiling hashbrown v0.11.2
[INFO] [stderr]    Compiling serde_bytes v0.11.12
[INFO] [stderr]    Compiling serde_with v2.3.3
[INFO] [stderr]    Compiling serde_urlencoded v0.7.1
[INFO] [stderr]    Compiling iref v2.2.3
[INFO] [stderr]    Compiling tracing-subscriber v0.3.17
[INFO] [stderr]    Compiling parking_lot v0.12.1
[INFO] [stderr]    Compiling rune v0.12.4
[INFO] [stderr]    Compiling crossterm v0.27.0
[INFO] [stderr]    Compiling banner-parser v0.1.0 (/opt/rustwide/workdir/banner-parser)
[INFO] [stderr]    Compiling ratatui v0.24.0
[INFO] [stderr]    Compiling hyper v0.14.27
[INFO] [stderr]    Compiling bollard-stubs v1.42.0-rc.7
[INFO] [stderr]    Compiling tui-logger v0.9.6 (https://github.com/gin66/tui-logger.git#b9460de3)
[INFO] [stderr]    Compiling hyper-rustls v0.24.2
[INFO] [stderr]    Compiling hyperlocal v0.8.0
[INFO] [stderr]    Compiling bollard v0.14.0
[INFO] [stderr]    Compiling rune-modules v0.12.4
[INFO] [stderr]    Compiling banner-engine v0.0.1 (/opt/rustwide/workdir/banner-engine)
[INFO] [stdout] warning: unused import: `crate::tasks::*`
[INFO] [stdout]   --> banner-engine/src/lib.rs:26:9
[INFO] [stdout]    |
[INFO] [stdout] 26 | pub use crate::tasks::*;
[INFO] [stdout]    |         ^^^^^^^^^^^^^^^
[INFO] [stdout]    |
[INFO] [stdout]    = note: `#[warn(unused_imports)]` on by default
[INFO] [stdout] 
[INFO] [stdout] 
[INFO] [stderr]    Compiling local-engine v0.0.1 (/opt/rustwide/workdir/local-engine)
[INFO] [stdout] warning: 1 warning emitted
[INFO] [stdout] 
[INFO] [stdout] 
[INFO] [stderr]    Compiling banner v0.0.1 (/opt/rustwide/workdir/cli)
[INFO] [stderr]     Finished dev [unoptimized + debuginfo] target(s) in 42.74s
[INFO] running `Command { std: "docker" "inspect" "15773c0609cb4f44c30787e87d146e744a53b89fd4c75bc63f20deeebac466af", kill_on_drop: false }`
[INFO] running `Command { std: "docker" "rm" "-f" "15773c0609cb4f44c30787e87d146e744a53b89fd4c75bc63f20deeebac466af", kill_on_drop: false }`
[INFO] [stdout] 15773c0609cb4f44c30787e87d146e744a53b89fd4c75bc63f20deeebac466af
[INFO] running `Command { std: "docker" "create" "-v" "/var/lib/crater-agent-workspace/builds/worker-2-tc1/target:/opt/rustwide/target:rw,Z" "-v" "/var/lib/crater-agent-workspace/builds/worker-2-tc1/source:/opt/rustwide/workdir:ro,Z" "-v" "/var/lib/crater-agent-workspace/cargo-home:/opt/rustwide/cargo-home:ro,Z" "-v" "/var/lib/crater-agent-workspace/rustup-home:/opt/rustwide/rustup-home:ro,Z" "-e" "SOURCE_DIR=/opt/rustwide/workdir" "-e" "CARGO_TARGET_DIR=/opt/rustwide/target" "-e" "CARGO_INCREMENTAL=0" "-e" "RUST_BACKTRACE=full" "-e" "RUSTFLAGS=--cap-lints=warn" "-e" "RUSTDOCFLAGS=--cap-lints=warn" "-e" "CARGO_HOME=/opt/rustwide/cargo-home" "-e" "RUSTUP_HOME=/opt/rustwide/rustup-home" "-w" "/opt/rustwide/workdir" "-m" "1610612736" "--user" "0:0" "--network" "none" "ghcr.io/rust-lang/crates-build-env/linux@sha256:2788e3201cd34a07e3172128adcd8b3090168a8e3bcc40d7c032b9dda1df7d1c" "/opt/rustwide/cargo-home/bin/cargo" "+1.75.0" "test" "--frozen" "--no-run" "--message-format=json", kill_on_drop: false }`
[INFO] [stdout] bf14a5468396cdafbc2e37ba068bbe98ac60cb2a46ed276a3479814770cbdc77
[INFO] running `Command { std: "docker" "start" "-a" "bf14a5468396cdafbc2e37ba068bbe98ac60cb2a46ed276a3479814770cbdc77", kill_on_drop: false }`
[INFO] [stderr]    Compiling regex-syntax v0.8.2
[INFO] [stderr]    Compiling regex-syntax v0.6.29
[INFO] [stdout] warning: unused import: `crate::tasks::*`
[INFO] [stdout]   --> banner-engine/src/lib.rs:26:9
[INFO] [stdout]    |
[INFO] [stdout] 26 | pub use crate::tasks::*;
[INFO] [stdout]    |         ^^^^^^^^^^^^^^^
[INFO] [stdout]    |
[INFO] [stdout]    = note: `#[warn(unused_imports)]` on by default
[INFO] [stdout] 
[INFO] [stdout] 
[INFO] [stdout] warning: 1 warning emitted
[INFO] [stdout] 
[INFO] [stdout] 
[INFO] [stderr]    Compiling tracing-test-macro v0.2.4
[INFO] [stderr]    Compiling dissimilar v1.0.7
[INFO] [stderr]    Compiling local-engine v0.0.1 (/opt/rustwide/workdir/local-engine)
[INFO] [stderr]    Compiling k8s-engine v0.0.1 (/opt/rustwide/workdir/k8s-engine)
[INFO] [stderr]    Compiling expect-test v1.4.1
[INFO] [stderr]    Compiling regex-automata v0.4.3
[INFO] [stderr]    Compiling regex-automata v0.1.10
[INFO] [stderr]    Compiling matchers v0.1.0
[INFO] [stderr]    Compiling regex v1.10.2
[INFO] [stderr]    Compiling tracing-subscriber v0.3.17
[INFO] [stderr]    Compiling tracing-test v0.2.4
[INFO] [stderr]    Compiling tui-logger v0.9.6 (https://github.com/gin66/tui-logger.git#b9460de3)
[INFO] [stderr]    Compiling banner-engine v0.0.1 (/opt/rustwide/workdir/banner-engine)
[INFO] [stderr]    Compiling banner v0.0.1 (/opt/rustwide/workdir/cli)
[INFO] [stderr]    Compiling banner-parser v0.1.0 (/opt/rustwide/workdir/banner-parser)
[INFO] [stdout] warning: unused import: `crate::tasks::*`
[INFO] [stdout]   --> banner-engine/src/lib.rs:26:9
[INFO] [stdout]    |
[INFO] [stdout] 26 | pub use crate::tasks::*;
[INFO] [stdout]    |         ^^^^^^^^^^^^^^^
[INFO] [stdout]    |
[INFO] [stdout]    = note: `#[warn(unused_imports)]` on by default
[INFO] [stdout] 
[INFO] [stdout] 
[INFO] [stdout] warning: 1 warning emitted
[INFO] [stdout] 
[INFO] [stdout] 
[INFO] [stderr]     Finished test [unoptimized + debuginfo] target(s) in 12.32s
[INFO] running `Command { std: "docker" "inspect" "bf14a5468396cdafbc2e37ba068bbe98ac60cb2a46ed276a3479814770cbdc77", kill_on_drop: false }`
[INFO] running `Command { std: "docker" "rm" "-f" "bf14a5468396cdafbc2e37ba068bbe98ac60cb2a46ed276a3479814770cbdc77", kill_on_drop: false }`
[INFO] [stdout] bf14a5468396cdafbc2e37ba068bbe98ac60cb2a46ed276a3479814770cbdc77
[INFO] running `Command { std: "docker" "create" "-v" "/var/lib/crater-agent-workspace/builds/worker-2-tc1/target:/opt/rustwide/target:rw,Z" "-v" "/var/lib/crater-agent-workspace/builds/worker-2-tc1/source:/opt/rustwide/workdir:ro,Z" "-v" "/var/lib/crater-agent-workspace/cargo-home:/opt/rustwide/cargo-home:ro,Z" "-v" "/var/lib/crater-agent-workspace/rustup-home:/opt/rustwide/rustup-home:ro,Z" "-e" "SOURCE_DIR=/opt/rustwide/workdir" "-e" "CARGO_TARGET_DIR=/opt/rustwide/target" "-e" "CARGO_INCREMENTAL=0" "-e" "RUST_BACKTRACE=full" "-e" "RUSTFLAGS=--cap-lints=warn" "-e" "RUSTDOCFLAGS=--cap-lints=warn" "-e" "CARGO_HOME=/opt/rustwide/cargo-home" "-e" "RUSTUP_HOME=/opt/rustwide/rustup-home" "-w" "/opt/rustwide/workdir" "-m" "1610612736" "--user" "0:0" "--network" "none" "ghcr.io/rust-lang/crates-build-env/linux@sha256:2788e3201cd34a07e3172128adcd8b3090168a8e3bcc40d7c032b9dda1df7d1c" "/opt/rustwide/cargo-home/bin/cargo" "+1.75.0" "test" "--frozen", kill_on_drop: false }`
[INFO] [stdout] 4350b0f15c975d99b2b9feb349adea3bf4dea33065dc5ffcb440ae63750f7458
[INFO] running `Command { std: "docker" "start" "-a" "4350b0f15c975d99b2b9feb349adea3bf4dea33065dc5ffcb440ae63750f7458", kill_on_drop: false }`
[INFO] [stderr] warning: unused import: `crate::tasks::*`
[INFO] [stderr]   --> banner-engine/src/lib.rs:26:9
[INFO] [stderr]    |
[INFO] [stderr] 26 | pub use crate::tasks::*;
[INFO] [stderr]    |         ^^^^^^^^^^^^^^^
[INFO] [stderr]    |
[INFO] [stderr]    = note: `#[warn(unused_imports)]` on by default
[INFO] [stderr] 
[INFO] [stderr] warning: `banner-engine` (lib) generated 1 warning (run `cargo fix --lib -p banner-engine` to apply 1 suggestion)
[INFO] [stderr] warning: `banner-engine` (lib test) generated 1 warning (1 duplicate)
[INFO] [stderr]     Finished test [unoptimized + debuginfo] target(s) in 0.37s
[INFO] [stderr]      Running unittests src/main.rs (/opt/rustwide/target/debug/deps/banner-1c833bb9b8bf8ca1)
[INFO] [stdout] 
[INFO] [stdout] running 0 tests
[INFO] [stdout] 
[INFO] [stdout] test result: ok. 0 passed; 0 failed; 0 ignored; 0 measured; 0 filtered out; finished in 0.00s
[INFO] [stdout] 
[INFO] [stderr]      Running unittests src/lib.rs (/opt/rustwide/target/debug/deps/banner_engine-632568b6a810c27f)
[INFO] [stdout] 
[INFO] [stdout] running 22 tests
[INFO] [stdout] test event_handlers::task::flatten_tasks_tests::sequential_and_parallel_tasks_to_start ... ok
[INFO] [stdout] test event_handlers::task::flatten_tasks_tests::two_parallel_tasks_to_start ... ok
[INFO] [stdout] test event_handlers::task::flatten_tasks_tests::sequential_and_parallel_tasks_to_finish ... ok
[INFO] [stdout] test event_handlers::task::flatten_tasks_tests::two_parallel_tasks_to_finish ... ok
[INFO] [stdout] test events::tests::construct_log_event ... ok
[INFO] [stdout] test events::tests::events_like_each_other ... ok
[INFO] [stdout] test listen_for_events::tests::construct_log_event ... ok
[INFO] [stdout] test listen_for_events::tests::lf_events_like_each_other ... ok
[INFO] [stdout] test event_handlers::task::script_tests::generates_correct_script ... ok
[INFO] [stdout] test pragma::test_pragma_builder::pragma_builder_registers_context ... ok
[INFO] [stdout] test event_handler::event_handler_tests::test_is_listening_for ... ok
[INFO] [stdout] test pipeline::event_handler_creation_tests::test_job_with_single_task ... ok
[INFO] [stdout] test pipeline::event_handler_creation_tests::test_multi_job_pipeline ... ok
[INFO] [stdout] test pipeline::event_handler_creation_tests::test_job_with_multiple_tasks ... ok
[INFO] [stdout] test pipeline::build_pipeline_tests::can_parse_task_with_comment ... ok
[INFO] [stdout] test pipeline::build_pipeline_tests::can_parse_job_macro ... ok
[INFO] [stdout] test pipeline::build_pipeline_tests::can_parse_banner_pipeline ... ok
[INFO] [stdout] test pipeline::event_handler_creation_tests::test_simple_pipeline_with_job_and_task ... ok
[INFO] [stdout] test pipeline::event_handler_creation_tests::test_single_job_pipeline ... ok
[INFO] [stdout] test pipeline::event_handler_creation_tests::test_two_job_pipeline ... ok
[INFO] [stdout] test event_handler::tests::rune_script_setup ... ok
[INFO] [stdout] test pipeline::build_pipeline_tests::can_parse_uri ... FAILED
[INFO] [stdout] 
[INFO] [stdout] failures:
[INFO] [stdout] 
[INFO] [stdout] ---- pipeline::build_pipeline_tests::can_parse_uri stdout ----
[INFO] [stdout] 2024-01-06T12:35:48.824383Z TRACE can_parse_uri: banner_engine::pipeline: Code tree: Ok(
[INFO] [stdout]     [
[INFO] [stdout]         Pair {
[INFO] [stdout]             rule: pipeline_definition,
[INFO] [stdout]             span: Span {
[INFO] [stdout]                 str: "\n        import file://../examples/single_task.ban\n        import https://gist.githubusercontent.com/pms1969/464d6304014f9376be7e07b3ccf3a972/raw/a929e3feccd5384a00fe4e7ce6431f46dbb02951/cowsay.ban\n        ",
[INFO] [stdout]                 start: 0,
[INFO] [stdout]                 end: 206,
[INFO] [stdout]             },
[INFO] [stdout]             inner: [
[INFO] [stdout]                 Pair {
[INFO] [stdout]                     rule: import_declaration,
[INFO] [stdout]                     span: Span {
[INFO] [stdout]                         str: "import file://../examples/single_task.ban\n",
[INFO] [stdout]                         start: 9,
[INFO] [stdout]                         end: 51,
[INFO] [stdout]                     },
[INFO] [stdout]                     inner: [
[INFO] [stdout]                         Pair {
[INFO] [stdout]                             rule: URI,
[INFO] [stdout]                             span: Span {
[INFO] [stdout]                                 str: "file://../examples/single_task.ban",
[INFO] [stdout]                                 start: 16,
[INFO] [stdout]                                 end: 50,
[INFO] [stdout]                             },
[INFO] [stdout]                             inner: [
[INFO] [stdout]                                 Pair {
[INFO] [stdout]                                     rule: scheme,
[INFO] [stdout]                                     span: Span {
[INFO] [stdout]                                         str: "file",
[INFO] [stdout]                                         start: 16,
[INFO] [stdout]                                         end: 20,
[INFO] [stdout]                                     },
[INFO] [stdout]                                     inner: [],
[INFO] [stdout]                                 },
[INFO] [stdout]                                 Pair {
[INFO] [stdout]                                     rule: heir_query_fragment,
[INFO] [stdout]                                     span: Span {
[INFO] [stdout]                                         str: "../examples/single_task.ban",
[INFO] [stdout]                                         start: 23,
[INFO] [stdout]                                         end: 50,
[INFO] [stdout]                                     },
[INFO] [stdout]                                     inner: [],
[INFO] [stdout]                                 },
[INFO] [stdout]                             ],
[INFO] [stdout]                         },
[INFO] [stdout]                     ],
[INFO] [stdout]                 },
[INFO] [stdout]                 Pair {
[INFO] [stdout]                     rule: import_declaration,
[INFO] [stdout]                     span: Span {
[INFO] [stdout]                         str: "import https://gist.githubusercontent.com/pms1969/464d6304014f9376be7e07b3ccf3a972/raw/a929e3feccd5384a00fe4e7ce6431f46dbb02951/cowsay.ban\n",
[INFO] [stdout]                         start: 59,
[INFO] [stdout]                         end: 198,
[INFO] [stdout]                     },
[INFO] [stdout]                     inner: [
[INFO] [stdout]                         Pair {
[INFO] [stdout]                             rule: URI,
[INFO] [stdout]                             span: Span {
[INFO] [stdout]                                 str: "https://gist.githubusercontent.com/pms1969/464d6304014f9376be7e07b3ccf3a972/raw/a929e3feccd5384a00fe4e7ce6431f46dbb02951/cowsay.ban",
[INFO] [stdout]                                 start: 66,
[INFO] [stdout]                                 end: 197,
[INFO] [stdout]                             },
[INFO] [stdout]                             inner: [
[INFO] [stdout]                                 Pair {
[INFO] [stdout]                                     rule: scheme,
[INFO] [stdout]                                     span: Span {
[INFO] [stdout]                                         str: "https",
[INFO] [stdout]                                         start: 66,
[INFO] [stdout]                                         end: 71,
[INFO] [stdout]                                     },
[INFO] [stdout]                                     inner: [],
[INFO] [stdout]                                 },
[INFO] [stdout]                                 Pair {
[INFO] [stdout]                                     rule: heir_query_fragment,
[INFO] [stdout]                                     span: Span {
[INFO] [stdout]                                         str: "gist.githubusercontent.com/pms1969/464d6304014f9376be7e07b3ccf3a972/raw/a929e3feccd5384a00fe4e7ce6431f46dbb02951/cowsay.ban",
[INFO] [stdout]                                         start: 74,
[INFO] [stdout]                                         end: 197,
[INFO] [stdout]                                     },
[INFO] [stdout]                                     inner: [],
[INFO] [stdout]                                 },
[INFO] [stdout]                             ],
[INFO] [stdout]                         },
[INFO] [stdout]                     ],
[INFO] [stdout]                 },
[INFO] [stdout]                 Pair {
[INFO] [stdout]                     rule: EOI,
[INFO] [stdout]                     span: Span {
[INFO] [stdout]                         str: "",
[INFO] [stdout]                         start: 206,
[INFO] [stdout]                         end: 206,
[INFO] [stdout]                     },
[INFO] [stdout]                     inner: [],
[INFO] [stdout]                 },
[INFO] [stdout]             ],
[INFO] [stdout]         },
[INFO] [stdout]     ],
[INFO] [stdout] )
[INFO] [stdout] thread 'pipeline::build_pipeline_tests::can_parse_uri' panicked at banner-engine/src/pipeline.rs:591:17:
[INFO] [stdout] AggregatePipelineConstructionError {
[INFO] [stdout]     errors: [
[INFO] [stdout]         hyper::Error(
[INFO] [stdout]             Connect,
[INFO] [stdout]             ConnectError(
[INFO] [stdout]                 "dns error",
[INFO] [stdout]                 Custom {
[INFO] [stdout]                     kind: Uncategorized,
[INFO] [stdout]                     error: "failed to lookup address information: Temporary failure in name resolution",
[INFO] [stdout]                 },
[INFO] [stdout]             ),
[INFO] [stdout]         ),
[INFO] [stdout]     ],
[INFO] [stdout] }
[INFO] [stdout] stack backtrace:
[INFO] [stdout]    0:     0x558d31dc9bcc - std::backtrace_rs::backtrace::libunwind::trace::ha637c64ce894333a
[INFO] [stdout]                                at /rustc/82e1608dfa6e0b5569232559e3d385fea5a93112/library/std/src/../../backtrace/src/backtrace/libunwind.rs:104:5
[INFO] [stdout]    1:     0x558d31dc9bcc - std::backtrace_rs::backtrace::trace_unsynchronized::h47f62dea28e0c88d
[INFO] [stdout]                                at /rustc/82e1608dfa6e0b5569232559e3d385fea5a93112/library/std/src/../../backtrace/src/backtrace/mod.rs:66:5
[INFO] [stdout]    2:     0x558d31dc9bcc - std::sys_common::backtrace::_print_fmt::h9eef0abe20ede486
[INFO] [stdout]                                at /rustc/82e1608dfa6e0b5569232559e3d385fea5a93112/library/std/src/sys_common/backtrace.rs:67:5
[INFO] [stdout]    3:     0x558d31dc9bcc - <std::sys_common::backtrace::_print::DisplayBacktrace as core::fmt::Display>::fmt::hed7f999df88cc644
[INFO] [stdout]                                at /rustc/82e1608dfa6e0b5569232559e3d385fea5a93112/library/std/src/sys_common/backtrace.rs:44:22
[INFO] [stdout]    4:     0x558d31df8290 - core::fmt::rt::Argument::fmt::h1539a9308b8d058d
[INFO] [stdout]                                at /rustc/82e1608dfa6e0b5569232559e3d385fea5a93112/library/core/src/fmt/rt.rs:142:9
[INFO] [stdout]    5:     0x558d31df8290 - core::fmt::write::h3a39390d8560d9c9
[INFO] [stdout]                                at /rustc/82e1608dfa6e0b5569232559e3d385fea5a93112/library/core/src/fmt/mod.rs:1120:17
[INFO] [stdout]    6:     0x558d31dc67ef - std::io::Write::write_fmt::h040b369f3a0f9cbc
[INFO] [stdout]                                at /rustc/82e1608dfa6e0b5569232559e3d385fea5a93112/library/std/src/io/mod.rs:1762:15
[INFO] [stdout]    7:     0x558d31dc99b4 - std::sys_common::backtrace::_print::h894006fb5c6f3d45
[INFO] [stdout]                                at /rustc/82e1608dfa6e0b5569232559e3d385fea5a93112/library/std/src/sys_common/backtrace.rs:47:5
[INFO] [stdout]    8:     0x558d31dc99b4 - std::sys_common::backtrace::print::h23a2d212c6fff936
[INFO] [stdout]                                at /rustc/82e1608dfa6e0b5569232559e3d385fea5a93112/library/std/src/sys_common/backtrace.rs:34:9
[INFO] [stdout]    9:     0x558d31dcb677 - std::panicking::default_hook::{{closure}}::h8a1d2ee00185001a
[INFO] [stdout]   10:     0x558d31dcb363 - std::panicking::default_hook::h6038f2eba384e475
[INFO] [stdout]                                at /rustc/82e1608dfa6e0b5569232559e3d385fea5a93112/library/std/src/panicking.rs:289:9
[INFO] [stdout]   11:     0x558d31095d57 - <alloc::boxed::Box<F,A> as core::ops::function::Fn<Args>>::call::h0ad024c9bdc6d768
[INFO] [stdout]                                at /rustc/82e1608dfa6e0b5569232559e3d385fea5a93112/library/alloc/src/boxed.rs:2021:9
[INFO] [stdout]   12:     0x558d31095d57 - test::test_main::{{closure}}::h7500b54257359db6
[INFO] [stdout]                                at /rustc/82e1608dfa6e0b5569232559e3d385fea5a93112/library/test/src/lib.rs:138:21
[INFO] [stdout]   13:     0x558d31dcbc88 - <alloc::boxed::Box<F,A> as core::ops::function::Fn<Args>>::call::h1f8f335eaa9cfaee
[INFO] [stdout]                                at /rustc/82e1608dfa6e0b5569232559e3d385fea5a93112/library/alloc/src/boxed.rs:2021:9
[INFO] [stdout]   14:     0x558d31dcbc88 - std::panicking::rust_panic_with_hook::h2b5517d590cab22e
[INFO] [stdout]                                at /rustc/82e1608dfa6e0b5569232559e3d385fea5a93112/library/std/src/panicking.rs:783:13
[INFO] [stdout]   15:     0x558d31dcb9de - std::panicking::begin_panic_handler::{{closure}}::h233112c06e0ef43e
[INFO] [stdout]                                at /rustc/82e1608dfa6e0b5569232559e3d385fea5a93112/library/std/src/panicking.rs:657:13
[INFO] [stdout]   16:     0x558d31dca096 - std::sys_common::backtrace::__rust_end_short_backtrace::h6e893f24d7ebbff8
[INFO] [stdout]                                at /rustc/82e1608dfa6e0b5569232559e3d385fea5a93112/library/std/src/sys_common/backtrace.rs:170:18
[INFO] [stdout]   17:     0x558d31dcb742 - rust_begin_unwind
[INFO] [stdout]                                at /rustc/82e1608dfa6e0b5569232559e3d385fea5a93112/library/std/src/panicking.rs:645:5
[INFO] [stdout]   18:     0x558d30e3b4c5 - core::panicking::panic_fmt::hbf0e066aabfa482c
[INFO] [stdout]                                at /rustc/82e1608dfa6e0b5569232559e3d385fea5a93112/library/core/src/panicking.rs:72:14
[INFO] [stdout]   19:     0x558d3103b366 - banner_engine::pipeline::build_pipeline_tests::check::{{closure}}::h5a9f53d718c8f093
[INFO] [stdout]                                at /opt/rustwide/workdir/banner-engine/src/pipeline.rs:591:17
[INFO] [stdout]   20:     0x558d31044f3d - banner_engine::pipeline::build_pipeline_tests::can_parse_uri::{{closure}}::h7a26fb80125e04f2
[INFO] [stdout]                                at /opt/rustwide/workdir/banner-engine/src/pipeline.rs:627:10
[INFO] [stdout]   21:     0x558d30f49e88 - <core::pin::Pin<P> as core::future::future::Future>::poll::h12b998c6d1b36e77
[INFO] [stdout]                                at /rustc/82e1608dfa6e0b5569232559e3d385fea5a93112/library/core/src/future/future.rs:125:9
[INFO] [stdout]   22:     0x558d30f4a34b - <core::pin::Pin<P> as core::future::future::Future>::poll::hc2498de222ffa142
[INFO] [stdout]                                at /rustc/82e1608dfa6e0b5569232559e3d385fea5a93112/library/core/src/future/future.rs:125:9
[INFO] [stdout]   23:     0x558d30f75ec4 - tokio::runtime::scheduler::current_thread::CoreGuard::block_on::{{closure}}::{{closure}}::{{closure}}::h11348c62fcb9c9d0
[INFO] [stdout]                                at /opt/rustwide/cargo-home/registry/src/index.crates.io-6f17d22bba15001f/tokio-1.33.0/src/runtime/scheduler/current_thread/mod.rs:665:57
[INFO] [stdout]   24:     0x558d30f75dea - tokio::runtime::coop::with_budget::h27fe077d723eb9d7
[INFO] [stdout]                                at /opt/rustwide/cargo-home/registry/src/index.crates.io-6f17d22bba15001f/tokio-1.33.0/src/runtime/coop.rs:107:5
[INFO] [stdout]   25:     0x558d30f75dea - tokio::runtime::coop::budget::h2c9ae6dd7b786e1f
[INFO] [stdout]                                at /opt/rustwide/cargo-home/registry/src/index.crates.io-6f17d22bba15001f/tokio-1.33.0/src/runtime/coop.rs:73:5
[INFO] [stdout]   26:     0x558d30f75dea - tokio::runtime::scheduler::current_thread::CoreGuard::block_on::{{closure}}::{{closure}}::h095475b9ec8ea200
[INFO] [stdout]                                at /opt/rustwide/cargo-home/registry/src/index.crates.io-6f17d22bba15001f/tokio-1.33.0/src/runtime/scheduler/current_thread/mod.rs:665:25
[INFO] [stdout]   27:     0x558d30f7479c - tokio::runtime::scheduler::current_thread::Context::enter::h148beecaedf12b96
[INFO] [stdout]                                at /opt/rustwide/cargo-home/registry/src/index.crates.io-6f17d22bba15001f/tokio-1.33.0/src/runtime/scheduler/current_thread/mod.rs:410:19
[INFO] [stdout]   28:     0x558d30f755fb - tokio::runtime::scheduler::current_thread::CoreGuard::block_on::{{closure}}::h510278a9e6c36a29
[INFO] [stdout]                                at /opt/rustwide/cargo-home/registry/src/index.crates.io-6f17d22bba15001f/tokio-1.33.0/src/runtime/scheduler/current_thread/mod.rs:664:36
[INFO] [stdout]   29:     0x558d30f7530b - tokio::runtime::scheduler::current_thread::CoreGuard::enter::{{closure}}::h5258bd1ca1fcf246
[INFO] [stdout]                                at /opt/rustwide/cargo-home/registry/src/index.crates.io-6f17d22bba15001f/tokio-1.33.0/src/runtime/scheduler/current_thread/mod.rs:743:68
[INFO] [stdout]   30:     0x558d30ef226b - tokio::runtime::context::scoped::Scoped<T>::set::hef51652139638e46
[INFO] [stdout]                                at /opt/rustwide/cargo-home/registry/src/index.crates.io-6f17d22bba15001f/tokio-1.33.0/src/runtime/context/scoped.rs:40:9
[INFO] [stdout]   31:     0x558d30e6e039 - tokio::runtime::context::set_scheduler::{{closure}}::h48e4ba65b8b03ded
[INFO] [stdout]                                at /opt/rustwide/cargo-home/registry/src/index.crates.io-6f17d22bba15001f/tokio-1.33.0/src/runtime/context.rs:176:26
[INFO] [stdout]   32:     0x558d31009836 - std::thread::local::LocalKey<T>::try_with::h4e90eea18b5091d2
[INFO] [stdout]                                at /rustc/82e1608dfa6e0b5569232559e3d385fea5a93112/library/std/src/thread/local.rs:270:16
[INFO] [stdout]   33:     0x558d310084ba - std::thread::local::LocalKey<T>::with::h1c8a80efa7048b95
[INFO] [stdout]                                at /rustc/82e1608dfa6e0b5569232559e3d385fea5a93112/library/std/src/thread/local.rs:246:9
[INFO] [stdout]   34:     0x558d30e6dfed - tokio::runtime::context::set_scheduler::hda43bd4a73c66dec
[INFO] [stdout]                                at /opt/rustwide/cargo-home/registry/src/index.crates.io-6f17d22bba15001f/tokio-1.33.0/src/runtime/context.rs:176:9
[INFO] [stdout]   35:     0x558d30f750a0 - tokio::runtime::scheduler::current_thread::CoreGuard::enter::hb7cb6a7ee3a57da3
[INFO] [stdout]                                at /opt/rustwide/cargo-home/registry/src/index.crates.io-6f17d22bba15001f/tokio-1.33.0/src/runtime/scheduler/current_thread/mod.rs:743:27
[INFO] [stdout]   36:     0x558d30f7533d - tokio::runtime::scheduler::current_thread::CoreGuard::block_on::h1404ad8f1fcf116c
[INFO] [stdout]                                at /opt/rustwide/cargo-home/registry/src/index.crates.io-6f17d22bba15001f/tokio-1.33.0/src/runtime/scheduler/current_thread/mod.rs:652:19
[INFO] [stdout]   37:     0x558d30f713cd - tokio::runtime::scheduler::current_thread::CurrentThread::block_on::{{closure}}::h820f3ef6b8fd59bb
[INFO] [stdout]                                at /opt/rustwide/cargo-home/registry/src/index.crates.io-6f17d22bba15001f/tokio-1.33.0/src/runtime/scheduler/current_thread/mod.rs:175:28
[INFO] [stdout]   38:     0x558d30fe036a - tokio::runtime::context::runtime::enter_runtime::h628587aa1d4c116d
[INFO] [stdout]                                at /opt/rustwide/cargo-home/registry/src/index.crates.io-6f17d22bba15001f/tokio-1.33.0/src/runtime/context/runtime.rs:65:16
[INFO] [stdout]   39:     0x558d30f712e0 - tokio::runtime::scheduler::current_thread::CurrentThread::block_on::h4eebc6011e0c9224
[INFO] [stdout]                                at /opt/rustwide/cargo-home/registry/src/index.crates.io-6f17d22bba15001f/tokio-1.33.0/src/runtime/scheduler/current_thread/mod.rs:167:9
[INFO] [stdout]   40:     0x558d30f9c28d - tokio::runtime::runtime::Runtime::block_on::hf3c38b0ad91b188e
[INFO] [stdout]                                at /opt/rustwide/cargo-home/registry/src/index.crates.io-6f17d22bba15001f/tokio-1.33.0/src/runtime/runtime.rs:348:47
[INFO] [stdout]   41:     0x558d31044728 - banner_engine::pipeline::build_pipeline_tests::can_parse_uri::h39bf577fd0c63acb
[INFO] [stdout]                                at /opt/rustwide/workdir/banner-engine/src/pipeline.rs:623:9
[INFO] [stdout]   42:     0x558d310445b7 - banner_engine::pipeline::build_pipeline_tests::can_parse_uri::{{closure}}::hf2775830aa674c69
[INFO] [stdout]                                at /opt/rustwide/workdir/banner-engine/src/pipeline.rs:617:29
[INFO] [stdout]   43:     0x558d30ed4a46 - core::ops::function::FnOnce::call_once::hbda2c65d9acc563c
[INFO] [stdout]                                at /rustc/82e1608dfa6e0b5569232559e3d385fea5a93112/library/core/src/ops/function.rs:250:5
[INFO] [stdout]   44:     0x558d3109b3af - core::ops::function::FnOnce::call_once::h2b5d431d5046312d
[INFO] [stdout]                                at /rustc/82e1608dfa6e0b5569232559e3d385fea5a93112/library/core/src/ops/function.rs:250:5
[INFO] [stdout]   45:     0x558d3109b3af - test::__rust_begin_short_backtrace::h7714669af176e207
[INFO] [stdout]                                at /rustc/82e1608dfa6e0b5569232559e3d385fea5a93112/library/test/src/lib.rs:628:18
[INFO] [stdout]   46:     0x558d3109a3c5 - test::run_test_in_process::{{closure}}::h85218797dcbcec12
[INFO] [stdout]                                at /rustc/82e1608dfa6e0b5569232559e3d385fea5a93112/library/test/src/lib.rs:651:60
[INFO] [stdout]   47:     0x558d3109a3c5 - <core::panic::unwind_safe::AssertUnwindSafe<F> as core::ops::function::FnOnce<()>>::call_once::h76c106ea31c14d7b
[INFO] [stdout]                                at /rustc/82e1608dfa6e0b5569232559e3d385fea5a93112/library/core/src/panic/unwind_safe.rs:272:9
[INFO] [stdout]   48:     0x558d3109a3c5 - std::panicking::try::do_call::h3bd5d0f6620ee946
[INFO] [stdout]                                at /rustc/82e1608dfa6e0b5569232559e3d385fea5a93112/library/std/src/panicking.rs:552:40
[INFO] [stdout]   49:     0x558d3109a3c5 - std::panicking::try::h232e535e4744fe31
[INFO] [stdout]                                at /rustc/82e1608dfa6e0b5569232559e3d385fea5a93112/library/std/src/panicking.rs:516:19
[INFO] [stdout]   50:     0x558d3109a3c5 - std::panic::catch_unwind::h3ce3bd6ca8dbac68
[INFO] [stdout]                                at /rustc/82e1608dfa6e0b5569232559e3d385fea5a93112/library/std/src/panic.rs:142:14
[INFO] [stdout]   51:     0x558d3109a3c5 - test::run_test_in_process::hc97b257c9621286a
[INFO] [stdout]                                at /rustc/82e1608dfa6e0b5569232559e3d385fea5a93112/library/test/src/lib.rs:651:27
[INFO] [stdout]   52:     0x558d3109a3c5 - test::run_test::{{closure}}::h2aa798823a438d38
[INFO] [stdout]                                at /rustc/82e1608dfa6e0b5569232559e3d385fea5a93112/library/test/src/lib.rs:574:43
[INFO] [stdout]   53:     0x558d31062686 - test::run_test::{{closure}}::h87d231c78fb59832
[INFO] [stdout]                                at /rustc/82e1608dfa6e0b5569232559e3d385fea5a93112/library/test/src/lib.rs:602:41
[INFO] [stdout]   54:     0x558d31062686 - std::sys_common::backtrace::__rust_begin_short_backtrace::he6df152596625789
[INFO] [stdout]                                at /rustc/82e1608dfa6e0b5569232559e3d385fea5a93112/library/std/src/sys_common/backtrace.rs:154:18
[INFO] [stdout]   55:     0x558d31067737 - std::thread::Builder::spawn_unchecked_::{{closure}}::{{closure}}::ha94be15d1e0acf36
[INFO] [stdout]                                at /rustc/82e1608dfa6e0b5569232559e3d385fea5a93112/library/std/src/thread/mod.rs:529:17
[INFO] [stdout]   56:     0x558d31067737 - <core::panic::unwind_safe::AssertUnwindSafe<F> as core::ops::function::FnOnce<()>>::call_once::h9dc6bd6372f16606
[INFO] [stdout]                                at /rustc/82e1608dfa6e0b5569232559e3d385fea5a93112/library/core/src/panic/unwind_safe.rs:272:9
[INFO] [stdout]   57:     0x558d31067737 - std::panicking::try::do_call::h9057517f80303cd4
[INFO] [stdout]                                at /rustc/82e1608dfa6e0b5569232559e3d385fea5a93112/library/std/src/panicking.rs:552:40
[INFO] [stdout]   58:     0x558d31067737 - std::panicking::try::he3a30b11ee45340c
[INFO] [stdout]                                at /rustc/82e1608dfa6e0b5569232559e3d385fea5a93112/library/std/src/panicking.rs:516:19
[INFO] [stdout]   59:     0x558d31067737 - std::panic::catch_unwind::h410458cfd3528b8b
[INFO] [stdout]                                at /rustc/82e1608dfa6e0b5569232559e3d385fea5a93112/library/std/src/panic.rs:142:14
[INFO] [stdout]   60:     0x558d31067737 - std::thread::Builder::spawn_unchecked_::{{closure}}::h72ac3bdb567b737b
[INFO] [stdout]                                at /rustc/82e1608dfa6e0b5569232559e3d385fea5a93112/library/std/src/thread/mod.rs:528:30
[INFO] [stdout]   61:     0x558d31067737 - core::ops::function::FnOnce::call_once{{vtable.shim}}::h38f34da3654a8344
[INFO] [stdout]                                at /rustc/82e1608dfa6e0b5569232559e3d385fea5a93112/library/core/src/ops/function.rs:250:5
[INFO] [stdout]   62:     0x558d31dd0915 - <alloc::boxed::Box<F,A> as core::ops::function::FnOnce<Args>>::call_once::hc7eafaff61e32df9
[INFO] [stdout]                                at /rustc/82e1608dfa6e0b5569232559e3d385fea5a93112/library/alloc/src/boxed.rs:2007:9
[INFO] [stdout]   63:     0x558d31dd0915 - <alloc::boxed::Box<F,A> as core::ops::function::FnOnce<Args>>::call_once::h6ba4a5de48dd2304
[INFO] [stdout]                                at /rustc/82e1608dfa6e0b5569232559e3d385fea5a93112/library/alloc/src/boxed.rs:2007:9
[INFO] [stdout]   64:     0x558d31dd0915 - std::sys::unix::thread::Thread::new::thread_start::he469335aef763e45
[INFO] [stdout]                                at /rustc/82e1608dfa6e0b5569232559e3d385fea5a93112/library/std/src/sys/unix/thread.rs:108:17
[INFO] [stdout]   65:     0x7ff93f362ac3 - <unknown>
[INFO] [stdout]   66:     0x7ff93f3f3bf4 - __clone
[INFO] [stdout]   67:                0x0 - <unknown>
[INFO] [stdout] 
[INFO] [stdout] 
[INFO] [stdout] failures:
[INFO] [stdout]     pipeline::build_pipeline_tests::can_parse_uri
[INFO] [stdout] 
[INFO] [stdout] test result: FAILED. 21 passed; 1 failed; 0 ignored; 0 measured; 0 filtered out; finished in 0.07s
[INFO] [stdout] 
[INFO] [stderr] error: test failed, to rerun pass `-p banner-engine --lib`
[INFO] running `Command { std: "docker" "inspect" "4350b0f15c975d99b2b9feb349adea3bf4dea33065dc5ffcb440ae63750f7458", kill_on_drop: false }`
[INFO] running `Command { std: "docker" "rm" "-f" "4350b0f15c975d99b2b9feb349adea3bf4dea33065dc5ffcb440ae63750f7458", kill_on_drop: false }`
[INFO] [stdout] 4350b0f15c975d99b2b9feb349adea3bf4dea33065dc5ffcb440ae63750f7458
