[INFO] cloning repository https://github.com/rust-lang/bors
[INFO] running `Command { std: "git" "-c" "credential.helper=" "-c" "credential.helper=/workspace/cargo-home/bin/git-credential-null" "clone" "--bare" "https://github.com/rust-lang/bors" "/workspace/cache/git-repos/https%3A%2F%2Fgithub.com%2Frust-lang%2Fbors", kill_on_drop: false }`
[INFO] [stderr] Cloning into bare repository '/workspace/cache/git-repos/https%3A%2F%2Fgithub.com%2Frust-lang%2Fbors'...
[INFO] running `Command { std: "git" "rev-parse" "HEAD", kill_on_drop: false }`
[INFO] [stdout] b4162eb805cffa8f9161f80105693fba353cc665
[INFO] testing rust-lang/bors against 1.75.0 for beta-1.76-1
[INFO] running `Command { std: "git" "clone" "/workspace/cache/git-repos/https%3A%2F%2Fgithub.com%2Frust-lang%2Fbors" "/workspace/builds/worker-5-tc1/source", kill_on_drop: false }`
[INFO] [stderr] Cloning into '/workspace/builds/worker-5-tc1/source'...
[INFO] [stderr] done.
[INFO] validating manifest of git repo https://github.com/rust-lang/bors on toolchain 1.75.0
[INFO] running `Command { std: CARGO_HOME="/workspace/cargo-home" RUSTUP_HOME="/workspace/rustup-home" "/workspace/cargo-home/bin/cargo" "+1.75.0" "metadata" "--manifest-path" "Cargo.toml" "--no-deps", kill_on_drop: false }`
[INFO] started tweaking git repo https://github.com/rust-lang/bors
[INFO] finished tweaking git repo https://github.com/rust-lang/bors
[INFO] tweaked toml for git repo https://github.com/rust-lang/bors written to /workspace/builds/worker-5-tc1/source/Cargo.toml
[INFO] crate git repo https://github.com/rust-lang/bors already has a lockfile, it will not be regenerated
[INFO] running `Command { std: CARGO_HOME="/workspace/cargo-home" RUSTUP_HOME="/workspace/rustup-home" "/workspace/cargo-home/bin/cargo" "+1.75.0" "fetch" "--manifest-path" "Cargo.toml", kill_on_drop: false }`
[INFO] [stderr]  Downloading crates ...
[INFO] [stderr]   Downloaded axum v0.6.4
[INFO] [stderr]   Downloaded octocrab v0.18.1
[INFO] [stderr]   Downloaded sea-query v0.28.4
[INFO] [stderr]   Downloaded insta v1.26.0
[INFO] running `Command { std: "docker" "create" "-v" "/var/lib/crater-agent-workspace/builds/worker-5-tc1/target:/opt/rustwide/target:rw,Z" "-v" "/var/lib/crater-agent-workspace/builds/worker-5-tc1/source:/opt/rustwide/workdir:ro,Z" "-v" "/var/lib/crater-agent-workspace/cargo-home:/opt/rustwide/cargo-home:ro,Z" "-v" "/var/lib/crater-agent-workspace/rustup-home:/opt/rustwide/rustup-home:ro,Z" "-e" "SOURCE_DIR=/opt/rustwide/workdir" "-e" "CARGO_TARGET_DIR=/opt/rustwide/target" "-e" "CARGO_HOME=/opt/rustwide/cargo-home" "-e" "RUSTUP_HOME=/opt/rustwide/rustup-home" "-w" "/opt/rustwide/workdir" "-m" "1610612736" "--user" "0:0" "--network" "none" "ghcr.io/rust-lang/crates-build-env/linux@sha256:2788e3201cd34a07e3172128adcd8b3090168a8e3bcc40d7c032b9dda1df7d1c" "/opt/rustwide/cargo-home/bin/cargo" "+1.75.0" "metadata" "--no-deps" "--format-version=1", kill_on_drop: false }`
[INFO] [stdout] f6fc5869b4adb5a249e2046072ca6f5f617d3c05508fd9c6103b96c382b8d712
[INFO] running `Command { std: "docker" "start" "-a" "f6fc5869b4adb5a249e2046072ca6f5f617d3c05508fd9c6103b96c382b8d712", kill_on_drop: false }`
[INFO] running `Command { std: "docker" "inspect" "f6fc5869b4adb5a249e2046072ca6f5f617d3c05508fd9c6103b96c382b8d712", kill_on_drop: false }`
[INFO] running `Command { std: "docker" "rm" "-f" "f6fc5869b4adb5a249e2046072ca6f5f617d3c05508fd9c6103b96c382b8d712", kill_on_drop: false }`
[INFO] [stdout] f6fc5869b4adb5a249e2046072ca6f5f617d3c05508fd9c6103b96c382b8d712
[INFO] running `Command { std: "docker" "create" "-v" "/var/lib/crater-agent-workspace/builds/worker-5-tc1/target:/opt/rustwide/target:rw,Z" "-v" "/var/lib/crater-agent-workspace/builds/worker-5-tc1/source:/opt/rustwide/workdir:ro,Z" "-v" "/var/lib/crater-agent-workspace/cargo-home:/opt/rustwide/cargo-home:ro,Z" "-v" "/var/lib/crater-agent-workspace/rustup-home:/opt/rustwide/rustup-home:ro,Z" "-e" "SOURCE_DIR=/opt/rustwide/workdir" "-e" "CARGO_TARGET_DIR=/opt/rustwide/target" "-e" "CARGO_INCREMENTAL=0" "-e" "RUST_BACKTRACE=full" "-e" "RUSTFLAGS=--cap-lints=warn" "-e" "RUSTDOCFLAGS=--cap-lints=warn" "-e" "CARGO_HOME=/opt/rustwide/cargo-home" "-e" "RUSTUP_HOME=/opt/rustwide/rustup-home" "-w" "/opt/rustwide/workdir" "-m" "1610612736" "--user" "0:0" "--network" "none" "ghcr.io/rust-lang/crates-build-env/linux@sha256:2788e3201cd34a07e3172128adcd8b3090168a8e3bcc40d7c032b9dda1df7d1c" "/opt/rustwide/cargo-home/bin/cargo" "+1.75.0" "build" "--frozen" "--message-format=json", kill_on_drop: false }`
[INFO] [stdout] 9b6ef1a10b126272220b53cdaafc2f269afdd2b4a61016bd7f2ea27aa2874407
[INFO] running `Command { std: "docker" "start" "-a" "9b6ef1a10b126272220b53cdaafc2f269afdd2b4a61016bd7f2ea27aa2874407", kill_on_drop: false }`
[INFO] [stderr]    Compiling proc-macro2 v1.0.56
[INFO] [stderr]    Compiling syn v1.0.109
[INFO] [stderr]    Compiling libc v0.2.139
[INFO] [stderr]    Compiling once_cell v1.17.0
[INFO] [stderr]    Compiling futures-core v0.3.26
[INFO] [stderr]    Compiling smallvec v1.10.0
[INFO] [stderr]    Compiling itoa v1.0.5
[INFO] [stderr]    Compiling bytes v1.1.0
[INFO] [stderr]    Compiling serde v1.0.152
[INFO] [stderr]    Compiling futures-task v0.3.26
[INFO] [stderr]    Compiling slab v0.4.7
[INFO] [stderr]    Compiling openssl-sys v0.9.80
[INFO] [stderr]    Compiling num-traits v0.2.15
[INFO] [stderr]    Compiling unicode-segmentation v1.10.1
[INFO] [stderr]    Compiling futures-sink v0.3.26
[INFO] [stderr]    Compiling futures-channel v0.3.26
[INFO] [stderr]    Compiling futures-util v0.3.26
[INFO] [stderr]    Compiling num-integer v0.1.45
[INFO] [stderr]    Compiling quote v1.0.26
[INFO] [stderr]    Compiling tokio v1.28.0
[INFO] [stderr]    Compiling openssl v0.10.45
[INFO] [stderr]    Compiling syn v2.0.15
[INFO] [stderr]    Compiling foreign-types-shared v0.1.1
[INFO] [stderr]    Compiling futures-io v0.3.28
[INFO] [stderr]    Compiling foreign-types v0.3.2
[INFO] [stderr]    Compiling ryu v1.0.12
[INFO] [stderr]    Compiling serde_json v1.0.92
[INFO] [stderr]    Compiling native-tls v0.2.11
[INFO] [stderr]    Compiling typenum v1.16.0
[INFO] [stderr]    Compiling heck v0.4.1
[INFO] [stderr]    Compiling num-bigint v0.4.3
[INFO] [stderr]    Compiling percent-encoding v2.1.0
[INFO] [stderr]    Compiling time-core v0.1.0
[INFO] [stderr]    Compiling openssl-probe v0.1.5
[INFO] [stderr]    Compiling getrandom v0.2.9
[INFO] [stderr]    Compiling parking_lot_core v0.9.7
[INFO] [stderr]    Compiling socket2 v0.4.9
[INFO] [stderr]    Compiling ahash v0.7.6
[INFO] [stderr]    Compiling signal-hook-registry v1.4.0
[INFO] [stderr]    Compiling num_cpus v1.15.0
[INFO] [stderr]    Compiling parking_lot v0.12.1
[INFO] [stderr]    Compiling mio v0.8.5
[INFO] [stderr]    Compiling hashbrown v0.12.3
[INFO] [stderr]    Compiling matches v0.1.10
[INFO] [stderr]    Compiling generic-array v0.14.6
[INFO] [stderr]    Compiling time-macros v0.2.6
[INFO] [stderr]    Compiling tracing-core v0.1.30
[INFO] [stderr]    Compiling indexmap v1.9.2
[INFO] [stderr]    Compiling form_urlencoded v1.0.1
[INFO] [stderr]    Compiling unicode-normalization v0.1.22
[INFO] [stderr]    Compiling unicode-bidi v0.3.10
[INFO] [stderr]    Compiling crypto-common v0.1.6
[INFO] [stderr]    Compiling block-buffer v0.10.3
[INFO] [stderr]    Compiling instant v0.1.12
[INFO] [stderr]    Compiling iana-time-zone v0.1.53
[INFO] [stderr]    Compiling subtle v2.4.1
[INFO] [stderr]    Compiling rust_decimal v1.29.1
[INFO] [stderr]    Compiling digest v0.10.6
[INFO] [stderr]    Compiling idna v0.2.3
[INFO] [stderr]    Compiling proc-macro-error-attr v1.0.4
[INFO] [stderr]    Compiling log v0.4.17
[INFO] [stderr]    Compiling rustversion v1.0.11
[INFO] [stderr]    Compiling arrayvec v0.7.2
[INFO] [stderr]    Compiling minimal-lexical v0.2.1
[INFO] [stderr]    Compiling proc-macro-error v1.0.4
[INFO] [stderr]    Compiling either v1.8.1
[INFO] [stderr]    Compiling ppv-lite86 v0.2.17
[INFO] [stderr]    Compiling bigdecimal v0.3.0
[INFO] [stderr]    Compiling time v0.1.45
[INFO] [stderr]    Compiling memchr v2.5.0
[INFO] [stderr]    Compiling vcpkg v0.2.15
[INFO] [stderr]    Compiling itertools v0.10.5
[INFO] [stderr]    Compiling heck v0.3.3
[INFO] [stderr]    Compiling spin v0.9.8
[INFO] [stderr]    Compiling base64 v0.13.1
[INFO] [stderr]    Compiling unicode_categories v0.1.1
[INFO] [stderr]    Compiling cpufeatures v0.2.5
[INFO] [stderr]    Compiling paste v1.0.12
[INFO] [stderr]    Compiling fnv v1.0.7
[INFO] [stderr]    Compiling http v0.2.8
[INFO] [stderr]    Compiling libsqlite3-sys v0.24.2
[INFO] [stderr]    Compiling hmac v0.12.1
[INFO] [stderr]    Compiling parking_lot_core v0.8.6
[INFO] [stderr]    Compiling rand_core v0.6.4
[INFO] [stderr]    Compiling crc-catalog v2.2.0
[INFO] [stderr]    Compiling tokio-macros v2.1.0
[INFO] [stderr]    Compiling tracing-attributes v0.1.24
[INFO] [stderr]    Compiling dotenvy v0.15.7
[INFO] [stderr]    Compiling rand_chacha v0.3.1
[INFO] [stderr]    Compiling serde_derive v1.0.152
[INFO] [stderr]    Compiling futures-macro v0.3.26
[INFO] [stderr]    Compiling openssl-macros v0.1.0
[INFO] [stderr]    Compiling thiserror-impl v1.0.38
[INFO] [stderr]    Compiling pin-project-internal v1.0.12
[INFO] [stderr]    Compiling tracing v0.1.37
[INFO] [stderr]    Compiling thiserror v1.0.38
[INFO] [stderr]    Compiling pin-project v1.0.12
[INFO] [stderr]    Compiling crc v3.0.1
[INFO] [stderr]    Compiling parking_lot v0.11.2
[INFO] [stderr]    Compiling hkdf v0.12.3
[INFO] [stderr]    Compiling nom v7.1.3
[INFO] [stderr]    Compiling crossbeam-queue v0.3.8
[INFO] [stderr]    Compiling tokio-native-tls v0.3.0
[INFO] [stderr]    Compiling futures-executor v0.3.26
[INFO] [stderr]    Compiling sha2 v0.10.6
[INFO] [stderr]    Compiling sha1 v0.10.5
[INFO] [stderr]    Compiling md-5 v0.10.5
[INFO] [stderr]    Compiling stringprep v0.1.2
[INFO] [stderr]    Compiling atoi v1.0.0
[INFO] [stderr]    Compiling dirs-sys v0.3.7
[INFO] [stderr]    Compiling async-trait v0.1.64
[INFO] [stderr]    Compiling whoami v1.4.0
[INFO] [stderr]    Compiling hex v0.4.3
[INFO] [stderr]    Compiling byteorder v1.4.3
[INFO] [stderr]    Compiling dirs v4.0.0
[INFO] [stderr]    Compiling sqlx-rt v0.6.3
[INFO] [stderr]    Compiling sqlformat v0.2.1
[INFO] [stderr]    Compiling time v0.3.17
[INFO] [stderr]    Compiling chrono v0.4.23
[INFO] [stderr]    Compiling url v2.3.0
[INFO] [stderr]    Compiling uuid v1.3.2
[INFO] [stderr]    Compiling tokio-util v0.7.4
[INFO] [stderr]    Compiling futures-intrusive v0.4.2
[INFO] [stderr]    Compiling flume v0.10.14
[INFO] [stderr]    Compiling sea-query-derive v0.3.0
[INFO] [stderr]    Compiling tokio-stream v0.1.14
[INFO] [stderr]    Compiling rand v0.8.5
[INFO] [stderr]    Compiling hashlink v0.8.1
[INFO] [stderr]    Compiling tower-service v0.3.2
[INFO] [stderr]    Compiling sea-query v0.28.4
[INFO] [stderr]    Compiling sqlx-core v0.6.3
[INFO] [stderr]    Compiling http-body v0.4.5
[INFO] [stderr]    Compiling os_str_bytes v6.4.1
[INFO] [stderr]    Compiling regex-syntax v0.6.28
[INFO] [stderr]    Compiling futures v0.3.26
[INFO] [stderr]    Compiling Inflector v0.11.4
[INFO] [stderr]    Compiling httpdate v1.0.2
[INFO] [stderr]    Compiling try-lock v0.2.4
[INFO] [stderr]    Compiling want v0.3.0
[INFO] [stderr]    Compiling ouroboros_macro v0.15.6
[INFO] [stderr]    Compiling httparse v1.8.0
[INFO] [stderr]    Compiling h2 v0.3.15
[INFO] [stderr]    Compiling bae v0.1.7
[INFO] [stderr]    Compiling sea-strum_macros v0.23.0
[INFO] [stderr]    Compiling regex-automata v0.1.10
[INFO] [stderr]    Compiling async-stream-impl v0.3.5
[INFO] [stderr]    Compiling aliasable v0.1.3
[INFO] [stderr]    Compiling io-lifetimes v1.0.5
[INFO] [stderr]    Compiling mime v0.3.16
[INFO] [stderr]    Compiling sea-strum v0.23.0
[INFO] [stderr]    Compiling async-stream v0.3.5
[INFO] [stderr]    Compiling matchers v0.1.0
[INFO] [stderr]    Compiling ouroboros v0.15.6
[INFO] [stderr]    Compiling regex v1.7.1
[INFO] [stderr]    Compiling sea-orm-macros v0.11.3
[INFO] [stderr]    Compiling tracing-log v0.1.3
[INFO] [stderr]    Compiling clap_lex v0.2.4
[INFO] [stderr]    Compiling sea-schema-derive v0.1.0
[INFO] [stderr]    Compiling clap_derive v3.2.25
[INFO] [stderr]    Compiling thread_local v1.1.7
[INFO] [stderr]    Compiling hyper v0.14.24
[INFO] [stderr]    Compiling gimli v0.27.1
[INFO] [stderr]    Compiling textwrap v0.16.0
[INFO] [stderr]    Compiling doc-comment v0.3.3
[INFO] [stderr]    Compiling rustix v0.36.8
[INFO] [stderr]    Compiling tower-layer v0.3.2
[INFO] [stderr]    Compiling miniz_oxide v0.6.2
[INFO] [stderr]    Compiling sea-schema v0.11.0
[INFO] [stderr]    Compiling tracing-subscriber v0.3.17
[INFO] [stderr]    Compiling addr2line v0.19.0
[INFO] [stderr]    Compiling clap v3.2.25
[INFO] [stderr]    Compiling serde_urlencoded v0.7.1
[INFO] [stderr]    Compiling axum-core v0.3.2
[INFO] [stderr]    Compiling object v0.30.3
[INFO] [stderr]    Compiling rustc-demangle v0.1.21
[INFO] [stderr]    Compiling linux-raw-sys v0.1.4
[INFO] [stderr]    Compiling hyperx v1.4.0
[INFO] [stderr]    Compiling untrusted v0.7.1
[INFO] [stderr]    Compiling spin v0.5.2
[INFO] [stderr]    Compiling ring v0.16.20
[INFO] [stderr]    Compiling sea-orm-cli v0.11.3
[INFO] [stderr]    Compiling backtrace v0.3.67
[INFO] [stderr]    Compiling hyper-tls v0.5.0
[INFO] [stderr]    Compiling unicase v2.6.0
[INFO] [stderr]    Compiling tower v0.4.13
[INFO] [stderr]    Compiling simple_asn1 v0.6.2
[INFO] [stderr]    Compiling sqlx-macros v0.6.3
[INFO] [stderr]    Compiling serde_path_to_error v0.1.9
[INFO] [stderr]    Compiling toml_datetime v0.6.1
[INFO] [stderr]    Compiling serde_spanned v0.6.1
[INFO] [stderr]    Compiling snafu-derive v0.7.4
[INFO] [stderr]    Compiling pem v1.1.1
[INFO] [stderr]    Compiling axum v0.6.4
[INFO] [stderr]    Compiling nom8 v0.2.0
[INFO] [stderr]    Compiling encoding_rs v0.8.32
[INFO] [stderr]    Compiling anyhow v1.0.69
[INFO] [stderr]    Compiling zeroize v1.5.7
[INFO] [stderr]    Compiling base64 v0.21.0
[INFO] [stderr]    Compiling ipnet v2.7.1
[INFO] [stderr]    Compiling http-range-header v0.3.0
[INFO] [stderr]    Compiling language-tags v0.3.2
[INFO] [stderr]    Compiling reqwest v0.11.14
[INFO] [stderr]    Compiling tower-http v0.3.5
[INFO] [stderr]    Compiling secrecy v0.8.0
[INFO] [stderr]    Compiling toml_edit v0.19.1
[INFO] [stderr]    Compiling jsonwebtoken v8.2.0
[INFO] [stderr]    Compiling snafu v0.7.4
[INFO] [stderr]    Compiling is-terminal v0.4.3
[INFO] [stderr]    Compiling clap_lex v0.3.1
[INFO] [stderr]    Compiling clap_derive v4.1.0
[INFO] [stderr]    Compiling sync_wrapper v0.1.2
[INFO] [stderr]    Compiling strsim v0.10.0
[INFO] [stderr]    Compiling arc-swap v1.6.0
[INFO] [stderr]    Compiling base64 v0.20.0
[INFO] [stderr]    Compiling matchit v0.7.0
[INFO] [stderr]    Compiling octocrab v0.18.1
[INFO] [stderr]    Compiling toml v0.7.1
[INFO] [stderr]    Compiling clap v4.1.4
[INFO] [stderr]    Compiling sqlx v0.6.3
[INFO] [stderr]    Compiling sea-query-binder v0.3.0
[INFO] [stderr]    Compiling sea-orm v0.11.3
[INFO] [stderr]    Compiling sea-orm-migration v0.11.3
[INFO] [stderr]    Compiling entity v0.1.0 (/opt/rustwide/workdir/database/entity)
[INFO] [stderr]    Compiling migration v0.1.0 (/opt/rustwide/workdir/database/migration)
[INFO] [stderr]    Compiling bors v0.1.0 (/opt/rustwide/workdir)
[INFO] [stderr]     Finished dev [unoptimized + debuginfo] target(s) in 59.52s
[INFO] running `Command { std: "docker" "inspect" "9b6ef1a10b126272220b53cdaafc2f269afdd2b4a61016bd7f2ea27aa2874407", kill_on_drop: false }`
[INFO] running `Command { std: "docker" "rm" "-f" "9b6ef1a10b126272220b53cdaafc2f269afdd2b4a61016bd7f2ea27aa2874407", kill_on_drop: false }`
[INFO] [stdout] 9b6ef1a10b126272220b53cdaafc2f269afdd2b4a61016bd7f2ea27aa2874407
[INFO] running `Command { std: "docker" "create" "-v" "/var/lib/crater-agent-workspace/builds/worker-5-tc1/target:/opt/rustwide/target:rw,Z" "-v" "/var/lib/crater-agent-workspace/builds/worker-5-tc1/source:/opt/rustwide/workdir:ro,Z" "-v" "/var/lib/crater-agent-workspace/cargo-home:/opt/rustwide/cargo-home:ro,Z" "-v" "/var/lib/crater-agent-workspace/rustup-home:/opt/rustwide/rustup-home:ro,Z" "-e" "SOURCE_DIR=/opt/rustwide/workdir" "-e" "CARGO_TARGET_DIR=/opt/rustwide/target" "-e" "CARGO_INCREMENTAL=0" "-e" "RUST_BACKTRACE=full" "-e" "RUSTFLAGS=--cap-lints=warn" "-e" "RUSTDOCFLAGS=--cap-lints=warn" "-e" "CARGO_HOME=/opt/rustwide/cargo-home" "-e" "RUSTUP_HOME=/opt/rustwide/rustup-home" "-w" "/opt/rustwide/workdir" "-m" "1610612736" "--user" "0:0" "--network" "none" "ghcr.io/rust-lang/crates-build-env/linux@sha256:2788e3201cd34a07e3172128adcd8b3090168a8e3bcc40d7c032b9dda1df7d1c" "/opt/rustwide/cargo-home/bin/cargo" "+1.75.0" "test" "--frozen" "--no-run" "--message-format=json", kill_on_drop: false }`
[INFO] [stdout] cdce938464afa259a01f0d8857c3aa33275226cf1bfec393ef1482769b95490c
[INFO] running `Command { std: "docker" "start" "-a" "cdce938464afa259a01f0d8857c3aa33275226cf1bfec393ef1482769b95490c", kill_on_drop: false }`
[INFO] [stderr]    Compiling ident_case v1.0.1
[INFO] [stderr]    Compiling linked-hash-map v0.5.6
[INFO] [stderr]    Compiling console v0.15.5
[INFO] [stderr]    Compiling similar v2.2.1
[INFO] [stderr]    Compiling darling_core v0.14.4
[INFO] [stderr]    Compiling yaml-rust v0.4.5
[INFO] [stderr]    Compiling insta v1.26.0
[INFO] [stderr]    Compiling darling_macro v0.14.4
[INFO] [stderr]    Compiling darling v0.14.4
[INFO] [stderr]    Compiling derive_builder_core v0.12.0
[INFO] [stderr]    Compiling derive_builder_macro v0.12.0
[INFO] [stderr]    Compiling derive_builder v0.12.0
[INFO] [stderr]    Compiling bors v0.1.0 (/opt/rustwide/workdir)
[INFO] [stderr]     Finished test [unoptimized + debuginfo] target(s) in 21.57s
[INFO] running `Command { std: "docker" "inspect" "cdce938464afa259a01f0d8857c3aa33275226cf1bfec393ef1482769b95490c", kill_on_drop: false }`
[INFO] running `Command { std: "docker" "rm" "-f" "cdce938464afa259a01f0d8857c3aa33275226cf1bfec393ef1482769b95490c", kill_on_drop: false }`
[INFO] [stdout] cdce938464afa259a01f0d8857c3aa33275226cf1bfec393ef1482769b95490c
[INFO] running `Command { std: "docker" "create" "-v" "/var/lib/crater-agent-workspace/builds/worker-5-tc1/target:/opt/rustwide/target:rw,Z" "-v" "/var/lib/crater-agent-workspace/builds/worker-5-tc1/source:/opt/rustwide/workdir:ro,Z" "-v" "/var/lib/crater-agent-workspace/cargo-home:/opt/rustwide/cargo-home:ro,Z" "-v" "/var/lib/crater-agent-workspace/rustup-home:/opt/rustwide/rustup-home:ro,Z" "-e" "SOURCE_DIR=/opt/rustwide/workdir" "-e" "CARGO_TARGET_DIR=/opt/rustwide/target" "-e" "CARGO_INCREMENTAL=0" "-e" "RUST_BACKTRACE=full" "-e" "RUSTFLAGS=--cap-lints=warn" "-e" "RUSTDOCFLAGS=--cap-lints=warn" "-e" "CARGO_HOME=/opt/rustwide/cargo-home" "-e" "RUSTUP_HOME=/opt/rustwide/rustup-home" "-w" "/opt/rustwide/workdir" "-m" "1610612736" "--user" "0:0" "--network" "none" "ghcr.io/rust-lang/crates-build-env/linux@sha256:2788e3201cd34a07e3172128adcd8b3090168a8e3bcc40d7c032b9dda1df7d1c" "/opt/rustwide/cargo-home/bin/cargo" "+1.75.0" "test" "--frozen", kill_on_drop: false }`
[INFO] [stdout] 2c9032391ad94a9ede1d8b28657cdedd6e2eabc1c0c6e7397ee5374034fea579
[INFO] running `Command { std: "docker" "start" "-a" "2c9032391ad94a9ede1d8b28657cdedd6e2eabc1c0c6e7397ee5374034fea579", kill_on_drop: false }`
[INFO] [stderr]     Finished test [unoptimized + debuginfo] target(s) in 0.62s
[INFO] [stderr]      Running unittests src/lib.rs (/opt/rustwide/target/debug/deps/bors-eaa5cb93002b9c3f)
[INFO] [stdout] 
[INFO] [stdout] running 62 tests
[INFO] [stdout] test bors::command::parser::tests::no_commands ... ok
[INFO] [stdout] test bors::command::parser::tests::parse_command_multiline ... ok
[INFO] [stdout] test bors::command::parser::tests::missing_command ... ok
[INFO] [stdout] test bors::command::parser::tests::parse_ping ... ok
[INFO] [stdout] test bors::command::parser::tests::parse_arg_no_value ... ok
[INFO] [stdout] test bors::command::parser::tests::parse_duplicate_key ... ok
[INFO] [stdout] test bors::command::parser::tests::parse_ping_unknown_arg ... ok
[INFO] [stdout] test bors::command::parser::tests::parse_try ... ok
[INFO] [stdout] test bors::command::parser::tests::parse_try_cancel ... ok
[INFO] [stdout] test bors::command::parser::tests::parse_try_parent ... ok
[INFO] [stdout] test bors::command::parser::tests::parse_try_unknown_arg ... ok
[INFO] [stdout] test bors::command::parser::tests::parse_try_with_rust_timer ... ok
[INFO] [stdout] test bors::command::parser::tests::unknown_command ... ok
[INFO] [stdout] test bors::command::parser::tests::parse_try_unknown_kv_arg ... ok
[INFO] [stdout] test bors::command::parser::tests::parse_try_parent_invalid ... ok
[INFO] [stdout] test bors::handlers::refresh::tests::refresh_no_builds ... ok
[INFO] [stdout] test bors::handlers::tests::test_ignore_bot_comment ... ok
[INFO] [stdout] test bors::handlers::ping::tests::test_ping ... ok
[INFO] [stdout] test bors::handlers::refresh::tests::refresh_cancel_workflow_after_timeout ... ok
[INFO] [stdout] test bors::handlers::refresh::tests::refresh_cancel_build_after_timeout ... ok
[INFO] [stdout] test bors::handlers::refresh::tests::refresh_do_nothing_before_timeout ... ok
[INFO] [stdout] test bors::handlers::trybuild::tests::test_try_build_start_modify_labels ... ok
[INFO] [stdout] test bors::handlers::trybuild::tests::test_try_build_failed_modify_labels ... ok
[INFO] [stdout] test bors::handlers::trybuild::tests::test_try_build_succeeded_modify_labels ... ok
[INFO] [stdout] test bors::handlers::trybuild::tests::test_try_cancel_no_running_build ... ok
[INFO] [stdout] test bors::handlers::trybuild::tests::test_try_cancel_cancel_workflows ... ok
[INFO] [stdout] test bors::handlers::trybuild::tests::test_try_cancel_ignore_external_workflows ... ok
[INFO] [stdout] test bors::handlers::trybuild::tests::test_try_again_after_checks_finish ... ok
[INFO] [stdout] test bors::handlers::trybuild::tests::test_try_merge_active_build ... ok
[INFO] [stdout] test bors::handlers::trybuild::tests::test_try_cancel_running_build ... ok
[INFO] [stdout] test bors::handlers::trybuild::tests::test_try_merge_branch_history ... ok
[INFO] [stdout] test bors::handlers::trybuild::tests::test_try_merge_comment ... ok
[INFO] [stdout] test bors::handlers::trybuild::tests::test_try_merge_conflict ... ok
[INFO] [stdout] test bors::handlers::trybuild::tests::test_try_cancel_ignore_finished_workflows ... ok
[INFO] [stdout] test bors::handlers::trybuild::tests::test_try_no_permission ... ok
[INFO] [stdout] test bors::handlers::trybuild::tests::test_try_merge_insert_into_db ... ok
[INFO] [stdout] test bors::handlers::workflow::tests::test_try_check_suite_finished_missing_build ... ok
[INFO] [stdout] test bors::handlers::trybuild::tests::test_try_merge_explicit_parent ... ok
[INFO] [stdout] test bors::handlers::workflow::tests::test_try_check_suite_finished_twice ... ok
[INFO] [stdout] test bors::handlers::trybuild::tests::test_try_workflow_start_after_cancel ... ok
[INFO] [stdout] test bors::handlers::workflow::tests::test_try_success ... ok
[INFO] [stdout] test config::tests::deserialize_empty ... ok
[INFO] [stdout] test config::tests::deserialize_labels ... ok
[INFO] [stdout] test bors::handlers::workflow::tests::test_try_failure ... ok
[INFO] [stdout] test config::tests::deserialize_timeout ... ok
[INFO] [stdout] test bors::handlers::workflow::tests::test_try_failure_multiple_suites ... ok
[INFO] [stdout] test github::webhook::tests::test_check_run_created_external ... ok
[INFO] [stdout] test bors::handlers::workflow::tests::test_unknown_build ... ok
[INFO] [stdout] test bors::handlers::workflow::tests::test_try_workflow_start_twice ... ok
[INFO] [stdout] test bors::handlers::workflow::tests::test_try_workflow_started ... ok
[INFO] [stdout] test github::webhook::tests::test_check_run_created_gha ... ok
[INFO] [stdout] test github::webhook::tests::test_installation_suspend ... ok
[INFO] [stdout] test github::webhook::tests::test_installation_unsuspend ... ok
[INFO] [stdout] test github::webhook::tests::test_issue_comment ... ok
[INFO] [stdout] test bors::handlers::workflow::tests::test_try_suite_completed_received_before_workflow_completed ... ok
[INFO] [stdout] test bors::handlers::workflow::tests::test_try_success_multiple_suites ... ok
[INFO] [stdout] test github::webhook::tests::test_pull_request_review_comment ... ok
[INFO] [stdout] test github::webhook::tests::test_workflow_run_completed ... ok
[INFO] [stdout] test github::webhook::tests::test_pull_request_review ... ok
[INFO] [stdout] test github::webhook::tests::test_workflow_run_requested ... ok
[INFO] [stdout] test config::tests::deserialize_labels_missing_prefix - should panic ... ok
[INFO] [stdout] test github::webhook::tests::test_unknown_event ... FAILED
[INFO] [stdout] 
[INFO] [stdout] failures:
[INFO] [stdout] 
[INFO] [stdout] ---- github::webhook::tests::test_unknown_event stdout ----
[INFO] [stdout] thread 'github::webhook::tests::test_unknown_event' panicked at src/github/webhook.rs:254:84:
[INFO] [stdout] called `Result::unwrap()` on an `Err` value: Os { code: 30, kind: ReadOnlyFilesystem, message: "Read-only file system" }
[INFO] [stdout] stack backtrace:
[INFO] [stdout]    0:     0x560190866ddc - std::backtrace_rs::backtrace::libunwind::trace::ha637c64ce894333a
[INFO] [stdout]                                at /rustc/82e1608dfa6e0b5569232559e3d385fea5a93112/library/std/src/../../backtrace/src/backtrace/libunwind.rs:104:5
[INFO] [stdout]    1:     0x560190866ddc - std::backtrace_rs::backtrace::trace_unsynchronized::h47f62dea28e0c88d
[INFO] [stdout]                                at /rustc/82e1608dfa6e0b5569232559e3d385fea5a93112/library/std/src/../../backtrace/src/backtrace/mod.rs:66:5
[INFO] [stdout]    2:     0x560190866ddc - std::sys_common::backtrace::_print_fmt::h9eef0abe20ede486
[INFO] [stdout]                                at /rustc/82e1608dfa6e0b5569232559e3d385fea5a93112/library/std/src/sys_common/backtrace.rs:67:5
[INFO] [stdout]    3:     0x560190866ddc - <std::sys_common::backtrace::_print::DisplayBacktrace as core::fmt::Display>::fmt::hed7f999df88cc644
[INFO] [stdout]                                at /rustc/82e1608dfa6e0b5569232559e3d385fea5a93112/library/std/src/sys_common/backtrace.rs:44:22
[INFO] [stdout]    4:     0x560190896730 - core::fmt::rt::Argument::fmt::h1539a9308b8d058d
[INFO] [stdout]                                at /rustc/82e1608dfa6e0b5569232559e3d385fea5a93112/library/core/src/fmt/rt.rs:142:9
[INFO] [stdout]    5:     0x560190896730 - core::fmt::write::h3a39390d8560d9c9
[INFO] [stdout]                                at /rustc/82e1608dfa6e0b5569232559e3d385fea5a93112/library/core/src/fmt/mod.rs:1120:17
[INFO] [stdout]    6:     0x56019086347f - std::io::Write::write_fmt::h040b369f3a0f9cbc
[INFO] [stdout]                                at /rustc/82e1608dfa6e0b5569232559e3d385fea5a93112/library/std/src/io/mod.rs:1762:15
[INFO] [stdout]    7:     0x560190866bc4 - std::sys_common::backtrace::_print::h894006fb5c6f3d45
[INFO] [stdout]                                at /rustc/82e1608dfa6e0b5569232559e3d385fea5a93112/library/std/src/sys_common/backtrace.rs:47:5
[INFO] [stdout]    8:     0x560190866bc4 - std::sys_common::backtrace::print::h23a2d212c6fff936
[INFO] [stdout]                                at /rustc/82e1608dfa6e0b5569232559e3d385fea5a93112/library/std/src/sys_common/backtrace.rs:34:9
[INFO] [stdout]    9:     0x560190868887 - std::panicking::default_hook::{{closure}}::h8a1d2ee00185001a
[INFO] [stdout]   10:     0x560190868573 - std::panicking::default_hook::h6038f2eba384e475
[INFO] [stdout]                                at /rustc/82e1608dfa6e0b5569232559e3d385fea5a93112/library/std/src/panicking.rs:289:9
[INFO] [stdout]   11:     0x5601900a5b07 - <alloc::boxed::Box<F,A> as core::ops::function::Fn<Args>>::call::h0ad024c9bdc6d768
[INFO] [stdout]                                at /rustc/82e1608dfa6e0b5569232559e3d385fea5a93112/library/alloc/src/boxed.rs:2021:9
[INFO] [stdout]   12:     0x5601900a5b07 - test::test_main::{{closure}}::h7500b54257359db6
[INFO] [stdout]                                at /rustc/82e1608dfa6e0b5569232559e3d385fea5a93112/library/test/src/lib.rs:138:21
[INFO] [stdout]   13:     0x560190868e98 - <alloc::boxed::Box<F,A> as core::ops::function::Fn<Args>>::call::h1f8f335eaa9cfaee
[INFO] [stdout]                                at /rustc/82e1608dfa6e0b5569232559e3d385fea5a93112/library/alloc/src/boxed.rs:2021:9
[INFO] [stdout]   14:     0x560190868e98 - std::panicking::rust_panic_with_hook::h2b5517d590cab22e
[INFO] [stdout]                                at /rustc/82e1608dfa6e0b5569232559e3d385fea5a93112/library/std/src/panicking.rs:783:13
[INFO] [stdout]   15:     0x560190868bee - std::panicking::begin_panic_handler::{{closure}}::h233112c06e0ef43e
[INFO] [stdout]                                at /rustc/82e1608dfa6e0b5569232559e3d385fea5a93112/library/std/src/panicking.rs:657:13
[INFO] [stdout]   16:     0x5601908672a6 - std::sys_common::backtrace::__rust_end_short_backtrace::h6e893f24d7ebbff8
[INFO] [stdout]                                at /rustc/82e1608dfa6e0b5569232559e3d385fea5a93112/library/std/src/sys_common/backtrace.rs:170:18
[INFO] [stdout]   17:     0x560190868952 - rust_begin_unwind
[INFO] [stdout]                                at /rustc/82e1608dfa6e0b5569232559e3d385fea5a93112/library/std/src/panicking.rs:645:5
[INFO] [stdout]   18:     0x56018fbc59c5 - core::panicking::panic_fmt::hbf0e066aabfa482c
[INFO] [stdout]                                at /rustc/82e1608dfa6e0b5569232559e3d385fea5a93112/library/core/src/panicking.rs:72:14
[INFO] [stdout]   19:     0x56018fbc5f93 - core::result::unwrap_failed::hddb4fea594200c52
[INFO] [stdout]                                at /rustc/82e1608dfa6e0b5569232559e3d385fea5a93112/library/core/src/result.rs:1653:5
[INFO] [stdout]   20:     0x5601900ccf4d - core::result::Result<T,E>::unwrap::h5e9013650b0930e8
[INFO] [stdout]                                at /rustc/82e1608dfa6e0b5569232559e3d385fea5a93112/library/core/src/result.rs:1077:23
[INFO] [stdout]   21:     0x56018fe387cc - bors::github::webhook::parse_webhook_event::h16983e35eca164a3
[INFO] [stdout]                                at /opt/rustwide/workdir/src/github/webhook.rs:254:13
[INFO] [stdout]   22:     0x56018fe4556d - <bors::github::webhook::GitHubWebhook as axum_core::extract::FromRequest<alloc::sync::Arc<bors::github::server::ServerState>,B>>::from_request::{{closure}}::h1f0f65a85a5dcf13
[INFO] [stdout]                                at /opt/rustwide/workdir/src/github/webhook.rs:128:15
[INFO] [stdout]   23:     0x56018fcadd0d - <core::pin::Pin<P> as core::future::future::Future>::poll::hc3dd6e5ac9640b7b
[INFO] [stdout]                                at /rustc/82e1608dfa6e0b5569232559e3d385fea5a93112/library/core/src/future/future.rs:125:9
[INFO] [stdout]   24:     0x56018fd0f9bf - bors::github::webhook::tests::check_webhook::{{closure}}::h0a6c37c693237bdb
[INFO] [stdout]                                at /opt/rustwide/workdir/src/github/webhook.rs:640:59
[INFO] [stdout]   25:     0x56018fd1ca13 - bors::github::webhook::tests::test_unknown_event::{{closure}}::h876bc0a9555aae8c
[INFO] [stdout]                                at /opt/rustwide/workdir/src/github/webhook.rs:606:18
[INFO] [stdout]   26:     0x56018fcad558 - <core::pin::Pin<P> as core::future::future::Future>::poll::h1d0477b4cefec8cf
[INFO] [stdout]                                at /rustc/82e1608dfa6e0b5569232559e3d385fea5a93112/library/core/src/future/future.rs:125:9
[INFO] [stdout]   27:     0x56018fcad41b - <core::pin::Pin<P> as core::future::future::Future>::poll::h0dd1d523b5fbfb8f
[INFO] [stdout]                                at /rustc/82e1608dfa6e0b5569232559e3d385fea5a93112/library/core/src/future/future.rs:125:9
[INFO] [stdout]   28:     0x56018fcac654 - tokio::runtime::scheduler::current_thread::CoreGuard::block_on::{{closure}}::{{closure}}::{{closure}}::hdab923df43ac2e34
[INFO] [stdout]                                at /opt/rustwide/cargo-home/registry/src/index.crates.io-6f17d22bba15001f/tokio-1.28.0/src/runtime/scheduler/current_thread.rs:541:57
[INFO] [stdout]   29:     0x56018fcac54a - tokio::runtime::coop::with_budget::h42fcd3b740922e5b
[INFO] [stdout]                                at /opt/rustwide/cargo-home/registry/src/index.crates.io-6f17d22bba15001f/tokio-1.28.0/src/runtime/coop.rs:107:5
[INFO] [stdout]   30:     0x56018fcac54a - tokio::runtime::coop::budget::h64abd5aae2ad1a40
[INFO] [stdout]                                at /opt/rustwide/cargo-home/registry/src/index.crates.io-6f17d22bba15001f/tokio-1.28.0/src/runtime/coop.rs:73:5
[INFO] [stdout]   31:     0x56018fcac54a - tokio::runtime::scheduler::current_thread::CoreGuard::block_on::{{closure}}::{{closure}}::h4b55cd73e925b5df
[INFO] [stdout]                                at /opt/rustwide/cargo-home/registry/src/index.crates.io-6f17d22bba15001f/tokio-1.28.0/src/runtime/scheduler/current_thread.rs:541:25
[INFO] [stdout]   32:     0x56018fcab04c - tokio::runtime::scheduler::current_thread::Context::enter::h1089b38446944d87
[INFO] [stdout]                                at /opt/rustwide/cargo-home/registry/src/index.crates.io-6f17d22bba15001f/tokio-1.28.0/src/runtime/scheduler/current_thread.rs:350:19
[INFO] [stdout]   33:     0x56018fcabb3a - tokio::runtime::scheduler::current_thread::CoreGuard::block_on::{{closure}}::h23536d95210b2efa
[INFO] [stdout]                                at /opt/rustwide/cargo-home/registry/src/index.crates.io-6f17d22bba15001f/tokio-1.28.0/src/runtime/scheduler/current_thread.rs:540:36
[INFO] [stdout]   34:     0x56018fcab84b - tokio::runtime::scheduler::current_thread::CoreGuard::enter::{{closure}}::heaf28223dd88ca18
[INFO] [stdout]                                at /opt/rustwide/cargo-home/registry/src/index.crates.io-6f17d22bba15001f/tokio-1.28.0/src/runtime/scheduler/current_thread.rs:615:57
[INFO] [stdout]   35:     0x56018fce8388 - tokio::macros::scoped_tls::ScopedKey<T>::set::h05ae0c1300a2e6cf
[INFO] [stdout]                                at /opt/rustwide/cargo-home/registry/src/index.crates.io-6f17d22bba15001f/tokio-1.28.0/src/macros/scoped_tls.rs:61:9
[INFO] [stdout]   36:     0x56018fcab5df - tokio::runtime::scheduler::current_thread::CoreGuard::enter::hde0fec45f37d729f
[INFO] [stdout]                                at /opt/rustwide/cargo-home/registry/src/index.crates.io-6f17d22bba15001f/tokio-1.28.0/src/runtime/scheduler/current_thread.rs:615:27
[INFO] [stdout]   37:     0x56018fcab87d - tokio::runtime::scheduler::current_thread::CoreGuard::block_on::hcd5a5e4f577386d9
[INFO] [stdout]                                at /opt/rustwide/cargo-home/registry/src/index.crates.io-6f17d22bba15001f/tokio-1.28.0/src/runtime/scheduler/current_thread.rs:530:19
[INFO] [stdout]   38:     0x56018fca9dbd - tokio::runtime::scheduler::current_thread::CurrentThread::block_on::h431a59e30c71874f
[INFO] [stdout]                                at /opt/rustwide/cargo-home/registry/src/index.crates.io-6f17d22bba15001f/tokio-1.28.0/src/runtime/scheduler/current_thread.rs:154:24
[INFO] [stdout]   39:     0x56018fca9bad - tokio::runtime::runtime::Runtime::block_on::h212bc94f81a88609
[INFO] [stdout]                                at /opt/rustwide/cargo-home/registry/src/index.crates.io-6f17d22bba15001f/tokio-1.28.0/src/runtime/runtime.rs:302:47
[INFO] [stdout]   40:     0x56018fd1c7fc - bors::github::webhook::tests::test_unknown_event::h6f424c393c4a55a9
[INFO] [stdout]                                at /opt/rustwide/workdir/src/github/webhook.rs:604:9
[INFO] [stdout]   41:     0x56018fd1c687 - bors::github::webhook::tests::test_unknown_event::{{closure}}::h3f2296cd229f6844
[INFO] [stdout]                                at /opt/rustwide/workdir/src/github/webhook.rs:603:34
[INFO] [stdout]   42:     0x56018fc293d6 - core::ops::function::FnOnce::call_once::h7d8207badf25ef1c
[INFO] [stdout]                                at /rustc/82e1608dfa6e0b5569232559e3d385fea5a93112/library/core/src/ops/function.rs:250:5
[INFO] [stdout]   43:     0x5601900ab15f - core::ops::function::FnOnce::call_once::h2b5d431d5046312d
[INFO] [stdout]                                at /rustc/82e1608dfa6e0b5569232559e3d385fea5a93112/library/core/src/ops/function.rs:250:5
[INFO] [stdout]   44:     0x5601900ab15f - test::__rust_begin_short_backtrace::h7714669af176e207
[INFO] [stdout]                                at /rustc/82e1608dfa6e0b5569232559e3d385fea5a93112/library/test/src/lib.rs:628:18
[INFO] [stdout]   45:     0x5601900aa175 - test::run_test_in_process::{{closure}}::h85218797dcbcec12
[INFO] [stdout]                                at /rustc/82e1608dfa6e0b5569232559e3d385fea5a93112/library/test/src/lib.rs:651:60
[INFO] [stdout]   46:     0x5601900aa175 - <core::panic::unwind_safe::AssertUnwindSafe<F> as core::ops::function::FnOnce<()>>::call_once::h76c106ea31c14d7b
[INFO] [stdout]                                at /rustc/82e1608dfa6e0b5569232559e3d385fea5a93112/library/core/src/panic/unwind_safe.rs:272:9
[INFO] [stdout]   47:     0x5601900aa175 - std::panicking::try::do_call::h3bd5d0f6620ee946
[INFO] [stdout]                                at /rustc/82e1608dfa6e0b5569232559e3d385fea5a93112/library/std/src/panicking.rs:552:40
[INFO] [stdout]   48:     0x5601900aa175 - std::panicking::try::h232e535e4744fe31
[INFO] [stdout]                                at /rustc/82e1608dfa6e0b5569232559e3d385fea5a93112/library/std/src/panicking.rs:516:19
[INFO] [stdout]   49:     0x5601900aa175 - std::panic::catch_unwind::h3ce3bd6ca8dbac68
[INFO] [stdout]                                at /rustc/82e1608dfa6e0b5569232559e3d385fea5a93112/library/std/src/panic.rs:142:14
[INFO] [stdout]   50:     0x5601900aa175 - test::run_test_in_process::hc97b257c9621286a
[INFO] [stdout]                                at /rustc/82e1608dfa6e0b5569232559e3d385fea5a93112/library/test/src/lib.rs:651:27
[INFO] [stdout]   51:     0x5601900aa175 - test::run_test::{{closure}}::h2aa798823a438d38
[INFO] [stdout]                                at /rustc/82e1608dfa6e0b5569232559e3d385fea5a93112/library/test/src/lib.rs:574:43
[INFO] [stdout]   52:     0x560190072436 - test::run_test::{{closure}}::h87d231c78fb59832
[INFO] [stdout]                                at /rustc/82e1608dfa6e0b5569232559e3d385fea5a93112/library/test/src/lib.rs:602:41
[INFO] [stdout]   53:     0x560190072436 - std::sys_common::backtrace::__rust_begin_short_backtrace::he6df152596625789
[INFO] [stdout]                                at /rustc/82e1608dfa6e0b5569232559e3d385fea5a93112/library/std/src/sys_common/backtrace.rs:154:18
[INFO] [stdout]   54:     0x5601900774e7 - std::thread::Builder::spawn_unchecked_::{{closure}}::{{closure}}::ha94be15d1e0acf36
[INFO] [stdout]                                at /rustc/82e1608dfa6e0b5569232559e3d385fea5a93112/library/std/src/thread/mod.rs:529:17
[INFO] [stdout]   55:     0x5601900774e7 - <core::panic::unwind_safe::AssertUnwindSafe<F> as core::ops::function::FnOnce<()>>::call_once::h9dc6bd6372f16606
[INFO] [stdout]                                at /rustc/82e1608dfa6e0b5569232559e3d385fea5a93112/library/core/src/panic/unwind_safe.rs:272:9
[INFO] [stdout]   56:     0x5601900774e7 - std::panicking::try::do_call::h9057517f80303cd4
[INFO] [stdout]                                at /rustc/82e1608dfa6e0b5569232559e3d385fea5a93112/library/std/src/panicking.rs:552:40
[INFO] [stdout]   57:     0x5601900774e7 - std::panicking::try::he3a30b11ee45340c
[INFO] [stdout]                                at /rustc/82e1608dfa6e0b5569232559e3d385fea5a93112/library/std/src/panicking.rs:516:19
[INFO] [stdout]   58:     0x5601900774e7 - std::panic::catch_unwind::h410458cfd3528b8b
[INFO] [stdout]                                at /rustc/82e1608dfa6e0b5569232559e3d385fea5a93112/library/std/src/panic.rs:142:14
[INFO] [stdout]   59:     0x5601900774e7 - std::thread::Builder::spawn_unchecked_::{{closure}}::h72ac3bdb567b737b
[INFO] [stdout]                                at /rustc/82e1608dfa6e0b5569232559e3d385fea5a93112/library/std/src/thread/mod.rs:528:30
[INFO] [stdout]   60:     0x5601900774e7 - core::ops::function::FnOnce::call_once{{vtable.shim}}::h38f34da3654a8344
[INFO] [stdout]                                at /rustc/82e1608dfa6e0b5569232559e3d385fea5a93112/library/core/src/ops/function.rs:250:5
[INFO] [stdout]   61:     0x56019086def5 - <alloc::boxed::Box<F,A> as core::ops::function::FnOnce<Args>>::call_once::hc7eafaff61e32df9
[INFO] [stdout]                                at /rustc/82e1608dfa6e0b5569232559e3d385fea5a93112/library/alloc/src/boxed.rs:2007:9
[INFO] [stdout]   62:     0x56019086def5 - <alloc::boxed::Box<F,A> as core::ops::function::FnOnce<Args>>::call_once::h6ba4a5de48dd2304
[INFO] [stdout]                                at /rustc/82e1608dfa6e0b5569232559e3d385fea5a93112/library/alloc/src/boxed.rs:2007:9
[INFO] [stdout]   63:     0x56019086def5 - std::sys::unix::thread::Thread::new::thread_start::he469335aef763e45
[INFO] [stdout]                                at /rustc/82e1608dfa6e0b5569232559e3d385fea5a93112/library/std/src/sys/unix/thread.rs:108:17
[INFO] [stdout]   64:     0x7faf782eeac3 - <unknown>
[INFO] [stdout]   65:     0x7faf7837fbf4 - __clone
[INFO] [stdout]   66:                0x0 - <unknown>
[INFO] [stdout] 
[INFO] [stdout] 
[INFO] [stdout] failures:
[INFO] [stdout]     github::webhook::tests::test_unknown_event
[INFO] [stdout] 
[INFO] [stdout] test result: FAILED. 61 passed; 1 failed; 0 ignored; 0 measured; 0 filtered out; finished in 0.25s
[INFO] [stdout] 
[INFO] [stderr] error: test failed, to rerun pass `--lib`
[INFO] running `Command { std: "docker" "inspect" "2c9032391ad94a9ede1d8b28657cdedd6e2eabc1c0c6e7397ee5374034fea579", kill_on_drop: false }`
[INFO] running `Command { std: "docker" "rm" "-f" "2c9032391ad94a9ede1d8b28657cdedd6e2eabc1c0c6e7397ee5374034fea579", kill_on_drop: false }`
[INFO] [stdout] 2c9032391ad94a9ede1d8b28657cdedd6e2eabc1c0c6e7397ee5374034fea579
[INFO] testing rust-lang/bors against beta-2023-12-22 for beta-1.76-1
[INFO] running `Command { std: "git" "clone" "/workspace/cache/git-repos/https%3A%2F%2Fgithub.com%2Frust-lang%2Fbors" "/workspace/builds/worker-5-tc2/source", kill_on_drop: false }`
[INFO] [stderr] Cloning into '/workspace/builds/worker-5-tc2/source'...
[INFO] [stderr] done.
[INFO] validating manifest of git repo https://github.com/rust-lang/bors on toolchain beta-2023-12-22
[INFO] running `Command { std: CARGO_HOME="/workspace/cargo-home" RUSTUP_HOME="/workspace/rustup-home" "/workspace/cargo-home/bin/cargo" "+beta-2023-12-22" "metadata" "--manifest-path" "Cargo.toml" "--no-deps", kill_on_drop: false }`
[INFO] started tweaking git repo https://github.com/rust-lang/bors
[INFO] finished tweaking git repo https://github.com/rust-lang/bors
[INFO] tweaked toml for git repo https://github.com/rust-lang/bors written to /workspace/builds/worker-5-tc2/source/Cargo.toml
[INFO] crate git repo https://github.com/rust-lang/bors already has a lockfile, it will not be regenerated
[INFO] running `Command { std: CARGO_HOME="/workspace/cargo-home" RUSTUP_HOME="/workspace/rustup-home" "/workspace/cargo-home/bin/cargo" "+beta-2023-12-22" "fetch" "--manifest-path" "Cargo.toml", kill_on_drop: false }`
[INFO] running `Command { std: "docker" "create" "-v" "/var/lib/crater-agent-workspace/builds/worker-5-tc2/target:/opt/rustwide/target:rw,Z" "-v" "/var/lib/crater-agent-workspace/builds/worker-5-tc2/source:/opt/rustwide/workdir:ro,Z" "-v" "/var/lib/crater-agent-workspace/cargo-home:/opt/rustwide/cargo-home:ro,Z" "-v" "/var/lib/crater-agent-workspace/rustup-home:/opt/rustwide/rustup-home:ro,Z" "-e" "SOURCE_DIR=/opt/rustwide/workdir" "-e" "CARGO_TARGET_DIR=/opt/rustwide/target" "-e" "CARGO_HOME=/opt/rustwide/cargo-home" "-e" "RUSTUP_HOME=/opt/rustwide/rustup-home" "-w" "/opt/rustwide/workdir" "-m" "1610612736" "--user" "0:0" "--network" "none" "ghcr.io/rust-lang/crates-build-env/linux@sha256:2788e3201cd34a07e3172128adcd8b3090168a8e3bcc40d7c032b9dda1df7d1c" "/opt/rustwide/cargo-home/bin/cargo" "+beta-2023-12-22" "metadata" "--no-deps" "--format-version=1", kill_on_drop: false }`
[INFO] [stdout] ca4c132d415a693845e2cbbeb64bf388ca6bf48bf85152ce0c600f3aefccd858
[INFO] running `Command { std: "docker" "start" "-a" "ca4c132d415a693845e2cbbeb64bf388ca6bf48bf85152ce0c600f3aefccd858", kill_on_drop: false }`
[INFO] running `Command { std: "docker" "inspect" "ca4c132d415a693845e2cbbeb64bf388ca6bf48bf85152ce0c600f3aefccd858", kill_on_drop: false }`
[INFO] running `Command { std: "docker" "rm" "-f" "ca4c132d415a693845e2cbbeb64bf388ca6bf48bf85152ce0c600f3aefccd858", kill_on_drop: false }`
[INFO] [stdout] ca4c132d415a693845e2cbbeb64bf388ca6bf48bf85152ce0c600f3aefccd858
[INFO] running `Command { std: "docker" "create" "-v" "/var/lib/crater-agent-workspace/builds/worker-5-tc2/target:/opt/rustwide/target:rw,Z" "-v" "/var/lib/crater-agent-workspace/builds/worker-5-tc2/source:/opt/rustwide/workdir:ro,Z" "-v" "/var/lib/crater-agent-workspace/cargo-home:/opt/rustwide/cargo-home:ro,Z" "-v" "/var/lib/crater-agent-workspace/rustup-home:/opt/rustwide/rustup-home:ro,Z" "-e" "SOURCE_DIR=/opt/rustwide/workdir" "-e" "CARGO_TARGET_DIR=/opt/rustwide/target" "-e" "CARGO_INCREMENTAL=0" "-e" "RUST_BACKTRACE=full" "-e" "RUSTFLAGS=--cap-lints=warn" "-e" "RUSTDOCFLAGS=--cap-lints=warn" "-e" "CARGO_HOME=/opt/rustwide/cargo-home" "-e" "RUSTUP_HOME=/opt/rustwide/rustup-home" "-w" "/opt/rustwide/workdir" "-m" "1610612736" "--user" "0:0" "--network" "none" "ghcr.io/rust-lang/crates-build-env/linux@sha256:2788e3201cd34a07e3172128adcd8b3090168a8e3bcc40d7c032b9dda1df7d1c" "/opt/rustwide/cargo-home/bin/cargo" "+beta-2023-12-22" "build" "--frozen" "--message-format=json", kill_on_drop: false }`
[INFO] [stdout] a1313bc0e190d6c1832bbd4d47a9de620bc1048c6d5f2834bbafb9b1f0964cff
[INFO] running `Command { std: "docker" "start" "-a" "a1313bc0e190d6c1832bbd4d47a9de620bc1048c6d5f2834bbafb9b1f0964cff", kill_on_drop: false }`
[INFO] [stderr]    Compiling proc-macro2 v1.0.56
[INFO] [stderr]    Compiling syn v1.0.109
[INFO] [stderr]    Compiling libc v0.2.139
[INFO] [stderr]    Compiling once_cell v1.17.0
[INFO] [stderr]    Compiling futures-core v0.3.26
[INFO] [stderr]    Compiling smallvec v1.10.0
[INFO] [stderr]    Compiling itoa v1.0.5
[INFO] [stderr]    Compiling bytes v1.1.0
[INFO] [stderr]    Compiling serde v1.0.152
[INFO] [stderr]    Compiling futures-task v0.3.26
[INFO] [stderr]    Compiling slab v0.4.7
[INFO] [stderr]    Compiling openssl-sys v0.9.80
[INFO] [stderr]    Compiling num-traits v0.2.15
[INFO] [stderr]    Compiling unicode-segmentation v1.10.1
[INFO] [stderr]    Compiling futures-sink v0.3.26
[INFO] [stderr]    Compiling futures-channel v0.3.26
[INFO] [stderr]    Compiling futures-util v0.3.26
[INFO] [stderr]    Compiling num-integer v0.1.45
[INFO] [stderr]    Compiling quote v1.0.26
[INFO] [stderr]    Compiling syn v2.0.15
[INFO] [stderr]    Compiling tokio v1.28.0
[INFO] [stderr]    Compiling futures-io v0.3.28
[INFO] [stderr]    Compiling foreign-types-shared v0.1.1
[INFO] [stderr]    Compiling openssl v0.10.45
[INFO] [stderr]    Compiling foreign-types v0.3.2
[INFO] [stderr]    Compiling serde_json v1.0.92
[INFO] [stderr]    Compiling ryu v1.0.12
[INFO] [stderr]    Compiling native-tls v0.2.11
[INFO] [stderr]    Compiling typenum v1.16.0
[INFO] [stderr]    Compiling heck v0.4.1
[INFO] [stderr]    Compiling num-bigint v0.4.3
[INFO] [stderr]    Compiling matches v0.1.10
[INFO] [stderr]    Compiling getrandom v0.2.9
[INFO] [stderr]    Compiling parking_lot_core v0.9.7
[INFO] [stderr]    Compiling ahash v0.7.6
[INFO] [stderr]    Compiling mio v0.8.5
[INFO] [stderr]    Compiling num_cpus v1.15.0
[INFO] [stderr]    Compiling parking_lot v0.12.1
[INFO] [stderr]    Compiling socket2 v0.4.9
[INFO] [stderr]    Compiling signal-hook-registry v1.4.0
[INFO] [stderr]    Compiling hashbrown v0.12.3
[INFO] [stderr]    Compiling openssl-probe v0.1.5
[INFO] [stderr]    Compiling percent-encoding v2.1.0
[INFO] [stderr]    Compiling time-core v0.1.0
[INFO] [stderr]    Compiling generic-array v0.14.6
[INFO] [stderr]    Compiling tracing-core v0.1.30
[INFO] [stderr]    Compiling time-macros v0.2.6
[INFO] [stderr]    Compiling form_urlencoded v1.0.1
[INFO] [stderr]    Compiling indexmap v1.9.2
[INFO] [stderr]    Compiling unicode-normalization v0.1.22
[INFO] [stderr]    Compiling unicode-bidi v0.3.10
[INFO] [stderr]    Compiling block-buffer v0.10.3
[INFO] [stderr]    Compiling crypto-common v0.1.6
[INFO] [stderr]    Compiling instant v0.1.12
[INFO] [stderr]    Compiling rust_decimal v1.29.1
[INFO] [stderr]    Compiling iana-time-zone v0.1.53
[INFO] [stderr]    Compiling subtle v2.4.1
[INFO] [stderr]    Compiling digest v0.10.6
[INFO] [stderr]    Compiling idna v0.2.3
[INFO] [stderr]    Compiling proc-macro-error-attr v1.0.4
[INFO] [stderr]    Compiling log v0.4.17
[INFO] [stderr]    Compiling arrayvec v0.7.2
[INFO] [stderr]    Compiling rustversion v1.0.11
[INFO] [stderr]    Compiling proc-macro-error v1.0.4
[INFO] [stderr]    Compiling minimal-lexical v0.2.1
[INFO] [stderr]    Compiling ppv-lite86 v0.2.17
[INFO] [stderr]    Compiling either v1.8.1
[INFO] [stderr]    Compiling bigdecimal v0.3.0
[INFO] [stderr]    Compiling time v0.1.45
[INFO] [stderr]    Compiling memchr v2.5.0
[INFO] [stderr]    Compiling vcpkg v0.2.15
[INFO] [stderr]    Compiling itertools v0.10.5
[INFO] [stderr]    Compiling heck v0.3.3
[INFO] [stderr]    Compiling spin v0.9.8
[INFO] [stderr]    Compiling cpufeatures v0.2.5
[INFO] [stderr]    Compiling fnv v1.0.7
[INFO] [stderr]    Compiling unicode_categories v0.1.1
[INFO] [stderr]    Compiling paste v1.0.12
[INFO] [stderr]    Compiling http v0.2.8
[INFO] [stderr]    Compiling hmac v0.12.1
[INFO] [stderr]    Compiling libsqlite3-sys v0.24.2
[INFO] [stderr]    Compiling rand_core v0.6.4
[INFO] [stderr]    Compiling parking_lot_core v0.8.6
[INFO] [stderr]    Compiling serde_derive v1.0.152
[INFO] [stderr]    Compiling futures-macro v0.3.26
[INFO] [stderr]    Compiling tokio-macros v2.1.0
[INFO] [stderr]    Compiling openssl-macros v0.1.0
[INFO] [stderr]    Compiling thiserror-impl v1.0.38
[INFO] [stderr]    Compiling tracing-attributes v0.1.24
[INFO] [stderr]    Compiling pin-project-internal v1.0.12
[INFO] [stderr]    Compiling thiserror v1.0.38
[INFO] [stderr]    Compiling pin-project v1.0.12
[INFO] [stderr]    Compiling tracing v0.1.37
[INFO] [stderr]    Compiling crc-catalog v2.2.0
[INFO] [stderr]    Compiling dotenvy v0.15.7
[INFO] [stderr]    Compiling crc v3.0.1
[INFO] [stderr]    Compiling futures-executor v0.3.26
[INFO] [stderr]    Compiling parking_lot v0.11.2
[INFO] [stderr]    Compiling nom v7.1.3
[INFO] [stderr]    Compiling rand_chacha v0.3.1
[INFO] [stderr]    Compiling tokio-native-tls v0.3.0
[INFO] [stderr]    Compiling hkdf v0.12.3
[INFO] [stderr]    Compiling crossbeam-queue v0.3.8
[INFO] [stderr]    Compiling sha1 v0.10.5
[INFO] [stderr]    Compiling sha2 v0.10.6
[INFO] [stderr]    Compiling md-5 v0.10.5
[INFO] [stderr]    Compiling stringprep v0.1.2
[INFO] [stderr]    Compiling atoi v1.0.0
[INFO] [stderr]    Compiling dirs-sys v0.3.7
[INFO] [stderr]    Compiling whoami v1.4.0
[INFO] [stderr]    Compiling time v0.3.17
[INFO] [stderr]    Compiling chrono v0.4.23
[INFO] [stderr]    Compiling uuid v1.3.2
[INFO] [stderr]    Compiling url v2.3.0
[INFO] [stderr]    Compiling async-trait v0.1.64
[INFO] [stderr]    Compiling hex v0.4.3
[INFO] [stderr]    Compiling byteorder v1.4.3
[INFO] [stderr]    Compiling dirs v4.0.0
[INFO] [stderr]    Compiling sqlx-rt v0.6.3
[INFO] [stderr]    Compiling tokio-util v0.7.4
[INFO] [stderr]    Compiling sqlformat v0.2.1
[INFO] [stderr]    Compiling rand v0.8.5
[INFO] [stderr]    Compiling futures-intrusive v0.4.2
[INFO] [stderr]    Compiling flume v0.10.14
[INFO] [stderr]    Compiling tokio-stream v0.1.14
[INFO] [stderr]    Compiling sea-query-derive v0.3.0
[INFO] [stderr]    Compiling hashlink v0.8.1
[INFO] [stderr]    Compiling base64 v0.13.1
[INFO] [stderr]    Compiling tower-service v0.3.2
[INFO] [stderr]    Compiling sea-query v0.28.4
[INFO] [stderr]    Compiling sqlx-core v0.6.3
[INFO] [stderr]    Compiling http-body v0.4.5
[INFO] [stderr]    Compiling os_str_bytes v6.4.1
[INFO] [stderr]    Compiling regex-syntax v0.6.28
[INFO] [stderr]    Compiling futures v0.3.26
[INFO] [stderr]    Compiling httpdate v1.0.2
[INFO] [stderr]    Compiling try-lock v0.2.4
[INFO] [stderr]    Compiling Inflector v0.11.4
[INFO] [stderr]    Compiling want v0.3.0
[INFO] [stderr]    Compiling httparse v1.8.0
[INFO] [stderr]    Compiling h2 v0.3.15
[INFO] [stderr]    Compiling ouroboros_macro v0.15.6
[INFO] [stderr]    Compiling async-stream-impl v0.3.5
[INFO] [stderr]    Compiling bae v0.1.7
[INFO] [stderr]    Compiling sea-strum_macros v0.23.0
[INFO] [stderr]    Compiling regex-automata v0.1.10
[INFO] [stderr]    Compiling mime v0.3.16
[INFO] [stderr]    Compiling io-lifetimes v1.0.5
[INFO] [stderr]    Compiling aliasable v0.1.3
[INFO] [stderr]    Compiling matchers v0.1.0
[INFO] [stderr]    Compiling ouroboros v0.15.6
[INFO] [stderr]    Compiling regex v1.7.1
[INFO] [stderr]    Compiling sea-orm-macros v0.11.3
[INFO] [stderr]    Compiling async-stream v0.3.5
[INFO] [stderr]    Compiling sea-strum v0.23.0
[INFO] [stderr]    Compiling tracing-log v0.1.3
[INFO] [stderr]    Compiling clap_lex v0.2.4
[INFO] [stderr]    Compiling sea-schema-derive v0.1.0
[INFO] [stderr]    Compiling clap_derive v3.2.25
[INFO] [stderr]    Compiling thread_local v1.1.7
[INFO] [stderr]    Compiling hyper v0.14.24
[INFO] [stderr]    Compiling tower-layer v0.3.2
[INFO] [stderr]    Compiling textwrap v0.16.0
[INFO] [stderr]    Compiling rustix v0.36.8
[INFO] [stderr]    Compiling doc-comment v0.3.3
[INFO] [stderr]    Compiling gimli v0.27.1
[INFO] [stderr]    Compiling miniz_oxide v0.6.2
[INFO] [stderr]    Compiling sea-schema v0.11.0
[INFO] [stderr]    Compiling tracing-subscriber v0.3.17
[INFO] [stderr]    Compiling clap v3.2.25
[INFO] [stderr]    Compiling serde_urlencoded v0.7.1
[INFO] [stderr]    Compiling axum-core v0.3.2
[INFO] [stderr]    Compiling object v0.30.3
[INFO] [stderr]    Compiling addr2line v0.19.0
[INFO] [stderr]    Compiling linux-raw-sys v0.1.4
[INFO] [stderr]    Compiling spin v0.5.2
[INFO] [stderr]    Compiling rustc-demangle v0.1.21
[INFO] [stderr]    Compiling untrusted v0.7.1
[INFO] [stderr]    Compiling hyperx v1.4.0
[INFO] [stderr]    Compiling sea-orm-cli v0.11.3
[INFO] [stderr]    Compiling ring v0.16.20
[INFO] [stderr]    Compiling hyper-tls v0.5.0
[INFO] [stderr]    Compiling unicase v2.6.0
[INFO] [stderr]    Compiling sqlx-macros v0.6.3
[INFO] [stderr]    Compiling tower v0.4.13
[INFO] [stderr]    Compiling backtrace v0.3.67
[INFO] [stderr]    Compiling simple_asn1 v0.6.2
[INFO] [stderr]    Compiling toml_datetime v0.6.1
[INFO] [stderr]    Compiling serde_spanned v0.6.1
[INFO] [stderr]    Compiling serde_path_to_error v0.1.9
[INFO] [stderr]    Compiling snafu-derive v0.7.4
[INFO] [stderr]    Compiling pem v1.1.1
[INFO] [stderr]    Compiling axum v0.6.4
[INFO] [stderr]    Compiling nom8 v0.2.0
[INFO] [stderr]    Compiling encoding_rs v0.8.32
[INFO] [stderr]    Compiling ipnet v2.7.1
[INFO] [stderr]    Compiling anyhow v1.0.69
[INFO] [stderr]    Compiling zeroize v1.5.7
[INFO] [stderr]    Compiling base64 v0.21.0
[INFO] [stderr]    Compiling language-tags v0.3.2
[INFO] [stderr]    Compiling http-range-header v0.3.0
[INFO] [stderr]    Compiling tower-http v0.3.5
[INFO] [stderr]    Compiling toml_edit v0.19.1
[INFO] [stderr]    Compiling reqwest v0.11.14
[INFO] [stderr]    Compiling snafu v0.7.4
[INFO] [stderr]    Compiling secrecy v0.8.0
[INFO] [stderr]    Compiling jsonwebtoken v8.2.0
[INFO] [stderr]    Compiling is-terminal v0.4.3
[INFO] [stderr]    Compiling clap_lex v0.3.1
[INFO] [stderr]    Compiling clap_derive v4.1.0
[INFO] [stderr]    Compiling matchit v0.7.0
[INFO] [stderr]    Compiling sync_wrapper v0.1.2
[INFO] [stderr]    Compiling arc-swap v1.6.0
[INFO] [stderr]    Compiling base64 v0.20.0
[INFO] [stderr]    Compiling sqlx v0.6.3
[INFO] [stderr]    Compiling strsim v0.10.0
[INFO] [stderr]    Compiling sea-query-binder v0.3.0
[INFO] [stderr]    Compiling octocrab v0.18.1
[INFO] [stderr]    Compiling toml v0.7.1
[INFO] [stderr]    Compiling sea-orm v0.11.3
[INFO] [stderr]    Compiling clap v4.1.4
[INFO] [stderr]    Compiling sea-orm-migration v0.11.3
[INFO] [stderr]    Compiling entity v0.1.0 (/opt/rustwide/workdir/database/entity)
[INFO] [stderr]    Compiling migration v0.1.0 (/opt/rustwide/workdir/database/migration)
[INFO] [stderr]    Compiling bors v0.1.0 (/opt/rustwide/workdir)
[INFO] [stderr]     Finished dev [unoptimized + debuginfo] target(s) in 1m 49s
[INFO] running `Command { std: "docker" "inspect" "a1313bc0e190d6c1832bbd4d47a9de620bc1048c6d5f2834bbafb9b1f0964cff", kill_on_drop: false }`
[INFO] running `Command { std: "docker" "rm" "-f" "a1313bc0e190d6c1832bbd4d47a9de620bc1048c6d5f2834bbafb9b1f0964cff", kill_on_drop: false }`
[INFO] [stdout] a1313bc0e190d6c1832bbd4d47a9de620bc1048c6d5f2834bbafb9b1f0964cff
[INFO] running `Command { std: "docker" "create" "-v" "/var/lib/crater-agent-workspace/builds/worker-5-tc2/target:/opt/rustwide/target:rw,Z" "-v" "/var/lib/crater-agent-workspace/builds/worker-5-tc2/source:/opt/rustwide/workdir:ro,Z" "-v" "/var/lib/crater-agent-workspace/cargo-home:/opt/rustwide/cargo-home:ro,Z" "-v" "/var/lib/crater-agent-workspace/rustup-home:/opt/rustwide/rustup-home:ro,Z" "-e" "SOURCE_DIR=/opt/rustwide/workdir" "-e" "CARGO_TARGET_DIR=/opt/rustwide/target" "-e" "CARGO_INCREMENTAL=0" "-e" "RUST_BACKTRACE=full" "-e" "RUSTFLAGS=--cap-lints=warn" "-e" "RUSTDOCFLAGS=--cap-lints=warn" "-e" "CARGO_HOME=/opt/rustwide/cargo-home" "-e" "RUSTUP_HOME=/opt/rustwide/rustup-home" "-w" "/opt/rustwide/workdir" "-m" "1610612736" "--user" "0:0" "--network" "none" "ghcr.io/rust-lang/crates-build-env/linux@sha256:2788e3201cd34a07e3172128adcd8b3090168a8e3bcc40d7c032b9dda1df7d1c" "/opt/rustwide/cargo-home/bin/cargo" "+beta-2023-12-22" "test" "--frozen" "--no-run" "--message-format=json", kill_on_drop: false }`
[INFO] [stdout] 3906734cbe49be554b6f0aaa68aa1f24a8f2c6a1ad0617db6ffd921f06c4d245
[INFO] running `Command { std: "docker" "start" "-a" "3906734cbe49be554b6f0aaa68aa1f24a8f2c6a1ad0617db6ffd921f06c4d245", kill_on_drop: false }`
[INFO] [stderr]    Compiling ident_case v1.0.1
[INFO] [stderr]    Compiling linked-hash-map v0.5.6
[INFO] [stderr]    Compiling console v0.15.5
[INFO] [stderr]    Compiling similar v2.2.1
[INFO] [stderr]    Compiling darling_core v0.14.4
[INFO] [stderr]    Compiling yaml-rust v0.4.5
[INFO] [stderr]    Compiling insta v1.26.0
[INFO] [stderr]    Compiling darling_macro v0.14.4
[INFO] [stderr]    Compiling darling v0.14.4
[INFO] [stderr]    Compiling derive_builder_core v0.12.0
[INFO] [stderr]    Compiling derive_builder_macro v0.12.0
[INFO] [stderr]    Compiling derive_builder v0.12.0
[INFO] [stderr]    Compiling bors v0.1.0 (/opt/rustwide/workdir)
[INFO] [stderr]     Finished test [unoptimized + debuginfo] target(s) in 21.70s
[INFO] running `Command { std: "docker" "inspect" "3906734cbe49be554b6f0aaa68aa1f24a8f2c6a1ad0617db6ffd921f06c4d245", kill_on_drop: false }`
[INFO] running `Command { std: "docker" "rm" "-f" "3906734cbe49be554b6f0aaa68aa1f24a8f2c6a1ad0617db6ffd921f06c4d245", kill_on_drop: false }`
[INFO] [stdout] 3906734cbe49be554b6f0aaa68aa1f24a8f2c6a1ad0617db6ffd921f06c4d245
[INFO] running `Command { std: "docker" "create" "-v" "/var/lib/crater-agent-workspace/builds/worker-5-tc2/target:/opt/rustwide/target:rw,Z" "-v" "/var/lib/crater-agent-workspace/builds/worker-5-tc2/source:/opt/rustwide/workdir:ro,Z" "-v" "/var/lib/crater-agent-workspace/cargo-home:/opt/rustwide/cargo-home:ro,Z" "-v" "/var/lib/crater-agent-workspace/rustup-home:/opt/rustwide/rustup-home:ro,Z" "-e" "SOURCE_DIR=/opt/rustwide/workdir" "-e" "CARGO_TARGET_DIR=/opt/rustwide/target" "-e" "CARGO_INCREMENTAL=0" "-e" "RUST_BACKTRACE=full" "-e" "RUSTFLAGS=--cap-lints=warn" "-e" "RUSTDOCFLAGS=--cap-lints=warn" "-e" "CARGO_HOME=/opt/rustwide/cargo-home" "-e" "RUSTUP_HOME=/opt/rustwide/rustup-home" "-w" "/opt/rustwide/workdir" "-m" "1610612736" "--user" "0:0" "--network" "none" "ghcr.io/rust-lang/crates-build-env/linux@sha256:2788e3201cd34a07e3172128adcd8b3090168a8e3bcc40d7c032b9dda1df7d1c" "/opt/rustwide/cargo-home/bin/cargo" "+beta-2023-12-22" "test" "--frozen", kill_on_drop: false }`
[INFO] [stdout] f0ae35e05d6080d1dcc97ff653e2209b9ea9b6fdbffa3ccac61d8513563f0f78
[INFO] running `Command { std: "docker" "start" "-a" "f0ae35e05d6080d1dcc97ff653e2209b9ea9b6fdbffa3ccac61d8513563f0f78", kill_on_drop: false }`
[INFO] [stderr]     Finished test [unoptimized + debuginfo] target(s) in 0.55s
[INFO] [stderr]      Running unittests src/lib.rs (/opt/rustwide/target/debug/deps/bors-d7eb71b763e392b9)
[INFO] [stdout] 
[INFO] [stdout] running 62 tests
[INFO] [stdout] test bors::command::parser::tests::missing_command ... ok
[INFO] [stdout] test bors::command::parser::tests::parse_command_multiline ... ok
[INFO] [stdout] test bors::command::parser::tests::parse_ping ... ok
[INFO] [stdout] test bors::command::parser::tests::parse_duplicate_key ... ok
[INFO] [stdout] test bors::command::parser::tests::parse_try_cancel ... ok
[INFO] [stdout] test bors::command::parser::tests::parse_ping_unknown_arg ... ok
[INFO] [stdout] test bors::command::parser::tests::parse_try_parent ... ok
[INFO] [stdout] test bors::command::parser::tests::no_commands ... ok
[INFO] [stdout] test bors::command::parser::tests::parse_arg_no_value ... ok
[INFO] [stdout] test bors::command::parser::tests::parse_try_unknown_kv_arg ... ok
[INFO] [stdout] test bors::command::parser::tests::parse_try_with_rust_timer ... ok
[INFO] [stdout] test bors::command::parser::tests::unknown_command ... ok
[INFO] [stdout] test bors::command::parser::tests::parse_try ... ok
[INFO] [stdout] test bors::command::parser::tests::parse_try_unknown_arg ... ok
[INFO] [stdout] test bors::handlers::refresh::tests::refresh_no_builds ... ok
[INFO] [stdout] test bors::handlers::ping::tests::test_ping ... ok
[INFO] [stdout] test bors::command::parser::tests::parse_try_parent_invalid ... ok
[INFO] [stdout] test bors::handlers::refresh::tests::refresh_do_nothing_before_timeout ... ok
[INFO] [stdout] test bors::handlers::refresh::tests::refresh_cancel_build_after_timeout ... ok
[INFO] [stdout] test bors::handlers::refresh::tests::refresh_cancel_workflow_after_timeout ... ok
[INFO] [stdout] test bors::handlers::trybuild::tests::test_try_cancel_ignore_external_workflows ... ok
[INFO] [stdout] test bors::handlers::trybuild::tests::test_try_build_failed_modify_labels ... ok
[INFO] [stdout] test bors::handlers::tests::test_ignore_bot_comment ... ok
[INFO] [stdout] test bors::handlers::trybuild::tests::test_try_again_after_checks_finish ... ok
[INFO] [stdout] test bors::handlers::trybuild::tests::test_try_build_start_modify_labels ... ok
[INFO] [stdout] test bors::handlers::trybuild::tests::test_try_cancel_running_build ... ok
[INFO] [stdout] test bors::handlers::trybuild::tests::test_try_build_succeeded_modify_labels ... ok
[INFO] [stdout] test bors::handlers::trybuild::tests::test_try_cancel_no_running_build ... ok
[INFO] [stdout] test bors::handlers::trybuild::tests::test_try_cancel_cancel_workflows ... ok
[INFO] [stdout] test bors::handlers::trybuild::tests::test_try_merge_branch_history ... ok
[INFO] [stdout] test bors::handlers::trybuild::tests::test_try_merge_comment ... ok
[INFO] [stdout] test bors::handlers::trybuild::tests::test_try_merge_explicit_parent ... ok
[INFO] [stdout] test bors::handlers::trybuild::tests::test_try_merge_conflict ... ok
[INFO] [stdout] test bors::handlers::trybuild::tests::test_try_cancel_ignore_finished_workflows ... ok
[INFO] [stdout] test bors::handlers::trybuild::tests::test_try_merge_insert_into_db ... ok
[INFO] [stdout] test bors::handlers::trybuild::tests::test_try_no_permission ... ok
[INFO] [stdout] test bors::handlers::workflow::tests::test_try_check_suite_finished_missing_build ... ok
[INFO] [stdout] test bors::handlers::trybuild::tests::test_try_merge_active_build ... ok
[INFO] [stdout] test bors::handlers::workflow::tests::test_try_check_suite_finished_twice ... ok
[INFO] [stdout] test bors::handlers::workflow::tests::test_try_workflow_start_twice ... ok
[INFO] [stdout] test bors::handlers::trybuild::tests::test_try_workflow_start_after_cancel ... ok
[INFO] [stdout] test config::tests::deserialize_empty ... ok
[INFO] [stdout] test bors::handlers::workflow::tests::test_try_failure_multiple_suites ... ok
[INFO] [stdout] test config::tests::deserialize_labels ... ok
[INFO] [stdout] test config::tests::deserialize_timeout ... ok
[INFO] [stdout] test github::webhook::tests::test_check_run_created_external ... ok
[INFO] [stdout] test bors::handlers::workflow::tests::test_unknown_build ... ok
[INFO] [stdout] test bors::handlers::workflow::tests::test_try_success_multiple_suites ... ok
[INFO] [stdout] test bors::handlers::workflow::tests::test_try_failure ... ok
[INFO] [stdout] test bors::handlers::workflow::tests::test_try_suite_completed_received_before_workflow_completed ... ok
[INFO] [stdout] test github::webhook::tests::test_installation_suspend ... ok
[INFO] [stdout] test github::webhook::tests::test_installation_unsuspend ... ok
[INFO] [stdout] test github::webhook::tests::test_check_run_created_gha ... ok
[INFO] [stdout] test github::webhook::tests::test_pull_request_review_comment ... ok
[INFO] [stdout] test github::webhook::tests::test_issue_comment ... ok
[INFO] [stdout] test github::webhook::tests::test_pull_request_review ... ok
[INFO] [stdout] test github::webhook::tests::test_workflow_run_requested ... ok
[INFO] [stdout] test bors::handlers::workflow::tests::test_try_success ... ok
[INFO] [stdout] test github::webhook::tests::test_workflow_run_completed ... ok
[INFO] [stdout] test bors::handlers::workflow::tests::test_try_workflow_started ... ok
[INFO] [stdout] test config::tests::deserialize_labels_missing_prefix - should panic ... ok
[INFO] [stdout] test github::webhook::tests::test_unknown_event ... FAILED
[INFO] [stdout] 
[INFO] [stdout] failures:
[INFO] [stdout] 
[INFO] [stdout] ---- github::webhook::tests::test_unknown_event stdout ----
[INFO] [stdout] thread 'github::webhook::tests::test_unknown_event' panicked at src/github/webhook.rs:254:84:
[INFO] [stdout] called `Result::unwrap()` on an `Err` value: Os { code: 30, kind: ReadOnlyFilesystem, message: "Read-only file system" }
[INFO] [stdout] stack backtrace:
[INFO] [stdout]    0:     0x55d20355ce16 - std::backtrace_rs::backtrace::libunwind::trace::h261606ad26a499c1
[INFO] [stdout]                                at /rustc/0e09125c6c3c2fd70d7de961bcf0e51575235fad/library/std/src/../../backtrace/src/backtrace/libunwind.rs:104:5
[INFO] [stdout]    1:     0x55d20355ce16 - std::backtrace_rs::backtrace::trace_unsynchronized::hd183f0625477fb28
[INFO] [stdout]                                at /rustc/0e09125c6c3c2fd70d7de961bcf0e51575235fad/library/std/src/../../backtrace/src/backtrace/mod.rs:66:5
[INFO] [stdout]    2:     0x55d20355ce16 - std::sys_common::backtrace::_print_fmt::hd7f8fef21b4eda67
[INFO] [stdout]                                at /rustc/0e09125c6c3c2fd70d7de961bcf0e51575235fad/library/std/src/sys_common/backtrace.rs:68:5
[INFO] [stdout]    3:     0x55d20355ce16 - <std::sys_common::backtrace::_print::DisplayBacktrace as core::fmt::Display>::fmt::h623d9b51f2f453f1
[INFO] [stdout]                                at /rustc/0e09125c6c3c2fd70d7de961bcf0e51575235fad/library/std/src/sys_common/backtrace.rs:44:22
[INFO] [stdout]    4:     0x55d20358ba30 - core::fmt::rt::Argument::fmt::h9f417ac76a86f368
[INFO] [stdout]                                at /rustc/0e09125c6c3c2fd70d7de961bcf0e51575235fad/library/core/src/fmt/rt.rs:142:9
[INFO] [stdout]    5:     0x55d20358ba30 - core::fmt::write::hc9b6faf4ac2aeff7
[INFO] [stdout]                                at /rustc/0e09125c6c3c2fd70d7de961bcf0e51575235fad/library/core/src/fmt/mod.rs:1120:17
[INFO] [stdout]    6:     0x55d20355955f - std::io::Write::write_fmt::he04625a3a989fec3
[INFO] [stdout]                                at /rustc/0e09125c6c3c2fd70d7de961bcf0e51575235fad/library/std/src/io/mod.rs:1810:15
[INFO] [stdout]    7:     0x55d20355cbf4 - std::sys_common::backtrace::_print::hd5d66399c7df88a2
[INFO] [stdout]                                at /rustc/0e09125c6c3c2fd70d7de961bcf0e51575235fad/library/std/src/sys_common/backtrace.rs:47:5
[INFO] [stdout]    8:     0x55d20355cbf4 - std::sys_common::backtrace::print::he81ed2da642d37e5
[INFO] [stdout]                                at /rustc/0e09125c6c3c2fd70d7de961bcf0e51575235fad/library/std/src/sys_common/backtrace.rs:34:9
[INFO] [stdout]    9:     0x55d20355e967 - std::panicking::default_hook::{{closure}}::h85773f4fa117163d
[INFO] [stdout]   10:     0x55d20355e64d - std::panicking::default_hook::h6a1694a91d09b278
[INFO] [stdout]                                at /rustc/0e09125c6c3c2fd70d7de961bcf0e51575235fad/library/std/src/panicking.rs:289:9
[INFO] [stdout]   11:     0x55d202d90a27 - <alloc::boxed::Box<F,A> as core::ops::function::Fn<Args>>::call::h616ac37fa3cd6c8f
[INFO] [stdout]                                at /rustc/0e09125c6c3c2fd70d7de961bcf0e51575235fad/library/alloc/src/boxed.rs:2029:9
[INFO] [stdout]   12:     0x55d202d90a27 - test::test_main::{{closure}}::h00d84697cefdcbb6
[INFO] [stdout]                                at /rustc/0e09125c6c3c2fd70d7de961bcf0e51575235fad/library/test/src/lib.rs:138:21
[INFO] [stdout]   13:     0x55d20355ef86 - <alloc::boxed::Box<F,A> as core::ops::function::Fn<Args>>::call::hcb3fe3b9bb537ba8
[INFO] [stdout]                                at /rustc/0e09125c6c3c2fd70d7de961bcf0e51575235fad/library/alloc/src/boxed.rs:2029:9
[INFO] [stdout]   14:     0x55d20355ef86 - std::panicking::rust_panic_with_hook::h0a7ad96e90f7145b
[INFO] [stdout]                                at /rustc/0e09125c6c3c2fd70d7de961bcf0e51575235fad/library/std/src/panicking.rs:783:13
[INFO] [stdout]   15:     0x55d20355ecd2 - std::panicking::begin_panic_handler::{{closure}}::h7919090525c6485e
[INFO] [stdout]                                at /rustc/0e09125c6c3c2fd70d7de961bcf0e51575235fad/library/std/src/panicking.rs:657:13
[INFO] [stdout]   16:     0x55d20355d316 - std::sys_common::backtrace::__rust_end_short_backtrace::hf3289479464f7dfe
[INFO] [stdout]                                at /rustc/0e09125c6c3c2fd70d7de961bcf0e51575235fad/library/std/src/sys_common/backtrace.rs:171:18
[INFO] [stdout]   17:     0x55d20355ea30 - rust_begin_unwind
[INFO] [stdout]                                at /rustc/0e09125c6c3c2fd70d7de961bcf0e51575235fad/library/std/src/panicking.rs:645:5
[INFO] [stdout]   18:     0x55d2028a09b5 - core::panicking::panic_fmt::hcc9f77c5c132af55
[INFO] [stdout]                                at /rustc/0e09125c6c3c2fd70d7de961bcf0e51575235fad/library/core/src/panicking.rs:72:14
[INFO] [stdout]   19:     0x55d2028a0f93 - core::result::unwrap_failed::hbe14f498be1452f9
[INFO] [stdout]                                at /rustc/0e09125c6c3c2fd70d7de961bcf0e51575235fad/library/core/src/result.rs:1649:5
[INFO] [stdout]   20:     0x55d202c6f1cd - core::result::Result<T,E>::unwrap::hf5b7714b67a3735e
[INFO] [stdout]                                at /rustc/0e09125c6c3c2fd70d7de961bcf0e51575235fad/library/core/src/result.rs:1073:23
[INFO] [stdout]   21:     0x55d20297c170 - bors::github::webhook::parse_webhook_event::h68a96dcd9a9dd991
[INFO] [stdout]                                at /opt/rustwide/workdir/src/github/webhook.rs:254:13
[INFO] [stdout]   22:     0x55d202988cf8 - <bors::github::webhook::GitHubWebhook as axum_core::extract::FromRequest<alloc::sync::Arc<bors::github::server::ServerState>,B>>::from_request::{{closure}}::he0246dd901b58de3
[INFO] [stdout]                                at /opt/rustwide/workdir/src/github/webhook.rs:128:15
[INFO] [stdout]   23:     0x55d2029d5e8d - <core::pin::Pin<P> as core::future::future::Future>::poll::hf94a2ea78737712c
[INFO] [stdout]                                at /rustc/0e09125c6c3c2fd70d7de961bcf0e51575235fad/library/core/src/future/future.rs:124:9
[INFO] [stdout]   24:     0x55d2029b3c77 - bors::github::webhook::tests::check_webhook::{{closure}}::hef7943f7fb2871c2
[INFO] [stdout]                                at /opt/rustwide/workdir/src/github/webhook.rs:640:59
[INFO] [stdout]   25:     0x55d2029beb7d - bors::github::webhook::tests::test_unknown_event::{{closure}}::h0c1e8a3b6b9b59f8
[INFO] [stdout]                                at /opt/rustwide/workdir/src/github/webhook.rs:606:18
[INFO] [stdout]   26:     0x55d2029d5878 - <core::pin::Pin<P> as core::future::future::Future>::poll::h822e4ba5f0a1b276
[INFO] [stdout]                                at /rustc/0e09125c6c3c2fd70d7de961bcf0e51575235fad/library/core/src/future/future.rs:124:9
[INFO] [stdout]   27:     0x55d2029d5a1b - <core::pin::Pin<P> as core::future::future::Future>::poll::h8ede0c26c3db08eb
[INFO] [stdout]                                at /rustc/0e09125c6c3c2fd70d7de961bcf0e51575235fad/library/core/src/future/future.rs:124:9
[INFO] [stdout]   28:     0x55d202b19b74 - tokio::runtime::scheduler::current_thread::CoreGuard::block_on::{{closure}}::{{closure}}::{{closure}}::h491c84841699b687
[INFO] [stdout]                                at /opt/rustwide/cargo-home/registry/src/index.crates.io-6f17d22bba15001f/tokio-1.28.0/src/runtime/scheduler/current_thread.rs:541:57
[INFO] [stdout]   29:     0x55d202b19aaa - tokio::runtime::coop::with_budget::hfea137fc6e507301
[INFO] [stdout]                                at /opt/rustwide/cargo-home/registry/src/index.crates.io-6f17d22bba15001f/tokio-1.28.0/src/runtime/coop.rs:107:5
[INFO] [stdout]   30:     0x55d202b19aaa - tokio::runtime::coop::budget::h4262952924053083
[INFO] [stdout]                                at /opt/rustwide/cargo-home/registry/src/index.crates.io-6f17d22bba15001f/tokio-1.28.0/src/runtime/coop.rs:73:5
[INFO] [stdout]   31:     0x55d202b19aaa - tokio::runtime::scheduler::current_thread::CoreGuard::block_on::{{closure}}::{{closure}}::hd55173f227b22a84
[INFO] [stdout]                                at /opt/rustwide/cargo-home/registry/src/index.crates.io-6f17d22bba15001f/tokio-1.28.0/src/runtime/scheduler/current_thread.rs:541:25
[INFO] [stdout]   32:     0x55d202b1856c - tokio::runtime::scheduler::current_thread::Context::enter::h782a4763c8e85126
[INFO] [stdout]                                at /opt/rustwide/cargo-home/registry/src/index.crates.io-6f17d22bba15001f/tokio-1.28.0/src/runtime/scheduler/current_thread.rs:350:19
[INFO] [stdout]   33:     0x55d202b1905a - tokio::runtime::scheduler::current_thread::CoreGuard::block_on::{{closure}}::h2a121d6651a933a9
[INFO] [stdout]                                at /opt/rustwide/cargo-home/registry/src/index.crates.io-6f17d22bba15001f/tokio-1.28.0/src/runtime/scheduler/current_thread.rs:540:36
[INFO] [stdout]   34:     0x55d202b18d6b - tokio::runtime::scheduler::current_thread::CoreGuard::enter::{{closure}}::h6dbe9fbaf7eb86b3
[INFO] [stdout]                                at /opt/rustwide/cargo-home/registry/src/index.crates.io-6f17d22bba15001f/tokio-1.28.0/src/runtime/scheduler/current_thread.rs:615:57
[INFO] [stdout]   35:     0x55d202992de8 - tokio::macros::scoped_tls::ScopedKey<T>::set::h5547f0aa3347b07b
[INFO] [stdout]                                at /opt/rustwide/cargo-home/registry/src/index.crates.io-6f17d22bba15001f/tokio-1.28.0/src/macros/scoped_tls.rs:61:9
[INFO] [stdout]   36:     0x55d202b18aff - tokio::runtime::scheduler::current_thread::CoreGuard::enter::hca742296a89139bb
[INFO] [stdout]                                at /opt/rustwide/cargo-home/registry/src/index.crates.io-6f17d22bba15001f/tokio-1.28.0/src/runtime/scheduler/current_thread.rs:615:27
[INFO] [stdout]   37:     0x55d202b18d9d - tokio::runtime::scheduler::current_thread::CoreGuard::block_on::hc87ec4747b9aeaff
[INFO] [stdout]                                at /opt/rustwide/cargo-home/registry/src/index.crates.io-6f17d22bba15001f/tokio-1.28.0/src/runtime/scheduler/current_thread.rs:530:19
[INFO] [stdout]   38:     0x55d202b1730b - tokio::runtime::scheduler::current_thread::CurrentThread::block_on::he1c3b5adbbe60c6c
[INFO] [stdout]                                at /opt/rustwide/cargo-home/registry/src/index.crates.io-6f17d22bba15001f/tokio-1.28.0/src/runtime/scheduler/current_thread.rs:154:24
[INFO] [stdout]   39:     0x55d202ab83dd - tokio::runtime::runtime::Runtime::block_on::h7db4913b4e398e17
[INFO] [stdout]                                at /opt/rustwide/cargo-home/registry/src/index.crates.io-6f17d22bba15001f/tokio-1.28.0/src/runtime/runtime.rs:302:47
[INFO] [stdout]   40:     0x55d2029be96c - bors::github::webhook::tests::test_unknown_event::h4c8473cc6526332c
[INFO] [stdout]                                at /opt/rustwide/workdir/src/github/webhook.rs:604:9
[INFO] [stdout]   41:     0x55d2029be7f7 - bors::github::webhook::tests::test_unknown_event::{{closure}}::hba984fd07c6f5d9b
[INFO] [stdout]                                at /opt/rustwide/workdir/src/github/webhook.rs:603:34
[INFO] [stdout]   42:     0x55d20291ae86 - core::ops::function::FnOnce::call_once::h0906f87c9ec311d9
[INFO] [stdout]                                at /rustc/0e09125c6c3c2fd70d7de961bcf0e51575235fad/library/core/src/ops/function.rs:250:5
[INFO] [stdout]   43:     0x55d202d962ff - core::ops::function::FnOnce::call_once::hd64d26f405258157
[INFO] [stdout]                                at /rustc/0e09125c6c3c2fd70d7de961bcf0e51575235fad/library/core/src/ops/function.rs:250:5
[INFO] [stdout]   44:     0x55d202d962ff - test::__rust_begin_short_backtrace::he21b0b7a6d731bf9
[INFO] [stdout]                                at /rustc/0e09125c6c3c2fd70d7de961bcf0e51575235fad/library/test/src/lib.rs:627:18
[INFO] [stdout]   45:     0x55d202d95081 - test::run_test_in_process::{{closure}}::hf5c73986d7bdfde2
[INFO] [stdout]                                at /rustc/0e09125c6c3c2fd70d7de961bcf0e51575235fad/library/test/src/lib.rs:650:60
[INFO] [stdout]   46:     0x55d202d95081 - <core::panic::unwind_safe::AssertUnwindSafe<F> as core::ops::function::FnOnce<()>>::call_once::h330011ad032aadc0
[INFO] [stdout]                                at /rustc/0e09125c6c3c2fd70d7de961bcf0e51575235fad/library/core/src/panic/unwind_safe.rs:272:9
[INFO] [stdout]   47:     0x55d202d95081 - std::panicking::try::do_call::he61b0a958b795a41
[INFO] [stdout]                                at /rustc/0e09125c6c3c2fd70d7de961bcf0e51575235fad/library/std/src/panicking.rs:552:40
[INFO] [stdout]   48:     0x55d202d95081 - std::panicking::try::h7309da130f906eb7
[INFO] [stdout]                                at /rustc/0e09125c6c3c2fd70d7de961bcf0e51575235fad/library/std/src/panicking.rs:516:19
[INFO] [stdout]   49:     0x55d202d95081 - std::panic::catch_unwind::hc5c3a06fdaf0a92a
[INFO] [stdout]                                at /rustc/0e09125c6c3c2fd70d7de961bcf0e51575235fad/library/std/src/panic.rs:142:14
[INFO] [stdout]   50:     0x55d202d95081 - test::run_test_in_process::h7e7b7c71c3324e0f
[INFO] [stdout]                                at /rustc/0e09125c6c3c2fd70d7de961bcf0e51575235fad/library/test/src/lib.rs:650:27
[INFO] [stdout]   51:     0x55d202d95081 - test::run_test::{{closure}}::h1f509f28f5cf20b1
[INFO] [stdout]                                at /rustc/0e09125c6c3c2fd70d7de961bcf0e51575235fad/library/test/src/lib.rs:573:43
[INFO] [stdout]   52:     0x55d202d5c3b6 - test::run_test::{{closure}}::h1754218abf443f6d
[INFO] [stdout]                                at /rustc/0e09125c6c3c2fd70d7de961bcf0e51575235fad/library/test/src/lib.rs:601:41
[INFO] [stdout]   53:     0x55d202d5c3b6 - std::sys_common::backtrace::__rust_begin_short_backtrace::h2ee174b9d5954948
[INFO] [stdout]                                at /rustc/0e09125c6c3c2fd70d7de961bcf0e51575235fad/library/std/src/sys_common/backtrace.rs:155:18
[INFO] [stdout]   54:     0x55d202d61417 - std::thread::Builder::spawn_unchecked_::{{closure}}::{{closure}}::hf60bee9c1a17ef09
[INFO] [stdout]                                at /rustc/0e09125c6c3c2fd70d7de961bcf0e51575235fad/library/std/src/thread/mod.rs:529:17
[INFO] [stdout]   55:     0x55d202d61417 - <core::panic::unwind_safe::AssertUnwindSafe<F> as core::ops::function::FnOnce<()>>::call_once::h33d0dddec5216160
[INFO] [stdout]                                at /rustc/0e09125c6c3c2fd70d7de961bcf0e51575235fad/library/core/src/panic/unwind_safe.rs:272:9
[INFO] [stdout]   56:     0x55d202d61417 - std::panicking::try::do_call::h144b3048b546f835
[INFO] [stdout]                                at /rustc/0e09125c6c3c2fd70d7de961bcf0e51575235fad/library/std/src/panicking.rs:552:40
[INFO] [stdout]   57:     0x55d202d61417 - std::panicking::try::h978244d04646189f
[INFO] [stdout]                                at /rustc/0e09125c6c3c2fd70d7de961bcf0e51575235fad/library/std/src/panicking.rs:516:19
[INFO] [stdout]   58:     0x55d202d61417 - std::panic::catch_unwind::hdf436369d188fe86
[INFO] [stdout]                                at /rustc/0e09125c6c3c2fd70d7de961bcf0e51575235fad/library/std/src/panic.rs:142:14
[INFO] [stdout]   59:     0x55d202d61417 - std::thread::Builder::spawn_unchecked_::{{closure}}::h87329cbdd33c79ec
[INFO] [stdout]                                at /rustc/0e09125c6c3c2fd70d7de961bcf0e51575235fad/library/std/src/thread/mod.rs:528:30
[INFO] [stdout]   60:     0x55d202d61417 - core::ops::function::FnOnce::call_once{{vtable.shim}}::h401abbe67897d450
[INFO] [stdout]                                at /rustc/0e09125c6c3c2fd70d7de961bcf0e51575235fad/library/core/src/ops/function.rs:250:5
[INFO] [stdout]   61:     0x55d203564015 - <alloc::boxed::Box<F,A> as core::ops::function::FnOnce<Args>>::call_once::h5d7c8f150ab9c84c
[INFO] [stdout]                                at /rustc/0e09125c6c3c2fd70d7de961bcf0e51575235fad/library/alloc/src/boxed.rs:2015:9
[INFO] [stdout]   62:     0x55d203564015 - <alloc::boxed::Box<F,A> as core::ops::function::FnOnce<Args>>::call_once::h570d5b005c242c15
[INFO] [stdout]                                at /rustc/0e09125c6c3c2fd70d7de961bcf0e51575235fad/library/alloc/src/boxed.rs:2015:9
[INFO] [stdout]   63:     0x55d203564015 - std::sys::unix::thread::Thread::new::thread_start::h36b0a20c0b2361ad
[INFO] [stdout]                                at /rustc/0e09125c6c3c2fd70d7de961bcf0e51575235fad/library/std/src/sys/unix/thread.rs:108:17
[INFO] [stdout]   64:     0x7f60d7c74ac3 - <unknown>
[INFO] [stdout]   65:     0x7f60d7d05bf4 - __clone
[INFO] [stdout]   66:                0x0 - <unknown>
[INFO] [stdout] 
[INFO] [stdout] 
[INFO] [stdout] failures:
[INFO] [stdout]     github::webhook::tests::test_unknown_event
[INFO] [stdout] 
[INFO] [stdout] test result: FAILED. 61 passed; 1 failed; 0 ignored; 0 measured; 0 filtered out; finished in 0.44s
[INFO] [stdout] 
[INFO] [stderr] error: test failed, to rerun pass `--lib`
[INFO] running `Command { std: "docker" "inspect" "f0ae35e05d6080d1dcc97ff653e2209b9ea9b6fdbffa3ccac61d8513563f0f78", kill_on_drop: false }`
[INFO] running `Command { std: "docker" "rm" "-f" "f0ae35e05d6080d1dcc97ff653e2209b9ea9b6fdbffa3ccac61d8513563f0f78", kill_on_drop: false }`
[INFO] [stdout] f0ae35e05d6080d1dcc97ff653e2209b9ea9b6fdbffa3ccac61d8513563f0f78
