[INFO] cloning repository https://github.com/rust-adventure/serverless-opengraph-image-generator
[INFO] running `Command { std: "git" "-c" "credential.helper=" "-c" "credential.helper=/workspace/cargo-home/bin/git-credential-null" "clone" "--bare" "https://github.com/rust-adventure/serverless-opengraph-image-generator" "/workspace/cache/git-repos/https%3A%2F%2Fgithub.com%2Frust-adventure%2Fserverless-opengraph-image-generator", kill_on_drop: false }`
[INFO] [stderr] Cloning into bare repository '/workspace/cache/git-repos/https%3A%2F%2Fgithub.com%2Frust-adventure%2Fserverless-opengraph-image-generator'...
[INFO] running `Command { std: "git" "rev-parse" "HEAD", kill_on_drop: false }`
[INFO] [stdout] 43ca6a9a3b3cd10e87f73230f0b59fffcabf2717
[INFO] testing rust-adventure/serverless-opengraph-image-generator against 1.75.0 for beta-1.76-1
[INFO] running `Command { std: "git" "clone" "/workspace/cache/git-repos/https%3A%2F%2Fgithub.com%2Frust-adventure%2Fserverless-opengraph-image-generator" "/workspace/builds/worker-0-tc1/source", kill_on_drop: false }`
[INFO] [stderr] Cloning into '/workspace/builds/worker-0-tc1/source'...
[INFO] [stderr] done.
[INFO] validating manifest of git repo https://github.com/rust-adventure/serverless-opengraph-image-generator on toolchain 1.75.0
[INFO] running `Command { std: CARGO_HOME="/workspace/cargo-home" RUSTUP_HOME="/workspace/rustup-home" "/workspace/cargo-home/bin/cargo" "+1.75.0" "metadata" "--manifest-path" "Cargo.toml" "--no-deps", kill_on_drop: false }`
[INFO] removed /workspace/builds/worker-0-tc1/source/rust-toolchain.toml
[INFO] started tweaking git repo https://github.com/rust-adventure/serverless-opengraph-image-generator
[INFO] finished tweaking git repo https://github.com/rust-adventure/serverless-opengraph-image-generator
[INFO] tweaked toml for git repo https://github.com/rust-adventure/serverless-opengraph-image-generator written to /workspace/builds/worker-0-tc1/source/Cargo.toml
[INFO] crate git repo https://github.com/rust-adventure/serverless-opengraph-image-generator already has a lockfile, it will not be regenerated
[INFO] running `Command { std: CARGO_HOME="/workspace/cargo-home" RUSTUP_HOME="/workspace/rustup-home" "/workspace/cargo-home/bin/cargo" "+1.75.0" "fetch" "--manifest-path" "Cargo.toml", kill_on_drop: false }`
[INFO] [stderr]  Downloading crates ...
[INFO] [stderr]   Downloaded lambda_runtime v0.4.1
[INFO] [stderr]   Downloaded aws_lambda_events v0.5.0
[INFO] running `Command { std: "docker" "create" "-v" "/var/lib/crater-agent-workspace/builds/worker-0-tc1/target:/opt/rustwide/target:rw,Z" "-v" "/var/lib/crater-agent-workspace/builds/worker-0-tc1/source:/opt/rustwide/workdir:ro,Z" "-v" "/var/lib/crater-agent-workspace/cargo-home:/opt/rustwide/cargo-home:ro,Z" "-v" "/var/lib/crater-agent-workspace/rustup-home:/opt/rustwide/rustup-home:ro,Z" "-e" "SOURCE_DIR=/opt/rustwide/workdir" "-e" "CARGO_TARGET_DIR=/opt/rustwide/target" "-e" "CARGO_HOME=/opt/rustwide/cargo-home" "-e" "RUSTUP_HOME=/opt/rustwide/rustup-home" "-w" "/opt/rustwide/workdir" "-m" "1610612736" "--user" "0:0" "--network" "none" "ghcr.io/rust-lang/crates-build-env/linux@sha256:2788e3201cd34a07e3172128adcd8b3090168a8e3bcc40d7c032b9dda1df7d1c" "/opt/rustwide/cargo-home/bin/cargo" "+1.75.0" "metadata" "--no-deps" "--format-version=1", kill_on_drop: false }`
[INFO] [stdout] 8a3e66f9bef0e57a0eff1e61d86f322977c2d626341b1505e2f08055c2ec0226
[INFO] running `Command { std: "docker" "start" "-a" "8a3e66f9bef0e57a0eff1e61d86f322977c2d626341b1505e2f08055c2ec0226", kill_on_drop: false }`
[INFO] running `Command { std: "docker" "inspect" "8a3e66f9bef0e57a0eff1e61d86f322977c2d626341b1505e2f08055c2ec0226", kill_on_drop: false }`
[INFO] running `Command { std: "docker" "rm" "-f" "8a3e66f9bef0e57a0eff1e61d86f322977c2d626341b1505e2f08055c2ec0226", kill_on_drop: false }`
[INFO] [stdout] 8a3e66f9bef0e57a0eff1e61d86f322977c2d626341b1505e2f08055c2ec0226
[INFO] running `Command { std: "docker" "create" "-v" "/var/lib/crater-agent-workspace/builds/worker-0-tc1/target:/opt/rustwide/target:rw,Z" "-v" "/var/lib/crater-agent-workspace/builds/worker-0-tc1/source:/opt/rustwide/workdir:ro,Z" "-v" "/var/lib/crater-agent-workspace/cargo-home:/opt/rustwide/cargo-home:ro,Z" "-v" "/var/lib/crater-agent-workspace/rustup-home:/opt/rustwide/rustup-home:ro,Z" "-e" "SOURCE_DIR=/opt/rustwide/workdir" "-e" "CARGO_TARGET_DIR=/opt/rustwide/target" "-e" "CARGO_INCREMENTAL=0" "-e" "RUST_BACKTRACE=full" "-e" "RUSTFLAGS=--cap-lints=warn" "-e" "RUSTDOCFLAGS=--cap-lints=warn" "-e" "CARGO_HOME=/opt/rustwide/cargo-home" "-e" "RUSTUP_HOME=/opt/rustwide/rustup-home" "-w" "/opt/rustwide/workdir" "-m" "1610612736" "--user" "0:0" "--network" "none" "ghcr.io/rust-lang/crates-build-env/linux@sha256:2788e3201cd34a07e3172128adcd8b3090168a8e3bcc40d7c032b9dda1df7d1c" "/opt/rustwide/cargo-home/bin/cargo" "+1.75.0" "build" "--frozen" "--message-format=json", kill_on_drop: false }`
[INFO] [stdout] ad4bae7c811cb087f832f707252a35baeaa744b4301ff536fa1e1cce2b33d20d
[INFO] running `Command { std: "docker" "start" "-a" "ad4bae7c811cb087f832f707252a35baeaa744b4301ff536fa1e1cce2b33d20d", kill_on_drop: false }`
[INFO] [stderr]    Compiling autocfg v1.0.1
[INFO] [stderr]    Compiling proc-macro2 v1.0.29
[INFO] [stderr]    Compiling unicode-xid v0.2.2
[INFO] [stderr]    Compiling syn v1.0.78
[INFO] [stderr]    Compiling cfg-if v1.0.0
[INFO] [stderr]    Compiling libc v0.2.103
[INFO] [stderr]    Compiling lazy_static v1.4.0
[INFO] [stderr]    Compiling serde_derive v1.0.130
[INFO] [stderr]    Compiling serde v1.0.130
[INFO] [stderr]    Compiling crossbeam-utils v0.8.5
[INFO] [stderr]    Compiling log v0.4.14
[INFO] [stderr]    Compiling pin-project-lite v0.2.7
[INFO] [stderr]    Compiling num-traits v0.2.14
[INFO] [stderr]    Compiling num-integer v0.1.44
[INFO] [stderr]    Compiling memoffset v0.6.4
[INFO] [stderr]    Compiling futures-core v0.3.17
[INFO] [stderr]    Compiling crossbeam-epoch v0.9.5
[INFO] [stderr]    Compiling rayon-core v1.9.1
[INFO] [stderr]    Compiling memchr v2.4.1
[INFO] [stderr]    Compiling scopeguard v1.1.0
[INFO] [stderr]    Compiling quote v1.0.9
[INFO] [stderr]    Compiling num_cpus v1.13.0
[INFO] [stderr]    Compiling num-iter v0.1.42
[INFO] [stderr]    Compiling getrandom v0.1.16
[INFO] [stderr]    Compiling proc-macro-hack v0.5.19
[INFO] [stderr]    Compiling crossbeam-deque v0.8.1
[INFO] [stderr]    Compiling crossbeam-channel v0.5.1
[INFO] [stderr]    Compiling futures-macro v0.3.17
[INFO] [stderr]    Compiling num-bigint v0.3.3
[INFO] [stderr]    Compiling rayon v1.5.1
[INFO] [stderr]    Compiling either v1.6.1
[INFO] [stderr]    Compiling itoa v0.4.8
[INFO] [stderr]    Compiling futures-channel v0.3.17
[INFO] [stderr]    Compiling proc-macro-nested v0.1.7
[INFO] [stderr]    Compiling futures-task v0.3.17
[INFO] [stderr]    Compiling num-rational v0.3.2
[INFO] [stderr]    Compiling miniz_oxide v0.4.4
[INFO] [stderr]    Compiling futures-util v0.3.17
[INFO] [stderr]    Compiling adler32 v1.2.0
[INFO] [stderr]    Compiling fnv v1.0.7
[INFO] [stderr]    Compiling crc32fast v1.2.1
[INFO] [stderr]    Compiling futures-sink v0.3.17
[INFO] [stderr]    Compiling rand_core v0.5.1
[INFO] [stderr]    Compiling tokio v1.12.0
[INFO] [stderr]    Compiling tracing-core v0.1.21
[INFO] [stderr]    Compiling weezl v0.1.5
[INFO] [stderr]    Compiling ryu v1.0.5
[INFO] [stderr]    Compiling ppv-lite86 v0.2.10
[INFO] [stderr]    Compiling adler v1.0.2
[INFO] [stderr]    Compiling futures-io v0.3.17
[INFO] [stderr]    Compiling slab v0.4.4
[INFO] [stderr]    Compiling byteorder v1.4.3
[INFO] [stderr]    Compiling pin-utils v0.1.0
[INFO] [stderr]    Compiling matrixmultiply v0.1.15
[INFO] [stderr]    Compiling rand_chacha v0.2.2
[INFO] [stderr]    Compiling deflate v0.8.6
[INFO] [stderr]    Compiling miniz_oxide v0.3.7
[INFO] [stderr]    Compiling mio v0.7.13
[INFO] [stderr]    Compiling once_cell v1.8.0
[INFO] [stderr]    Compiling rawpointer v0.1.0
[INFO] [stderr]    Compiling httparse v1.5.1
[INFO] [stderr]    Compiling ttf-parser v0.6.2
[INFO] [stderr]    Compiling bitflags v1.3.2
[INFO] [stderr]    Compiling serde_json v1.0.68
[INFO] [stderr]    Compiling color_quant v1.1.0
[INFO] [stderr]    Compiling png v0.16.8
[INFO] [stderr]    Compiling jpeg-decoder v0.1.22
[INFO] [stderr]    Compiling gif v0.11.2
[INFO] [stderr]    Compiling thread_local v1.1.3
[INFO] [stderr]    Compiling rand v0.7.3
[INFO] [stderr]    Compiling num v0.1.42
[INFO] [stderr]    Compiling num-complex v0.3.1
[INFO] [stderr]    Compiling sharded-slab v0.1.3
[INFO] [stderr]    Compiling tiff v0.6.1
[INFO] [stderr]    Compiling ab_glyph_rasterizer v0.1.4
[INFO] [stderr]    Compiling custom_derive v0.1.7
[INFO] [stderr]    Compiling try-lock v0.2.3
[INFO] [stderr]    Compiling scoped_threadpool v0.1.9
[INFO] [stderr]    Compiling owned_ttf_parser v0.6.0
[INFO] [stderr]    Compiling bytemuck v1.7.2
[INFO] [stderr]    Compiling image v0.23.14
[INFO] [stderr]    Compiling tracing-subscriber v0.2.24
[INFO] [stderr]    Compiling rand_distr v0.2.2
[INFO] [stderr]    Compiling rusttype v0.9.2
[INFO] [stderr]    Compiling want v0.3.0
[INFO] [stderr]    Compiling num v0.3.1
[INFO] [stderr]    Compiling conv v0.3.3
[INFO] [stderr]    Compiling rulinalg v0.4.2
[INFO] [stderr]    Compiling itertools v0.9.0
[INFO] [stderr]    Compiling socket2 v0.4.2
[INFO] [stderr]    Compiling time v0.1.44
[INFO] [stderr]    Compiling tower-service v0.3.1
[INFO] [stderr]    Compiling httpdate v1.0.1
[INFO] [stderr]    Compiling base64 v0.13.0
[INFO] [stderr]    Compiling imageproc v0.22.0
[INFO] [stderr]    Compiling tracing-attributes v0.1.16
[INFO] [stderr]    Compiling tokio-macros v1.4.1
[INFO] [stderr]    Compiling async-stream-impl v0.3.2
[INFO] [stderr]    Compiling thiserror-impl v1.0.29
[INFO] [stderr]    Compiling async-stream v0.3.2
[INFO] [stderr]    Compiling tracing v0.1.28
[INFO] [stderr]    Compiling tracing-error v0.1.2
[INFO] [stderr]    Compiling thiserror v1.0.29
[INFO] [stderr]    Compiling og_image_writer v0.2.1 (/opt/rustwide/workdir/og_image_writer/og_image_writer)
[INFO] [stderr]    Compiling futures-executor v0.3.17
[INFO] [stderr]    Compiling futures v0.3.17
[INFO] [stderr]    Compiling bytes v1.1.0
[INFO] [stderr]    Compiling chrono v0.4.19
[INFO] [stderr]    Compiling http v0.2.5
[INFO] [stderr]    Compiling http-body v0.4.3
[INFO] [stderr]    Compiling http-serde v1.0.3
[INFO] [stderr]    Compiling aws_lambda_events v0.5.0
[INFO] [stderr]    Compiling tokio-stream v0.1.7
[INFO] [stderr]    Compiling hyper v0.14.13
[INFO] [stderr]    Compiling lambda_runtime v0.4.1
[INFO] [stderr]    Compiling opengraph-images v0.1.0 (/opt/rustwide/workdir)
[INFO] [stdout] warning: unused import: `ApiGatewayProxyRequest`
[INFO] [stdout]  --> src/og-test.rs:2:5
[INFO] [stdout]   |
[INFO] [stdout] 2 |     ApiGatewayProxyRequest, ApiGatewayProxyResponse,
[INFO] [stdout]   |     ^^^^^^^^^^^^^^^^^^^^^^
[INFO] [stdout]   |
[INFO] [stdout]   = note: `#[warn(unused_imports)]` on by default
[INFO] [stdout] 
[INFO] [stdout] 
[INFO] [stdout] warning: unused import: `StatusCode`
[INFO] [stdout]  --> src/og-test.rs:4:23
[INFO] [stdout]   |
[INFO] [stdout] 4 | use http::{HeaderMap, StatusCode};
[INFO] [stdout]   |                       ^^^^^^^^^^
[INFO] [stdout] 
[INFO] [stdout] 
[INFO] [stdout] warning: unused import: `json`
[INFO] [stdout]  --> src/og-test.rs:6:18
[INFO] [stdout]   |
[INFO] [stdout] 6 | use serde_json::{json, Value};
[INFO] [stdout]   |                  ^^^^
[INFO] [stdout] 
[INFO] [stdout] 
[INFO] [stdout] warning: unused imports: `ColorType`, `ImageBuffer`, `ImageEncoder`, `ImageFormat`, `Pixel`, `RgbaImage`, `Rgba`, `png::PngEncoder`
[INFO] [stdout]  --> src/main.rs:3:5
[INFO] [stdout]   |
[INFO] [stdout] 3 |     png::PngEncoder, ColorType, DynamicImage, ImageBuffer,
[INFO] [stdout]   |     ^^^^^^^^^^^^^^^  ^^^^^^^^^                ^^^^^^^^^^^
[INFO] [stdout] 4 |     ImageEncoder, ImageFormat, ImageOutputFormat, Pixel,
[INFO] [stdout]   |     ^^^^^^^^^^^^  ^^^^^^^^^^^                     ^^^^^
[INFO] [stdout] 5 |     Rgba, RgbaImage,
[INFO] [stdout]   |     ^^^^  ^^^^^^^^^
[INFO] [stdout]   |
[INFO] [stdout]   = note: `#[warn(unused_imports)]` on by default
[INFO] [stdout] 
[INFO] [stdout] 
[INFO] [stdout] warning: unused imports: `ColorType`, `ImageBuffer`, `ImageEncoder`, `ImageFormat`, `Pixel`, `RgbaImage`, `Rgba`, `png::PngEncoder`
[INFO] [stdout]  --> src/generic.rs:3:5
[INFO] [stdout]   |
[INFO] [stdout] 3 |     png::PngEncoder, ColorType, DynamicImage, ImageBuffer,
[INFO] [stdout]   |     ^^^^^^^^^^^^^^^  ^^^^^^^^^                ^^^^^^^^^^^
[INFO] [stdout] 4 |     ImageEncoder, ImageFormat, ImageOutputFormat, Pixel,
[INFO] [stdout]   |     ^^^^^^^^^^^^  ^^^^^^^^^^^                     ^^^^^
[INFO] [stdout] 5 |     Rgba, RgbaImage,
[INFO] [stdout]   |     ^^^^  ^^^^^^^^^
[INFO] [stdout]   |
[INFO] [stdout]   = note: `#[warn(unused_imports)]` on by default
[INFO] [stdout] 
[INFO] [stdout] 
[INFO] [stdout] warning: unused variable: `title`
[INFO] [stdout]   --> src/og-test.rs:22:9
[INFO] [stdout]    |
[INFO] [stdout] 22 |     let title = &event["queryStringParameters"]["title"].as_str().or(Some("Rust Adventure Dynamic Image Serverless Function Test"));
[INFO] [stdout]    |         ^^^^^ help: if this is intentional, prefix it with an underscore: `_title`
[INFO] [stdout]    |
[INFO] [stdout]    = note: `#[warn(unused_variables)]` on by default
[INFO] [stdout] 
[INFO] [stdout] 
[INFO] [stdout] warning: unused variable: `subtitle`
[INFO] [stdout]   --> src/og-test.rs:23:9
[INFO] [stdout]    |
[INFO] [stdout] 23 |     let subtitle = &event["queryStringParameters"]
[INFO] [stdout]    |         ^^^^^^^^ help: if this is intentional, prefix it with an underscore: `_subtitle`
[INFO] [stdout] 
[INFO] [stdout] 
[INFO] [stdout] warning: constant `width` is never used
[INFO] [stdout]  --> src/og-test.rs:8:7
[INFO] [stdout]   |
[INFO] [stdout] 8 | const width: u32 = 1024;
[INFO] [stdout]   |       ^^^^^
[INFO] [stdout]   |
[INFO] [stdout]   = note: `#[warn(dead_code)]` on by default
[INFO] [stdout] 
[INFO] [stdout] 
[INFO] [stdout] warning: constant `height` is never used
[INFO] [stdout]  --> src/og-test.rs:9:7
[INFO] [stdout]   |
[INFO] [stdout] 9 | const height: u32 = 512;
[INFO] [stdout]   |       ^^^^^^
[INFO] [stdout] 
[INFO] [stdout] 
[INFO] [stdout] warning: constant `width` should have an upper case name
[INFO] [stdout]  --> src/og-test.rs:8:7
[INFO] [stdout]   |
[INFO] [stdout] 8 | const width: u32 = 1024;
[INFO] [stdout]   |       ^^^^^ help: convert the identifier to upper case: `WIDTH`
[INFO] [stdout]   |
[INFO] [stdout]   = note: `#[warn(non_upper_case_globals)]` on by default
[INFO] [stdout] 
[INFO] [stdout] 
[INFO] [stdout] warning: constant `height` should have an upper case name
[INFO] [stdout]  --> src/og-test.rs:9:7
[INFO] [stdout]   |
[INFO] [stdout] 9 | const height: u32 = 512;
[INFO] [stdout]   |       ^^^^^^ help: convert the identifier to upper case: `HEIGHT`
[INFO] [stdout] 
[INFO] [stdout] 
[INFO] [stdout] warning: constant `width` should have an upper case name
[INFO] [stdout]   --> src/main.rs:11:7
[INFO] [stdout]    |
[INFO] [stdout] 11 | const width: u32 = 1024;
[INFO] [stdout]    |       ^^^^^ help: convert the identifier to upper case: `WIDTH`
[INFO] [stdout]    |
[INFO] [stdout]    = note: `#[warn(non_upper_case_globals)]` on by default
[INFO] [stdout] 
[INFO] [stdout] 
[INFO] [stdout] warning: constant `height` should have an upper case name
[INFO] [stdout]   --> src/main.rs:12:7
[INFO] [stdout]    |
[INFO] [stdout] 12 | const height: u32 = 512;
[INFO] [stdout]    |       ^^^^^^ help: convert the identifier to upper case: `HEIGHT`
[INFO] [stdout] 
[INFO] [stdout] 
[INFO] [stdout] warning: constant `width` should have an upper case name
[INFO] [stdout]   --> src/generic.rs:11:7
[INFO] [stdout]    |
[INFO] [stdout] 11 | const width: u32 = 1024;
[INFO] [stdout]    |       ^^^^^ help: convert the identifier to upper case: `WIDTH`
[INFO] [stdout]    |
[INFO] [stdout]    = note: `#[warn(non_upper_case_globals)]` on by default
[INFO] [stdout] 
[INFO] [stdout] 
[INFO] [stdout] warning: constant `height` should have an upper case name
[INFO] [stdout]   --> src/generic.rs:12:7
[INFO] [stdout]    |
[INFO] [stdout] 12 | const height: u32 = 512;
[INFO] [stdout]    |       ^^^^^^ help: convert the identifier to upper case: `HEIGHT`
[INFO] [stdout] 
[INFO] [stdout] 
[INFO] [stdout] warning: 9 warnings emitted
[INFO] [stdout] 
[INFO] [stdout] 
[INFO] [stdout] warning: 3 warnings emitted
[INFO] [stdout] 
[INFO] [stdout] 
[INFO] [stdout] warning: 3 warnings emitted
[INFO] [stdout] 
[INFO] [stdout] 
[INFO] [stderr]     Finished dev [unoptimized + debuginfo] target(s) in 48.57s
[INFO] running `Command { std: "docker" "inspect" "ad4bae7c811cb087f832f707252a35baeaa744b4301ff536fa1e1cce2b33d20d", kill_on_drop: false }`
[INFO] running `Command { std: "docker" "rm" "-f" "ad4bae7c811cb087f832f707252a35baeaa744b4301ff536fa1e1cce2b33d20d", kill_on_drop: false }`
[INFO] [stdout] ad4bae7c811cb087f832f707252a35baeaa744b4301ff536fa1e1cce2b33d20d
[INFO] running `Command { std: "docker" "create" "-v" "/var/lib/crater-agent-workspace/builds/worker-0-tc1/target:/opt/rustwide/target:rw,Z" "-v" "/var/lib/crater-agent-workspace/builds/worker-0-tc1/source:/opt/rustwide/workdir:ro,Z" "-v" "/var/lib/crater-agent-workspace/cargo-home:/opt/rustwide/cargo-home:ro,Z" "-v" "/var/lib/crater-agent-workspace/rustup-home:/opt/rustwide/rustup-home:ro,Z" "-e" "SOURCE_DIR=/opt/rustwide/workdir" "-e" "CARGO_TARGET_DIR=/opt/rustwide/target" "-e" "CARGO_INCREMENTAL=0" "-e" "RUST_BACKTRACE=full" "-e" "RUSTFLAGS=--cap-lints=warn" "-e" "RUSTDOCFLAGS=--cap-lints=warn" "-e" "CARGO_HOME=/opt/rustwide/cargo-home" "-e" "RUSTUP_HOME=/opt/rustwide/rustup-home" "-w" "/opt/rustwide/workdir" "-m" "1610612736" "--user" "0:0" "--network" "none" "ghcr.io/rust-lang/crates-build-env/linux@sha256:2788e3201cd34a07e3172128adcd8b3090168a8e3bcc40d7c032b9dda1df7d1c" "/opt/rustwide/cargo-home/bin/cargo" "+1.75.0" "test" "--frozen" "--no-run" "--message-format=json", kill_on_drop: false }`
[INFO] [stdout] f6552a7e4addee5053efcb8cadb0c149dae44ca131f9e212f8df04e2cc7e058f
[INFO] running `Command { std: "docker" "start" "-a" "f6552a7e4addee5053efcb8cadb0c149dae44ca131f9e212f8df04e2cc7e058f", kill_on_drop: false }`
[INFO] [stderr]    Compiling opengraph-images v0.1.0 (/opt/rustwide/workdir)
[INFO] [stdout] warning: unused import: `ApiGatewayProxyRequest`
[INFO] [stdout]  --> src/og-test.rs:2:5
[INFO] [stdout]   |
[INFO] [stdout] 2 |     ApiGatewayProxyRequest, ApiGatewayProxyResponse,
[INFO] [stdout]   |     ^^^^^^^^^^^^^^^^^^^^^^
[INFO] [stdout]   |
[INFO] [stdout]   = note: `#[warn(unused_imports)]` on by default
[INFO] [stdout] 
[INFO] [stdout] 
[INFO] [stdout] warning: unused import: `StatusCode`
[INFO] [stdout]  --> src/og-test.rs:4:23
[INFO] [stdout]   |
[INFO] [stdout] 4 | use http::{HeaderMap, StatusCode};
[INFO] [stdout]   |                       ^^^^^^^^^^
[INFO] [stdout] 
[INFO] [stdout] 
[INFO] [stdout] warning: unused import: `json`
[INFO] [stdout]  --> src/og-test.rs:6:18
[INFO] [stdout]   |
[INFO] [stdout] 6 | use serde_json::{json, Value};
[INFO] [stdout]   |                  ^^^^
[INFO] [stdout] 
[INFO] [stdout] 
[INFO] [stdout] warning: unused variable: `title`
[INFO] [stdout]   --> src/og-test.rs:22:9
[INFO] [stdout]    |
[INFO] [stdout] 22 |     let title = &event["queryStringParameters"]["title"].as_str().or(Some("Rust Adventure Dynamic Image Serverless Function Test"));
[INFO] [stdout]    |         ^^^^^ help: if this is intentional, prefix it with an underscore: `_title`
[INFO] [stdout]    |
[INFO] [stdout]    = note: `#[warn(unused_variables)]` on by default
[INFO] [stdout] 
[INFO] [stdout] 
[INFO] [stdout] warning: unused variable: `subtitle`
[INFO] [stdout]   --> src/og-test.rs:23:9
[INFO] [stdout]    |
[INFO] [stdout] 23 |     let subtitle = &event["queryStringParameters"]
[INFO] [stdout]    |         ^^^^^^^^ help: if this is intentional, prefix it with an underscore: `_subtitle`
[INFO] [stdout] 
[INFO] [stdout] 
[INFO] [stdout] warning: unused imports: `ColorType`, `ImageBuffer`, `ImageEncoder`, `ImageFormat`, `Pixel`, `RgbaImage`, `Rgba`, `png::PngEncoder`
[INFO] [stdout]  --> src/main.rs:3:5
[INFO] [stdout]   |
[INFO] [stdout] 3 |     png::PngEncoder, ColorType, DynamicImage, ImageBuffer,
[INFO] [stdout]   |     ^^^^^^^^^^^^^^^  ^^^^^^^^^                ^^^^^^^^^^^
[INFO] [stdout] 4 |     ImageEncoder, ImageFormat, ImageOutputFormat, Pixel,
[INFO] [stdout]   |     ^^^^^^^^^^^^  ^^^^^^^^^^^                     ^^^^^
[INFO] [stdout] 5 |     Rgba, RgbaImage,
[INFO] [stdout]   |     ^^^^  ^^^^^^^^^
[INFO] [stdout]   |
[INFO] [stdout]   = note: `#[warn(unused_imports)]` on by default
[INFO] [stdout] 
[INFO] [stdout] 
[INFO] [stdout] warning: unused imports: `ColorType`, `ImageBuffer`, `ImageEncoder`, `ImageFormat`, `Pixel`, `RgbaImage`, `Rgba`, `png::PngEncoder`
[INFO] [stdout]  --> src/generic.rs:3:5
[INFO] [stdout]   |
[INFO] [stdout] 3 |     png::PngEncoder, ColorType, DynamicImage, ImageBuffer,
[INFO] [stdout]   |     ^^^^^^^^^^^^^^^  ^^^^^^^^^                ^^^^^^^^^^^
[INFO] [stdout] 4 |     ImageEncoder, ImageFormat, ImageOutputFormat, Pixel,
[INFO] [stdout]   |     ^^^^^^^^^^^^  ^^^^^^^^^^^                     ^^^^^
[INFO] [stdout] 5 |     Rgba, RgbaImage,
[INFO] [stdout]   |     ^^^^  ^^^^^^^^^
[INFO] [stdout]   |
[INFO] [stdout]   = note: `#[warn(unused_imports)]` on by default
[INFO] [stdout] 
[INFO] [stdout] 
[INFO] [stdout] warning: constant `width` is never used
[INFO] [stdout]  --> src/og-test.rs:8:7
[INFO] [stdout]   |
[INFO] [stdout] 8 | const width: u32 = 1024;
[INFO] [stdout]   |       ^^^^^
[INFO] [stdout]   |
[INFO] [stdout]   = note: `#[warn(dead_code)]` on by default
[INFO] [stdout] 
[INFO] [stdout] 
[INFO] [stdout] warning: constant `height` is never used
[INFO] [stdout]  --> src/og-test.rs:9:7
[INFO] [stdout]   |
[INFO] [stdout] 9 | const height: u32 = 512;
[INFO] [stdout]   |       ^^^^^^
[INFO] [stdout] 
[INFO] [stdout] 
[INFO] [stdout] warning: constant `width` should have an upper case name
[INFO] [stdout]  --> src/og-test.rs:8:7
[INFO] [stdout]   |
[INFO] [stdout] 8 | const width: u32 = 1024;
[INFO] [stdout]   |       ^^^^^ help: convert the identifier to upper case: `WIDTH`
[INFO] [stdout]   |
[INFO] [stdout]   = note: `#[warn(non_upper_case_globals)]` on by default
[INFO] [stdout] 
[INFO] [stdout] 
[INFO] [stdout] warning: constant `height` should have an upper case name
[INFO] [stdout]  --> src/og-test.rs:9:7
[INFO] [stdout]   |
[INFO] [stdout] 9 | const height: u32 = 512;
[INFO] [stdout]   |       ^^^^^^ help: convert the identifier to upper case: `HEIGHT`
[INFO] [stdout] 
[INFO] [stdout] 
[INFO] [stdout] warning: constant `width` should have an upper case name
[INFO] [stdout]   --> src/generic.rs:11:7
[INFO] [stdout]    |
[INFO] [stdout] 11 | const width: u32 = 1024;
[INFO] [stdout]    |       ^^^^^ help: convert the identifier to upper case: `WIDTH`
[INFO] [stdout]    |
[INFO] [stdout]    = note: `#[warn(non_upper_case_globals)]` on by default
[INFO] [stdout] 
[INFO] [stdout] 
[INFO] [stdout] warning: constant `width` should have an upper case name
[INFO] [stdout]   --> src/main.rs:11:7
[INFO] [stdout]    |
[INFO] [stdout] 11 | const width: u32 = 1024;
[INFO] [stdout]    |       ^^^^^ help: convert the identifier to upper case: `WIDTH`
[INFO] [stdout]    |
[INFO] [stdout]    = note: `#[warn(non_upper_case_globals)]` on by default
[INFO] [stdout] 
[INFO] [stdout] 
[INFO] [stdout] warning: constant `height` should have an upper case name
[INFO] [stdout]   --> src/generic.rs:12:7
[INFO] [stdout]    |
[INFO] [stdout] 12 | const height: u32 = 512;
[INFO] [stdout]    |       ^^^^^^ help: convert the identifier to upper case: `HEIGHT`
[INFO] [stdout] 
[INFO] [stdout] 
[INFO] [stdout] warning: constant `height` should have an upper case name
[INFO] [stdout]   --> src/main.rs:12:7
[INFO] [stdout]    |
[INFO] [stdout] 12 | const height: u32 = 512;
[INFO] [stdout]    |       ^^^^^^ help: convert the identifier to upper case: `HEIGHT`
[INFO] [stdout] 
[INFO] [stdout] 
[INFO] [stdout] warning: 9 warnings emitted
[INFO] [stdout] 
[INFO] [stdout] 
[INFO] [stdout] warning: 3 warnings emitted
[INFO] [stdout] 
[INFO] [stdout] 
[INFO] [stdout] warning: 3 warnings emitted
[INFO] [stdout] 
[INFO] [stdout] 
[INFO] [stderr]     Finished test [unoptimized + debuginfo] target(s) in 2.20s
[INFO] running `Command { std: "docker" "inspect" "f6552a7e4addee5053efcb8cadb0c149dae44ca131f9e212f8df04e2cc7e058f", kill_on_drop: false }`
[INFO] running `Command { std: "docker" "rm" "-f" "f6552a7e4addee5053efcb8cadb0c149dae44ca131f9e212f8df04e2cc7e058f", kill_on_drop: false }`
[INFO] [stdout] f6552a7e4addee5053efcb8cadb0c149dae44ca131f9e212f8df04e2cc7e058f
[INFO] running `Command { std: "docker" "create" "-v" "/var/lib/crater-agent-workspace/builds/worker-0-tc1/target:/opt/rustwide/target:rw,Z" "-v" "/var/lib/crater-agent-workspace/builds/worker-0-tc1/source:/opt/rustwide/workdir:ro,Z" "-v" "/var/lib/crater-agent-workspace/cargo-home:/opt/rustwide/cargo-home:ro,Z" "-v" "/var/lib/crater-agent-workspace/rustup-home:/opt/rustwide/rustup-home:ro,Z" "-e" "SOURCE_DIR=/opt/rustwide/workdir" "-e" "CARGO_TARGET_DIR=/opt/rustwide/target" "-e" "CARGO_INCREMENTAL=0" "-e" "RUST_BACKTRACE=full" "-e" "RUSTFLAGS=--cap-lints=warn" "-e" "RUSTDOCFLAGS=--cap-lints=warn" "-e" "CARGO_HOME=/opt/rustwide/cargo-home" "-e" "RUSTUP_HOME=/opt/rustwide/rustup-home" "-w" "/opt/rustwide/workdir" "-m" "1610612736" "--user" "0:0" "--network" "none" "ghcr.io/rust-lang/crates-build-env/linux@sha256:2788e3201cd34a07e3172128adcd8b3090168a8e3bcc40d7c032b9dda1df7d1c" "/opt/rustwide/cargo-home/bin/cargo" "+1.75.0" "test" "--frozen", kill_on_drop: false }`
[INFO] [stdout] 62f6f41edcbd0048babf89320600eab0408c7de1df555e0225bde1bbb4c69ebc
[INFO] running `Command { std: "docker" "start" "-a" "62f6f41edcbd0048babf89320600eab0408c7de1df555e0225bde1bbb4c69ebc", kill_on_drop: false }`
[INFO] [stderr] warning: unused imports: `ColorType`, `ImageBuffer`, `ImageEncoder`, `ImageFormat`, `Pixel`, `RgbaImage`, `Rgba`, `png::PngEncoder`
[INFO] [stderr]  --> src/main.rs:3:5
[INFO] [stderr]   |
[INFO] [stderr] 3 |     png::PngEncoder, ColorType, DynamicImage, ImageBuffer,
[INFO] [stderr]   |     ^^^^^^^^^^^^^^^  ^^^^^^^^^                ^^^^^^^^^^^
[INFO] [stderr] 4 |     ImageEncoder, ImageFormat, ImageOutputFormat, Pixel,
[INFO] [stderr]   |     ^^^^^^^^^^^^  ^^^^^^^^^^^                     ^^^^^
[INFO] [stderr] 5 |     Rgba, RgbaImage,
[INFO] [stderr]   |     ^^^^  ^^^^^^^^^
[INFO] [stderr]   |
[INFO] [stderr]   = note: `#[warn(unused_imports)]` on by default
[INFO] [stderr] 
[INFO] [stderr] warning: constant `width` should have an upper case name
[INFO] [stderr]   --> src/main.rs:11:7
[INFO] [stderr]    |
[INFO] [stderr] 11 | const width: u32 = 1024;
[INFO] [stderr]    |       ^^^^^ help: convert the identifier to upper case: `WIDTH`
[INFO] [stderr]    |
[INFO] [stderr]    = note: `#[warn(non_upper_case_globals)]` on by default
[INFO] [stderr] 
[INFO] [stderr] warning: constant `height` should have an upper case name
[INFO] [stderr]   --> src/main.rs:12:7
[INFO] [stderr]    |
[INFO] [stderr] 12 | const height: u32 = 512;
[INFO] [stderr]    |       ^^^^^^ help: convert the identifier to upper case: `HEIGHT`
[INFO] [stderr] 
[INFO] [stderr] warning: unused import: `ApiGatewayProxyRequest`
[INFO] [stderr]  --> src/og-test.rs:2:5
[INFO] [stderr]   |
[INFO] [stderr] 2 |     ApiGatewayProxyRequest, ApiGatewayProxyResponse,
[INFO] [stderr]   |     ^^^^^^^^^^^^^^^^^^^^^^
[INFO] [stderr]   |
[INFO] [stderr]   = note: `#[warn(unused_imports)]` on by default
[INFO] [stderr] 
[INFO] [stderr] warning: unused import: `StatusCode`
[INFO] [stderr]  --> src/og-test.rs:4:23
[INFO] [stderr]   |
[INFO] [stderr] 4 | use http::{HeaderMap, StatusCode};
[INFO] [stderr]   |                       ^^^^^^^^^^
[INFO] [stderr] 
[INFO] [stderr] warning: unused import: `json`
[INFO] [stderr]  --> src/og-test.rs:6:18
[INFO] [stderr]   |
[INFO] [stderr] 6 | use serde_json::{json, Value};
[INFO] [stderr]   |                  ^^^^
[INFO] [stderr] 
[INFO] [stderr] warning: unused variable: `title`
[INFO] [stderr]   --> src/og-test.rs:22:9
[INFO] [stderr]    |
[INFO] [stderr] 22 |     let title = &event["queryStringParameters"]["title"].as_str().or(Some("Rust Adventure Dynamic Image Serverless Function Test"));
[INFO] [stderr]    |         ^^^^^ help: if this is intentional, prefix it with an underscore: `_title`
[INFO] [stderr]    |
[INFO] [stderr]    = note: `#[warn(unused_variables)]` on by default
[INFO] [stderr] 
[INFO] [stderr] warning: unused variable: `subtitle`
[INFO] [stderr]   --> src/og-test.rs:23:9
[INFO] [stderr]    |
[INFO] [stderr] 23 |     let subtitle = &event["queryStringParameters"]
[INFO] [stderr]    |         ^^^^^^^^ help: if this is intentional, prefix it with an underscore: `_subtitle`
[INFO] [stderr] 
[INFO] [stderr] warning: constant `width` is never used
[INFO] [stderr]  --> src/og-test.rs:8:7
[INFO] [stderr]   |
[INFO] [stderr] 8 | const width: u32 = 1024;
[INFO] [stderr]   |       ^^^^^
[INFO] [stderr]   |
[INFO] [stderr]   = note: `#[warn(dead_code)]` on by default
[INFO] [stderr] 
[INFO] [stderr] warning: constant `height` is never used
[INFO] [stderr]  --> src/og-test.rs:9:7
[INFO] [stderr]   |
[INFO] [stderr] 9 | const height: u32 = 512;
[INFO] [stderr]   |       ^^^^^^
[INFO] [stderr] 
[INFO] [stderr] warning: constant `width` should have an upper case name
[INFO] [stderr]  --> src/og-test.rs:8:7
[INFO] [stderr]   |
[INFO] [stderr] 8 | const width: u32 = 1024;
[INFO] [stderr]   |       ^^^^^ help: convert the identifier to upper case: `WIDTH`
[INFO] [stderr]   |
[INFO] [stderr]   = note: `#[warn(non_upper_case_globals)]` on by default
[INFO] [stderr] 
[INFO] [stderr] warning: constant `height` should have an upper case name
[INFO] [stderr]  --> src/og-test.rs:9:7
[INFO] [stderr]   |
[INFO] [stderr] 9 | const height: u32 = 512;
[INFO] [stderr]   |       ^^^^^^ help: convert the identifier to upper case: `HEIGHT`
[INFO] [stderr] 
[INFO] [stderr] warning: unused imports: `ColorType`, `ImageBuffer`, `ImageEncoder`, `ImageFormat`, `Pixel`, `RgbaImage`, `Rgba`, `png::PngEncoder`
[INFO] [stderr]  --> src/generic.rs:3:5
[INFO] [stderr]   |
[INFO] [stderr] 3 |     png::PngEncoder, ColorType, DynamicImage, ImageBuffer,
[INFO] [stderr]   |     ^^^^^^^^^^^^^^^  ^^^^^^^^^                ^^^^^^^^^^^
[INFO] [stderr] 4 |     ImageEncoder, ImageFormat, ImageOutputFormat, Pixel,
[INFO] [stderr]   |     ^^^^^^^^^^^^  ^^^^^^^^^^^                     ^^^^^
[INFO] [stderr] 5 |     Rgba, RgbaImage,
[INFO] [stderr]   |     ^^^^  ^^^^^^^^^
[INFO] [stderr]   |
[INFO] [stderr]   = note: `#[warn(unused_imports)]` on by default
[INFO] [stderr] 
[INFO] [stderr] warning: constant `width` should have an upper case name
[INFO] [stderr]   --> src/generic.rs:11:7
[INFO] [stderr]    |
[INFO] [stderr] 11 | const width: u32 = 1024;
[INFO] [stderr]    |       ^^^^^ help: convert the identifier to upper case: `WIDTH`
[INFO] [stderr]    |
[INFO] [stderr]    = note: `#[warn(non_upper_case_globals)]` on by default
[INFO] [stderr] 
[INFO] [stderr] warning: constant `height` should have an upper case name
[INFO] [stderr]   --> src/generic.rs:12:7
[INFO] [stderr]    |
[INFO] [stderr] 12 | const height: u32 = 512;
[INFO] [stderr]    |       ^^^^^^ help: convert the identifier to upper case: `HEIGHT`
[INFO] [stderr] 
[INFO] [stderr] warning: `opengraph-images` (bin "opengraph-images" test) generated 3 warnings (run `cargo fix --bin "opengraph-images" --tests` to apply 1 suggestion)
[INFO] [stderr] warning: `opengraph-images` (bin "og-test" test) generated 9 warnings (run `cargo fix --bin "og-test" --tests` to apply 5 suggestions)
[INFO] [stderr] warning: `opengraph-images` (bin "generic" test) generated 3 warnings (run `cargo fix --bin "generic" --tests` to apply 1 suggestion)
[INFO] [stderr]     Finished test [unoptimized + debuginfo] target(s) in 0.10s
[INFO] [stderr]      Running unittests src/generic.rs (/opt/rustwide/target/debug/deps/generic-53581f17f72f6d0e)
[INFO] [stdout] 
[INFO] [stdout] running 1 test
[INFO] [stdout] test tests::generates_image ... FAILED
[INFO] [stdout] 
[INFO] [stdout] failures:
[INFO] [stdout] 
[INFO] [stdout] ---- tests::generates_image stdout ----
[INFO] [stdout] thread 'tests::generates_image' panicked at src/generic.rs:247:50:
[INFO] [stdout] called `Result::unwrap()` on an `Err` value: Os { code: 30, kind: ReadOnlyFilesystem, message: "Read-only file system" }
[INFO] [stdout] stack backtrace:
[INFO] [stdout]    0:     0x560a7f1b0ddc - std::backtrace_rs::backtrace::libunwind::trace::ha637c64ce894333a
[INFO] [stdout]                                at /rustc/82e1608dfa6e0b5569232559e3d385fea5a93112/library/std/src/../../backtrace/src/backtrace/libunwind.rs:104:5
[INFO] [stdout]    1:     0x560a7f1b0ddc - std::backtrace_rs::backtrace::trace_unsynchronized::h47f62dea28e0c88d
[INFO] [stdout]                                at /rustc/82e1608dfa6e0b5569232559e3d385fea5a93112/library/std/src/../../backtrace/src/backtrace/mod.rs:66:5
[INFO] [stdout]    2:     0x560a7f1b0ddc - std::sys_common::backtrace::_print_fmt::h9eef0abe20ede486
[INFO] [stdout]                                at /rustc/82e1608dfa6e0b5569232559e3d385fea5a93112/library/std/src/sys_common/backtrace.rs:67:5
[INFO] [stdout]    3:     0x560a7f1b0ddc - <std::sys_common::backtrace::_print::DisplayBacktrace as core::fmt::Display>::fmt::hed7f999df88cc644
[INFO] [stdout]                                at /rustc/82e1608dfa6e0b5569232559e3d385fea5a93112/library/std/src/sys_common/backtrace.rs:44:22
[INFO] [stdout]    4:     0x560a7f1dc750 - core::fmt::rt::Argument::fmt::h1539a9308b8d058d
[INFO] [stdout]                                at /rustc/82e1608dfa6e0b5569232559e3d385fea5a93112/library/core/src/fmt/rt.rs:142:9
[INFO] [stdout]    5:     0x560a7f1dc750 - core::fmt::write::h3a39390d8560d9c9
[INFO] [stdout]                                at /rustc/82e1608dfa6e0b5569232559e3d385fea5a93112/library/core/src/fmt/mod.rs:1120:17
[INFO] [stdout]    6:     0x560a7f1ae57f - std::io::Write::write_fmt::h040b369f3a0f9cbc
[INFO] [stdout]                                at /rustc/82e1608dfa6e0b5569232559e3d385fea5a93112/library/std/src/io/mod.rs:1762:15
[INFO] [stdout]    7:     0x560a7f1b0bc4 - std::sys_common::backtrace::_print::h894006fb5c6f3d45
[INFO] [stdout]                                at /rustc/82e1608dfa6e0b5569232559e3d385fea5a93112/library/std/src/sys_common/backtrace.rs:47:5
[INFO] [stdout]    8:     0x560a7f1b0bc4 - std::sys_common::backtrace::print::h23a2d212c6fff936
[INFO] [stdout]                                at /rustc/82e1608dfa6e0b5569232559e3d385fea5a93112/library/std/src/sys_common/backtrace.rs:34:9
[INFO] [stdout]    9:     0x560a7f1b2887 - std::panicking::default_hook::{{closure}}::h8a1d2ee00185001a
[INFO] [stdout]   10:     0x560a7f1b2573 - std::panicking::default_hook::h6038f2eba384e475
[INFO] [stdout]                                at /rustc/82e1608dfa6e0b5569232559e3d385fea5a93112/library/std/src/panicking.rs:289:9
[INFO] [stdout]   11:     0x560a7edd36a7 - <alloc::boxed::Box<F,A> as core::ops::function::Fn<Args>>::call::h0ad024c9bdc6d768
[INFO] [stdout]                                at /rustc/82e1608dfa6e0b5569232559e3d385fea5a93112/library/alloc/src/boxed.rs:2021:9
[INFO] [stdout]   12:     0x560a7edd36a7 - test::test_main::{{closure}}::h7500b54257359db6
[INFO] [stdout]                                at /rustc/82e1608dfa6e0b5569232559e3d385fea5a93112/library/test/src/lib.rs:138:21
[INFO] [stdout]   13:     0x560a7f1b2e98 - <alloc::boxed::Box<F,A> as core::ops::function::Fn<Args>>::call::h1f8f335eaa9cfaee
[INFO] [stdout]                                at /rustc/82e1608dfa6e0b5569232559e3d385fea5a93112/library/alloc/src/boxed.rs:2021:9
[INFO] [stdout]   14:     0x560a7f1b2e98 - std::panicking::rust_panic_with_hook::h2b5517d590cab22e
[INFO] [stdout]                                at /rustc/82e1608dfa6e0b5569232559e3d385fea5a93112/library/std/src/panicking.rs:783:13
[INFO] [stdout]   15:     0x560a7f1b2bee - std::panicking::begin_panic_handler::{{closure}}::h233112c06e0ef43e
[INFO] [stdout]                                at /rustc/82e1608dfa6e0b5569232559e3d385fea5a93112/library/std/src/panicking.rs:657:13
[INFO] [stdout]   16:     0x560a7f1b12a6 - std::sys_common::backtrace::__rust_end_short_backtrace::h6e893f24d7ebbff8
[INFO] [stdout]                                at /rustc/82e1608dfa6e0b5569232559e3d385fea5a93112/library/std/src/sys_common/backtrace.rs:170:18
[INFO] [stdout]   17:     0x560a7f1b2952 - rust_begin_unwind
[INFO] [stdout]                                at /rustc/82e1608dfa6e0b5569232559e3d385fea5a93112/library/std/src/panicking.rs:645:5
[INFO] [stdout]   18:     0x560a7ed7d2a5 - core::panicking::panic_fmt::hbf0e066aabfa482c
[INFO] [stdout]                                at /rustc/82e1608dfa6e0b5569232559e3d385fea5a93112/library/core/src/panicking.rs:72:14
[INFO] [stdout]   19:     0x560a7ed7d873 - core::result::unwrap_failed::hddb4fea594200c52
[INFO] [stdout]                                at /rustc/82e1608dfa6e0b5569232559e3d385fea5a93112/library/core/src/result.rs:1653:5
[INFO] [stdout]   20:     0x560a7f1386fd - core::result::Result<T,E>::unwrap::hbd6afd505a88df5a
[INFO] [stdout]                                at /rustc/82e1608dfa6e0b5569232559e3d385fea5a93112/library/core/src/result.rs:1077:23
[INFO] [stdout]   21:     0x560a7ed9fcc4 - generic::tests::generates_image::{{closure}}::h3a1dd3eac89d5a23
[INFO] [stdout]                                at /opt/rustwide/workdir/src/generic.rs:247:9
[INFO] [stdout]   22:     0x560a7ed9f6bb - <core::pin::Pin<P> as core::future::future::Future>::poll::hd5adbfabc156cdb9
[INFO] [stdout]                                at /rustc/82e1608dfa6e0b5569232559e3d385fea5a93112/library/core/src/future/future.rs:125:9
[INFO] [stdout]   23:     0x560a7ed920f4 - tokio::runtime::basic_scheduler::Inner<P>::block_on::{{closure}}::{{closure}}::h93d631b9c095b07e
[INFO] [stdout]                                at /opt/rustwide/cargo-home/registry/src/index.crates.io-6f17d22bba15001f/tokio-1.12.0/src/runtime/basic_scheduler.rs:230:62
[INFO] [stdout]   24:     0x560a7ed9e710 - tokio::coop::with_budget::{{closure}}::h0dcce184ac775f13
[INFO] [stderr] error: test failed, to rerun pass `--bin generic`
[INFO] [stdout]                                at /opt/rustwide/cargo-home/registry/src/index.crates.io-6f17d22bba15001f/tokio-1.12.0/src/coop.rs:106:9
[INFO] [stdout]   25:     0x560a7ed9c09e - std::thread::local::LocalKey<T>::try_with::h6434c889e1c83684
[INFO] [stdout]                                at /rustc/82e1608dfa6e0b5569232559e3d385fea5a93112/library/std/src/thread/local.rs:270:16
[INFO] [stdout]   26:     0x560a7ed9bb1a - std::thread::local::LocalKey<T>::with::hc2815c354d388bb7
[INFO] [stdout]                                at /rustc/82e1608dfa6e0b5569232559e3d385fea5a93112/library/std/src/thread/local.rs:246:9
[INFO] [stdout]   27:     0x560a7ed91866 - tokio::coop::with_budget::h9211b59c4abd7cc3
[INFO] [stdout]                                at /opt/rustwide/cargo-home/registry/src/index.crates.io-6f17d22bba15001f/tokio-1.12.0/src/coop.rs:99:5
[INFO] [stdout]   28:     0x560a7ed91866 - tokio::coop::budget::hcb43e1a690895f56
[INFO] [stdout]                                at /opt/rustwide/cargo-home/registry/src/index.crates.io-6f17d22bba15001f/tokio-1.12.0/src/coop.rs:76:5
[INFO] [stdout]   29:     0x560a7ed91866 - tokio::runtime::basic_scheduler::Inner<P>::block_on::{{closure}}::h5e453309b7c9bac5
[INFO] [stdout]                                at /opt/rustwide/cargo-home/registry/src/index.crates.io-6f17d22bba15001f/tokio-1.12.0/src/runtime/basic_scheduler.rs:230:39
[INFO] [stdout]   30:     0x560a7ed92c41 - tokio::runtime::basic_scheduler::enter::{{closure}}::h608de9ec20f75926
[INFO] [stdout]                                at /opt/rustwide/cargo-home/registry/src/index.crates.io-6f17d22bba15001f/tokio-1.12.0/src/runtime/basic_scheduler.rs:339:29
[INFO] [stdout]   31:     0x560a7ed91427 - tokio::macros::scoped_tls::ScopedKey<T>::set::h079d41abfae41a22
[INFO] [stdout]                                at /opt/rustwide/cargo-home/registry/src/index.crates.io-6f17d22bba15001f/tokio-1.12.0/src/macros/scoped_tls.rs:61:9
[INFO] [stdout]   32:     0x560a7ed92bba - tokio::runtime::basic_scheduler::enter::h93293d5af0a4b76b
[INFO] [stdout]                                at /opt/rustwide/cargo-home/registry/src/index.crates.io-6f17d22bba15001f/tokio-1.12.0/src/runtime/basic_scheduler.rs:339:5
[INFO] [stdout]   33:     0x560a7ed914eb - tokio::runtime::basic_scheduler::Inner<P>::block_on::ha955382de500d94b
[INFO] [stdout]                                at /opt/rustwide/cargo-home/registry/src/index.crates.io-6f17d22bba15001f/tokio-1.12.0/src/runtime/basic_scheduler.rs:218:9
[INFO] [stdout]   34:     0x560a7ed92242 - tokio::runtime::basic_scheduler::InnerGuard<P>::block_on::hcd864693d7974622
[INFO] [stdout]                                at /opt/rustwide/cargo-home/registry/src/index.crates.io-6f17d22bba15001f/tokio-1.12.0/src/runtime/basic_scheduler.rs:489:9
[INFO] [stdout]   35:     0x560a7ed9254f - tokio::runtime::basic_scheduler::BasicScheduler<P>::block_on::h403e8c005b93553c
[INFO] [stdout]                                at /opt/rustwide/cargo-home/registry/src/index.crates.io-6f17d22bba15001f/tokio-1.12.0/src/runtime/basic_scheduler.rs:178:24
[INFO] [stdout]   36:     0x560a7ed92e75 - tokio::runtime::Runtime::block_on::hcacc5607f83c4405
[INFO] [stdout]                                at /opt/rustwide/cargo-home/registry/src/index.crates.io-6f17d22bba15001f/tokio-1.12.0/src/runtime/mod.rs:461:46
[INFO] [stdout]   37:     0x560a7ed9fb52 - generic::tests::generates_image::hb29e73a06a604d0f
[INFO] [stdout]                                at /opt/rustwide/workdir/src/generic.rs:247:9
[INFO] [stdout]   38:     0x560a7ed9fa57 - generic::tests::generates_image::{{closure}}::hb6d969d2676ec969
[INFO] [stdout]                                at /opt/rustwide/workdir/src/generic.rs:243:31
[INFO] [stdout]   39:     0x560a7ed8df46 - core::ops::function::FnOnce::call_once::h04d3f67639963db4
[INFO] [stdout]                                at /rustc/82e1608dfa6e0b5569232559e3d385fea5a93112/library/core/src/ops/function.rs:250:5
[INFO] [stdout]   40:     0x560a7edd8cff - core::ops::function::FnOnce::call_once::h2b5d431d5046312d
[INFO] [stdout]                                at /rustc/82e1608dfa6e0b5569232559e3d385fea5a93112/library/core/src/ops/function.rs:250:5
[INFO] [stdout]   41:     0x560a7edd8cff - test::__rust_begin_short_backtrace::h7714669af176e207
[INFO] [stdout]                                at /rustc/82e1608dfa6e0b5569232559e3d385fea5a93112/library/test/src/lib.rs:628:18
[INFO] [stdout]   42:     0x560a7edd7d15 - test::run_test_in_process::{{closure}}::h85218797dcbcec12
[INFO] [stdout]                                at /rustc/82e1608dfa6e0b5569232559e3d385fea5a93112/library/test/src/lib.rs:651:60
[INFO] [stdout]   43:     0x560a7edd7d15 - <core::panic::unwind_safe::AssertUnwindSafe<F> as core::ops::function::FnOnce<()>>::call_once::h76c106ea31c14d7b
[INFO] [stdout]                                at /rustc/82e1608dfa6e0b5569232559e3d385fea5a93112/library/core/src/panic/unwind_safe.rs:272:9
[INFO] [stdout]   44:     0x560a7edd7d15 - std::panicking::try::do_call::h3bd5d0f6620ee946
[INFO] [stdout]                                at /rustc/82e1608dfa6e0b5569232559e3d385fea5a93112/library/std/src/panicking.rs:552:40
[INFO] [stdout]   45:     0x560a7edd7d15 - std::panicking::try::h232e535e4744fe31
[INFO] [stdout]                                at /rustc/82e1608dfa6e0b5569232559e3d385fea5a93112/library/std/src/panicking.rs:516:19
[INFO] [stdout]   46:     0x560a7edd7d15 - std::panic::catch_unwind::h3ce3bd6ca8dbac68
[INFO] [stdout]                                at /rustc/82e1608dfa6e0b5569232559e3d385fea5a93112/library/std/src/panic.rs:142:14
[INFO] [stdout]   47:     0x560a7edd7d15 - test::run_test_in_process::hc97b257c9621286a
[INFO] [stdout]                                at /rustc/82e1608dfa6e0b5569232559e3d385fea5a93112/library/test/src/lib.rs:651:27
[INFO] [stdout]   48:     0x560a7edd7d15 - test::run_test::{{closure}}::h2aa798823a438d38
[INFO] [stdout]                                at /rustc/82e1608dfa6e0b5569232559e3d385fea5a93112/library/test/src/lib.rs:574:43
[INFO] [stdout]   49:     0x560a7ed9ffd6 - test::run_test::{{closure}}::h87d231c78fb59832
[INFO] [stdout]                                at /rustc/82e1608dfa6e0b5569232559e3d385fea5a93112/library/test/src/lib.rs:602:41
[INFO] [stdout]   50:     0x560a7ed9ffd6 - std::sys_common::backtrace::__rust_begin_short_backtrace::he6df152596625789
[INFO] [stdout]                                at /rustc/82e1608dfa6e0b5569232559e3d385fea5a93112/library/std/src/sys_common/backtrace.rs:154:18
[INFO] [stdout]   51:     0x560a7eda5087 - std::thread::Builder::spawn_unchecked_::{{closure}}::{{closure}}::ha94be15d1e0acf36
[INFO] [stdout]                                at /rustc/82e1608dfa6e0b5569232559e3d385fea5a93112/library/std/src/thread/mod.rs:529:17
[INFO] [stdout]   52:     0x560a7eda5087 - <core::panic::unwind_safe::AssertUnwindSafe<F> as core::ops::function::FnOnce<()>>::call_once::h9dc6bd6372f16606
[INFO] [stdout]                                at /rustc/82e1608dfa6e0b5569232559e3d385fea5a93112/library/core/src/panic/unwind_safe.rs:272:9
[INFO] [stdout]   53:     0x560a7eda5087 - std::panicking::try::do_call::h9057517f80303cd4
[INFO] [stdout]                                at /rustc/82e1608dfa6e0b5569232559e3d385fea5a93112/library/std/src/panicking.rs:552:40
[INFO] [stdout]   54:     0x560a7eda5087 - std::panicking::try::he3a30b11ee45340c
[INFO] [stdout]                                at /rustc/82e1608dfa6e0b5569232559e3d385fea5a93112/library/std/src/panicking.rs:516:19
[INFO] [stdout]   55:     0x560a7eda5087 - std::panic::catch_unwind::h410458cfd3528b8b
[INFO] [stdout]                                at /rustc/82e1608dfa6e0b5569232559e3d385fea5a93112/library/std/src/panic.rs:142:14
[INFO] [stdout]   56:     0x560a7eda5087 - std::thread::Builder::spawn_unchecked_::{{closure}}::h72ac3bdb567b737b
[INFO] [stdout]                                at /rustc/82e1608dfa6e0b5569232559e3d385fea5a93112/library/std/src/thread/mod.rs:528:30
[INFO] [stdout]   57:     0x560a7eda5087 - core::ops::function::FnOnce::call_once{{vtable.shim}}::h38f34da3654a8344
[INFO] [stdout]                                at /rustc/82e1608dfa6e0b5569232559e3d385fea5a93112/library/core/src/ops/function.rs:250:5
[INFO] [stdout]   58:     0x560a7f1b7aa5 - <alloc::boxed::Box<F,A> as core::ops::function::FnOnce<Args>>::call_once::hc7eafaff61e32df9
[INFO] [stdout]                                at /rustc/82e1608dfa6e0b5569232559e3d385fea5a93112/library/alloc/src/boxed.rs:2007:9
[INFO] [stdout]   59:     0x560a7f1b7aa5 - <alloc::boxed::Box<F,A> as core::ops::function::FnOnce<Args>>::call_once::h6ba4a5de48dd2304
[INFO] [stdout]                                at /rustc/82e1608dfa6e0b5569232559e3d385fea5a93112/library/alloc/src/boxed.rs:2007:9
[INFO] [stdout]   60:     0x560a7f1b7aa5 - std::sys::unix::thread::Thread::new::thread_start::he469335aef763e45
[INFO] [stdout]                                at /rustc/82e1608dfa6e0b5569232559e3d385fea5a93112/library/std/src/sys/unix/thread.rs:108:17
[INFO] [stdout]   61:     0x7fd33f076ac3 - <unknown>
[INFO] [stdout]   62:     0x7fd33f107bf4 - __clone
[INFO] [stdout]   63:                0x0 - <unknown>
[INFO] [stdout] 
[INFO] [stdout] 
[INFO] [stdout] failures:
[INFO] [stdout]     tests::generates_image
[INFO] [stdout] 
[INFO] [stdout] test result: FAILED. 0 passed; 1 failed; 0 ignored; 0 measured; 0 filtered out; finished in 0.63s
[INFO] [stdout] 
[INFO] running `Command { std: "docker" "inspect" "62f6f41edcbd0048babf89320600eab0408c7de1df555e0225bde1bbb4c69ebc", kill_on_drop: false }`
[INFO] running `Command { std: "docker" "rm" "-f" "62f6f41edcbd0048babf89320600eab0408c7de1df555e0225bde1bbb4c69ebc", kill_on_drop: false }`
[INFO] [stdout] 62f6f41edcbd0048babf89320600eab0408c7de1df555e0225bde1bbb4c69ebc
[INFO] testing rust-adventure/serverless-opengraph-image-generator against beta-2023-12-22 for beta-1.76-1
[INFO] running `Command { std: "git" "clone" "/workspace/cache/git-repos/https%3A%2F%2Fgithub.com%2Frust-adventure%2Fserverless-opengraph-image-generator" "/workspace/builds/worker-0-tc2/source", kill_on_drop: false }`
[INFO] [stderr] Cloning into '/workspace/builds/worker-0-tc2/source'...
[INFO] [stderr] done.
[INFO] validating manifest of git repo https://github.com/rust-adventure/serverless-opengraph-image-generator on toolchain beta-2023-12-22
[INFO] running `Command { std: CARGO_HOME="/workspace/cargo-home" RUSTUP_HOME="/workspace/rustup-home" "/workspace/cargo-home/bin/cargo" "+beta-2023-12-22" "metadata" "--manifest-path" "Cargo.toml" "--no-deps", kill_on_drop: false }`
[INFO] removed /workspace/builds/worker-0-tc2/source/rust-toolchain.toml
[INFO] started tweaking git repo https://github.com/rust-adventure/serverless-opengraph-image-generator
[INFO] finished tweaking git repo https://github.com/rust-adventure/serverless-opengraph-image-generator
[INFO] tweaked toml for git repo https://github.com/rust-adventure/serverless-opengraph-image-generator written to /workspace/builds/worker-0-tc2/source/Cargo.toml
[INFO] crate git repo https://github.com/rust-adventure/serverless-opengraph-image-generator already has a lockfile, it will not be regenerated
[INFO] running `Command { std: CARGO_HOME="/workspace/cargo-home" RUSTUP_HOME="/workspace/rustup-home" "/workspace/cargo-home/bin/cargo" "+beta-2023-12-22" "fetch" "--manifest-path" "Cargo.toml", kill_on_drop: false }`
[INFO] running `Command { std: "docker" "create" "-v" "/var/lib/crater-agent-workspace/builds/worker-0-tc2/target:/opt/rustwide/target:rw,Z" "-v" "/var/lib/crater-agent-workspace/builds/worker-0-tc2/source:/opt/rustwide/workdir:ro,Z" "-v" "/var/lib/crater-agent-workspace/cargo-home:/opt/rustwide/cargo-home:ro,Z" "-v" "/var/lib/crater-agent-workspace/rustup-home:/opt/rustwide/rustup-home:ro,Z" "-e" "SOURCE_DIR=/opt/rustwide/workdir" "-e" "CARGO_TARGET_DIR=/opt/rustwide/target" "-e" "CARGO_HOME=/opt/rustwide/cargo-home" "-e" "RUSTUP_HOME=/opt/rustwide/rustup-home" "-w" "/opt/rustwide/workdir" "-m" "1610612736" "--user" "0:0" "--network" "none" "ghcr.io/rust-lang/crates-build-env/linux@sha256:2788e3201cd34a07e3172128adcd8b3090168a8e3bcc40d7c032b9dda1df7d1c" "/opt/rustwide/cargo-home/bin/cargo" "+beta-2023-12-22" "metadata" "--no-deps" "--format-version=1", kill_on_drop: false }`
[INFO] [stdout] 15329ad2eb7f3f456f05008b58d32c6b332e717447ec3dfb8b4c1a43a7b5b1c8
[INFO] running `Command { std: "docker" "start" "-a" "15329ad2eb7f3f456f05008b58d32c6b332e717447ec3dfb8b4c1a43a7b5b1c8", kill_on_drop: false }`
[INFO] running `Command { std: "docker" "inspect" "15329ad2eb7f3f456f05008b58d32c6b332e717447ec3dfb8b4c1a43a7b5b1c8", kill_on_drop: false }`
[INFO] running `Command { std: "docker" "rm" "-f" "15329ad2eb7f3f456f05008b58d32c6b332e717447ec3dfb8b4c1a43a7b5b1c8", kill_on_drop: false }`
[INFO] [stdout] 15329ad2eb7f3f456f05008b58d32c6b332e717447ec3dfb8b4c1a43a7b5b1c8
[INFO] running `Command { std: "docker" "create" "-v" "/var/lib/crater-agent-workspace/builds/worker-0-tc2/target:/opt/rustwide/target:rw,Z" "-v" "/var/lib/crater-agent-workspace/builds/worker-0-tc2/source:/opt/rustwide/workdir:ro,Z" "-v" "/var/lib/crater-agent-workspace/cargo-home:/opt/rustwide/cargo-home:ro,Z" "-v" "/var/lib/crater-agent-workspace/rustup-home:/opt/rustwide/rustup-home:ro,Z" "-e" "SOURCE_DIR=/opt/rustwide/workdir" "-e" "CARGO_TARGET_DIR=/opt/rustwide/target" "-e" "CARGO_INCREMENTAL=0" "-e" "RUST_BACKTRACE=full" "-e" "RUSTFLAGS=--cap-lints=warn" "-e" "RUSTDOCFLAGS=--cap-lints=warn" "-e" "CARGO_HOME=/opt/rustwide/cargo-home" "-e" "RUSTUP_HOME=/opt/rustwide/rustup-home" "-w" "/opt/rustwide/workdir" "-m" "1610612736" "--user" "0:0" "--network" "none" "ghcr.io/rust-lang/crates-build-env/linux@sha256:2788e3201cd34a07e3172128adcd8b3090168a8e3bcc40d7c032b9dda1df7d1c" "/opt/rustwide/cargo-home/bin/cargo" "+beta-2023-12-22" "build" "--frozen" "--message-format=json", kill_on_drop: false }`
[INFO] [stdout] e636abfde8ce9e9aa5ffc80c40d49ba9310395feba74e813d68a44eb349e9e7f
[INFO] running `Command { std: "docker" "start" "-a" "e636abfde8ce9e9aa5ffc80c40d49ba9310395feba74e813d68a44eb349e9e7f", kill_on_drop: false }`
[INFO] [stderr]    Compiling autocfg v1.0.1
[INFO] [stderr]    Compiling proc-macro2 v1.0.29
[INFO] [stderr]    Compiling unicode-xid v0.2.2
[INFO] [stderr]    Compiling syn v1.0.78
[INFO] [stderr]    Compiling cfg-if v1.0.0
[INFO] [stderr]    Compiling libc v0.2.103
[INFO] [stderr]    Compiling lazy_static v1.4.0
[INFO] [stderr]    Compiling serde_derive v1.0.130
[INFO] [stderr]    Compiling serde v1.0.130
[INFO] [stderr]    Compiling crossbeam-utils v0.8.5
[INFO] [stderr]    Compiling futures-core v0.3.17
[INFO] [stderr]    Compiling log v0.4.14
[INFO] [stderr]    Compiling crossbeam-epoch v0.9.5
[INFO] [stderr]    Compiling num-traits v0.2.14
[INFO] [stderr]    Compiling num-integer v0.1.44
[INFO] [stderr]    Compiling memoffset v0.6.4
[INFO] [stderr]    Compiling pin-project-lite v0.2.7
[INFO] [stderr]    Compiling scopeguard v1.1.0
[INFO] [stderr]    Compiling memchr v2.4.1
[INFO] [stderr]    Compiling rayon-core v1.9.1
[INFO] [stderr]    Compiling quote v1.0.9
[INFO] [stderr]    Compiling num-iter v0.1.42
[INFO] [stderr]    Compiling proc-macro-hack v0.5.19
[INFO] [stderr]    Compiling num_cpus v1.13.0
[INFO] [stderr]    Compiling getrandom v0.1.16
[INFO] [stderr]    Compiling crossbeam-deque v0.8.1
[INFO] [stderr]    Compiling crossbeam-channel v0.5.1
[INFO] [stderr]    Compiling futures-macro v0.3.17
[INFO] [stderr]    Compiling num-bigint v0.3.3
[INFO] [stderr]    Compiling rayon v1.5.1
[INFO] [stderr]    Compiling futures-channel v0.3.17
[INFO] [stderr]    Compiling itoa v0.4.8
[INFO] [stderr]    Compiling futures-task v0.3.17
[INFO] [stderr]    Compiling proc-macro-nested v0.1.7
[INFO] [stderr]    Compiling either v1.6.1
[INFO] [stderr]    Compiling futures-util v0.3.17
[INFO] [stderr]    Compiling miniz_oxide v0.4.4
[INFO] [stderr]    Compiling num-rational v0.3.2
[INFO] [stderr]    Compiling futures-sink v0.3.17
[INFO] [stderr]    Compiling fnv v1.0.7
[INFO] [stderr]    Compiling crc32fast v1.2.1
[INFO] [stderr]    Compiling adler32 v1.2.0
[INFO] [stderr]    Compiling rand_core v0.5.1
[INFO] [stderr]    Compiling tokio v1.12.0
[INFO] [stderr]    Compiling tracing-core v0.1.21
[INFO] [stderr]    Compiling ryu v1.0.5
[INFO] [stderr]    Compiling matrixmultiply v0.1.15
[INFO] [stderr]    Compiling futures-io v0.3.17
[INFO] [stderr]    Compiling weezl v0.1.5
[INFO] [stderr]    Compiling pin-utils v0.1.0
[INFO] [stderr]    Compiling adler v1.0.2
[INFO] [stderr]    Compiling ppv-lite86 v0.2.10
[INFO] [stderr]    Compiling slab v0.4.4
[INFO] [stderr]    Compiling byteorder v1.4.3
[INFO] [stderr]    Compiling rand_chacha v0.2.2
[INFO] [stderr]    Compiling deflate v0.8.6
[INFO] [stderr]    Compiling miniz_oxide v0.3.7
[INFO] [stderr]    Compiling mio v0.7.13
[INFO] [stderr]    Compiling httparse v1.5.1
[INFO] [stderr]    Compiling jpeg-decoder v0.1.22
[INFO] [stderr]    Compiling rawpointer v0.1.0
[INFO] [stderr]    Compiling ttf-parser v0.6.2
[INFO] [stderr]    Compiling once_cell v1.8.0
[INFO] [stderr]    Compiling bitflags v1.3.2
[INFO] [stderr]    Compiling color_quant v1.1.0
[INFO] [stderr]    Compiling serde_json v1.0.68
[INFO] [stderr]    Compiling gif v0.11.2
[INFO] [stderr]    Compiling thread_local v1.1.3
[INFO] [stderr]    Compiling png v0.16.8
[INFO] [stderr]    Compiling tiff v0.6.1
[INFO] [stderr]    Compiling rand v0.7.3
[INFO] [stderr]    Compiling num v0.1.42
[INFO] [stderr]    Compiling num-complex v0.3.1
[INFO] [stderr]    Compiling sharded-slab v0.1.3
[INFO] [stderr]    Compiling owned_ttf_parser v0.6.0
[INFO] [stderr]    Compiling bytemuck v1.7.2
[INFO] [stderr]    Compiling scoped_threadpool v0.1.9
[INFO] [stderr]    Compiling try-lock v0.2.3
[INFO] [stderr]    Compiling ab_glyph_rasterizer v0.1.4
[INFO] [stderr]    Compiling custom_derive v0.1.7
[INFO] [stderr]    Compiling conv v0.3.3
[INFO] [stderr]    Compiling image v0.23.14
[INFO] [stderr]    Compiling want v0.3.0
[INFO] [stderr]    Compiling rusttype v0.9.2
[INFO] [stderr]    Compiling rand_distr v0.2.2
[INFO] [stderr]    Compiling tracing-subscriber v0.2.24
[INFO] [stderr]    Compiling num v0.3.1
[INFO] [stderr]    Compiling rulinalg v0.4.2
[INFO] [stderr]    Compiling itertools v0.9.0
[INFO] [stderr]    Compiling socket2 v0.4.2
[INFO] [stderr]    Compiling time v0.1.44
[INFO] [stderr]    Compiling httpdate v1.0.1
[INFO] [stderr]    Compiling tower-service v0.3.1
[INFO] [stderr]    Compiling base64 v0.13.0
[INFO] [stderr]    Compiling tokio-macros v1.4.1
[INFO] [stderr]    Compiling tracing-attributes v0.1.16
[INFO] [stderr]    Compiling thiserror-impl v1.0.29
[INFO] [stderr]    Compiling async-stream-impl v0.3.2
[INFO] [stderr]    Compiling async-stream v0.3.2
[INFO] [stderr]    Compiling imageproc v0.22.0
[INFO] [stderr]    Compiling thiserror v1.0.29
[INFO] [stderr]    Compiling tracing v0.1.28
[INFO] [stderr]    Compiling tracing-error v0.1.2
[INFO] [stderr]    Compiling og_image_writer v0.2.1 (/opt/rustwide/workdir/og_image_writer/og_image_writer)
[INFO] [stderr]    Compiling futures-executor v0.3.17
[INFO] [stderr]    Compiling futures v0.3.17
[INFO] [stderr]    Compiling bytes v1.1.0
[INFO] [stderr]    Compiling chrono v0.4.19
[INFO] [stderr]    Compiling http v0.2.5
[INFO] [stderr]    Compiling http-body v0.4.3
[INFO] [stderr]    Compiling http-serde v1.0.3
[INFO] [stderr]    Compiling aws_lambda_events v0.5.0
[INFO] [stderr]    Compiling tokio-stream v0.1.7
[INFO] [stderr]    Compiling hyper v0.14.13
[INFO] [stderr]    Compiling lambda_runtime v0.4.1
[INFO] [stderr]    Compiling opengraph-images v0.1.0 (/opt/rustwide/workdir)
[INFO] [stdout] warning: unused import: `ApiGatewayProxyRequest`
[INFO] [stdout]  --> src/og-test.rs:2:5
[INFO] [stdout]   |
[INFO] [stdout] 2 |     ApiGatewayProxyRequest, ApiGatewayProxyResponse,
[INFO] [stdout]   |     ^^^^^^^^^^^^^^^^^^^^^^
[INFO] [stdout]   |
[INFO] [stdout]   = note: `#[warn(unused_imports)]` on by default
[INFO] [stdout] 
[INFO] [stdout] 
[INFO] [stdout] warning: unused import: `StatusCode`
[INFO] [stdout]  --> src/og-test.rs:4:23
[INFO] [stdout]   |
[INFO] [stdout] 4 | use http::{HeaderMap, StatusCode};
[INFO] [stdout]   |                       ^^^^^^^^^^
[INFO] [stdout] 
[INFO] [stdout] 
[INFO] [stdout] warning: unused import: `json`
[INFO] [stdout]  --> src/og-test.rs:6:18
[INFO] [stdout]   |
[INFO] [stdout] 6 | use serde_json::{json, Value};
[INFO] [stdout]   |                  ^^^^
[INFO] [stdout] 
[INFO] [stdout] 
[INFO] [stdout] warning: unused variable: `title`
[INFO] [stdout]   --> src/og-test.rs:22:9
[INFO] [stdout]    |
[INFO] [stdout] 22 |     let title = &event["queryStringParameters"]["title"].as_str().or(Some("Rust Adventure Dynamic Image Serverless Function Test"));
[INFO] [stdout]    |         ^^^^^ help: if this is intentional, prefix it with an underscore: `_title`
[INFO] [stdout]    |
[INFO] [stdout]    = note: `#[warn(unused_variables)]` on by default
[INFO] [stdout] 
[INFO] [stdout] 
[INFO] [stdout] warning: unused variable: `subtitle`
[INFO] [stdout]   --> src/og-test.rs:23:9
[INFO] [stdout]    |
[INFO] [stdout] 23 |     let subtitle = &event["queryStringParameters"]
[INFO] [stdout]    |         ^^^^^^^^ help: if this is intentional, prefix it with an underscore: `_subtitle`
[INFO] [stdout] 
[INFO] [stdout] 
[INFO] [stdout] warning: unused imports: `ColorType`, `ImageBuffer`, `ImageEncoder`, `ImageFormat`, `Pixel`, `RgbaImage`, `Rgba`, `png::PngEncoder`
[INFO] [stdout]  --> src/main.rs:3:5
[INFO] [stdout]   |
[INFO] [stdout] 3 |     png::PngEncoder, ColorType, DynamicImage, ImageBuffer,
[INFO] [stdout]   |     ^^^^^^^^^^^^^^^  ^^^^^^^^^                ^^^^^^^^^^^
[INFO] [stdout] 4 |     ImageEncoder, ImageFormat, ImageOutputFormat, Pixel,
[INFO] [stdout]   |     ^^^^^^^^^^^^  ^^^^^^^^^^^                     ^^^^^
[INFO] [stdout] 5 |     Rgba, RgbaImage,
[INFO] [stdout]   |     ^^^^  ^^^^^^^^^
[INFO] [stdout]   |
[INFO] [stdout]   = note: `#[warn(unused_imports)]` on by default
[INFO] [stdout] 
[INFO] [stdout] 
[INFO] [stdout] warning: unused imports: `ColorType`, `ImageBuffer`, `ImageEncoder`, `ImageFormat`, `Pixel`, `RgbaImage`, `Rgba`, `png::PngEncoder`
[INFO] [stdout]  --> src/generic.rs:3:5
[INFO] [stdout]   |
[INFO] [stdout] 3 |     png::PngEncoder, ColorType, DynamicImage, ImageBuffer,
[INFO] [stdout]   |     ^^^^^^^^^^^^^^^  ^^^^^^^^^                ^^^^^^^^^^^
[INFO] [stdout] 4 |     ImageEncoder, ImageFormat, ImageOutputFormat, Pixel,
[INFO] [stdout]   |     ^^^^^^^^^^^^  ^^^^^^^^^^^                     ^^^^^
[INFO] [stdout] 5 |     Rgba, RgbaImage,
[INFO] [stdout]   |     ^^^^  ^^^^^^^^^
[INFO] [stdout]   |
[INFO] [stdout]   = note: `#[warn(unused_imports)]` on by default
[INFO] [stdout] 
[INFO] [stdout] 
[INFO] [stdout] warning: constant `width` is never used
[INFO] [stdout]  --> src/og-test.rs:8:7
[INFO] [stdout]   |
[INFO] [stdout] 8 | const width: u32 = 1024;
[INFO] [stdout]   |       ^^^^^
[INFO] [stdout]   |
[INFO] [stdout]   = note: `#[warn(dead_code)]` on by default
[INFO] [stdout] 
[INFO] [stdout] 
[INFO] [stdout] warning: constant `height` is never used
[INFO] [stdout]  --> src/og-test.rs:9:7
[INFO] [stdout]   |
[INFO] [stdout] 9 | const height: u32 = 512;
[INFO] [stdout]   |       ^^^^^^
[INFO] [stdout] 
[INFO] [stdout] 
[INFO] [stdout] warning: constant `width` should have an upper case name
[INFO] [stdout]  --> src/og-test.rs:8:7
[INFO] [stdout]   |
[INFO] [stdout] 8 | const width: u32 = 1024;
[INFO] [stdout]   |       ^^^^^ help: convert the identifier to upper case: `WIDTH`
[INFO] [stdout]   |
[INFO] [stdout]   = note: `#[warn(non_upper_case_globals)]` on by default
[INFO] [stdout] 
[INFO] [stdout] 
[INFO] [stdout] warning: constant `height` should have an upper case name
[INFO] [stdout]  --> src/og-test.rs:9:7
[INFO] [stdout]   |
[INFO] [stdout] 9 | const height: u32 = 512;
[INFO] [stdout]   |       ^^^^^^ help: convert the identifier to upper case: `HEIGHT`
[INFO] [stdout] 
[INFO] [stdout] 
[INFO] [stdout] warning: constant `width` should have an upper case name
[INFO] [stdout]   --> src/main.rs:11:7
[INFO] [stdout]    |
[INFO] [stdout] 11 | const width: u32 = 1024;
[INFO] [stdout]    |       ^^^^^ help: convert the identifier to upper case: `WIDTH`
[INFO] [stdout]    |
[INFO] [stdout]    = note: `#[warn(non_upper_case_globals)]` on by default
[INFO] [stdout] 
[INFO] [stdout] 
[INFO] [stdout] warning: constant `height` should have an upper case name
[INFO] [stdout]   --> src/main.rs:12:7
[INFO] [stdout]    |
[INFO] [stdout] 12 | const height: u32 = 512;
[INFO] [stdout]    |       ^^^^^^ help: convert the identifier to upper case: `HEIGHT`
[INFO] [stdout] 
[INFO] [stdout] 
[INFO] [stdout] warning: constant `width` should have an upper case name
[INFO] [stdout]   --> src/generic.rs:11:7
[INFO] [stdout]    |
[INFO] [stdout] 11 | const width: u32 = 1024;
[INFO] [stdout]    |       ^^^^^ help: convert the identifier to upper case: `WIDTH`
[INFO] [stdout]    |
[INFO] [stdout]    = note: `#[warn(non_upper_case_globals)]` on by default
[INFO] [stdout] 
[INFO] [stdout] 
[INFO] [stdout] warning: constant `height` should have an upper case name
[INFO] [stdout]   --> src/generic.rs:12:7
[INFO] [stdout]    |
[INFO] [stdout] 12 | const height: u32 = 512;
[INFO] [stdout]    |       ^^^^^^ help: convert the identifier to upper case: `HEIGHT`
[INFO] [stdout] 
[INFO] [stdout] 
[INFO] [stdout] warning: 9 warnings emitted
[INFO] [stdout] 
[INFO] [stdout] 
[INFO] [stdout] warning: 3 warnings emitted
[INFO] [stdout] 
[INFO] [stdout] 
[INFO] [stdout] warning: 3 warnings emitted
[INFO] [stdout] 
[INFO] [stdout] 
[INFO] [stderr]     Finished dev [unoptimized + debuginfo] target(s) in 25.95s
[INFO] running `Command { std: "docker" "inspect" "e636abfde8ce9e9aa5ffc80c40d49ba9310395feba74e813d68a44eb349e9e7f", kill_on_drop: false }`
[INFO] running `Command { std: "docker" "rm" "-f" "e636abfde8ce9e9aa5ffc80c40d49ba9310395feba74e813d68a44eb349e9e7f", kill_on_drop: false }`
[INFO] [stdout] e636abfde8ce9e9aa5ffc80c40d49ba9310395feba74e813d68a44eb349e9e7f
[INFO] running `Command { std: "docker" "create" "-v" "/var/lib/crater-agent-workspace/builds/worker-0-tc2/target:/opt/rustwide/target:rw,Z" "-v" "/var/lib/crater-agent-workspace/builds/worker-0-tc2/source:/opt/rustwide/workdir:ro,Z" "-v" "/var/lib/crater-agent-workspace/cargo-home:/opt/rustwide/cargo-home:ro,Z" "-v" "/var/lib/crater-agent-workspace/rustup-home:/opt/rustwide/rustup-home:ro,Z" "-e" "SOURCE_DIR=/opt/rustwide/workdir" "-e" "CARGO_TARGET_DIR=/opt/rustwide/target" "-e" "CARGO_INCREMENTAL=0" "-e" "RUST_BACKTRACE=full" "-e" "RUSTFLAGS=--cap-lints=warn" "-e" "RUSTDOCFLAGS=--cap-lints=warn" "-e" "CARGO_HOME=/opt/rustwide/cargo-home" "-e" "RUSTUP_HOME=/opt/rustwide/rustup-home" "-w" "/opt/rustwide/workdir" "-m" "1610612736" "--user" "0:0" "--network" "none" "ghcr.io/rust-lang/crates-build-env/linux@sha256:2788e3201cd34a07e3172128adcd8b3090168a8e3bcc40d7c032b9dda1df7d1c" "/opt/rustwide/cargo-home/bin/cargo" "+beta-2023-12-22" "test" "--frozen" "--no-run" "--message-format=json", kill_on_drop: false }`
[INFO] [stdout] 8b780df614f9969764172aefec09505843efac3d06f5559f8a13324c6ac83257
[INFO] running `Command { std: "docker" "start" "-a" "8b780df614f9969764172aefec09505843efac3d06f5559f8a13324c6ac83257", kill_on_drop: false }`
[INFO] [stderr]    Compiling opengraph-images v0.1.0 (/opt/rustwide/workdir)
[INFO] [stdout] warning: unused import: `ApiGatewayProxyRequest`
[INFO] [stdout]  --> src/og-test.rs:2:5
[INFO] [stdout]   |
[INFO] [stdout] 2 |     ApiGatewayProxyRequest, ApiGatewayProxyResponse,
[INFO] [stdout]   |     ^^^^^^^^^^^^^^^^^^^^^^
[INFO] [stdout]   |
[INFO] [stdout]   = note: `#[warn(unused_imports)]` on by default
[INFO] [stdout] 
[INFO] [stdout] 
[INFO] [stdout] warning: unused import: `StatusCode`
[INFO] [stdout]  --> src/og-test.rs:4:23
[INFO] [stdout]   |
[INFO] [stdout] 4 | use http::{HeaderMap, StatusCode};
[INFO] [stdout]   |                       ^^^^^^^^^^
[INFO] [stdout] 
[INFO] [stdout] 
[INFO] [stdout] warning: unused import: `json`
[INFO] [stdout]  --> src/og-test.rs:6:18
[INFO] [stdout]   |
[INFO] [stdout] 6 | use serde_json::{json, Value};
[INFO] [stdout]   |                  ^^^^
[INFO] [stdout] 
[INFO] [stdout] 
[INFO] [stdout] warning: unused imports: `ColorType`, `ImageBuffer`, `ImageEncoder`, `ImageFormat`, `Pixel`, `RgbaImage`, `Rgba`, `png::PngEncoder`
[INFO] [stdout]  --> src/generic.rs:3:5
[INFO] [stdout]   |
[INFO] [stdout] 3 |     png::PngEncoder, ColorType, DynamicImage, ImageBuffer,
[INFO] [stdout]   |     ^^^^^^^^^^^^^^^  ^^^^^^^^^                ^^^^^^^^^^^
[INFO] [stdout] 4 |     ImageEncoder, ImageFormat, ImageOutputFormat, Pixel,
[INFO] [stdout]   |     ^^^^^^^^^^^^  ^^^^^^^^^^^                     ^^^^^
[INFO] [stdout] 5 |     Rgba, RgbaImage,
[INFO] [stdout]   |     ^^^^  ^^^^^^^^^
[INFO] [stdout]   |
[INFO] [stdout]   = note: `#[warn(unused_imports)]` on by default
[INFO] [stdout] 
[INFO] [stdout] 
[INFO] [stdout] warning: unused variable: `title`
[INFO] [stdout]   --> src/og-test.rs:22:9
[INFO] [stdout]    |
[INFO] [stdout] 22 |     let title = &event["queryStringParameters"]["title"].as_str().or(Some("Rust Adventure Dynamic Image Serverless Function Test"));
[INFO] [stdout]    |         ^^^^^ help: if this is intentional, prefix it with an underscore: `_title`
[INFO] [stdout]    |
[INFO] [stdout]    = note: `#[warn(unused_variables)]` on by default
[INFO] [stdout] 
[INFO] [stdout] 
[INFO] [stdout] warning: unused variable: `subtitle`
[INFO] [stdout]   --> src/og-test.rs:23:9
[INFO] [stdout]    |
[INFO] [stdout] 23 |     let subtitle = &event["queryStringParameters"]
[INFO] [stdout]    |         ^^^^^^^^ help: if this is intentional, prefix it with an underscore: `_subtitle`
[INFO] [stdout] 
[INFO] [stdout] 
[INFO] [stdout] warning: unused imports: `ColorType`, `ImageBuffer`, `ImageEncoder`, `ImageFormat`, `Pixel`, `RgbaImage`, `Rgba`, `png::PngEncoder`
[INFO] [stdout]  --> src/main.rs:3:5
[INFO] [stdout]   |
[INFO] [stdout] 3 |     png::PngEncoder, ColorType, DynamicImage, ImageBuffer,
[INFO] [stdout]   |     ^^^^^^^^^^^^^^^  ^^^^^^^^^                ^^^^^^^^^^^
[INFO] [stdout] 4 |     ImageEncoder, ImageFormat, ImageOutputFormat, Pixel,
[INFO] [stdout]   |     ^^^^^^^^^^^^  ^^^^^^^^^^^                     ^^^^^
[INFO] [stdout] 5 |     Rgba, RgbaImage,
[INFO] [stdout]   |     ^^^^  ^^^^^^^^^
[INFO] [stdout]   |
[INFO] [stdout]   = note: `#[warn(unused_imports)]` on by default
[INFO] [stdout] 
[INFO] [stdout] 
[INFO] [stdout] warning: constant `width` is never used
[INFO] [stdout]  --> src/og-test.rs:8:7
[INFO] [stdout]   |
[INFO] [stdout] 8 | const width: u32 = 1024;
[INFO] [stdout]   |       ^^^^^
[INFO] [stdout]   |
[INFO] [stdout]   = note: `#[warn(dead_code)]` on by default
[INFO] [stdout] 
[INFO] [stdout] 
[INFO] [stdout] warning: constant `height` is never used
[INFO] [stdout]  --> src/og-test.rs:9:7
[INFO] [stdout]   |
[INFO] [stdout] 9 | const height: u32 = 512;
[INFO] [stdout]   |       ^^^^^^
[INFO] [stdout] 
[INFO] [stdout] 
[INFO] [stdout] warning: constant `width` should have an upper case name
[INFO] [stdout]  --> src/og-test.rs:8:7
[INFO] [stdout]   |
[INFO] [stdout] 8 | const width: u32 = 1024;
[INFO] [stdout]   |       ^^^^^ help: convert the identifier to upper case: `WIDTH`
[INFO] [stdout]   |
[INFO] [stdout]   = note: `#[warn(non_upper_case_globals)]` on by default
[INFO] [stdout] 
[INFO] [stdout] 
[INFO] [stdout] warning: constant `height` should have an upper case name
[INFO] [stdout]  --> src/og-test.rs:9:7
[INFO] [stdout]   |
[INFO] [stdout] 9 | const height: u32 = 512;
[INFO] [stdout]   |       ^^^^^^ help: convert the identifier to upper case: `HEIGHT`
[INFO] [stdout] 
[INFO] [stdout] 
[INFO] [stdout] warning: constant `width` should have an upper case name
[INFO] [stdout]   --> src/generic.rs:11:7
[INFO] [stdout]    |
[INFO] [stdout] 11 | const width: u32 = 1024;
[INFO] [stdout]    |       ^^^^^ help: convert the identifier to upper case: `WIDTH`
[INFO] [stdout]    |
[INFO] [stdout]    = note: `#[warn(non_upper_case_globals)]` on by default
[INFO] [stdout] 
[INFO] [stdout] 
[INFO] [stdout] warning: constant `height` should have an upper case name
[INFO] [stdout]   --> src/generic.rs:12:7
[INFO] [stdout]    |
[INFO] [stdout] 12 | const height: u32 = 512;
[INFO] [stdout]    |       ^^^^^^ help: convert the identifier to upper case: `HEIGHT`
[INFO] [stdout] 
[INFO] [stdout] 
[INFO] [stdout] warning: constant `width` should have an upper case name
[INFO] [stdout]   --> src/main.rs:11:7
[INFO] [stdout]    |
[INFO] [stdout] 11 | const width: u32 = 1024;
[INFO] [stdout]    |       ^^^^^ help: convert the identifier to upper case: `WIDTH`
[INFO] [stdout]    |
[INFO] [stdout]    = note: `#[warn(non_upper_case_globals)]` on by default
[INFO] [stdout] 
[INFO] [stdout] 
[INFO] [stdout] warning: constant `height` should have an upper case name
[INFO] [stdout]   --> src/main.rs:12:7
[INFO] [stdout]    |
[INFO] [stdout] 12 | const height: u32 = 512;
[INFO] [stdout]    |       ^^^^^^ help: convert the identifier to upper case: `HEIGHT`
[INFO] [stdout] 
[INFO] [stdout] 
[INFO] [stdout] warning: 9 warnings emitted
[INFO] [stdout] 
[INFO] [stdout] 
[INFO] [stdout] warning: 3 warnings emitted
[INFO] [stdout] 
[INFO] [stdout] 
[INFO] [stdout] warning: 3 warnings emitted
[INFO] [stdout] 
[INFO] [stdout] 
[INFO] [stderr]     Finished test [unoptimized + debuginfo] target(s) in 2.76s
[INFO] running `Command { std: "docker" "inspect" "8b780df614f9969764172aefec09505843efac3d06f5559f8a13324c6ac83257", kill_on_drop: false }`
[INFO] running `Command { std: "docker" "rm" "-f" "8b780df614f9969764172aefec09505843efac3d06f5559f8a13324c6ac83257", kill_on_drop: false }`
[INFO] [stdout] 8b780df614f9969764172aefec09505843efac3d06f5559f8a13324c6ac83257
[INFO] running `Command { std: "docker" "create" "-v" "/var/lib/crater-agent-workspace/builds/worker-0-tc2/target:/opt/rustwide/target:rw,Z" "-v" "/var/lib/crater-agent-workspace/builds/worker-0-tc2/source:/opt/rustwide/workdir:ro,Z" "-v" "/var/lib/crater-agent-workspace/cargo-home:/opt/rustwide/cargo-home:ro,Z" "-v" "/var/lib/crater-agent-workspace/rustup-home:/opt/rustwide/rustup-home:ro,Z" "-e" "SOURCE_DIR=/opt/rustwide/workdir" "-e" "CARGO_TARGET_DIR=/opt/rustwide/target" "-e" "CARGO_INCREMENTAL=0" "-e" "RUST_BACKTRACE=full" "-e" "RUSTFLAGS=--cap-lints=warn" "-e" "RUSTDOCFLAGS=--cap-lints=warn" "-e" "CARGO_HOME=/opt/rustwide/cargo-home" "-e" "RUSTUP_HOME=/opt/rustwide/rustup-home" "-w" "/opt/rustwide/workdir" "-m" "1610612736" "--user" "0:0" "--network" "none" "ghcr.io/rust-lang/crates-build-env/linux@sha256:2788e3201cd34a07e3172128adcd8b3090168a8e3bcc40d7c032b9dda1df7d1c" "/opt/rustwide/cargo-home/bin/cargo" "+beta-2023-12-22" "test" "--frozen", kill_on_drop: false }`
[INFO] [stdout] 077b59af1eb1120f8bf71404ee1358ac277a247daf77af15386518da5dfbeb4b
[INFO] running `Command { std: "docker" "start" "-a" "077b59af1eb1120f8bf71404ee1358ac277a247daf77af15386518da5dfbeb4b", kill_on_drop: false }`
[INFO] [stderr] warning: unused imports: `ColorType`, `ImageBuffer`, `ImageEncoder`, `ImageFormat`, `Pixel`, `RgbaImage`, `Rgba`, `png::PngEncoder`
[INFO] [stderr]  --> src/generic.rs:3:5
[INFO] [stderr]   |
[INFO] [stderr] 3 |     png::PngEncoder, ColorType, DynamicImage, ImageBuffer,
[INFO] [stderr]   |     ^^^^^^^^^^^^^^^  ^^^^^^^^^                ^^^^^^^^^^^
[INFO] [stderr] 4 |     ImageEncoder, ImageFormat, ImageOutputFormat, Pixel,
[INFO] [stderr]   |     ^^^^^^^^^^^^  ^^^^^^^^^^^                     ^^^^^
[INFO] [stderr] 5 |     Rgba, RgbaImage,
[INFO] [stderr]   |     ^^^^  ^^^^^^^^^
[INFO] [stderr]   |
[INFO] [stderr]   = note: `#[warn(unused_imports)]` on by default
[INFO] [stderr] 
[INFO] [stderr] warning: constant `width` should have an upper case name
[INFO] [stderr]   --> src/generic.rs:11:7
[INFO] [stderr]    |
[INFO] [stderr] 11 | const width: u32 = 1024;
[INFO] [stderr]    |       ^^^^^ help: convert the identifier to upper case: `WIDTH`
[INFO] [stderr]    |
[INFO] [stderr]    = note: `#[warn(non_upper_case_globals)]` on by default
[INFO] [stderr] 
[INFO] [stderr] warning: constant `height` should have an upper case name
[INFO] [stderr]   --> src/generic.rs:12:7
[INFO] [stderr]    |
[INFO] [stderr] 12 | const height: u32 = 512;
[INFO] [stderr]    |       ^^^^^^ help: convert the identifier to upper case: `HEIGHT`
[INFO] [stderr] 
[INFO] [stderr] warning: unused imports: `ColorType`, `ImageBuffer`, `ImageEncoder`, `ImageFormat`, `Pixel`, `RgbaImage`, `Rgba`, `png::PngEncoder`
[INFO] [stderr]  --> src/main.rs:3:5
[INFO] [stderr]   |
[INFO] [stderr] 3 |     png::PngEncoder, ColorType, DynamicImage, ImageBuffer,
[INFO] [stderr]   |     ^^^^^^^^^^^^^^^  ^^^^^^^^^                ^^^^^^^^^^^
[INFO] [stderr] 4 |     ImageEncoder, ImageFormat, ImageOutputFormat, Pixel,
[INFO] [stderr]   |     ^^^^^^^^^^^^  ^^^^^^^^^^^                     ^^^^^
[INFO] [stderr] 5 |     Rgba, RgbaImage,
[INFO] [stderr]   |     ^^^^  ^^^^^^^^^
[INFO] [stderr]   |
[INFO] [stderr]   = note: `#[warn(unused_imports)]` on by default
[INFO] [stderr] 
[INFO] [stderr] warning: constant `width` should have an upper case name
[INFO] [stderr]   --> src/main.rs:11:7
[INFO] [stderr]    |
[INFO] [stderr] 11 | const width: u32 = 1024;
[INFO] [stderr]    |       ^^^^^ help: convert the identifier to upper case: `WIDTH`
[INFO] [stderr]    |
[INFO] [stderr]    = note: `#[warn(non_upper_case_globals)]` on by default
[INFO] [stderr] 
[INFO] [stderr] warning: constant `height` should have an upper case name
[INFO] [stderr]   --> src/main.rs:12:7
[INFO] [stderr]    |
[INFO] [stderr] 12 | const height: u32 = 512;
[INFO] [stderr]    |       ^^^^^^ help: convert the identifier to upper case: `HEIGHT`
[INFO] [stderr] 
[INFO] [stderr] warning: unused import: `ApiGatewayProxyRequest`
[INFO] [stderr]  --> src/og-test.rs:2:5
[INFO] [stderr]   |
[INFO] [stderr] 2 |     ApiGatewayProxyRequest, ApiGatewayProxyResponse,
[INFO] [stderr]   |     ^^^^^^^^^^^^^^^^^^^^^^
[INFO] [stderr]   |
[INFO] [stderr]   = note: `#[warn(unused_imports)]` on by default
[INFO] [stderr] 
[INFO] [stderr] warning: unused import: `StatusCode`
[INFO] [stderr]  --> src/og-test.rs:4:23
[INFO] [stderr]   |
[INFO] [stderr] 4 | use http::{HeaderMap, StatusCode};
[INFO] [stderr]   |                       ^^^^^^^^^^
[INFO] [stderr] 
[INFO] [stderr] warning: unused import: `json`
[INFO] [stderr]  --> src/og-test.rs:6:18
[INFO] [stderr]   |
[INFO] [stderr] 6 | use serde_json::{json, Value};
[INFO] [stderr]   |                  ^^^^
[INFO] [stderr] 
[INFO] [stderr] warning: unused variable: `title`
[INFO] [stderr]   --> src/og-test.rs:22:9
[INFO] [stderr]    |
[INFO] [stderr] 22 |     let title = &event["queryStringParameters"]["title"].as_str().or(Some("Rust Adventure Dynamic Image Serverless Function Test"));
[INFO] [stderr]    |         ^^^^^ help: if this is intentional, prefix it with an underscore: `_title`
[INFO] [stderr]    |
[INFO] [stderr]    = note: `#[warn(unused_variables)]` on by default
[INFO] [stderr] 
[INFO] [stderr] warning: unused variable: `subtitle`
[INFO] [stderr]   --> src/og-test.rs:23:9
[INFO] [stderr]    |
[INFO] [stderr] 23 |     let subtitle = &event["queryStringParameters"]
[INFO] [stderr]    |         ^^^^^^^^ help: if this is intentional, prefix it with an underscore: `_subtitle`
[INFO] [stderr] 
[INFO] [stderr] warning: constant `width` is never used
[INFO] [stderr]  --> src/og-test.rs:8:7
[INFO] [stderr]   |
[INFO] [stderr] 8 | const width: u32 = 1024;
[INFO] [stderr]   |       ^^^^^
[INFO] [stderr]   |
[INFO] [stderr]   = note: `#[warn(dead_code)]` on by default
[INFO] [stderr] 
[INFO] [stderr] warning: constant `height` is never used
[INFO] [stderr]  --> src/og-test.rs:9:7
[INFO] [stderr]   |
[INFO] [stderr] 9 | const height: u32 = 512;
[INFO] [stderr]   |       ^^^^^^
[INFO] [stderr] 
[INFO] [stderr] warning: constant `width` should have an upper case name
[INFO] [stderr]  --> src/og-test.rs:8:7
[INFO] [stderr]   |
[INFO] [stderr] 8 | const width: u32 = 1024;
[INFO] [stderr]   |       ^^^^^ help: convert the identifier to upper case: `WIDTH`
[INFO] [stderr]   |
[INFO] [stderr]   = note: `#[warn(non_upper_case_globals)]` on by default
[INFO] [stderr] 
[INFO] [stderr] warning: constant `height` should have an upper case name
[INFO] [stderr]  --> src/og-test.rs:9:7
[INFO] [stderr]   |
[INFO] [stderr] 9 | const height: u32 = 512;
[INFO] [stderr]   |       ^^^^^^ help: convert the identifier to upper case: `HEIGHT`
[INFO] [stderr] 
[INFO] [stderr] warning: `opengraph-images` (bin "generic" test) generated 3 warnings (run `cargo fix --bin "generic" --tests` to apply 1 suggestion)
[INFO] [stderr] warning: `opengraph-images` (bin "opengraph-images" test) generated 3 warnings (run `cargo fix --bin "opengraph-images" --tests` to apply 1 suggestion)
[INFO] [stderr] warning: `opengraph-images` (bin "og-test" test) generated 9 warnings (run `cargo fix --bin "og-test" --tests` to apply 5 suggestions)
[INFO] [stderr]     Finished test [unoptimized + debuginfo] target(s) in 0.11s
[INFO] [stderr]      Running unittests src/generic.rs (/opt/rustwide/target/debug/deps/generic-a3169c9639291c93)
[INFO] [stdout] 
[INFO] [stdout] running 1 test
[INFO] [stdout] test tests::generates_image ... FAILED
[INFO] [stdout] 
[INFO] [stdout] failures:
[INFO] [stdout] 
[INFO] [stdout] ---- tests::generates_image stdout ----
[INFO] [stdout] thread 'tests::generates_image' panicked at src/generic.rs:247:50:
[INFO] [stdout] called `Result::unwrap()` on an `Err` value: Os { code: 30, kind: ReadOnlyFilesystem, message: "Read-only file system" }
[INFO] [stdout] stack backtrace:
[INFO] [stdout]    0:     0x5568557ccbc6 - std::backtrace_rs::backtrace::libunwind::trace::h261606ad26a499c1
[INFO] [stdout]                                at /rustc/0e09125c6c3c2fd70d7de961bcf0e51575235fad/library/std/src/../../backtrace/src/backtrace/libunwind.rs:104:5
[INFO] [stdout]    1:     0x5568557ccbc6 - std::backtrace_rs::backtrace::trace_unsynchronized::hd183f0625477fb28
[INFO] [stdout]                                at /rustc/0e09125c6c3c2fd70d7de961bcf0e51575235fad/library/std/src/../../backtrace/src/backtrace/mod.rs:66:5
[INFO] [stdout]    2:     0x5568557ccbc6 - std::sys_common::backtrace::_print_fmt::hd7f8fef21b4eda67
[INFO] [stdout]                                at /rustc/0e09125c6c3c2fd70d7de961bcf0e51575235fad/library/std/src/sys_common/backtrace.rs:68:5
[INFO] [stdout]    3:     0x5568557ccbc6 - <std::sys_common::backtrace::_print::DisplayBacktrace as core::fmt::Display>::fmt::h623d9b51f2f453f1
[INFO] [stdout]                                at /rustc/0e09125c6c3c2fd70d7de961bcf0e51575235fad/library/std/src/sys_common/backtrace.rs:44:22
[INFO] [stdout]    4:     0x5568557f7830 - core::fmt::rt::Argument::fmt::h9f417ac76a86f368
[INFO] [stdout]                                at /rustc/0e09125c6c3c2fd70d7de961bcf0e51575235fad/library/core/src/fmt/rt.rs:142:9
[INFO] [stdout]    5:     0x5568557f7830 - core::fmt::write::hc9b6faf4ac2aeff7
[INFO] [stdout]                                at /rustc/0e09125c6c3c2fd70d7de961bcf0e51575235fad/library/core/src/fmt/mod.rs:1120:17
[INFO] [stdout]    6:     0x5568557ca41f - std::io::Write::write_fmt::he04625a3a989fec3
[INFO] [stdout]                                at /rustc/0e09125c6c3c2fd70d7de961bcf0e51575235fad/library/std/src/io/mod.rs:1810:15
[INFO] [stdout]    7:     0x5568557cc9a4 - std::sys_common::backtrace::_print::hd5d66399c7df88a2
[INFO] [stdout]                                at /rustc/0e09125c6c3c2fd70d7de961bcf0e51575235fad/library/std/src/sys_common/backtrace.rs:47:5
[INFO] [stdout]    8:     0x5568557cc9a4 - std::sys_common::backtrace::print::he81ed2da642d37e5
[INFO] [stdout]                                at /rustc/0e09125c6c3c2fd70d7de961bcf0e51575235fad/library/std/src/sys_common/backtrace.rs:34:9
[INFO] [stdout]    9:     0x5568557ce717 - std::panicking::default_hook::{{closure}}::h85773f4fa117163d
[INFO] [stdout]   10:     0x5568557ce3fd - std::panicking::default_hook::h6a1694a91d09b278
[INFO] [stdout]                                at /rustc/0e09125c6c3c2fd70d7de961bcf0e51575235fad/library/std/src/panicking.rs:289:9
[INFO] [stdout]   11:     0x5568553f3a57 - <alloc::boxed::Box<F,A> as core::ops::function::Fn<Args>>::call::h616ac37fa3cd6c8f
[INFO] [stdout]                                at /rustc/0e09125c6c3c2fd70d7de961bcf0e51575235fad/library/alloc/src/boxed.rs:2029:9
[INFO] [stdout]   12:     0x5568553f3a57 - test::test_main::{{closure}}::h00d84697cefdcbb6
[INFO] [stdout]                                at /rustc/0e09125c6c3c2fd70d7de961bcf0e51575235fad/library/test/src/lib.rs:138:21
[INFO] [stdout]   13:     0x5568557ced36 - <alloc::boxed::Box<F,A> as core::ops::function::Fn<Args>>::call::hcb3fe3b9bb537ba8
[INFO] [stdout]                                at /rustc/0e09125c6c3c2fd70d7de961bcf0e51575235fad/library/alloc/src/boxed.rs:2029:9
[INFO] [stdout]   14:     0x5568557ced36 - std::panicking::rust_panic_with_hook::h0a7ad96e90f7145b
[INFO] [stdout]                                at /rustc/0e09125c6c3c2fd70d7de961bcf0e51575235fad/library/std/src/panicking.rs:783:13
[INFO] [stdout]   15:     0x5568557cea82 - std::panicking::begin_panic_handler::{{closure}}::h7919090525c6485e
[INFO] [stdout]                                at /rustc/0e09125c6c3c2fd70d7de961bcf0e51575235fad/library/std/src/panicking.rs:657:13
[INFO] [stdout]   16:     0x5568557cd0c6 - std::sys_common::backtrace::__rust_end_short_backtrace::hf3289479464f7dfe
[INFO] [stdout]                                at /rustc/0e09125c6c3c2fd70d7de961bcf0e51575235fad/library/std/src/sys_common/backtrace.rs:171:18
[INFO] [stdout]   17:     0x5568557ce7e0 - rust_begin_unwind
[INFO] [stdout]                                at /rustc/0e09125c6c3c2fd70d7de961bcf0e51575235fad/library/std/src/panicking.rs:645:5
[INFO] [stdout]   18:     0x55685539c285 - core::panicking::panic_fmt::hcc9f77c5c132af55
[INFO] [stdout]                                at /rustc/0e09125c6c3c2fd70d7de961bcf0e51575235fad/library/core/src/panicking.rs:72:14
[INFO] [stdout]   19:     0x55685539c863 - core::result::unwrap_failed::hbe14f498be1452f9
[INFO] [stdout]                                at /rustc/0e09125c6c3c2fd70d7de961bcf0e51575235fad/library/core/src/result.rs:1649:5
[INFO] [stdout]   20:     0x556855779a3d - core::result::Result<T,E>::unwrap::h8294a708d281ccba
[INFO] [stdout]                                at /rustc/0e09125c6c3c2fd70d7de961bcf0e51575235fad/library/core/src/result.rs:1073:23
[INFO] [stdout]   21:     0x5568553b3c22 - generic::tests::generates_image::{{closure}}::he6e78378c0188362
[INFO] [stdout]                                at /opt/rustwide/workdir/src/generic.rs:247:9
[INFO] [stdout]   22:     0x5568553b87fb - <core::pin::Pin<P> as core::future::future::Future>::poll::h99bb2d663b0c12e4
[INFO] [stdout]                                at /rustc/0e09125c6c3c2fd70d7de961bcf0e51575235fad/library/core/src/future/future.rs:124:9
[INFO] [stdout]   23:     0x5568553b1544 - tokio::runtime::basic_scheduler::Inner<P>::block_on::{{closure}}::{{closure}}::ha44d013433e92cb0
[INFO] [stdout]                                at /opt/rustwide/cargo-home/registry/src/index.crates.io-6f17d22bba15001f/tokio-1.12.0/src/runtime/basic_scheduler.rs:230:62
[INFO] [stdout]   24:     0x5568553bc140 - tokio::coop::with_budget::{{closure}}::h64fcb8d9b0e33bc7
[INFO] [stdout]                                at /opt/rustwide/cargo-home/registry/src/index.crates.io-6f17d22bba15001f/tokio-1.12.0/src/coop.rs:106:9
[INFO] [stdout]   25:     0x5568553ace9e - std::thread::local::LocalKey<T>::try_with::h1f6ed392578f833e
[INFO] [stdout]                                at /rustc/0e09125c6c3c2fd70d7de961bcf0e51575235fad/library/std/src/thread/local.rs:270:16
[INFO] [stdout]   26:     0x5568553acb7a - std::thread::local::LocalKey<T>::with::h7481d645114bc770
[INFO] [stdout]                                at /rustc/0e09125c6c3c2fd70d7de961bcf0e51575235fad/library/std/src/thread/local.rs:246:9
[INFO] [stdout]   27:     0x5568553b0c8c - tokio::coop::with_budget::h4fd0b93ba4eed311
[INFO] [stdout]                                at /opt/rustwide/cargo-home/registry/src/index.crates.io-6f17d22bba15001f/tokio-1.12.0/src/coop.rs:99:5
[INFO] [stdout]   28:     0x5568553b0c8c - tokio::coop::budget::hea6832661d64ebac
[INFO] [stdout]                                at /opt/rustwide/cargo-home/registry/src/index.crates.io-6f17d22bba15001f/tokio-1.12.0/src/coop.rs:76:5
[INFO] [stdout]   29:     0x5568553b0c8c - tokio::runtime::basic_scheduler::Inner<P>::block_on::{{closure}}::h23656924798871e6
[INFO] [stdout]                                at /opt/rustwide/cargo-home/registry/src/index.crates.io-6f17d22bba15001f/tokio-1.12.0/src/runtime/basic_scheduler.rs:230:39
[INFO] [stdout]   30:     0x5568553b2071 - tokio::runtime::basic_scheduler::enter::{{closure}}::heb3588b92f3d2b7f
[INFO] [stdout]                                at /opt/rustwide/cargo-home/registry/src/index.crates.io-6f17d22bba15001f/tokio-1.12.0/src/runtime/basic_scheduler.rs:339:29
[INFO] [stdout]   31:     0x5568553b0847 - tokio::macros::scoped_tls::ScopedKey<T>::set::hde6cf4915ebb8bf5
[INFO] [stdout]                                at /opt/rustwide/cargo-home/registry/src/index.crates.io-6f17d22bba15001f/tokio-1.12.0/src/macros/scoped_tls.rs:61:9
[INFO] [stdout]   32:     0x5568553b1fed - tokio::runtime::basic_scheduler::enter::h577acc7901399890
[INFO] [stdout]                                at /opt/rustwide/cargo-home/registry/src/index.crates.io-6f17d22bba15001f/tokio-1.12.0/src/runtime/basic_scheduler.rs:339:5
[INFO] [stdout]   33:     0x5568553b090b - tokio::runtime::basic_scheduler::Inner<P>::block_on::h32128242d30954fb
[INFO] [stdout]                                at /opt/rustwide/cargo-home/registry/src/index.crates.io-6f17d22bba15001f/tokio-1.12.0/src/runtime/basic_scheduler.rs:218:9
[INFO] [stdout]   34:     0x5568553b166e - tokio::runtime::basic_scheduler::InnerGuard<P>::block_on::hb101c5d319a415c1
[INFO] [stdout]                                at /opt/rustwide/cargo-home/registry/src/index.crates.io-6f17d22bba15001f/tokio-1.12.0/src/runtime/basic_scheduler.rs:489:9
[INFO] [stdout]   35:     0x5568553b1983 - tokio::runtime::basic_scheduler::BasicScheduler<P>::block_on::h67e92512744a040e
[INFO] [stdout]                                at /opt/rustwide/cargo-home/registry/src/index.crates.io-6f17d22bba15001f/tokio-1.12.0/src/runtime/basic_scheduler.rs:178:24
[INFO] [stdout]   36:     0x5568553bc5d5 - tokio::runtime::Runtime::block_on::h064000b3e674c0bb
[INFO] [stdout]                                at /opt/rustwide/cargo-home/registry/src/index.crates.io-6f17d22bba15001f/tokio-1.12.0/src/runtime/mod.rs:461:46
[INFO] [stdout]   37:     0x5568553b3ac2 - generic::tests::generates_image::h138405ef973e79ca
[INFO] [stdout]                                at /opt/rustwide/workdir/src/generic.rs:247:9
[INFO] [stdout]   38:     0x5568553b39c7 - generic::tests::generates_image::{{closure}}::h9ff94cd37193ed3d
[INFO] [stdout]                                at /opt/rustwide/workdir/src/generic.rs:243:31
[INFO] [stdout]   39:     0x5568553b9546 - core::ops::function::FnOnce::call_once::h7c586c9a0428563e
[INFO] [stdout]                                at /rustc/0e09125c6c3c2fd70d7de961bcf0e51575235fad/library/core/src/ops/function.rs:250:5
[INFO] [stdout]   40:     0x5568553f932f - core::ops::function::FnOnce::call_once::hd64d26f405258157
[INFO] [stdout]                                at /rustc/0e09125c6c3c2fd70d7de961bcf0e51575235fad/library/core/src/ops/function.rs:250:5
[INFO] [stdout]   41:     0x5568553f932f - test::__rust_begin_short_backtrace::he21b0b7a6d731bf9
[INFO] [stdout]                                at /rustc/0e09125c6c3c2fd70d7de961bcf0e51575235fad/library/test/src/lib.rs:627:18
[INFO] [stdout]   42:     0x5568553f80b1 - test::run_test_in_process::{{closure}}::hf5c73986d7bdfde2
[INFO] [stdout]                                at /rustc/0e09125c6c3c2fd70d7de961bcf0e51575235fad/library/test/src/lib.rs:650:60
[INFO] [stdout]   43:     0x5568553f80b1 - <core::panic::unwind_safe::AssertUnwindSafe<F> as core::ops::function::FnOnce<()>>::call_once::h330011ad032aadc0
[INFO] [stdout]                                at /rustc/0e09125c6c3c2fd70d7de961bcf0e51575235fad/library/core/src/panic/unwind_safe.rs:272:9
[INFO] [stdout]   44:     0x5568553f80b1 - std::panicking::try::do_call::he61b0a958b795a41
[INFO] [stdout]                                at /rustc/0e09125c6c3c2fd70d7de961bcf0e51575235fad/library/std/src/panicking.rs:552:40
[INFO] [stdout]   45:     0x5568553f80b1 - std::panicking::try::h7309da130f906eb7
[INFO] [stdout]                                at /rustc/0e09125c6c3c2fd70d7de961bcf0e51575235fad/library/std/src/panicking.rs:516:19
[INFO] [stdout]   46:     0x5568553f80b1 - std::panic::catch_unwind::hc5c3a06fdaf0a92a
[INFO] [stdout]                                at /rustc/0e09125c6c3c2fd70d7de961bcf0e51575235fad/library/std/src/panic.rs:142:14
[INFO] [stdout]   47:     0x5568553f80b1 - test::run_test_in_process::h7e7b7c71c3324e0f
[INFO] [stdout]                                at /rustc/0e09125c6c3c2fd70d7de961bcf0e51575235fad/library/test/src/lib.rs:650:27
[INFO] [stdout]   48:     0x5568553f80b1 - test::run_test::{{closure}}::h1f509f28f5cf20b1
[INFO] [stdout]                                at /rustc/0e09125c6c3c2fd70d7de961bcf0e51575235fad/library/test/src/lib.rs:573:43
[INFO] [stdout]   49:     0x5568553bf3e6 - test::run_test::{{closure}}::h1754218abf443f6d
[INFO] [stdout]                                at /rustc/0e09125c6c3c2fd70d7de961bcf0e51575235fad/library/test/src/lib.rs:601:41
[INFO] [stdout]   50:     0x5568553bf3e6 - std::sys_common::backtrace::__rust_begin_short_backtrace::h2ee174b9d5954948
[INFO] [stdout]                                at /rustc/0e09125c6c3c2fd70d7de961bcf0e51575235fad/library/std/src/sys_common/backtrace.rs:155:18
[INFO] [stdout]   51:     0x5568553c4447 - std::thread::Builder::spawn_unchecked_::{{closure}}::{{closure}}::hf60bee9c1a17ef09
[INFO] [stdout]                                at /rustc/0e09125c6c3c2fd70d7de961bcf0e51575235fad/library/std/src/thread/mod.rs:529:17
[INFO] [stdout]   52:     0x5568553c4447 - <core::panic::unwind_safe::AssertUnwindSafe<F> as core::ops::function::FnOnce<()>>::call_once::h33d0dddec5216160
[INFO] [stdout]                                at /rustc/0e09125c6c3c2fd70d7de961bcf0e51575235fad/library/core/src/panic/unwind_safe.rs:272:9
[INFO] [stdout]   53:     0x5568553c4447 - std::panicking::try::do_call::h144b3048b546f835
[INFO] [stdout]                                at /rustc/0e09125c6c3c2fd70d7de961bcf0e51575235fad/library/std/src/panicking.rs:552:40
[INFO] [stdout]   54:     0x5568553c4447 - std::panicking::try::h978244d04646189f
[INFO] [stdout]                                at /rustc/0e09125c6c3c2fd70d7de961bcf0e51575235fad/library/std/src/panicking.rs:516:19
[INFO] [stdout]   55:     0x5568553c4447 - std::panic::catch_unwind::hdf436369d188fe86
[INFO] [stdout]                                at /rustc/0e09125c6c3c2fd70d7de961bcf0e51575235fad/library/std/src/panic.rs:142:14
[INFO] [stdout]   56:     0x5568553c4447 - std::thread::Builder::spawn_unchecked_::{{closure}}::h87329cbdd33c79ec
[INFO] [stdout]                                at /rustc/0e09125c6c3c2fd70d7de961bcf0e51575235fad/library/std/src/thread/mod.rs:528:30
[INFO] [stdout]   57:     0x5568553c4447 - core::ops::function::FnOnce::call_once{{vtable.shim}}::h401abbe67897d450
[INFO] [stdout]                                at /rustc/0e09125c6c3c2fd70d7de961bcf0e51575235fad/library/core/src/ops/function.rs:250:5
[INFO] [stdout]   58:     0x5568557d3965 - <alloc::boxed::Box<F,A> as core::ops::function::FnOnce<Args>>::call_once::h5d7c8f150ab9c84c
[INFO] [stdout]                                at /rustc/0e09125c6c3c2fd70d7de961bcf0e51575235fad/library/alloc/src/boxed.rs:2015:9
[INFO] [stdout]   59:     0x5568557d3965 - <alloc::boxed::Box<F,A> as core::ops::function::FnOnce<Args>>::call_once::h570d5b005c242c15
[INFO] [stdout]                                at /rustc/0e09125c6c3c2fd70d7de961bcf0e51575235fad/library/alloc/src/boxed.rs:2015:9
[INFO] [stdout]   60:     0x5568557d3965 - std::sys::unix::thread::Thread::new::thread_start::h36b0a20c0b2361ad
[INFO] [stdout]                                at /rustc/0e09125c6c3c2fd70d7de961bcf0e51575235fad/library/std/src/sys/unix/thread.rs:108:17
[INFO] [stdout]   61:     0x7fb839582ac3 - <unknown>
[INFO] [stdout]   62:     0x7fb839613bf4 - __clone
[INFO] [stdout]   63:                0x0 - <unknown>
[INFO] [stdout] 
[INFO] [stdout] 
[INFO] [stdout] failures:
[INFO] [stdout]     tests::generates_image
[INFO] [stdout] 
[INFO] [stdout] test result: FAILED. 0 passed; 1 failed; 0 ignored; 0 measured; 0 filtered out; finished in 0.70s
[INFO] [stdout] 
[INFO] [stderr] error: test failed, to rerun pass `--bin generic`
[INFO] running `Command { std: "docker" "inspect" "077b59af1eb1120f8bf71404ee1358ac277a247daf77af15386518da5dfbeb4b", kill_on_drop: false }`
[INFO] running `Command { std: "docker" "rm" "-f" "077b59af1eb1120f8bf71404ee1358ac277a247daf77af15386518da5dfbeb4b", kill_on_drop: false }`
[INFO] [stdout] 077b59af1eb1120f8bf71404ee1358ac277a247daf77af15386518da5dfbeb4b
