[INFO] cloning repository https://github.com/rpm-rs/rpmspec-rs
[INFO] running `Command { std: "git" "-c" "credential.helper=" "-c" "credential.helper=/workspace/cargo-home/bin/git-credential-null" "clone" "--bare" "https://github.com/rpm-rs/rpmspec-rs" "/workspace/cache/git-repos/https%3A%2F%2Fgithub.com%2Frpm-rs%2Frpmspec-rs", kill_on_drop: false }`
[INFO] [stderr] Cloning into bare repository '/workspace/cache/git-repos/https%3A%2F%2Fgithub.com%2Frpm-rs%2Frpmspec-rs'...
[INFO] running `Command { std: "git" "rev-parse" "HEAD", kill_on_drop: false }`
[INFO] [stdout] 033b2081e84349efcd5681ade8b2daf2fb64b38e
[INFO] testing rpm-rs/rpmspec-rs against 1.75.0 for beta-1.76-1
[INFO] running `Command { std: "git" "clone" "/workspace/cache/git-repos/https%3A%2F%2Fgithub.com%2Frpm-rs%2Frpmspec-rs" "/workspace/builds/worker-7-tc1/source", kill_on_drop: false }`
[INFO] [stderr] Cloning into '/workspace/builds/worker-7-tc1/source'...
[INFO] [stderr] done.
[INFO] validating manifest of git repo https://github.com/rpm-rs/rpmspec-rs on toolchain 1.75.0
[INFO] running `Command { std: CARGO_HOME="/workspace/cargo-home" RUSTUP_HOME="/workspace/rustup-home" "/workspace/cargo-home/bin/cargo" "+1.75.0" "metadata" "--manifest-path" "Cargo.toml" "--no-deps", kill_on_drop: false }`
[INFO] started tweaking git repo https://github.com/rpm-rs/rpmspec-rs
[INFO] finished tweaking git repo https://github.com/rpm-rs/rpmspec-rs
[INFO] tweaked toml for git repo https://github.com/rpm-rs/rpmspec-rs written to /workspace/builds/worker-7-tc1/source/Cargo.toml
[INFO] crate git repo https://github.com/rpm-rs/rpmspec-rs already has a lockfile, it will not be regenerated
[INFO] running `Command { std: CARGO_HOME="/workspace/cargo-home" RUSTUP_HOME="/workspace/rustup-home" "/workspace/cargo-home/bin/cargo" "+1.75.0" "fetch" "--manifest-path" "Cargo.toml", kill_on_drop: false }`
[INFO] [stderr]  Downloading crates ...
[INFO] [stderr]   Downloaded lazy_format v2.0.0
[INFO] running `Command { std: "docker" "create" "-v" "/var/lib/crater-agent-workspace/builds/worker-7-tc1/target:/opt/rustwide/target:rw,Z" "-v" "/var/lib/crater-agent-workspace/builds/worker-7-tc1/source:/opt/rustwide/workdir:ro,Z" "-v" "/var/lib/crater-agent-workspace/cargo-home:/opt/rustwide/cargo-home:ro,Z" "-v" "/var/lib/crater-agent-workspace/rustup-home:/opt/rustwide/rustup-home:ro,Z" "-e" "SOURCE_DIR=/opt/rustwide/workdir" "-e" "CARGO_TARGET_DIR=/opt/rustwide/target" "-e" "CARGO_HOME=/opt/rustwide/cargo-home" "-e" "RUSTUP_HOME=/opt/rustwide/rustup-home" "-w" "/opt/rustwide/workdir" "-m" "1610612736" "--user" "0:0" "--network" "none" "ghcr.io/rust-lang/crates-build-env/linux@sha256:2788e3201cd34a07e3172128adcd8b3090168a8e3bcc40d7c032b9dda1df7d1c" "/opt/rustwide/cargo-home/bin/cargo" "+1.75.0" "metadata" "--no-deps" "--format-version=1", kill_on_drop: false }`
[INFO] [stdout] 0b7bdf978de913d7383da3e530cbddfa7411fd83945244ec0ffaacf8dfda3c4d
[INFO] running `Command { std: "docker" "start" "-a" "0b7bdf978de913d7383da3e530cbddfa7411fd83945244ec0ffaacf8dfda3c4d", kill_on_drop: false }`
[INFO] running `Command { std: "docker" "inspect" "0b7bdf978de913d7383da3e530cbddfa7411fd83945244ec0ffaacf8dfda3c4d", kill_on_drop: false }`
[INFO] running `Command { std: "docker" "rm" "-f" "0b7bdf978de913d7383da3e530cbddfa7411fd83945244ec0ffaacf8dfda3c4d", kill_on_drop: false }`
[INFO] [stdout] 0b7bdf978de913d7383da3e530cbddfa7411fd83945244ec0ffaacf8dfda3c4d
[INFO] running `Command { std: "docker" "create" "-v" "/var/lib/crater-agent-workspace/builds/worker-7-tc1/target:/opt/rustwide/target:rw,Z" "-v" "/var/lib/crater-agent-workspace/builds/worker-7-tc1/source:/opt/rustwide/workdir:ro,Z" "-v" "/var/lib/crater-agent-workspace/cargo-home:/opt/rustwide/cargo-home:ro,Z" "-v" "/var/lib/crater-agent-workspace/rustup-home:/opt/rustwide/rustup-home:ro,Z" "-e" "SOURCE_DIR=/opt/rustwide/workdir" "-e" "CARGO_TARGET_DIR=/opt/rustwide/target" "-e" "CARGO_INCREMENTAL=0" "-e" "RUST_BACKTRACE=full" "-e" "RUSTFLAGS=--cap-lints=warn" "-e" "RUSTDOCFLAGS=--cap-lints=warn" "-e" "CARGO_HOME=/opt/rustwide/cargo-home" "-e" "RUSTUP_HOME=/opt/rustwide/rustup-home" "-w" "/opt/rustwide/workdir" "-m" "1610612736" "--user" "0:0" "--network" "none" "ghcr.io/rust-lang/crates-build-env/linux@sha256:2788e3201cd34a07e3172128adcd8b3090168a8e3bcc40d7c032b9dda1df7d1c" "/opt/rustwide/cargo-home/bin/cargo" "+1.75.0" "build" "--frozen" "--message-format=json", kill_on_drop: false }`
[INFO] [stdout] c67f7092e6a5cf4056db0ca505226708ac11fc0d6a7d4a91600d3ba977cdb093
[INFO] running `Command { std: "docker" "start" "-a" "c67f7092e6a5cf4056db0ca505226708ac11fc0d6a7d4a91600d3ba977cdb093", kill_on_drop: false }`
[INFO] [stderr]    Compiling libc v0.2.147
[INFO] [stderr]    Compiling cfg-if v1.0.0
[INFO] [stderr]    Compiling cc v1.0.79
[INFO] [stderr]    Compiling autocfg v1.1.0
[INFO] [stderr]    Compiling memchr v2.5.0
[INFO] [stderr]    Compiling proc-macro2 v1.0.66
[INFO] [stderr]    Compiling once_cell v1.18.0
[INFO] [stderr]    Compiling unicode-ident v1.0.11
[INFO] [stderr]    Compiling version_check v0.9.4
[INFO] [stderr]    Compiling lazy_static v1.4.0
[INFO] [stderr]    Compiling smallvec v1.11.0
[INFO] [stderr]    Compiling pkg-config v0.3.27
[INFO] [stderr]    Compiling pin-project-lite v0.2.10
[INFO] [stderr]    Compiling eyre v0.6.8
[INFO] [stderr]    Compiling adler v1.0.2
[INFO] [stderr]    Compiling parking_lot_core v0.9.8
[INFO] [stderr]    Compiling bitflags v1.3.2
[INFO] [stderr]    Compiling sharded-slab v0.1.4
[INFO] [stderr]    Compiling gimli v0.27.3
[INFO] [stderr]    Compiling miniz_oxide v0.7.1
[INFO] [stderr]    Compiling rustc-demangle v0.1.23
[INFO] [stderr]    Compiling owo-colors v3.5.0
[INFO] [stderr]    Compiling scopeguard v1.2.0
[INFO] [stderr]    Compiling tracing-core v0.1.31
[INFO] [stderr]    Compiling thread_local v1.1.7
[INFO] [stderr]    Compiling rlua v0.19.7
[INFO] [stderr]    Compiling num-traits v0.2.16
[INFO] [stderr]    Compiling ahash v0.7.6
[INFO] [stderr]    Compiling lock_api v0.4.10
[INFO] [stderr]    Compiling smartstring v1.0.1
[INFO] [stderr]    Compiling indenter v0.3.3
[INFO] [stderr]    Compiling thiserror v1.0.50
[INFO] [stderr]    Compiling rustix v0.38.4
[INFO] [stderr]    Compiling tinyvec_macros v0.1.1
[INFO] [stderr]    Compiling tinyvec v1.6.0
[INFO] [stderr]    Compiling tracing-subscriber v0.3.17
[INFO] [stderr]    Compiling object v0.31.1
[INFO] [stderr]    Compiling quote v1.0.32
[INFO] [stderr]    Compiling bstr v0.2.17
[INFO] [stderr]    Compiling static_assertions v1.1.0
[INFO] [stderr]    Compiling linux-raw-sys v0.4.5
[INFO] [stderr]    Compiling bitflags v2.3.3
[INFO] [stderr]    Compiling aho-corasick v1.0.2
[INFO] [stderr]    Compiling syn v2.0.28
[INFO] [stderr]    Compiling nibble_vec v0.1.0
[INFO] [stderr]    Compiling regex-syntax v0.7.4
[INFO] [stderr]    Compiling rlua-lua54-sys v0.1.6
[INFO] [stderr]    Compiling psm v0.1.21
[INFO] [stderr]    Compiling backtrace v0.3.68
[INFO] [stderr]    Compiling stacker v0.1.15
[INFO] [stderr]    Compiling endian-type v0.1.2
[INFO] [stderr]    Compiling unicode-normalization v0.1.22
[INFO] [stderr]    Compiling unicode-bidi v0.3.13
[INFO] [stderr]    Compiling percent-encoding v2.3.0
[INFO] [stderr]    Compiling radix_trie v0.2.1
[INFO] [stderr]    Compiling utf8parse v0.2.1
[INFO] [stderr]    Compiling unicode-width v0.1.10
[INFO] [stderr]    Compiling form_urlencoded v1.2.0
[INFO] [stderr]    Compiling home v0.5.5
[INFO] [stderr]    Compiling getrandom v0.2.10
[INFO] [stderr]    Compiling idna v0.4.0
[INFO] [stderr]    Compiling nix v0.26.4
[INFO] [stderr]    Compiling parking_lot v0.12.1
[INFO] [stderr]    Compiling time v0.1.45
[INFO] [stderr]    Compiling hashbrown v0.12.3
[INFO] [stderr]    Compiling iana-time-zone v0.1.57
[INFO] [stderr]    Compiling unicode-segmentation v1.10.1
[INFO] [stderr]    Compiling log v0.4.19
[INFO] [stderr]    Compiling chrono v0.4.26
[INFO] [stderr]    Compiling addr2line v0.20.0
[INFO] [stderr]    Compiling url v2.4.0
[INFO] [stderr]    Compiling num_cpus v1.16.0
[INFO] [stderr]    Compiling lazy_format v2.0.0
[INFO] [stderr]    Compiling base64 v0.21.2
[INFO] [stderr]    Compiling glob v0.3.1
[INFO] [stderr]    Compiling regex-automata v0.3.4
[INFO] [stderr]    Compiling chumsky v0.9.2
[INFO] [stderr]    Compiling fd-lock v3.0.13
[INFO] [stderr]    Compiling rustyline v12.0.0
[INFO] [stderr]    Compiling tracing-attributes v0.1.26
[INFO] [stderr]    Compiling thiserror-impl v1.0.50
[INFO] [stderr]    Compiling regex v1.9.1
[INFO] [stderr]    Compiling tracing v0.1.37
[INFO] [stderr]    Compiling tracing-error v0.2.0
[INFO] [stderr]    Compiling color-spantrace v0.2.0
[INFO] [stderr]    Compiling color-eyre v0.6.2
[INFO] [stderr]    Compiling rpmspec-common v0.1.0 (/opt/rustwide/workdir/rpmspec-common)
[INFO] [stderr]    Compiling rpmexpr v0.1.0 (/opt/rustwide/workdir/rpmexpr)
[INFO] [stderr]    Compiling rpmspec v0.4.0 (/opt/rustwide/workdir)
[INFO] [stdout] warning: variable does not need to be mutable
[INFO] [stdout]    --> src/parse.rs:331:10
[INFO] [stdout]     |
[INFO] [stdout] 331 |                     let mut name = stringify!($attr);
[INFO] [stdout]     |                         ----^^^^
[INFO] [stdout]     |                         |
[INFO] [stdout]     |                         help: remove this `mut`
[INFO] [stdout] ...
[INFO] [stdout] 351 |         w!(none pre post preun postun pretrans posttrans verify interp meta);
[INFO] [stdout]     |         -------------------------------------------------------------------- in this macro invocation
[INFO] [stdout]     |
[INFO] [stdout]     = note: `#[warn(unused_mut)]` on by default
[INFO] [stdout]     = note: this warning originates in the macro `w` (in Nightly builds, run with -Z macro-backtrace for more info)
[INFO] [stdout] 
[INFO] [stdout] 
[INFO] [stdout] warning: missing documentation for a method
[INFO] [stdout]    --> src/parse.rs:312:5
[INFO] [stdout]     |
[INFO] [stdout] 312 |     pub fn is_empty(&self) -> bool {
[INFO] [stdout]     |     ^^^^^^^^^^^^^^^^^^^^^^^^^^^^^^
[INFO] [stdout]     |
[INFO] [stdout] note: the lint level is defined here
[INFO] [stdout]    --> src/lib.rs:15:9
[INFO] [stdout]     |
[INFO] [stdout] 15  | #![warn(missing_docs)]
[INFO] [stdout]     |         ^^^^^^^^^^^^
[INFO] [stdout] 
[INFO] [stdout] 
[INFO] [stdout] warning: unused `Result` that must be used
[INFO] [stdout]    --> src/parse.rs:339:7
[INFO] [stdout]     |
[INFO] [stdout] 339 |                         f.write_str("):");
[INFO] [stdout]     |                         ^^^^^^^^^^^^^^^^^
[INFO] [stdout] ...
[INFO] [stdout] 351 |         w!(none pre post preun postun pretrans posttrans verify interp meta);
[INFO] [stdout]     |         -------------------------------------------------------------------- in this macro invocation
[INFO] [stdout]     |
[INFO] [stdout]     = note: this `Result` may be an `Err` variant, which should be handled
[INFO] [stdout]     = note: `#[warn(unused_must_use)]` on by default
[INFO] [stdout]     = note: this warning originates in the macro `w` (in Nightly builds, run with -Z macro-backtrace for more info)
[INFO] [stdout] help: use `let _ = ...` to ignore the resulting value
[INFO] [stdout]     |
[INFO] [stdout] 339 |                         let _ = f.write_str("):");
[INFO] [stdout]     |                         +++++++
[INFO] [stdout] 
[INFO] [stdout] 
[INFO] [stdout] warning: unused `Result` that must be used
[INFO] [stdout]    --> src/parse.rs:344:7
[INFO] [stdout]     |
[INFO] [stdout] 344 |                         f.write_str(&" ".repeat(padding));
[INFO] [stdout]     |                         ^^^^^^^^^^^^^^^^^^^^^^^^^^^^^^^^^
[INFO] [stdout] ...
[INFO] [stdout] 351 |         w!(none pre post preun postun pretrans posttrans verify interp meta);
[INFO] [stdout]     |         -------------------------------------------------------------------- in this macro invocation
[INFO] [stdout]     |
[INFO] [stdout]     = note: this `Result` may be an `Err` variant, which should be handled
[INFO] [stdout]     = note: this warning originates in the macro `w` (in Nightly builds, run with -Z macro-backtrace for more info)
[INFO] [stdout] help: use `let _ = ...` to ignore the resulting value
[INFO] [stdout]     |
[INFO] [stdout] 344 |                         let _ = f.write_str(&" ".repeat(padding));
[INFO] [stdout]     |                         +++++++
[INFO] [stdout] 
[INFO] [stdout] 
[INFO] [stdout] warning: 4 warnings emitted
[INFO] [stdout] 
[INFO] [stdout] 
[INFO] [stderr]     Finished dev [unoptimized + debuginfo] target(s) in 14.50s
[INFO] running `Command { std: "docker" "inspect" "c67f7092e6a5cf4056db0ca505226708ac11fc0d6a7d4a91600d3ba977cdb093", kill_on_drop: false }`
[INFO] running `Command { std: "docker" "rm" "-f" "c67f7092e6a5cf4056db0ca505226708ac11fc0d6a7d4a91600d3ba977cdb093", kill_on_drop: false }`
[INFO] [stdout] c67f7092e6a5cf4056db0ca505226708ac11fc0d6a7d4a91600d3ba977cdb093
[INFO] running `Command { std: "docker" "create" "-v" "/var/lib/crater-agent-workspace/builds/worker-7-tc1/target:/opt/rustwide/target:rw,Z" "-v" "/var/lib/crater-agent-workspace/builds/worker-7-tc1/source:/opt/rustwide/workdir:ro,Z" "-v" "/var/lib/crater-agent-workspace/cargo-home:/opt/rustwide/cargo-home:ro,Z" "-v" "/var/lib/crater-agent-workspace/rustup-home:/opt/rustwide/rustup-home:ro,Z" "-e" "SOURCE_DIR=/opt/rustwide/workdir" "-e" "CARGO_TARGET_DIR=/opt/rustwide/target" "-e" "CARGO_INCREMENTAL=0" "-e" "RUST_BACKTRACE=full" "-e" "RUSTFLAGS=--cap-lints=warn" "-e" "RUSTDOCFLAGS=--cap-lints=warn" "-e" "CARGO_HOME=/opt/rustwide/cargo-home" "-e" "RUSTUP_HOME=/opt/rustwide/rustup-home" "-w" "/opt/rustwide/workdir" "-m" "1610612736" "--user" "0:0" "--network" "none" "ghcr.io/rust-lang/crates-build-env/linux@sha256:2788e3201cd34a07e3172128adcd8b3090168a8e3bcc40d7c032b9dda1df7d1c" "/opt/rustwide/cargo-home/bin/cargo" "+1.75.0" "test" "--frozen" "--no-run" "--message-format=json", kill_on_drop: false }`
[INFO] [stdout] f80adb5a2ffee596131cdc92ed987bec8f56ad7047e99a702cbba048cc4e5f9b
[INFO] running `Command { std: "docker" "start" "-a" "f80adb5a2ffee596131cdc92ed987bec8f56ad7047e99a702cbba048cc4e5f9b", kill_on_drop: false }`
[INFO] [stdout] warning: variable does not need to be mutable
[INFO] [stdout]    --> src/parse.rs:331:10
[INFO] [stdout]     |
[INFO] [stdout] 331 |                     let mut name = stringify!($attr);
[INFO] [stdout]     |                         ----^^^^
[INFO] [stdout]     |                         |
[INFO] [stdout]     |                         help: remove this `mut`
[INFO] [stdout] ...
[INFO] [stdout] 351 |         w!(none pre post preun postun pretrans posttrans verify interp meta);
[INFO] [stdout]     |         -------------------------------------------------------------------- in this macro invocation
[INFO] [stdout]     |
[INFO] [stdout]     = note: `#[warn(unused_mut)]` on by default
[INFO] [stdout]     = note: this warning originates in the macro `w` (in Nightly builds, run with -Z macro-backtrace for more info)
[INFO] [stdout] 
[INFO] [stdout] 
[INFO] [stdout] warning: missing documentation for a method
[INFO] [stdout]    --> src/parse.rs:312:5
[INFO] [stdout]     |
[INFO] [stdout] 312 |     pub fn is_empty(&self) -> bool {
[INFO] [stdout]     |     ^^^^^^^^^^^^^^^^^^^^^^^^^^^^^^
[INFO] [stdout]     |
[INFO] [stdout] note: the lint level is defined here
[INFO] [stdout]    --> src/lib.rs:15:9
[INFO] [stdout]     |
[INFO] [stdout] 15  | #![warn(missing_docs)]
[INFO] [stdout]     |         ^^^^^^^^^^^^
[INFO] [stdout] 
[INFO] [stdout] 
[INFO] [stdout] warning: unused `Result` that must be used
[INFO] [stdout]    --> src/parse.rs:339:7
[INFO] [stdout]     |
[INFO] [stdout] 339 |                         f.write_str("):");
[INFO] [stdout]     |                         ^^^^^^^^^^^^^^^^^
[INFO] [stdout] ...
[INFO] [stdout] 351 |         w!(none pre post preun postun pretrans posttrans verify interp meta);
[INFO] [stdout]     |         -------------------------------------------------------------------- in this macro invocation
[INFO] [stdout]     |
[INFO] [stdout]     = note: this `Result` may be an `Err` variant, which should be handled
[INFO] [stdout]     = note: `#[warn(unused_must_use)]` on by default
[INFO] [stdout]     = note: this warning originates in the macro `w` (in Nightly builds, run with -Z macro-backtrace for more info)
[INFO] [stdout] help: use `let _ = ...` to ignore the resulting value
[INFO] [stdout]     |
[INFO] [stdout] 339 |                         let _ = f.write_str("):");
[INFO] [stdout]     |                         +++++++
[INFO] [stdout] 
[INFO] [stdout] 
[INFO] [stderr]    Compiling rpmspec v0.4.0 (/opt/rustwide/workdir)
[INFO] [stdout] warning: unused `Result` that must be used
[INFO] [stdout]    --> src/parse.rs:344:7
[INFO] [stdout]     |
[INFO] [stdout] 344 |                         f.write_str(&" ".repeat(padding));
[INFO] [stdout]     |                         ^^^^^^^^^^^^^^^^^^^^^^^^^^^^^^^^^
[INFO] [stdout] ...
[INFO] [stdout] 351 |         w!(none pre post preun postun pretrans posttrans verify interp meta);
[INFO] [stdout]     |         -------------------------------------------------------------------- in this macro invocation
[INFO] [stdout]     |
[INFO] [stdout]     = note: this `Result` may be an `Err` variant, which should be handled
[INFO] [stdout]     = note: this warning originates in the macro `w` (in Nightly builds, run with -Z macro-backtrace for more info)
[INFO] [stdout] help: use `let _ = ...` to ignore the resulting value
[INFO] [stdout]     |
[INFO] [stdout] 344 |                         let _ = f.write_str(&" ".repeat(padding));
[INFO] [stdout]     |                         +++++++
[INFO] [stdout] 
[INFO] [stdout] 
[INFO] [stdout] warning: 4 warnings emitted
[INFO] [stdout] 
[INFO] [stdout] 
[INFO] [stdout] warning: variable does not need to be mutable
[INFO] [stdout]    --> src/parse.rs:331:10
[INFO] [stdout]     |
[INFO] [stdout] 331 |                     let mut name = stringify!($attr);
[INFO] [stdout]     |                         ----^^^^
[INFO] [stdout]     |                         |
[INFO] [stdout]     |                         help: remove this `mut`
[INFO] [stdout] ...
[INFO] [stdout] 351 |         w!(none pre post preun postun pretrans posttrans verify interp meta);
[INFO] [stdout]     |         -------------------------------------------------------------------- in this macro invocation
[INFO] [stdout]     |
[INFO] [stdout]     = note: `#[warn(unused_mut)]` on by default
[INFO] [stdout]     = note: this warning originates in the macro `w` (in Nightly builds, run with -Z macro-backtrace for more info)
[INFO] [stdout] 
[INFO] [stdout] 
[INFO] [stdout] warning: unused `std::result::Result` that must be used
[INFO] [stdout]    --> src/parse.rs:339:7
[INFO] [stdout]     |
[INFO] [stdout] 339 |                         f.write_str("):");
[INFO] [stdout]     |                         ^^^^^^^^^^^^^^^^^
[INFO] [stdout] ...
[INFO] [stdout] 351 |         w!(none pre post preun postun pretrans posttrans verify interp meta);
[INFO] [stdout]     |         -------------------------------------------------------------------- in this macro invocation
[INFO] [stdout]     |
[INFO] [stdout]     = note: this `Result` may be an `Err` variant, which should be handled
[INFO] [stdout]     = note: `#[warn(unused_must_use)]` on by default
[INFO] [stdout]     = note: this warning originates in the macro `w` (in Nightly builds, run with -Z macro-backtrace for more info)
[INFO] [stdout] help: use `let _ = ...` to ignore the resulting value
[INFO] [stdout]     |
[INFO] [stdout] 339 |                         let _ = f.write_str("):");
[INFO] [stdout]     |                         +++++++
[INFO] [stdout] 
[INFO] [stdout] 
[INFO] [stdout] warning: unused `std::result::Result` that must be used
[INFO] [stdout]    --> src/parse.rs:344:7
[INFO] [stdout]     |
[INFO] [stdout] 344 |                         f.write_str(&" ".repeat(padding));
[INFO] [stdout]     |                         ^^^^^^^^^^^^^^^^^^^^^^^^^^^^^^^^^
[INFO] [stdout] ...
[INFO] [stdout] 351 |         w!(none pre post preun postun pretrans posttrans verify interp meta);
[INFO] [stdout]     |         -------------------------------------------------------------------- in this macro invocation
[INFO] [stdout]     |
[INFO] [stdout]     = note: this `Result` may be an `Err` variant, which should be handled
[INFO] [stdout]     = note: this warning originates in the macro `w` (in Nightly builds, run with -Z macro-backtrace for more info)
[INFO] [stdout] help: use `let _ = ...` to ignore the resulting value
[INFO] [stdout]     |
[INFO] [stdout] 344 |                         let _ = f.write_str(&" ".repeat(padding));
[INFO] [stdout]     |                         +++++++
[INFO] [stdout] 
[INFO] [stdout] 
[INFO] [stdout] warning: 3 warnings emitted
[INFO] [stdout] 
[INFO] [stdout] 
[INFO] [stderr]     Finished test [unoptimized + debuginfo] target(s) in 3.61s
[INFO] running `Command { std: "docker" "inspect" "f80adb5a2ffee596131cdc92ed987bec8f56ad7047e99a702cbba048cc4e5f9b", kill_on_drop: false }`
[INFO] running `Command { std: "docker" "rm" "-f" "f80adb5a2ffee596131cdc92ed987bec8f56ad7047e99a702cbba048cc4e5f9b", kill_on_drop: false }`
[INFO] [stdout] f80adb5a2ffee596131cdc92ed987bec8f56ad7047e99a702cbba048cc4e5f9b
[INFO] running `Command { std: "docker" "create" "-v" "/var/lib/crater-agent-workspace/builds/worker-7-tc1/target:/opt/rustwide/target:rw,Z" "-v" "/var/lib/crater-agent-workspace/builds/worker-7-tc1/source:/opt/rustwide/workdir:ro,Z" "-v" "/var/lib/crater-agent-workspace/cargo-home:/opt/rustwide/cargo-home:ro,Z" "-v" "/var/lib/crater-agent-workspace/rustup-home:/opt/rustwide/rustup-home:ro,Z" "-e" "SOURCE_DIR=/opt/rustwide/workdir" "-e" "CARGO_TARGET_DIR=/opt/rustwide/target" "-e" "CARGO_INCREMENTAL=0" "-e" "RUST_BACKTRACE=full" "-e" "RUSTFLAGS=--cap-lints=warn" "-e" "RUSTDOCFLAGS=--cap-lints=warn" "-e" "CARGO_HOME=/opt/rustwide/cargo-home" "-e" "RUSTUP_HOME=/opt/rustwide/rustup-home" "-w" "/opt/rustwide/workdir" "-m" "1610612736" "--user" "0:0" "--network" "none" "ghcr.io/rust-lang/crates-build-env/linux@sha256:2788e3201cd34a07e3172128adcd8b3090168a8e3bcc40d7c032b9dda1df7d1c" "/opt/rustwide/cargo-home/bin/cargo" "+1.75.0" "test" "--frozen", kill_on_drop: false }`
[INFO] [stdout] e5d2a0915e4063b377f17f99f5f43874400f6821331570483bf87d3ab1b68724
[INFO] running `Command { std: "docker" "start" "-a" "e5d2a0915e4063b377f17f99f5f43874400f6821331570483bf87d3ab1b68724", kill_on_drop: false }`
[INFO] [stderr] warning: variable does not need to be mutable
[INFO] [stderr]    --> src/parse.rs:331:10
[INFO] [stderr]     |
[INFO] [stderr] 331 |                     let mut name = stringify!($attr);
[INFO] [stderr]     |                         ----^^^^
[INFO] [stderr]     |                         |
[INFO] [stderr]     |                         help: remove this `mut`
[INFO] [stderr] ...
[INFO] [stderr] 351 |         w!(none pre post preun postun pretrans posttrans verify interp meta);
[INFO] [stderr]     |         -------------------------------------------------------------------- in this macro invocation
[INFO] [stderr]     |
[INFO] [stderr]     = note: `#[warn(unused_mut)]` on by default
[INFO] [stderr]     = note: this warning originates in the macro `w` (in Nightly builds, run with -Z macro-backtrace for more info)
[INFO] [stderr] 
[INFO] [stderr] warning: missing documentation for a method
[INFO] [stderr]    --> src/parse.rs:312:5
[INFO] [stderr]     |
[INFO] [stderr] 312 |     pub fn is_empty(&self) -> bool {
[INFO] [stderr]     |     ^^^^^^^^^^^^^^^^^^^^^^^^^^^^^^
[INFO] [stderr]     |
[INFO] [stderr] note: the lint level is defined here
[INFO] [stderr]    --> src/lib.rs:15:9
[INFO] [stderr]     |
[INFO] [stderr] 15  | #![warn(missing_docs)]
[INFO] [stderr]     |         ^^^^^^^^^^^^
[INFO] [stderr] 
[INFO] [stderr] warning: unused `Result` that must be used
[INFO] [stderr]    --> src/parse.rs:339:7
[INFO] [stderr]     |
[INFO] [stderr] 339 |                         f.write_str("):");
[INFO] [stderr]     |                         ^^^^^^^^^^^^^^^^^
[INFO] [stderr] ...
[INFO] [stderr] 351 |         w!(none pre post preun postun pretrans posttrans verify interp meta);
[INFO] [stderr]     |         -------------------------------------------------------------------- in this macro invocation
[INFO] [stderr]     |
[INFO] [stderr]     = note: this `Result` may be an `Err` variant, which should be handled
[INFO] [stderr]     = note: `#[warn(unused_must_use)]` on by default
[INFO] [stderr]     = note: this warning originates in the macro `w` (in Nightly builds, run with -Z macro-backtrace for more info)
[INFO] [stderr] help: use `let _ = ...` to ignore the resulting value
[INFO] [stderr]     |
[INFO] [stderr] 339 |                         let _ = f.write_str("):");
[INFO] [stderr]     |                         +++++++
[INFO] [stderr] 
[INFO] [stderr] warning: unused `Result` that must be used
[INFO] [stderr]    --> src/parse.rs:344:7
[INFO] [stderr]     |
[INFO] [stderr] 344 |                         f.write_str(&" ".repeat(padding));
[INFO] [stderr]     |                         ^^^^^^^^^^^^^^^^^^^^^^^^^^^^^^^^^
[INFO] [stderr] ...
[INFO] [stderr] 351 |         w!(none pre post preun postun pretrans posttrans verify interp meta);
[INFO] [stderr]     |         -------------------------------------------------------------------- in this macro invocation
[INFO] [stderr]     |
[INFO] [stderr]     = note: this `Result` may be an `Err` variant, which should be handled
[INFO] [stderr]     = note: this warning originates in the macro `w` (in Nightly builds, run with -Z macro-backtrace for more info)
[INFO] [stderr] help: use `let _ = ...` to ignore the resulting value
[INFO] [stderr]     |
[INFO] [stderr] 344 |                         let _ = f.write_str(&" ".repeat(padding));
[INFO] [stderr]     |                         +++++++
[INFO] [stderr] 
[INFO] [stderr] warning: unused `std::result::Result` that must be used
[INFO] [stderr]    --> src/parse.rs:339:7
[INFO] [stderr]     |
[INFO] [stderr] 339 |                         f.write_str("):");
[INFO] [stderr]     |                         ^^^^^^^^^^^^^^^^^
[INFO] [stderr] ...
[INFO] [stderr] 351 |         w!(none pre post preun postun pretrans posttrans verify interp meta);
[INFO] [stderr]     |         -------------------------------------------------------------------- in this macro invocation
[INFO] [stderr]     |
[INFO] [stderr]     = note: this `Result` may be an `Err` variant, which should be handled
[INFO] [stderr]     = note: `#[warn(unused_must_use)]` on by default
[INFO] [stderr]     = note: this warning originates in the macro `w` (in Nightly builds, run with -Z macro-backtrace for more info)
[INFO] [stderr] help: use `let _ = ...` to ignore the resulting value
[INFO] [stderr]     |
[INFO] [stderr] 339 |                         let _ = f.write_str("):");
[INFO] [stderr]     |                         +++++++
[INFO] [stderr] 
[INFO] [stderr] warning: unused `std::result::Result` that must be used
[INFO] [stderr]    --> src/parse.rs:344:7
[INFO] [stderr]     |
[INFO] [stderr] 344 |                         f.write_str(&" ".repeat(padding));
[INFO] [stderr]     |                         ^^^^^^^^^^^^^^^^^^^^^^^^^^^^^^^^^
[INFO] [stderr] ...
[INFO] [stderr] 351 |         w!(none pre post preun postun pretrans posttrans verify interp meta);
[INFO] [stderr]     |         -------------------------------------------------------------------- in this macro invocation
[INFO] [stderr]     |
[INFO] [stderr]     = note: this `Result` may be an `Err` variant, which should be handled
[INFO] [stderr]     = note: this warning originates in the macro `w` (in Nightly builds, run with -Z macro-backtrace for more info)
[INFO] [stderr] help: use `let _ = ...` to ignore the resulting value
[INFO] [stderr]     |
[INFO] [stderr] 344 |                         let _ = f.write_str(&" ".repeat(padding));
[INFO] [stderr]     |                         +++++++
[INFO] [stderr] 
[INFO] [stderr] warning: `rpmspec` (lib) generated 4 warnings (run `cargo fix --lib -p rpmspec` to apply 1 suggestion)
[INFO] [stderr] warning: `rpmspec` (lib test) generated 3 warnings (1 duplicate)
[INFO] [stderr]     Finished test [unoptimized + debuginfo] target(s) in 0.05s
[INFO] [stderr]      Running unittests src/lib.rs (/opt/rustwide/target/debug/deps/rpmspec-1539a9cc546f9ff8)
[INFO] [stdout] 
[INFO] [stdout] running 13 tests
[INFO] [stdout] test parse::tests::bad_flags ... ok
[INFO] [stdout] test parse::tests::param_macro_args_parsing ... ok
[INFO] [stdout] test parse::tests::param_macro_expand ... ok
[INFO] [stdout] test parse::tests::simple_macro_expand ... ok
[INFO] [stdout] test parse::tests::presence_macro_expand ... FAILED
[INFO] [stdout] test parse::tests::simple_query ... ok
[INFO] [stdout] test parse::tests::text_recursive_macro_expand ... ok
[INFO] [stdout] test parse::tests::text_quoting_recursive_macro_expand ... FAILED
[INFO] [stdout] test parse::tests::expression ... ok
[INFO] [stdout] test parse::tests::bad_macro ... FAILED
[INFO] [stdout] test parse::tests::parse_spec ... ok
[INFO] [stdout] test parse::tests::shell_macro_expand ... ok
[INFO] [stdout] test parse::tests::test_load_macros ... ok
[INFO] [stdout] 
[INFO] [stdout] failures:
[INFO] [stdout] 
[INFO] [stdout] ---- parse::tests::presence_macro_expand stdout ----
[INFO] [stdout] Error: Unexpected flag `?` in %{...?...}
[INFO] [stdout] 
[INFO] [stdout] Location:
[INFO] [stdout]     src/parse.rs:2254:9
[INFO] [stdout] 
[INFO] [stdout] ---- parse::tests::text_quoting_recursive_macro_expand stdout ----
[INFO] [stdout] Error: Unexpected flag `?` in %{...?...}
[INFO] [stdout] 
[INFO] [stdout] Location:
[INFO] [stdout]     src/parse.rs:2225:9
[INFO] [stdout] 
[INFO] [stdout] ---- parse::tests::bad_macro stdout ----
[INFO] [stdout] thread 'parse::tests::bad_macro' panicked at src/parse.rs:2286:79:
[INFO] [stdout] called `Result::unwrap()` on an `Err` value: Others(Unexpected flag `!` in %{...?...}
[INFO] [stdout] 
[INFO] [stdout] Location:
[INFO] [stdout]     src/parse.rs:2111:48)
[INFO] [stdout] stack backtrace:
[INFO] [stdout]    0:     0x555e358ea25c - std::backtrace_rs::backtrace::libunwind::trace::ha637c64ce894333a
[INFO] [stdout]                                at /rustc/82e1608dfa6e0b5569232559e3d385fea5a93112/library/std/src/../../backtrace/src/backtrace/libunwind.rs:104:5
[INFO] [stdout]    1:     0x555e358ea25c - std::backtrace_rs::backtrace::trace_unsynchronized::h47f62dea28e0c88d
[INFO] [stdout]                                at /rustc/82e1608dfa6e0b5569232559e3d385fea5a93112/library/std/src/../../backtrace/src/backtrace/mod.rs:66:5
[INFO] [stdout]    2:     0x555e358ea25c - std::sys_common::backtrace::_print_fmt::h9eef0abe20ede486
[INFO] [stdout]                                at /rustc/82e1608dfa6e0b5569232559e3d385fea5a93112/library/std/src/sys_common/backtrace.rs:67:5
[INFO] [stdout]    3:     0x555e358ea25c - <std::sys_common::backtrace::_print::DisplayBacktrace as core::fmt::Display>::fmt::hed7f999df88cc644
[INFO] [stdout]                                at /rustc/82e1608dfa6e0b5569232559e3d385fea5a93112/library/std/src/sys_common/backtrace.rs:44:22
[INFO] [stdout]    4:     0x555e359168c0 - core::fmt::rt::Argument::fmt::h1539a9308b8d058d
[INFO] [stdout]                                at /rustc/82e1608dfa6e0b5569232559e3d385fea5a93112/library/core/src/fmt/rt.rs:142:9
[INFO] [stdout]    5:     0x555e359168c0 - core::fmt::write::h3a39390d8560d9c9
[INFO] [stdout]                                at /rustc/82e1608dfa6e0b5569232559e3d385fea5a93112/library/core/src/fmt/mod.rs:1120:17
[INFO] [stdout]    6:     0x555e358e732f - std::io::Write::write_fmt::h040b369f3a0f9cbc
[INFO] [stdout]                                at /rustc/82e1608dfa6e0b5569232559e3d385fea5a93112/library/std/src/io/mod.rs:1762:15
[INFO] [stdout]    7:     0x555e358ea044 - std::sys_common::backtrace::_print::h894006fb5c6f3d45
[INFO] [stdout]                                at /rustc/82e1608dfa6e0b5569232559e3d385fea5a93112/library/std/src/sys_common/backtrace.rs:47:5
[INFO] [stdout]    8:     0x555e358ea044 - std::sys_common::backtrace::print::h23a2d212c6fff936
[INFO] [stdout]                                at /rustc/82e1608dfa6e0b5569232559e3d385fea5a93112/library/std/src/sys_common/backtrace.rs:34:9
[INFO] [stdout]    9:     0x555e358ebd07 - std::panicking::default_hook::{{closure}}::h8a1d2ee00185001a
[INFO] [stdout]   10:     0x555e358eb9f3 - std::panicking::default_hook::h6038f2eba384e475
[INFO] [stdout]                                at /rustc/82e1608dfa6e0b5569232559e3d385fea5a93112/library/std/src/panicking.rs:289:9
[INFO] [stdout]   11:     0x555e355bd897 - <alloc::boxed::Box<F,A> as core::ops::function::Fn<Args>>::call::h0ad024c9bdc6d768
[INFO] [stdout]                                at /rustc/82e1608dfa6e0b5569232559e3d385fea5a93112/library/alloc/src/boxed.rs:2021:9
[INFO] [stdout]   12:     0x555e355bd897 - test::test_main::{{closure}}::h7500b54257359db6
[INFO] [stdout]                                at /rustc/82e1608dfa6e0b5569232559e3d385fea5a93112/library/test/src/lib.rs:138:21
[INFO] [stdout]   13:     0x555e358ec318 - <alloc::boxed::Box<F,A> as core::ops::function::Fn<Args>>::call::h1f8f335eaa9cfaee
[INFO] [stdout]                                at /rustc/82e1608dfa6e0b5569232559e3d385fea5a93112/library/alloc/src/boxed.rs:2021:9
[INFO] [stdout]   14:     0x555e358ec318 - std::panicking::rust_panic_with_hook::h2b5517d590cab22e
[INFO] [stdout]                                at /rustc/82e1608dfa6e0b5569232559e3d385fea5a93112/library/std/src/panicking.rs:783:13
[INFO] [stdout]   15:     0x555e358ec06e - std::panicking::begin_panic_handler::{{closure}}::h233112c06e0ef43e
[INFO] [stdout]                                at /rustc/82e1608dfa6e0b5569232559e3d385fea5a93112/library/std/src/panicking.rs:657:13
[INFO] [stdout]   16:     0x555e358ea726 - std::sys_common::backtrace::__rust_end_short_backtrace::h6e893f24d7ebbff8
[INFO] [stdout]                                at /rustc/82e1608dfa6e0b5569232559e3d385fea5a93112/library/std/src/sys_common/backtrace.rs:170:18
[INFO] [stdout]   17:     0x555e358ebdd2 - rust_begin_unwind
[INFO] [stdout]                                at /rustc/82e1608dfa6e0b5569232559e3d385fea5a93112/library/std/src/panicking.rs:645:5
[INFO] [stdout]   18:     0x555e3530eec5 - core::panicking::panic_fmt::hbf0e066aabfa482c
[INFO] [stdout]                                at /rustc/82e1608dfa6e0b5569232559e3d385fea5a93112/library/core/src/panicking.rs:72:14
[INFO] [stdout]   19:     0x555e3530f493 - core::result::unwrap_failed::hddb4fea594200c52
[INFO] [stdout]                                at /rustc/82e1608dfa6e0b5569232559e3d385fea5a93112/library/core/src/result.rs:1653:5
[INFO] [stdout]   20:     0x555e35394f3b - core::result::Result<T,E>::unwrap::hbff5f56589bebb48
[INFO] [stdout]                                at /rustc/82e1608dfa6e0b5569232559e3d385fea5a93112/library/core/src/result.rs:1077:23
[INFO] [stdout]   21:     0x555e353e0f11 - rpmspec::parse::tests::bad_macro::hfdd12611c28257c3
[INFO] [stdout]                                at /opt/rustwide/workdir/src/parse.rs:2286:9
[INFO] [stdout]   22:     0x555e353e0dd7 - rpmspec::parse::tests::bad_macro::{{closure}}::he0e6e1f6e3706d97
[INFO] [stdout]                                at /opt/rustwide/workdir/src/parse.rs:2283:19
[INFO] [stdout]   23:     0x555e353bd9f6 - core::ops::function::FnOnce::call_once::h44f33c7fe37c021f
[INFO] [stdout]                                at /rustc/82e1608dfa6e0b5569232559e3d385fea5a93112/library/core/src/ops/function.rs:250:5
[INFO] [stdout]   24:     0x555e355c2eef - core::ops::function::FnOnce::call_once::h2b5d431d5046312d
[INFO] [stdout]                                at /rustc/82e1608dfa6e0b5569232559e3d385fea5a93112/library/core/src/ops/function.rs:250:5
[INFO] [stdout]   25:     0x555e355c2eef - test::__rust_begin_short_backtrace::h7714669af176e207
[INFO] [stdout]                                at /rustc/82e1608dfa6e0b5569232559e3d385fea5a93112/library/test/src/lib.rs:628:18
[INFO] [stdout]   26:     0x555e355c1f05 - test::run_test_in_process::{{closure}}::h85218797dcbcec12
[INFO] [stdout]                                at /rustc/82e1608dfa6e0b5569232559e3d385fea5a93112/library/test/src/lib.rs:651:60
[INFO] [stdout]   27:     0x555e355c1f05 - <core::panic::unwind_safe::AssertUnwindSafe<F> as core::ops::function::FnOnce<()>>::call_once::h76c106ea31c14d7b
[INFO] [stdout]                                at /rustc/82e1608dfa6e0b5569232559e3d385fea5a93112/library/core/src/panic/unwind_safe.rs:272:9
[INFO] [stdout]   28:     0x555e355c1f05 - std::panicking::try::do_call::h3bd5d0f6620ee946
[INFO] [stdout]                                at /rustc/82e1608dfa6e0b5569232559e3d385fea5a93112/library/std/src/panicking.rs:552:40
[INFO] [stdout]   29:     0x555e355c1f05 - std::panicking::try::h232e535e4744fe31
[INFO] [stdout]                                at /rustc/82e1608dfa6e0b5569232559e3d385fea5a93112/library/std/src/panicking.rs:516:19
[INFO] [stdout]   30:     0x555e355c1f05 - std::panic::catch_unwind::h3ce3bd6ca8dbac68
[INFO] [stdout]                                at /rustc/82e1608dfa6e0b5569232559e3d385fea5a93112/library/std/src/panic.rs:142:14
[INFO] [stdout]   31:     0x555e355c1f05 - test::run_test_in_process::hc97b257c9621286a
[INFO] [stdout]                                at /rustc/82e1608dfa6e0b5569232559e3d385fea5a93112/library/test/src/lib.rs:651:27
[INFO] [stdout]   32:     0x555e355c1f05 - test::run_test::{{closure}}::h2aa798823a438d38
[INFO] [stdout]                                at /rustc/82e1608dfa6e0b5569232559e3d385fea5a93112/library/test/src/lib.rs:574:43
[INFO] [stdout]   33:     0x555e3558a1c6 - test::run_test::{{closure}}::h87d231c78fb59832
[INFO] [stdout]                                at /rustc/82e1608dfa6e0b5569232559e3d385fea5a93112/library/test/src/lib.rs:602:41
[INFO] [stdout]   34:     0x555e3558a1c6 - std::sys_common::backtrace::__rust_begin_short_backtrace::he6df152596625789
[INFO] [stdout]                                at /rustc/82e1608dfa6e0b5569232559e3d385fea5a93112/library/std/src/sys_common/backtrace.rs:154:18
[INFO] [stdout]   35:     0x555e3558f277 - std::thread::Builder::spawn_unchecked_::{{closure}}::{{closure}}::ha94be15d1e0acf36
[INFO] [stdout]                                at /rustc/82e1608dfa6e0b5569232559e3d385fea5a93112/library/std/src/thread/mod.rs:529:17
[INFO] [stdout]   36:     0x555e3558f277 - <core::panic::unwind_safe::AssertUnwindSafe<F> as core::ops::function::FnOnce<()>>::call_once::h9dc6bd6372f16606
[INFO] [stdout]                                at /rustc/82e1608dfa6e0b5569232559e3d385fea5a93112/library/core/src/panic/unwind_safe.rs:272:9
[INFO] [stdout]   37:     0x555e3558f277 - std::panicking::try::do_call::h9057517f80303cd4
[INFO] [stdout]                                at /rustc/82e1608dfa6e0b5569232559e3d385fea5a93112/library/std/src/panicking.rs:552:40
[INFO] [stdout]   38:     0x555e3558f277 - std::panicking::try::he3a30b11ee45340c
[INFO] [stdout]                                at /rustc/82e1608dfa6e0b5569232559e3d385fea5a93112/library/std/src/panicking.rs:516:19
[INFO] [stdout]   39:     0x555e3558f277 - std::panic::catch_unwind::h410458cfd3528b8b
[INFO] [stdout]                                at /rustc/82e1608dfa6e0b5569232559e3d385fea5a93112/library/std/src/panic.rs:142:14
[INFO] [stdout]   40:     0x555e3558f277 - std::thread::Builder::spawn_unchecked_::{{closure}}::h72ac3bdb567b737b
[INFO] [stdout]                                at /rustc/82e1608dfa6e0b5569232559e3d385fea5a93112/library/std/src/thread/mod.rs:528:30
[INFO] [stdout]   41:     0x555e3558f277 - core::ops::function::FnOnce::call_once{{vtable.shim}}::h38f34da3654a8344
[INFO] [stdout]                                at /rustc/82e1608dfa6e0b5569232559e3d385fea5a93112/library/core/src/ops/function.rs:250:5
[INFO] [stdout]   42:     0x555e358f18d5 - <alloc::boxed::Box<F,A> as core::ops::function::FnOnce<Args>>::call_once::hc7eafaff61e32df9
[INFO] [stdout]                                at /rustc/82e1608dfa6e0b5569232559e3d385fea5a93112/library/alloc/src/boxed.rs:2007:9
[INFO] [stdout]   43:     0x555e358f18d5 - <alloc::boxed::Box<F,A> as core::ops::function::FnOnce<Args>>::call_once::h6ba4a5de48dd2304
[INFO] [stdout]                                at /rustc/82e1608dfa6e0b5569232559e3d385fea5a93112/library/alloc/src/boxed.rs:2007:9
[INFO] [stdout]   44:     0x555e358f18d5 - std::sys::unix::thread::Thread::new::thread_start::he469335aef763e45
[INFO] [stdout]                                at /rustc/82e1608dfa6e0b5569232559e3d385fea5a93112/library/std/src/sys/unix/thread.rs:108:17
[INFO] [stdout]   45:     0x7fc31c618ac3 - <unknown>
[INFO] [stdout]   46:     0x7fc31c6a9bf4 - __clone
[INFO] [stdout]   47:                0x0 - <unknown>
[INFO] [stdout] 
[INFO] [stdout] 
[INFO] [stdout] failures:
[INFO] [stdout]     parse::tests::bad_macro
[INFO] [stdout]     parse::tests::presence_macro_expand
[INFO] [stdout]     parse::tests::text_quoting_recursive_macro_expand
[INFO] [stdout] 
[INFO] [stdout] test result: FAILED. 10 passed; 3 failed; 0 ignored; 0 measured; 0 filtered out; finished in 0.08s
[INFO] [stdout] 
[INFO] [stderr] error: test failed, to rerun pass `--lib`
[INFO] running `Command { std: "docker" "inspect" "e5d2a0915e4063b377f17f99f5f43874400f6821331570483bf87d3ab1b68724", kill_on_drop: false }`
[INFO] running `Command { std: "docker" "rm" "-f" "e5d2a0915e4063b377f17f99f5f43874400f6821331570483bf87d3ab1b68724", kill_on_drop: false }`
[INFO] [stdout] e5d2a0915e4063b377f17f99f5f43874400f6821331570483bf87d3ab1b68724
