[INFO] cloning repository https://github.com/rookie1024/dispose
[INFO] running `Command { std: "git" "-c" "credential.helper=" "-c" "credential.helper=/workspace/cargo-home/bin/git-credential-null" "clone" "--bare" "https://github.com/rookie1024/dispose" "/workspace/cache/git-repos/https%3A%2F%2Fgithub.com%2Frookie1024%2Fdispose", kill_on_drop: false }`
[INFO] [stderr] Cloning into bare repository '/workspace/cache/git-repos/https%3A%2F%2Fgithub.com%2Frookie1024%2Fdispose'...
[INFO] running `Command { std: "git" "rev-parse" "HEAD", kill_on_drop: false }`
[INFO] [stdout] bd3675c164f1135ac39d35925c9d16a4497776be
[INFO] testing rookie1024/dispose against 1.75.0 for beta-1.76-1
[INFO] running `Command { std: "git" "clone" "/workspace/cache/git-repos/https%3A%2F%2Fgithub.com%2Frookie1024%2Fdispose" "/workspace/builds/worker-7-tc1/source", kill_on_drop: false }`
[INFO] [stderr] Cloning into '/workspace/builds/worker-7-tc1/source'...
[INFO] [stderr] done.
[INFO] validating manifest of git repo https://github.com/rookie1024/dispose on toolchain 1.75.0
[INFO] running `Command { std: CARGO_HOME="/workspace/cargo-home" RUSTUP_HOME="/workspace/rustup-home" "/workspace/cargo-home/bin/cargo" "+1.75.0" "metadata" "--manifest-path" "Cargo.toml" "--no-deps", kill_on_drop: false }`
[INFO] started tweaking git repo https://github.com/rookie1024/dispose
[INFO] finished tweaking git repo https://github.com/rookie1024/dispose
[INFO] tweaked toml for git repo https://github.com/rookie1024/dispose written to /workspace/builds/worker-7-tc1/source/Cargo.toml
[INFO] crate git repo https://github.com/rookie1024/dispose already has a lockfile, it will not be regenerated
[INFO] running `Command { std: CARGO_HOME="/workspace/cargo-home" RUSTUP_HOME="/workspace/rustup-home" "/workspace/cargo-home/bin/cargo" "+1.75.0" "fetch" "--manifest-path" "Cargo.toml", kill_on_drop: false }`
[INFO] running `Command { std: "docker" "create" "-v" "/var/lib/crater-agent-workspace/builds/worker-7-tc1/target:/opt/rustwide/target:rw,Z" "-v" "/var/lib/crater-agent-workspace/builds/worker-7-tc1/source:/opt/rustwide/workdir:ro,Z" "-v" "/var/lib/crater-agent-workspace/cargo-home:/opt/rustwide/cargo-home:ro,Z" "-v" "/var/lib/crater-agent-workspace/rustup-home:/opt/rustwide/rustup-home:ro,Z" "-e" "SOURCE_DIR=/opt/rustwide/workdir" "-e" "CARGO_TARGET_DIR=/opt/rustwide/target" "-e" "CARGO_HOME=/opt/rustwide/cargo-home" "-e" "RUSTUP_HOME=/opt/rustwide/rustup-home" "-w" "/opt/rustwide/workdir" "-m" "1610612736" "--user" "0:0" "--network" "none" "ghcr.io/rust-lang/crates-build-env/linux@sha256:2788e3201cd34a07e3172128adcd8b3090168a8e3bcc40d7c032b9dda1df7d1c" "/opt/rustwide/cargo-home/bin/cargo" "+1.75.0" "metadata" "--no-deps" "--format-version=1", kill_on_drop: false }`
[INFO] [stdout] 8dc066180bf0d20ffca97b75de749f1c4c6173a20a67d25b3f5441ccb0f61f14
[INFO] running `Command { std: "docker" "start" "-a" "8dc066180bf0d20ffca97b75de749f1c4c6173a20a67d25b3f5441ccb0f61f14", kill_on_drop: false }`
[INFO] running `Command { std: "docker" "inspect" "8dc066180bf0d20ffca97b75de749f1c4c6173a20a67d25b3f5441ccb0f61f14", kill_on_drop: false }`
[INFO] running `Command { std: "docker" "rm" "-f" "8dc066180bf0d20ffca97b75de749f1c4c6173a20a67d25b3f5441ccb0f61f14", kill_on_drop: false }`
[INFO] [stdout] 8dc066180bf0d20ffca97b75de749f1c4c6173a20a67d25b3f5441ccb0f61f14
[INFO] running `Command { std: "docker" "create" "-v" "/var/lib/crater-agent-workspace/builds/worker-7-tc1/target:/opt/rustwide/target:rw,Z" "-v" "/var/lib/crater-agent-workspace/builds/worker-7-tc1/source:/opt/rustwide/workdir:ro,Z" "-v" "/var/lib/crater-agent-workspace/cargo-home:/opt/rustwide/cargo-home:ro,Z" "-v" "/var/lib/crater-agent-workspace/rustup-home:/opt/rustwide/rustup-home:ro,Z" "-e" "SOURCE_DIR=/opt/rustwide/workdir" "-e" "CARGO_TARGET_DIR=/opt/rustwide/target" "-e" "CARGO_INCREMENTAL=0" "-e" "RUST_BACKTRACE=full" "-e" "RUSTFLAGS=--cap-lints=warn" "-e" "RUSTDOCFLAGS=--cap-lints=warn" "-e" "CARGO_HOME=/opt/rustwide/cargo-home" "-e" "RUSTUP_HOME=/opt/rustwide/rustup-home" "-w" "/opt/rustwide/workdir" "-m" "1610612736" "--user" "0:0" "--network" "none" "ghcr.io/rust-lang/crates-build-env/linux@sha256:2788e3201cd34a07e3172128adcd8b3090168a8e3bcc40d7c032b9dda1df7d1c" "/opt/rustwide/cargo-home/bin/cargo" "+1.75.0" "build" "--frozen" "--message-format=json", kill_on_drop: false }`
[INFO] [stdout] 60836c21c6461c946114308f7de84d281b96c20bebbc457d83a226e74e44f7b7
[INFO] running `Command { std: "docker" "start" "-a" "60836c21c6461c946114308f7de84d281b96c20bebbc457d83a226e74e44f7b7", kill_on_drop: false }`
[INFO] [stderr]    Compiling proc-macro2 v1.0.66
[INFO] [stderr]    Compiling unicode-ident v1.0.11
[INFO] [stderr]    Compiling version_check v0.9.4
[INFO] [stderr]    Compiling syn v1.0.109
[INFO] [stderr]    Compiling proc-macro-error-attr v1.0.4
[INFO] [stderr]    Compiling proc-macro-error v1.0.4
[INFO] [stderr]    Compiling quote v1.0.32
[INFO] [stderr]    Compiling syn v2.0.28
[INFO] [stderr]    Compiling dispose-derive v0.4.0 (/opt/rustwide/workdir/src/dispose-derive)
[INFO] [stderr]    Compiling dispose v0.5.0 (/opt/rustwide/workdir/src/dispose)
[INFO] [stdout] warning: unused import: `dispose_derive::*`
[INFO] [stdout]    --> src/dispose/lib.rs:106:13
[INFO] [stdout]     |
[INFO] [stdout] 106 |     pub use dispose_derive::*;
[INFO] [stdout]     |             ^^^^^^^^^^^^^^^^^
[INFO] [stdout]     |
[INFO] [stdout]     = note: `#[warn(unused_imports)]` on by default
[INFO] [stdout] 
[INFO] [stdout] 
[INFO] [stdout] warning: 1 warning emitted
[INFO] [stdout] 
[INFO] [stdout] 
[INFO] [stderr]     Finished dev [unoptimized + debuginfo] target(s) in 4.52s
[INFO] running `Command { std: "docker" "inspect" "60836c21c6461c946114308f7de84d281b96c20bebbc457d83a226e74e44f7b7", kill_on_drop: false }`
[INFO] running `Command { std: "docker" "rm" "-f" "60836c21c6461c946114308f7de84d281b96c20bebbc457d83a226e74e44f7b7", kill_on_drop: false }`
[INFO] [stdout] 60836c21c6461c946114308f7de84d281b96c20bebbc457d83a226e74e44f7b7
[INFO] running `Command { std: "docker" "create" "-v" "/var/lib/crater-agent-workspace/builds/worker-7-tc1/target:/opt/rustwide/target:rw,Z" "-v" "/var/lib/crater-agent-workspace/builds/worker-7-tc1/source:/opt/rustwide/workdir:ro,Z" "-v" "/var/lib/crater-agent-workspace/cargo-home:/opt/rustwide/cargo-home:ro,Z" "-v" "/var/lib/crater-agent-workspace/rustup-home:/opt/rustwide/rustup-home:ro,Z" "-e" "SOURCE_DIR=/opt/rustwide/workdir" "-e" "CARGO_TARGET_DIR=/opt/rustwide/target" "-e" "CARGO_INCREMENTAL=0" "-e" "RUST_BACKTRACE=full" "-e" "RUSTFLAGS=--cap-lints=warn" "-e" "RUSTDOCFLAGS=--cap-lints=warn" "-e" "CARGO_HOME=/opt/rustwide/cargo-home" "-e" "RUSTUP_HOME=/opt/rustwide/rustup-home" "-w" "/opt/rustwide/workdir" "-m" "1610612736" "--user" "0:0" "--network" "none" "ghcr.io/rust-lang/crates-build-env/linux@sha256:2788e3201cd34a07e3172128adcd8b3090168a8e3bcc40d7c032b9dda1df7d1c" "/opt/rustwide/cargo-home/bin/cargo" "+1.75.0" "test" "--frozen" "--no-run" "--message-format=json", kill_on_drop: false }`
[INFO] [stdout] db66094ab83c6d6ca9c2ad0daf4208dbfd95170e0fa102e91d7a2a970342085f
[INFO] running `Command { std: "docker" "start" "-a" "db66094ab83c6d6ca9c2ad0daf4208dbfd95170e0fa102e91d7a2a970342085f", kill_on_drop: false }`
[INFO] [stderr]    Compiling libc v0.2.147
[INFO] [stderr]    Compiling cty v0.2.2
[INFO] [stderr]    Compiling bitflags v1.3.2
[INFO] [stderr]    Compiling log v0.4.19
[INFO] [stderr]    Compiling dispose-derive v0.4.0 (/opt/rustwide/workdir/src/dispose-derive)
[INFO] [stderr]    Compiling raw-window-handle v0.4.3
[INFO] [stderr]    Compiling raw-window-handle v0.3.4
[INFO] [stderr]    Compiling gfx-hal v0.6.0
[INFO] [stderr]    Compiling dispose v0.5.0 (/opt/rustwide/workdir/src/dispose)
[INFO] [stdout] warning: unused import: `dispose_derive::*`
[INFO] [stdout]    --> src/dispose/lib.rs:106:13
[INFO] [stdout]     |
[INFO] [stdout] 106 |     pub use dispose_derive::*;
[INFO] [stdout]     |             ^^^^^^^^^^^^^^^^^
[INFO] [stdout]     |
[INFO] [stdout]     = note: `#[warn(unused_imports)]` on by default
[INFO] [stdout] 
[INFO] [stdout] 
[INFO] [stdout] warning: unused import: `dispose_derive::*`
[INFO] [stdout]    --> src/dispose/lib.rs:106:13
[INFO] [stdout]     |
[INFO] [stdout] 106 |     pub use dispose_derive::*;
[INFO] [stdout]     |             ^^^^^^^^^^^^^^^^^
[INFO] [stdout]     |
[INFO] [stdout]     = note: `#[warn(unused_imports)]` on by default
[INFO] [stdout] 
[INFO] [stdout] 
[INFO] [stdout] warning: 1 warning emitted
[INFO] [stdout] 
[INFO] [stdout] 
[INFO] [stdout] warning: unused `Result` that must be used
[INFO] [stdout]   --> src/dispose/abort.rs:88:29
[INFO] [stdout]    |
[INFO] [stdout] 88 |     fn sanity_check_aop() { catch_unwind(|| panic!()); }
[INFO] [stdout]    |                             ^^^^^^^^^^^^^^^^^^^^^^^^^
[INFO] [stdout]    |
[INFO] [stdout]    = note: this `Result` may be an `Err` variant, which should be handled
[INFO] [stdout]    = note: `#[warn(unused_must_use)]` on by default
[INFO] [stdout] help: use `let _ = ...` to ignore the resulting value
[INFO] [stdout]    |
[INFO] [stdout] 88 |     fn sanity_check_aop() { let _ = catch_unwind(|| panic!()); }
[INFO] [stdout]    |                             +++++++
[INFO] [stdout] 
[INFO] [stdout] 
[INFO] [stdout] warning: 2 warnings emitted
[INFO] [stdout] 
[INFO] [stdout] 
[INFO] [stderr]    Compiling gfx-backend-empty v0.6.0
[INFO] [stderr]     Finished test [unoptimized + debuginfo] target(s) in 3.02s
[INFO] running `Command { std: "docker" "inspect" "db66094ab83c6d6ca9c2ad0daf4208dbfd95170e0fa102e91d7a2a970342085f", kill_on_drop: false }`
[INFO] running `Command { std: "docker" "rm" "-f" "db66094ab83c6d6ca9c2ad0daf4208dbfd95170e0fa102e91d7a2a970342085f", kill_on_drop: false }`
[INFO] [stdout] db66094ab83c6d6ca9c2ad0daf4208dbfd95170e0fa102e91d7a2a970342085f
[INFO] running `Command { std: "docker" "create" "-v" "/var/lib/crater-agent-workspace/builds/worker-7-tc1/target:/opt/rustwide/target:rw,Z" "-v" "/var/lib/crater-agent-workspace/builds/worker-7-tc1/source:/opt/rustwide/workdir:ro,Z" "-v" "/var/lib/crater-agent-workspace/cargo-home:/opt/rustwide/cargo-home:ro,Z" "-v" "/var/lib/crater-agent-workspace/rustup-home:/opt/rustwide/rustup-home:ro,Z" "-e" "SOURCE_DIR=/opt/rustwide/workdir" "-e" "CARGO_TARGET_DIR=/opt/rustwide/target" "-e" "CARGO_INCREMENTAL=0" "-e" "RUST_BACKTRACE=full" "-e" "RUSTFLAGS=--cap-lints=warn" "-e" "RUSTDOCFLAGS=--cap-lints=warn" "-e" "CARGO_HOME=/opt/rustwide/cargo-home" "-e" "RUSTUP_HOME=/opt/rustwide/rustup-home" "-w" "/opt/rustwide/workdir" "-m" "1610612736" "--user" "0:0" "--network" "none" "ghcr.io/rust-lang/crates-build-env/linux@sha256:2788e3201cd34a07e3172128adcd8b3090168a8e3bcc40d7c032b9dda1df7d1c" "/opt/rustwide/cargo-home/bin/cargo" "+1.75.0" "test" "--frozen", kill_on_drop: false }`
[INFO] [stdout] 017f0c90fb97d154a4f23be789b7522b2ba5623af02b072ca3144c00ccba2f65
[INFO] running `Command { std: "docker" "start" "-a" "017f0c90fb97d154a4f23be789b7522b2ba5623af02b072ca3144c00ccba2f65", kill_on_drop: false }`
[INFO] [stderr] warning: unused import: `dispose_derive::*`
[INFO] [stderr]    --> src/dispose/lib.rs:106:13
[INFO] [stderr]     |
[INFO] [stderr] 106 |     pub use dispose_derive::*;
[INFO] [stderr]     |             ^^^^^^^^^^^^^^^^^
[INFO] [stderr]     |
[INFO] [stderr]     = note: `#[warn(unused_imports)]` on by default
[INFO] [stderr] 
[INFO] [stderr] warning: unused `Result` that must be used
[INFO] [stderr]   --> src/dispose/abort.rs:88:29
[INFO] [stderr]    |
[INFO] [stderr] 88 |     fn sanity_check_aop() { catch_unwind(|| panic!()); }
[INFO] [stderr]    |                             ^^^^^^^^^^^^^^^^^^^^^^^^^
[INFO] [stderr]    |
[INFO] [stderr]    = note: this `Result` may be an `Err` variant, which should be handled
[INFO] [stderr]    = note: `#[warn(unused_must_use)]` on by default
[INFO] [stderr] help: use `let _ = ...` to ignore the resulting value
[INFO] [stderr]    |
[INFO] [stderr] 88 |     fn sanity_check_aop() { let _ = catch_unwind(|| panic!()); }
[INFO] [stderr]    |                             +++++++
[INFO] [stderr] 
[INFO] [stderr] warning: `dispose` (lib) generated 1 warning (run `cargo fix --lib -p dispose` to apply 1 suggestion)
[INFO] [stderr] warning: `dispose` (lib test) generated 2 warnings (1 duplicate)
[INFO] [stderr]     Finished test [unoptimized + debuginfo] target(s) in 0.01s
[INFO] [stderr]      Running unittests lib.rs (/opt/rustwide/target/debug/deps/dispose-b38dd5694921e21d)
[INFO] [stdout] 
[INFO] [stdout] running 3 tests
[INFO] [stdout] test abort::test::safe_aop ... ok
[INFO] [stdout] test abort::test::safe_canary ... ok
[INFO] [stdout] test abort::test::sanity_check_aop ... ok
[INFO] [stdout] 
[INFO] [stdout] test result: ok. 3 passed; 0 failed; 0 ignored; 0 measured; 0 filtered out; finished in 0.01s
[INFO] [stdout] 
[INFO] [stderr]      Running unittests lib.rs (/opt/rustwide/target/debug/deps/dispose_derive-7fb4a3e89f72c7c6)
[INFO] [stdout] 
[INFO] [stdout] running 0 tests
[INFO] [stdout] 
[INFO] [stdout] test result: ok. 0 passed; 0 failed; 0 ignored; 0 measured; 0 filtered out; finished in 0.00s
[INFO] [stdout] 
[INFO] [stderr]    Doc-tests dispose
[INFO] [stdout] 
[INFO] [stdout] running 5 tests
[INFO] [stdout] test src/dispose/lib.rs - (line 52) ... ok
[INFO] [stdout] test src/dispose/defer.rs - defer::defer (line 11) ... ok
[INFO] [stdout] test src/dispose/defer.rs - defer::defer (line 26) ... ok
[INFO] [stdout] test src/dispose/lib.rs - (line 33) ... ok
[INFO] [stdout] test src/dispose/abort.rs - abort::abort_on_panic (line 46) ... ok
[INFO] [stdout] 
[INFO] [stdout] test result: ok. 5 passed; 0 failed; 0 ignored; 0 measured; 0 filtered out; finished in 0.28s
[INFO] [stdout] 
[INFO] [stderr]    Doc-tests dispose_derive
[INFO] [stdout] 
[INFO] [stdout] running 2 tests
[INFO] [stdout] test src/dispose-derive/lib.rs - derive_dispose (line 121) - compile ... FAILED
[INFO] [stdout] test src/dispose-derive/lib.rs - derive_dispose (line 66) ... ok
[INFO] [stdout] 
[INFO] [stdout] failures:
[INFO] [stdout] 
[INFO] [stdout] ---- src/dispose-derive/lib.rs - derive_dispose (line 121) stdout ----
[INFO] [stdout] error: Failed to parse #[dispose] attribute: unexpected token
[INFO] [stdout]   --> src/dispose-derive/lib.rs:140:5
[INFO] [stdout]    |
[INFO] [stdout] 21 |     #[dispose(ignore)]
[INFO] [stdout]    |     ^
[INFO] [stdout] 
[INFO] [stdout] error: Failed to parse #[dispose] attribute: unexpected token
[INFO] [stdout]   --> src/dispose-derive/lib.rs:157:5
[INFO] [stdout]    |
[INFO] [stdout] 38 |     #[dispose(ignore)]
[INFO] [stdout]    |     ^
[INFO] [stdout] 
[INFO] [stdout] error[E0277]: expected a `FnOnce()` closure, found `SingleBuffer<'a, B>`
[INFO] [stdout]   --> src/dispose-derive/lib.rs:149:67
[INFO] [stdout]    |
[INFO] [stdout] 30 |     fn new(dev: &'a B::Device, buf: Buffer<B>, mem: Memory<B>) -> Disposable<Self> {
[INFO] [stdout]    |                                                                   ^^^^^^^^^^^^^^^^ expected an `FnOnce()` closure, found `SingleBuffer<'a, B>`
[INFO] [stdout]    |
[INFO] [stdout]    = help: the trait `FnOnce<()>` is not implemented for `SingleBuffer<'a, B>`
[INFO] [stdout]    = note: wrap the `SingleBuffer<'a, B>` in a closure with no arguments: `|| { /* code */ }`
[INFO] [stdout]    = help: the following other types implement trait `dispose::Dispose`:
[INFO] [stdout]              AbortCanary
[INFO] [stdout]              Box<[T]>
[INFO] [stdout]              Vec<T>
[INFO] [stdout]              &'a [T]
[INFO] [stdout]              (W, T)
[INFO] [stdout]    = note: required for `SingleBuffer<'a, B>` to implement `dispose::Dispose`
[INFO] [stdout] note: required by a bound in `Disposable`
[INFO] [stdout]   --> /opt/rustwide/workdir/src/dispose/disposable.rs:20:26
[INFO] [stdout]    |
[INFO] [stdout] 20 | pub struct Disposable<T: Dispose>(ManuallyDrop<T>);
[INFO] [stdout]    |                          ^^^^^^^ required by this bound in `Disposable`
[INFO] [stdout] 
[INFO] [stdout] error[E0277]: expected a `FnOnce()` closure, found `MultiBuffer<'a, B>`
[INFO] [stdout]   --> src/dispose-derive/lib.rs:170:10
[INFO] [stdout]    |
[INFO] [stdout] 51 |     ) -> Disposable<Self> {
[INFO] [stdout]    |          ^^^^^^^^^^^^^^^^ expected an `FnOnce()` closure, found `MultiBuffer<'a, B>`
[INFO] [stdout]    |
[INFO] [stdout]    = help: the trait `FnOnce<()>` is not implemented for `MultiBuffer<'a, B>`
[INFO] [stdout]    = note: wrap the `MultiBuffer<'a, B>` in a closure with no arguments: `|| { /* code */ }`
[INFO] [stdout]    = help: the following other types implement trait `dispose::Dispose`:
[INFO] [stdout]              AbortCanary
[INFO] [stdout]              Box<[T]>
[INFO] [stdout]              Vec<T>
[INFO] [stdout]              &'a [T]
[INFO] [stdout]              (W, T)
[INFO] [stdout]    = note: required for `MultiBuffer<'a, B>` to implement `dispose::Dispose`
[INFO] [stdout] note: required by a bound in `Disposable`
[INFO] [stdout]   --> /opt/rustwide/workdir/src/dispose/disposable.rs:20:26
[INFO] [stdout]    |
[INFO] [stdout] 20 | pub struct Disposable<T: Dispose>(ManuallyDrop<T>);
[INFO] [stdout]    |                          ^^^^^^^ required by this bound in `Disposable`
[INFO] [stdout] 
[INFO] [stdout] error: aborting due to 4 previous errors
[INFO] [stdout] 
[INFO] [stdout] For more information about this error, try `rustc --explain E0277`.
[INFO] [stdout] Couldn't compile the test.
[INFO] [stdout] 
[INFO] [stdout] failures:
[INFO] [stdout]     src/dispose-derive/lib.rs - derive_dispose (line 121)
[INFO] [stdout] 
[INFO] [stdout] test result: FAILED. 1 passed; 1 failed; 0 ignored; 0 measured; 0 filtered out; finished in 0.13s
[INFO] [stdout] 
[INFO] [stderr] error: doctest failed, to rerun pass `-p dispose-derive --doc`
[INFO] running `Command { std: "docker" "inspect" "017f0c90fb97d154a4f23be789b7522b2ba5623af02b072ca3144c00ccba2f65", kill_on_drop: false }`
[INFO] running `Command { std: "docker" "rm" "-f" "017f0c90fb97d154a4f23be789b7522b2ba5623af02b072ca3144c00ccba2f65", kill_on_drop: false }`
[INFO] [stdout] 017f0c90fb97d154a4f23be789b7522b2ba5623af02b072ca3144c00ccba2f65
[INFO] testing rookie1024/dispose against beta-2023-12-22 for beta-1.76-1
[INFO] running `Command { std: "git" "clone" "/workspace/cache/git-repos/https%3A%2F%2Fgithub.com%2Frookie1024%2Fdispose" "/workspace/builds/worker-7-tc2/source", kill_on_drop: false }`
[INFO] [stderr] Cloning into '/workspace/builds/worker-7-tc2/source'...
[INFO] [stderr] done.
[INFO] validating manifest of git repo https://github.com/rookie1024/dispose on toolchain beta-2023-12-22
[INFO] running `Command { std: CARGO_HOME="/workspace/cargo-home" RUSTUP_HOME="/workspace/rustup-home" "/workspace/cargo-home/bin/cargo" "+beta-2023-12-22" "metadata" "--manifest-path" "Cargo.toml" "--no-deps", kill_on_drop: false }`
[INFO] started tweaking git repo https://github.com/rookie1024/dispose
[INFO] finished tweaking git repo https://github.com/rookie1024/dispose
[INFO] tweaked toml for git repo https://github.com/rookie1024/dispose written to /workspace/builds/worker-7-tc2/source/Cargo.toml
[INFO] crate git repo https://github.com/rookie1024/dispose already has a lockfile, it will not be regenerated
[INFO] running `Command { std: CARGO_HOME="/workspace/cargo-home" RUSTUP_HOME="/workspace/rustup-home" "/workspace/cargo-home/bin/cargo" "+beta-2023-12-22" "fetch" "--manifest-path" "Cargo.toml", kill_on_drop: false }`
[INFO] running `Command { std: "docker" "create" "-v" "/var/lib/crater-agent-workspace/builds/worker-7-tc2/target:/opt/rustwide/target:rw,Z" "-v" "/var/lib/crater-agent-workspace/builds/worker-7-tc2/source:/opt/rustwide/workdir:ro,Z" "-v" "/var/lib/crater-agent-workspace/cargo-home:/opt/rustwide/cargo-home:ro,Z" "-v" "/var/lib/crater-agent-workspace/rustup-home:/opt/rustwide/rustup-home:ro,Z" "-e" "SOURCE_DIR=/opt/rustwide/workdir" "-e" "CARGO_TARGET_DIR=/opt/rustwide/target" "-e" "CARGO_HOME=/opt/rustwide/cargo-home" "-e" "RUSTUP_HOME=/opt/rustwide/rustup-home" "-w" "/opt/rustwide/workdir" "-m" "1610612736" "--user" "0:0" "--network" "none" "ghcr.io/rust-lang/crates-build-env/linux@sha256:2788e3201cd34a07e3172128adcd8b3090168a8e3bcc40d7c032b9dda1df7d1c" "/opt/rustwide/cargo-home/bin/cargo" "+beta-2023-12-22" "metadata" "--no-deps" "--format-version=1", kill_on_drop: false }`
[INFO] [stdout] 3f15c0ce1b5c9b7ccee0236743cef22349a5523182c99067beca8b2580d04c15
[INFO] running `Command { std: "docker" "start" "-a" "3f15c0ce1b5c9b7ccee0236743cef22349a5523182c99067beca8b2580d04c15", kill_on_drop: false }`
[INFO] running `Command { std: "docker" "inspect" "3f15c0ce1b5c9b7ccee0236743cef22349a5523182c99067beca8b2580d04c15", kill_on_drop: false }`
[INFO] running `Command { std: "docker" "rm" "-f" "3f15c0ce1b5c9b7ccee0236743cef22349a5523182c99067beca8b2580d04c15", kill_on_drop: false }`
[INFO] [stdout] 3f15c0ce1b5c9b7ccee0236743cef22349a5523182c99067beca8b2580d04c15
[INFO] running `Command { std: "docker" "create" "-v" "/var/lib/crater-agent-workspace/builds/worker-7-tc2/target:/opt/rustwide/target:rw,Z" "-v" "/var/lib/crater-agent-workspace/builds/worker-7-tc2/source:/opt/rustwide/workdir:ro,Z" "-v" "/var/lib/crater-agent-workspace/cargo-home:/opt/rustwide/cargo-home:ro,Z" "-v" "/var/lib/crater-agent-workspace/rustup-home:/opt/rustwide/rustup-home:ro,Z" "-e" "SOURCE_DIR=/opt/rustwide/workdir" "-e" "CARGO_TARGET_DIR=/opt/rustwide/target" "-e" "CARGO_INCREMENTAL=0" "-e" "RUST_BACKTRACE=full" "-e" "RUSTFLAGS=--cap-lints=warn" "-e" "RUSTDOCFLAGS=--cap-lints=warn" "-e" "CARGO_HOME=/opt/rustwide/cargo-home" "-e" "RUSTUP_HOME=/opt/rustwide/rustup-home" "-w" "/opt/rustwide/workdir" "-m" "1610612736" "--user" "0:0" "--network" "none" "ghcr.io/rust-lang/crates-build-env/linux@sha256:2788e3201cd34a07e3172128adcd8b3090168a8e3bcc40d7c032b9dda1df7d1c" "/opt/rustwide/cargo-home/bin/cargo" "+beta-2023-12-22" "build" "--frozen" "--message-format=json", kill_on_drop: false }`
[INFO] [stdout] 1a32ef6ddb2ab51bcc9ef63bcb90654aa91b2432390ad37664b1e159e399023f
[INFO] running `Command { std: "docker" "start" "-a" "1a32ef6ddb2ab51bcc9ef63bcb90654aa91b2432390ad37664b1e159e399023f", kill_on_drop: false }`
[INFO] [stderr]    Compiling proc-macro2 v1.0.66
[INFO] [stderr]    Compiling unicode-ident v1.0.11
[INFO] [stderr]    Compiling version_check v0.9.4
[INFO] [stderr]    Compiling syn v1.0.109
[INFO] [stderr]    Compiling proc-macro-error-attr v1.0.4
[INFO] [stderr]    Compiling proc-macro-error v1.0.4
[INFO] [stderr]    Compiling quote v1.0.32
[INFO] [stderr]    Compiling syn v2.0.28
[INFO] [stderr]    Compiling dispose-derive v0.4.0 (/opt/rustwide/workdir/src/dispose-derive)
[INFO] [stderr]    Compiling dispose v0.5.0 (/opt/rustwide/workdir/src/dispose)
[INFO] [stdout] warning: unused import: `dispose_derive::*`
[INFO] [stdout]    --> src/dispose/lib.rs:106:13
[INFO] [stdout]     |
[INFO] [stdout] 106 |     pub use dispose_derive::*;
[INFO] [stdout]     |             ^^^^^^^^^^^^^^^^^
[INFO] [stdout]     |
[INFO] [stdout]     = note: `#[warn(unused_imports)]` on by default
[INFO] [stdout] 
[INFO] [stdout] 
[INFO] [stdout] warning: 1 warning emitted
[INFO] [stdout] 
[INFO] [stdout] 
[INFO] [stderr]     Finished dev [unoptimized + debuginfo] target(s) in 6.05s
[INFO] running `Command { std: "docker" "inspect" "1a32ef6ddb2ab51bcc9ef63bcb90654aa91b2432390ad37664b1e159e399023f", kill_on_drop: false }`
[INFO] running `Command { std: "docker" "rm" "-f" "1a32ef6ddb2ab51bcc9ef63bcb90654aa91b2432390ad37664b1e159e399023f", kill_on_drop: false }`
[INFO] [stdout] 1a32ef6ddb2ab51bcc9ef63bcb90654aa91b2432390ad37664b1e159e399023f
[INFO] running `Command { std: "docker" "create" "-v" "/var/lib/crater-agent-workspace/builds/worker-7-tc2/target:/opt/rustwide/target:rw,Z" "-v" "/var/lib/crater-agent-workspace/builds/worker-7-tc2/source:/opt/rustwide/workdir:ro,Z" "-v" "/var/lib/crater-agent-workspace/cargo-home:/opt/rustwide/cargo-home:ro,Z" "-v" "/var/lib/crater-agent-workspace/rustup-home:/opt/rustwide/rustup-home:ro,Z" "-e" "SOURCE_DIR=/opt/rustwide/workdir" "-e" "CARGO_TARGET_DIR=/opt/rustwide/target" "-e" "CARGO_INCREMENTAL=0" "-e" "RUST_BACKTRACE=full" "-e" "RUSTFLAGS=--cap-lints=warn" "-e" "RUSTDOCFLAGS=--cap-lints=warn" "-e" "CARGO_HOME=/opt/rustwide/cargo-home" "-e" "RUSTUP_HOME=/opt/rustwide/rustup-home" "-w" "/opt/rustwide/workdir" "-m" "1610612736" "--user" "0:0" "--network" "none" "ghcr.io/rust-lang/crates-build-env/linux@sha256:2788e3201cd34a07e3172128adcd8b3090168a8e3bcc40d7c032b9dda1df7d1c" "/opt/rustwide/cargo-home/bin/cargo" "+beta-2023-12-22" "test" "--frozen" "--no-run" "--message-format=json", kill_on_drop: false }`
[INFO] [stdout] cf259abcc7ac982e79db37751046f67746afd79635b08d27bdcc9c12517a8887
[INFO] running `Command { std: "docker" "start" "-a" "cf259abcc7ac982e79db37751046f67746afd79635b08d27bdcc9c12517a8887", kill_on_drop: false }`
[INFO] [stderr]    Compiling libc v0.2.147
[INFO] [stderr]    Compiling cty v0.2.2
[INFO] [stderr]    Compiling bitflags v1.3.2
[INFO] [stderr]    Compiling log v0.4.19
[INFO] [stderr]    Compiling dispose-derive v0.4.0 (/opt/rustwide/workdir/src/dispose-derive)
[INFO] [stderr]    Compiling raw-window-handle v0.4.3
[INFO] [stderr]    Compiling raw-window-handle v0.3.4
[INFO] [stderr]    Compiling gfx-hal v0.6.0
[INFO] [stderr]    Compiling dispose v0.5.0 (/opt/rustwide/workdir/src/dispose)
[INFO] [stdout] warning: unused import: `dispose_derive::*`
[INFO] [stdout]    --> src/dispose/lib.rs:106:13
[INFO] [stdout]     |
[INFO] [stdout] 106 |     pub use dispose_derive::*;
[INFO] [stdout]     |             ^^^^^^^^^^^^^^^^^
[INFO] [stdout]     |
[INFO] [stdout]     = note: `#[warn(unused_imports)]` on by default
[INFO] [stdout] 
[INFO] [stdout] 
[INFO] [stdout] warning: unused import: `dispose_derive::*`
[INFO] [stdout]    --> src/dispose/lib.rs:106:13
[INFO] [stdout]     |
[INFO] [stdout] 106 |     pub use dispose_derive::*;
[INFO] [stdout]     |             ^^^^^^^^^^^^^^^^^
[INFO] [stdout]     |
[INFO] [stdout]     = note: `#[warn(unused_imports)]` on by default
[INFO] [stdout] 
[INFO] [stdout] 
[INFO] [stdout] warning: 1 warning emitted
[INFO] [stdout] 
[INFO] [stdout] 
[INFO] [stdout] warning: unused `Result` that must be used
[INFO] [stdout]   --> src/dispose/abort.rs:88:29
[INFO] [stdout]    |
[INFO] [stdout] 88 |     fn sanity_check_aop() { catch_unwind(|| panic!()); }
[INFO] [stdout]    |                             ^^^^^^^^^^^^^^^^^^^^^^^^^
[INFO] [stdout]    |
[INFO] [stdout]    = note: this `Result` may be an `Err` variant, which should be handled
[INFO] [stdout]    = note: `#[warn(unused_must_use)]` on by default
[INFO] [stdout] help: use `let _ = ...` to ignore the resulting value
[INFO] [stdout]    |
[INFO] [stdout] 88 |     fn sanity_check_aop() { let _ = catch_unwind(|| panic!()); }
[INFO] [stdout]    |                             +++++++
[INFO] [stdout] 
[INFO] [stdout] 
[INFO] [stdout] warning: 2 warnings emitted
[INFO] [stdout] 
[INFO] [stdout] 
[INFO] [stderr]    Compiling gfx-backend-empty v0.6.0
[INFO] [stderr]     Finished test [unoptimized + debuginfo] target(s) in 2.57s
[INFO] running `Command { std: "docker" "inspect" "cf259abcc7ac982e79db37751046f67746afd79635b08d27bdcc9c12517a8887", kill_on_drop: false }`
[INFO] running `Command { std: "docker" "rm" "-f" "cf259abcc7ac982e79db37751046f67746afd79635b08d27bdcc9c12517a8887", kill_on_drop: false }`
[INFO] [stdout] cf259abcc7ac982e79db37751046f67746afd79635b08d27bdcc9c12517a8887
[INFO] running `Command { std: "docker" "create" "-v" "/var/lib/crater-agent-workspace/builds/worker-7-tc2/target:/opt/rustwide/target:rw,Z" "-v" "/var/lib/crater-agent-workspace/builds/worker-7-tc2/source:/opt/rustwide/workdir:ro,Z" "-v" "/var/lib/crater-agent-workspace/cargo-home:/opt/rustwide/cargo-home:ro,Z" "-v" "/var/lib/crater-agent-workspace/rustup-home:/opt/rustwide/rustup-home:ro,Z" "-e" "SOURCE_DIR=/opt/rustwide/workdir" "-e" "CARGO_TARGET_DIR=/opt/rustwide/target" "-e" "CARGO_INCREMENTAL=0" "-e" "RUST_BACKTRACE=full" "-e" "RUSTFLAGS=--cap-lints=warn" "-e" "RUSTDOCFLAGS=--cap-lints=warn" "-e" "CARGO_HOME=/opt/rustwide/cargo-home" "-e" "RUSTUP_HOME=/opt/rustwide/rustup-home" "-w" "/opt/rustwide/workdir" "-m" "1610612736" "--user" "0:0" "--network" "none" "ghcr.io/rust-lang/crates-build-env/linux@sha256:2788e3201cd34a07e3172128adcd8b3090168a8e3bcc40d7c032b9dda1df7d1c" "/opt/rustwide/cargo-home/bin/cargo" "+beta-2023-12-22" "test" "--frozen", kill_on_drop: false }`
[INFO] [stdout] 31cd67e1046b4d2faab248496432e4d4bbf8f30a833834c9028551c71088f2cb
[INFO] running `Command { std: "docker" "start" "-a" "31cd67e1046b4d2faab248496432e4d4bbf8f30a833834c9028551c71088f2cb", kill_on_drop: false }`
[INFO] [stderr] warning: unused import: `dispose_derive::*`
[INFO] [stderr]    --> src/dispose/lib.rs:106:13
[INFO] [stderr]     |
[INFO] [stderr] 106 |     pub use dispose_derive::*;
[INFO] [stderr]     |             ^^^^^^^^^^^^^^^^^
[INFO] [stderr]     |
[INFO] [stderr]     = note: `#[warn(unused_imports)]` on by default
[INFO] [stderr] 
[INFO] [stderr] warning: unused `Result` that must be used
[INFO] [stderr]   --> src/dispose/abort.rs:88:29
[INFO] [stderr]    |
[INFO] [stderr] 88 |     fn sanity_check_aop() { catch_unwind(|| panic!()); }
[INFO] [stderr]    |                             ^^^^^^^^^^^^^^^^^^^^^^^^^
[INFO] [stderr]    |
[INFO] [stderr]    = note: this `Result` may be an `Err` variant, which should be handled
[INFO] [stderr]    = note: `#[warn(unused_must_use)]` on by default
[INFO] [stderr] help: use `let _ = ...` to ignore the resulting value
[INFO] [stderr]    |
[INFO] [stderr] 88 |     fn sanity_check_aop() { let _ = catch_unwind(|| panic!()); }
[INFO] [stderr]    |                             +++++++
[INFO] [stderr] 
[INFO] [stderr] warning: `dispose` (lib) generated 1 warning (run `cargo fix --lib -p dispose` to apply 1 suggestion)
[INFO] [stderr] warning: `dispose` (lib test) generated 2 warnings (1 duplicate)
[INFO] [stderr]     Finished test [unoptimized + debuginfo] target(s) in 0.01s
[INFO] [stderr]      Running unittests lib.rs (/opt/rustwide/target/debug/deps/dispose-6b66b10832106381)
[INFO] [stdout] 
[INFO] [stdout] running 3 tests
[INFO] [stdout] test abort::test::safe_aop ... ok
[INFO] [stdout] test abort::test::safe_canary ... ok
[INFO] [stdout] test abort::test::sanity_check_aop ... ok
[INFO] [stdout] 
[INFO] [stdout] test result: ok. 3 passed; 0 failed; 0 ignored; 0 measured; 0 filtered out; finished in 0.01s
[INFO] [stdout] 
[INFO] [stderr]      Running unittests lib.rs (/opt/rustwide/target/debug/deps/dispose_derive-14c0c51d84c4ce6e)
[INFO] [stdout] 
[INFO] [stdout] running 0 tests
[INFO] [stdout] 
[INFO] [stdout] test result: ok. 0 passed; 0 failed; 0 ignored; 0 measured; 0 filtered out; finished in 0.00s
[INFO] [stdout] 
[INFO] [stderr]    Doc-tests dispose
[INFO] [stdout] 
[INFO] [stdout] running 5 tests
[INFO] [stdout] test src/dispose/lib.rs - (line 33) ... ok
[INFO] [stdout] test src/dispose/defer.rs - defer::defer (line 11) ... ok
[INFO] [stdout] test src/dispose/lib.rs - (line 52) ... ok
[INFO] [stdout] test src/dispose/defer.rs - defer::defer (line 26) ... ok
[INFO] [stdout] test src/dispose/abort.rs - abort::abort_on_panic (line 46) ... ok
[INFO] [stdout] 
[INFO] [stdout] test result: ok. 5 passed; 0 failed; 0 ignored; 0 measured; 0 filtered out; finished in 0.25s
[INFO] [stdout] 
[INFO] [stderr]    Doc-tests dispose_derive
[INFO] [stdout] 
[INFO] [stdout] running 2 tests
[INFO] [stdout] test src/dispose-derive/lib.rs - derive_dispose (line 121) - compile ... FAILED
[INFO] [stdout] test src/dispose-derive/lib.rs - derive_dispose (line 66) ... ok
[INFO] [stdout] 
[INFO] [stdout] failures:
[INFO] [stdout] 
[INFO] [stdout] ---- src/dispose-derive/lib.rs - derive_dispose (line 121) stdout ----
[INFO] [stdout] error: Failed to parse #[dispose] attribute: unexpected token
[INFO] [stdout]   --> src/dispose-derive/lib.rs:140:5
[INFO] [stdout]    |
[INFO] [stdout] 21 |     #[dispose(ignore)]
[INFO] [stdout]    |     ^
[INFO] [stdout] 
[INFO] [stdout] error: Failed to parse #[dispose] attribute: unexpected token
[INFO] [stdout]   --> src/dispose-derive/lib.rs:157:5
[INFO] [stdout]    |
[INFO] [stdout] 38 |     #[dispose(ignore)]
[INFO] [stdout]    |     ^
[INFO] [stdout] 
[INFO] [stdout] error[E0277]: expected a `FnOnce()` closure, found `SingleBuffer<'a, B>`
[INFO] [stdout]   --> src/dispose-derive/lib.rs:149:67
[INFO] [stdout]    |
[INFO] [stdout] 30 |     fn new(dev: &'a B::Device, buf: Buffer<B>, mem: Memory<B>) -> Disposable<Self> {
[INFO] [stdout]    |                                                                   ^^^^^^^^^^^^^^^^ expected an `FnOnce()` closure, found `SingleBuffer<'a, B>`
[INFO] [stdout]    |
[INFO] [stdout]    = help: the trait `FnOnce<()>` is not implemented for `SingleBuffer<'a, B>`
[INFO] [stdout]    = note: wrap the `SingleBuffer<'a, B>` in a closure with no arguments: `|| { /* code */ }`
[INFO] [stdout]    = help: the following other types implement trait `dispose::Dispose`:
[INFO] [stdout]              AbortCanary
[INFO] [stdout]              Box<[T]>
[INFO] [stdout]              Vec<T>
[INFO] [stdout]              &'a [T]
[INFO] [stdout]              (W, T)
[INFO] [stdout]    = note: required for `SingleBuffer<'a, B>` to implement `dispose::Dispose`
[INFO] [stdout] note: required by a bound in `Disposable`
[INFO] [stdout]   --> /opt/rustwide/workdir/src/dispose/disposable.rs:20:26
[INFO] [stdout]    |
[INFO] [stdout] 20 | pub struct Disposable<T: Dispose>(ManuallyDrop<T>);
[INFO] [stdout]    |                          ^^^^^^^ required by this bound in `Disposable`
[INFO] [stdout] 
[INFO] [stdout] error[E0277]: expected a `FnOnce()` closure, found `MultiBuffer<'a, B>`
[INFO] [stdout]   --> src/dispose-derive/lib.rs:170:10
[INFO] [stdout]    |
[INFO] [stdout] 51 |     ) -> Disposable<Self> {
[INFO] [stdout]    |          ^^^^^^^^^^^^^^^^ expected an `FnOnce()` closure, found `MultiBuffer<'a, B>`
[INFO] [stdout]    |
[INFO] [stdout]    = help: the trait `FnOnce<()>` is not implemented for `MultiBuffer<'a, B>`
[INFO] [stdout]    = note: wrap the `MultiBuffer<'a, B>` in a closure with no arguments: `|| { /* code */ }`
[INFO] [stdout]    = help: the following other types implement trait `dispose::Dispose`:
[INFO] [stdout]              AbortCanary
[INFO] [stdout]              Box<[T]>
[INFO] [stdout]              Vec<T>
[INFO] [stdout]              &'a [T]
[INFO] [stdout]              (W, T)
[INFO] [stdout]    = note: required for `MultiBuffer<'a, B>` to implement `dispose::Dispose`
[INFO] [stdout] note: required by a bound in `Disposable`
[INFO] [stdout]   --> /opt/rustwide/workdir/src/dispose/disposable.rs:20:26
[INFO] [stdout]    |
[INFO] [stdout] 20 | pub struct Disposable<T: Dispose>(ManuallyDrop<T>);
[INFO] [stdout]    |                          ^^^^^^^ required by this bound in `Disposable`
[INFO] [stdout] 
[INFO] [stdout] error: aborting due to 4 previous errors
[INFO] [stdout] 
[INFO] [stdout] For more information about this error, try `rustc --explain E0277`.
[INFO] [stdout] Couldn't compile the test.
[INFO] [stdout] 
[INFO] [stdout] failures:
[INFO] [stdout]     src/dispose-derive/lib.rs - derive_dispose (line 121)
[INFO] [stdout] 
[INFO] [stdout] test result: FAILED. 1 passed; 1 failed; 0 ignored; 0 measured; 0 filtered out; finished in 0.12s
[INFO] [stdout] 
[INFO] [stderr] error: doctest failed, to rerun pass `-p dispose-derive --doc`
[INFO] running `Command { std: "docker" "inspect" "31cd67e1046b4d2faab248496432e4d4bbf8f30a833834c9028551c71088f2cb", kill_on_drop: false }`
[INFO] running `Command { std: "docker" "rm" "-f" "31cd67e1046b4d2faab248496432e4d4bbf8f30a833834c9028551c71088f2cb", kill_on_drop: false }`
[INFO] [stdout] 31cd67e1046b4d2faab248496432e4d4bbf8f30a833834c9028551c71088f2cb
