[INFO] cloning repository https://github.com/romnn/cargo-bumpversion
[INFO] running `Command { std: "git" "-c" "credential.helper=" "-c" "credential.helper=/workspace/cargo-home/bin/git-credential-null" "clone" "--bare" "https://github.com/romnn/cargo-bumpversion" "/workspace/cache/git-repos/https%3A%2F%2Fgithub.com%2Fromnn%2Fcargo-bumpversion", kill_on_drop: false }`
[INFO] [stderr] Cloning into bare repository '/workspace/cache/git-repos/https%3A%2F%2Fgithub.com%2Fromnn%2Fcargo-bumpversion'...
[INFO] running `Command { std: "git" "rev-parse" "HEAD", kill_on_drop: false }`
[INFO] [stdout] 6b68899f443aa979121d22a59b7c3e2bc99f5740
[INFO] testing romnn/cargo-bumpversion against 1.75.0 for beta-1.76-1
[INFO] running `Command { std: "git" "clone" "/workspace/cache/git-repos/https%3A%2F%2Fgithub.com%2Fromnn%2Fcargo-bumpversion" "/workspace/builds/worker-6-tc1/source", kill_on_drop: false }`
[INFO] [stderr] Cloning into '/workspace/builds/worker-6-tc1/source'...
[INFO] [stderr] done.
[INFO] validating manifest of git repo https://github.com/romnn/cargo-bumpversion on toolchain 1.75.0
[INFO] running `Command { std: CARGO_HOME="/workspace/cargo-home" RUSTUP_HOME="/workspace/rustup-home" "/workspace/cargo-home/bin/cargo" "+1.75.0" "metadata" "--manifest-path" "Cargo.toml" "--no-deps", kill_on_drop: false }`
[INFO] started tweaking git repo https://github.com/romnn/cargo-bumpversion
[INFO] finished tweaking git repo https://github.com/romnn/cargo-bumpversion
[INFO] tweaked toml for git repo https://github.com/romnn/cargo-bumpversion written to /workspace/builds/worker-6-tc1/source/Cargo.toml
[INFO] crate git repo https://github.com/romnn/cargo-bumpversion already has a lockfile, it will not be regenerated
[INFO] running `Command { std: CARGO_HOME="/workspace/cargo-home" RUSTUP_HOME="/workspace/rustup-home" "/workspace/cargo-home/bin/cargo" "+1.75.0" "fetch" "--manifest-path" "Cargo.toml", kill_on_drop: false }`
[INFO] [stderr]     Updating crates.io index
[INFO] [stderr]  Downloading crates ...
[INFO] [stderr]   Downloaded io-close v0.3.7
[INFO] [stderr]   Downloaded unicode-bom v1.1.4
[INFO] [stderr]   Downloaded byte-unit v4.0.14
[INFO] [stderr]   Downloaded compact_str v0.4.1
[INFO] [stderr]   Downloaded sha1-asm v0.5.1
[INFO] [stderr]   Downloaded git-lock v2.1.1
[INFO] [stderr]   Downloaded clru v0.5.0
[INFO] [stderr]   Downloaded git-validate v0.5.5
[INFO] [stderr]   Downloaded git-date v0.1.0
[INFO] [stderr]   Downloaded git-actor v0.11.4
[INFO] [stderr]   Downloaded git-bitmap v0.1.2
[INFO] [stderr]   Downloaded git-path v0.4.2
[INFO] [stderr]   Downloaded git-traverse v0.16.4
[INFO] [stderr]   Downloaded git-attributes v0.3.3
[INFO] [stderr]   Downloaded human_format v1.0.3
[INFO] [stderr]   Downloaded git-url v0.7.3
[INFO] [stderr]   Downloaded git-quote v0.2.1
[INFO] [stderr]   Downloaded git-sec v0.3.1
[INFO] [stderr]   Downloaded git-chunk v0.3.1
[INFO] [stderr]   Downloaded git-refspec v0.1.1
[INFO] [stderr]   Downloaded git-diff v0.18.1
[INFO] [stderr]   Downloaded git-discover v0.4.2
[INFO] [stderr]   Downloaded git-object v0.20.3
[INFO] [stderr]   Downloaded git-hash v0.9.9
[INFO] [stderr]   Downloaded git-worktree v0.4.3
[INFO] [stderr]   Downloaded git-ref v0.15.4
[INFO] [stderr]   Downloaded git-glob v0.3.2
[INFO] [stderr]   Downloaded git-revision v0.4.4
[INFO] [stderr]   Downloaded git-tempfile v2.0.4
[INFO] [stderr]   Downloaded git-features v0.22.4
[INFO] [stderr]   Downloaded git-index v0.4.3
[INFO] [stderr]   Downloaded git-pack v0.22.0
[INFO] [stderr]   Downloaded prodash v19.0.1
[INFO] [stderr]   Downloaded jwalk v0.6.0
[INFO] [stderr]   Downloaded git-config v0.7.1
[INFO] [stderr]   Downloaded git-odb v0.32.0
[INFO] [stderr]   Downloaded git-repository v0.23.1
[INFO] running `Command { std: "docker" "create" "-v" "/var/lib/crater-agent-workspace/builds/worker-6-tc1/target:/opt/rustwide/target:rw,Z" "-v" "/var/lib/crater-agent-workspace/builds/worker-6-tc1/source:/opt/rustwide/workdir:ro,Z" "-v" "/var/lib/crater-agent-workspace/cargo-home:/opt/rustwide/cargo-home:ro,Z" "-v" "/var/lib/crater-agent-workspace/rustup-home:/opt/rustwide/rustup-home:ro,Z" "-e" "SOURCE_DIR=/opt/rustwide/workdir" "-e" "CARGO_TARGET_DIR=/opt/rustwide/target" "-e" "CARGO_HOME=/opt/rustwide/cargo-home" "-e" "RUSTUP_HOME=/opt/rustwide/rustup-home" "-w" "/opt/rustwide/workdir" "-m" "1610612736" "--user" "0:0" "--network" "none" "ghcr.io/rust-lang/crates-build-env/linux@sha256:2788e3201cd34a07e3172128adcd8b3090168a8e3bcc40d7c032b9dda1df7d1c" "/opt/rustwide/cargo-home/bin/cargo" "+1.75.0" "metadata" "--no-deps" "--format-version=1", kill_on_drop: false }`
[INFO] [stdout] 7ff1542a822b00d36c24389c25c55baed890a63887ebbe2f088e7a9cda3937b7
[INFO] running `Command { std: "docker" "start" "-a" "7ff1542a822b00d36c24389c25c55baed890a63887ebbe2f088e7a9cda3937b7", kill_on_drop: false }`
[INFO] running `Command { std: "docker" "inspect" "7ff1542a822b00d36c24389c25c55baed890a63887ebbe2f088e7a9cda3937b7", kill_on_drop: false }`
[INFO] running `Command { std: "docker" "rm" "-f" "7ff1542a822b00d36c24389c25c55baed890a63887ebbe2f088e7a9cda3937b7", kill_on_drop: false }`
[INFO] [stdout] 7ff1542a822b00d36c24389c25c55baed890a63887ebbe2f088e7a9cda3937b7
[INFO] running `Command { std: "docker" "create" "-v" "/var/lib/crater-agent-workspace/builds/worker-6-tc1/target:/opt/rustwide/target:rw,Z" "-v" "/var/lib/crater-agent-workspace/builds/worker-6-tc1/source:/opt/rustwide/workdir:ro,Z" "-v" "/var/lib/crater-agent-workspace/cargo-home:/opt/rustwide/cargo-home:ro,Z" "-v" "/var/lib/crater-agent-workspace/rustup-home:/opt/rustwide/rustup-home:ro,Z" "-e" "SOURCE_DIR=/opt/rustwide/workdir" "-e" "CARGO_TARGET_DIR=/opt/rustwide/target" "-e" "CARGO_INCREMENTAL=0" "-e" "RUST_BACKTRACE=full" "-e" "RUSTFLAGS=--cap-lints=warn" "-e" "RUSTDOCFLAGS=--cap-lints=warn" "-e" "CARGO_HOME=/opt/rustwide/cargo-home" "-e" "RUSTUP_HOME=/opt/rustwide/rustup-home" "-w" "/opt/rustwide/workdir" "-m" "1610612736" "--user" "0:0" "--network" "none" "ghcr.io/rust-lang/crates-build-env/linux@sha256:2788e3201cd34a07e3172128adcd8b3090168a8e3bcc40d7c032b9dda1df7d1c" "/opt/rustwide/cargo-home/bin/cargo" "+1.75.0" "build" "--frozen" "--message-format=json", kill_on_drop: false }`
[INFO] [stdout] 9491fe0ab746184bd61411fa7816ceebdea80539205eada61f2e632cc7bb6afe
[INFO] running `Command { std: "docker" "start" "-a" "9491fe0ab746184bd61411fa7816ceebdea80539205eada61f2e632cc7bb6afe", kill_on_drop: false }`
[INFO] [stderr]    Compiling proc-macro2 v1.0.43
[INFO] [stderr]    Compiling unicode-ident v1.0.3
[INFO] [stderr]    Compiling quote v1.0.21
[INFO] [stderr]    Compiling version_check v0.9.4
[INFO] [stderr]    Compiling syn v1.0.99
[INFO] [stderr]    Compiling libc v0.2.132
[INFO] [stderr]    Compiling autocfg v1.1.0
[INFO] [stderr]    Compiling memchr v2.5.0
[INFO] [stderr]    Compiling heck v0.4.0
[INFO] [stderr]    Compiling os_str_bytes v6.3.0
[INFO] [stderr]    Compiling hashbrown v0.12.3
[INFO] [stderr]    Compiling remove_dir_all v0.5.3
[INFO] [stderr]    Compiling once_cell v1.14.0
[INFO] [stderr]    Compiling textwrap v0.15.0
[INFO] [stderr]    Compiling strsim v0.10.0
[INFO] [stderr]    Compiling regex-syntax v0.6.27
[INFO] [stderr]    Compiling termcolor v1.1.3
[INFO] [stderr]    Compiling bitflags v1.3.2
[INFO] [stderr]    Compiling clap_lex v0.2.4
[INFO] [stderr]    Compiling proc-macro-error-attr v1.0.4
[INFO] [stderr]    Compiling proc-macro-error v1.0.4
[INFO] [stderr]    Compiling indexmap v1.9.1
[INFO] [stderr]    Compiling aho-corasick v0.7.19
[INFO] [stderr]    Compiling atty v0.2.14
[INFO] [stderr]    Compiling rand v0.4.6
[INFO] [stderr]    Compiling tempdir v0.3.7
[INFO] [stderr]    Compiling regex v1.6.0
[INFO] [stderr]    Compiling clap_derive v3.2.18
[INFO] [stderr]    Compiling thiserror-impl v1.0.34
[INFO] [stderr]    Compiling thiserror v1.0.34
[INFO] [stderr]    Compiling clap v3.2.20
[INFO] [stderr]    Compiling bumpversion v0.1.0 (/opt/rustwide/workdir)
[INFO] [stderr]     Finished dev [unoptimized + debuginfo] target(s) in 6.77s
[INFO] running `Command { std: "docker" "inspect" "9491fe0ab746184bd61411fa7816ceebdea80539205eada61f2e632cc7bb6afe", kill_on_drop: false }`
[INFO] running `Command { std: "docker" "rm" "-f" "9491fe0ab746184bd61411fa7816ceebdea80539205eada61f2e632cc7bb6afe", kill_on_drop: false }`
[INFO] [stdout] 9491fe0ab746184bd61411fa7816ceebdea80539205eada61f2e632cc7bb6afe
[INFO] running `Command { std: "docker" "create" "-v" "/var/lib/crater-agent-workspace/builds/worker-6-tc1/target:/opt/rustwide/target:rw,Z" "-v" "/var/lib/crater-agent-workspace/builds/worker-6-tc1/source:/opt/rustwide/workdir:ro,Z" "-v" "/var/lib/crater-agent-workspace/cargo-home:/opt/rustwide/cargo-home:ro,Z" "-v" "/var/lib/crater-agent-workspace/rustup-home:/opt/rustwide/rustup-home:ro,Z" "-e" "SOURCE_DIR=/opt/rustwide/workdir" "-e" "CARGO_TARGET_DIR=/opt/rustwide/target" "-e" "CARGO_INCREMENTAL=0" "-e" "RUST_BACKTRACE=full" "-e" "RUSTFLAGS=--cap-lints=warn" "-e" "RUSTDOCFLAGS=--cap-lints=warn" "-e" "CARGO_HOME=/opt/rustwide/cargo-home" "-e" "RUSTUP_HOME=/opt/rustwide/rustup-home" "-w" "/opt/rustwide/workdir" "-m" "1610612736" "--user" "0:0" "--network" "none" "ghcr.io/rust-lang/crates-build-env/linux@sha256:2788e3201cd34a07e3172128adcd8b3090168a8e3bcc40d7c032b9dda1df7d1c" "/opt/rustwide/cargo-home/bin/cargo" "+1.75.0" "test" "--frozen" "--no-run" "--message-format=json", kill_on_drop: false }`
[INFO] [stdout] 157a31e6545d7670167eebf0314ddadab8103ae4b8f9947fddda1e5d558c23c6
[INFO] running `Command { std: "docker" "start" "-a" "157a31e6545d7670167eebf0314ddadab8103ae4b8f9947fddda1e5d558c23c6", kill_on_drop: false }`
[INFO] [stderr]    Compiling ppv-lite86 v0.2.16
[INFO] [stderr]    Compiling anyhow v1.0.64
[INFO] [stderr]    Compiling diff v0.1.13
[INFO] [stderr]    Compiling yansi v0.5.1
[INFO] [stderr]    Compiling getrandom v0.2.7
[INFO] [stderr]    Compiling rand_core v0.6.3
[INFO] [stderr]    Compiling pretty_assertions v1.3.0
[INFO] [stderr]    Compiling rand_chacha v0.3.1
[INFO] [stderr]    Compiling rand v0.8.5
[INFO] [stderr]    Compiling bumpversion v0.1.0 (/opt/rustwide/workdir)
[INFO] [stderr]     Finished test [unoptimized + debuginfo] target(s) in 1.47s
[INFO] running `Command { std: "docker" "inspect" "157a31e6545d7670167eebf0314ddadab8103ae4b8f9947fddda1e5d558c23c6", kill_on_drop: false }`
[INFO] running `Command { std: "docker" "rm" "-f" "157a31e6545d7670167eebf0314ddadab8103ae4b8f9947fddda1e5d558c23c6", kill_on_drop: false }`
[INFO] [stdout] 157a31e6545d7670167eebf0314ddadab8103ae4b8f9947fddda1e5d558c23c6
[INFO] running `Command { std: "docker" "create" "-v" "/var/lib/crater-agent-workspace/builds/worker-6-tc1/target:/opt/rustwide/target:rw,Z" "-v" "/var/lib/crater-agent-workspace/builds/worker-6-tc1/source:/opt/rustwide/workdir:ro,Z" "-v" "/var/lib/crater-agent-workspace/cargo-home:/opt/rustwide/cargo-home:ro,Z" "-v" "/var/lib/crater-agent-workspace/rustup-home:/opt/rustwide/rustup-home:ro,Z" "-e" "SOURCE_DIR=/opt/rustwide/workdir" "-e" "CARGO_TARGET_DIR=/opt/rustwide/target" "-e" "CARGO_INCREMENTAL=0" "-e" "RUST_BACKTRACE=full" "-e" "RUSTFLAGS=--cap-lints=warn" "-e" "RUSTDOCFLAGS=--cap-lints=warn" "-e" "CARGO_HOME=/opt/rustwide/cargo-home" "-e" "RUSTUP_HOME=/opt/rustwide/rustup-home" "-w" "/opt/rustwide/workdir" "-m" "1610612736" "--user" "0:0" "--network" "none" "ghcr.io/rust-lang/crates-build-env/linux@sha256:2788e3201cd34a07e3172128adcd8b3090168a8e3bcc40d7c032b9dda1df7d1c" "/opt/rustwide/cargo-home/bin/cargo" "+1.75.0" "test" "--frozen", kill_on_drop: false }`
[INFO] [stdout] 4e733a9093a785549b512529fedc8bbfde8fd515c21231df4edbbafa35b2ca90
[INFO] running `Command { std: "docker" "start" "-a" "4e733a9093a785549b512529fedc8bbfde8fd515c21231df4edbbafa35b2ca90", kill_on_drop: false }`
[INFO] [stderr]     Finished test [unoptimized + debuginfo] target(s) in 0.04s
[INFO] [stderr]      Running unittests src/lib.rs (/opt/rustwide/target/debug/deps/bumpversion-1254381eb2743d65)
[INFO] [stdout] 
[INFO] [stdout] running 3 tests
[INFO] [stdout] test backend::tests::test_create_empty_git_repo ... ok
[INFO] [stdout] test backend::tests::test_tag ... FAILED
[INFO] [stdout] test backend::tests::test_dirty_tree ... ok
[INFO] [stdout] 
[INFO] [stdout] failures:
[INFO] [stdout] 
[INFO] [stdout] ---- backend::tests::test_tag stdout ----
[INFO] [stdout] Error: command failed: cd "/tmp/ihmatoZz1o.dvF4tPauWCpW" && HGENCODING="utf-8" "git" "commit" "-F" "/tmp/8pj3rpoEMGid/commit-message.txt" failed with code 128:
[INFO] [stdout] 
[INFO] [stdout] --- Stdout:
[INFO] [stdout]  
[INFO] [stdout] --- Stderr:
[INFO] [stdout]  Author identity unknown
[INFO] [stdout] 
[INFO] [stdout] *** Please tell me who you are.
[INFO] [stdout] 
[INFO] [stdout] Run
[INFO] [stdout] 
[INFO] [stdout]   git config --global user.email "you@example.com"
[INFO] [stdout]   git config --global user.name "Your Name"
[INFO] [stdout] 
[INFO] [stdout] to set your account's default identity.
[INFO] [stdout] Omit --global to set the identity only in this repository.
[INFO] [stdout] 
[INFO] [stdout] fatal: unable to auto-detect email address (got 'root@4e733a9093a7.(none)')
[INFO] [stdout] 
[INFO] [stdout] 
[INFO] [stdout] Caused by:
[INFO] [stdout]     cd "/tmp/ihmatoZz1o.dvF4tPauWCpW" && HGENCODING="utf-8" "git" "commit" "-F" "/tmp/8pj3rpoEMGid/commit-message.txt" failed with code 128:
[INFO] [stdout]     
[INFO] [stdout]     --- Stdout:
[INFO] [stdout]      
[INFO] [stdout]     --- Stderr:
[INFO] [stdout]      Author identity unknown
[INFO] [stdout]     
[INFO] [stdout]     *** Please tell me who you are.
[INFO] [stdout]     
[INFO] [stdout]     Run
[INFO] [stdout]     
[INFO] [stdout]       git config --global user.email "you@example.com"
[INFO] [stdout]       git config --global user.name "Your Name"
[INFO] [stdout]     
[INFO] [stdout]     to set your account's default identity.
[INFO] [stdout]     Omit --global to set the identity only in this repository.
[INFO] [stdout]     
[INFO] [stdout]     fatal: unable to auto-detect email address (got 'root@4e733a9093a7.(none)')
[INFO] [stdout]     
[INFO] [stdout] 
[INFO] [stdout] 
[INFO] [stdout] failures:
[INFO] [stdout]     backend::tests::test_tag
[INFO] [stdout] 
[INFO] [stdout] test result: FAILED. 2 passed; 1 failed; 0 ignored; 0 measured; 0 filtered out; finished in 0.03s
[INFO] [stdout] 
[INFO] [stderr] error: test failed, to rerun pass `--lib`
[INFO] running `Command { std: "docker" "inspect" "4e733a9093a785549b512529fedc8bbfde8fd515c21231df4edbbafa35b2ca90", kill_on_drop: false }`
[INFO] running `Command { std: "docker" "rm" "-f" "4e733a9093a785549b512529fedc8bbfde8fd515c21231df4edbbafa35b2ca90", kill_on_drop: false }`
[INFO] [stdout] 4e733a9093a785549b512529fedc8bbfde8fd515c21231df4edbbafa35b2ca90
[INFO] testing romnn/cargo-bumpversion against beta-2023-12-22 for beta-1.76-1
[INFO] running `Command { std: "git" "clone" "/workspace/cache/git-repos/https%3A%2F%2Fgithub.com%2Fromnn%2Fcargo-bumpversion" "/workspace/builds/worker-6-tc2/source", kill_on_drop: false }`
[INFO] [stderr] Cloning into '/workspace/builds/worker-6-tc2/source'...
[INFO] [stderr] done.
[INFO] validating manifest of git repo https://github.com/romnn/cargo-bumpversion on toolchain beta-2023-12-22
[INFO] running `Command { std: CARGO_HOME="/workspace/cargo-home" RUSTUP_HOME="/workspace/rustup-home" "/workspace/cargo-home/bin/cargo" "+beta-2023-12-22" "metadata" "--manifest-path" "Cargo.toml" "--no-deps", kill_on_drop: false }`
[INFO] started tweaking git repo https://github.com/romnn/cargo-bumpversion
[INFO] finished tweaking git repo https://github.com/romnn/cargo-bumpversion
[INFO] tweaked toml for git repo https://github.com/romnn/cargo-bumpversion written to /workspace/builds/worker-6-tc2/source/Cargo.toml
[INFO] crate git repo https://github.com/romnn/cargo-bumpversion already has a lockfile, it will not be regenerated
[INFO] running `Command { std: CARGO_HOME="/workspace/cargo-home" RUSTUP_HOME="/workspace/rustup-home" "/workspace/cargo-home/bin/cargo" "+beta-2023-12-22" "fetch" "--manifest-path" "Cargo.toml", kill_on_drop: false }`
[INFO] running `Command { std: "docker" "create" "-v" "/var/lib/crater-agent-workspace/builds/worker-6-tc2/target:/opt/rustwide/target:rw,Z" "-v" "/var/lib/crater-agent-workspace/builds/worker-6-tc2/source:/opt/rustwide/workdir:ro,Z" "-v" "/var/lib/crater-agent-workspace/cargo-home:/opt/rustwide/cargo-home:ro,Z" "-v" "/var/lib/crater-agent-workspace/rustup-home:/opt/rustwide/rustup-home:ro,Z" "-e" "SOURCE_DIR=/opt/rustwide/workdir" "-e" "CARGO_TARGET_DIR=/opt/rustwide/target" "-e" "CARGO_HOME=/opt/rustwide/cargo-home" "-e" "RUSTUP_HOME=/opt/rustwide/rustup-home" "-w" "/opt/rustwide/workdir" "-m" "1610612736" "--user" "0:0" "--network" "none" "ghcr.io/rust-lang/crates-build-env/linux@sha256:2788e3201cd34a07e3172128adcd8b3090168a8e3bcc40d7c032b9dda1df7d1c" "/opt/rustwide/cargo-home/bin/cargo" "+beta-2023-12-22" "metadata" "--no-deps" "--format-version=1", kill_on_drop: false }`
[INFO] [stdout] 108fce2af235649682b206e11b8e5f56ac97caf8186cae1e1b6116e722317240
[INFO] running `Command { std: "docker" "start" "-a" "108fce2af235649682b206e11b8e5f56ac97caf8186cae1e1b6116e722317240", kill_on_drop: false }`
[INFO] running `Command { std: "docker" "inspect" "108fce2af235649682b206e11b8e5f56ac97caf8186cae1e1b6116e722317240", kill_on_drop: false }`
[INFO] running `Command { std: "docker" "rm" "-f" "108fce2af235649682b206e11b8e5f56ac97caf8186cae1e1b6116e722317240", kill_on_drop: false }`
[INFO] [stdout] 108fce2af235649682b206e11b8e5f56ac97caf8186cae1e1b6116e722317240
[INFO] running `Command { std: "docker" "create" "-v" "/var/lib/crater-agent-workspace/builds/worker-6-tc2/target:/opt/rustwide/target:rw,Z" "-v" "/var/lib/crater-agent-workspace/builds/worker-6-tc2/source:/opt/rustwide/workdir:ro,Z" "-v" "/var/lib/crater-agent-workspace/cargo-home:/opt/rustwide/cargo-home:ro,Z" "-v" "/var/lib/crater-agent-workspace/rustup-home:/opt/rustwide/rustup-home:ro,Z" "-e" "SOURCE_DIR=/opt/rustwide/workdir" "-e" "CARGO_TARGET_DIR=/opt/rustwide/target" "-e" "CARGO_INCREMENTAL=0" "-e" "RUST_BACKTRACE=full" "-e" "RUSTFLAGS=--cap-lints=warn" "-e" "RUSTDOCFLAGS=--cap-lints=warn" "-e" "CARGO_HOME=/opt/rustwide/cargo-home" "-e" "RUSTUP_HOME=/opt/rustwide/rustup-home" "-w" "/opt/rustwide/workdir" "-m" "1610612736" "--user" "0:0" "--network" "none" "ghcr.io/rust-lang/crates-build-env/linux@sha256:2788e3201cd34a07e3172128adcd8b3090168a8e3bcc40d7c032b9dda1df7d1c" "/opt/rustwide/cargo-home/bin/cargo" "+beta-2023-12-22" "build" "--frozen" "--message-format=json", kill_on_drop: false }`
[INFO] [stdout] 3342c12728ba7b4205893733daa678b8a9ba9f2bbe28876dbc89322e6115cf1d
[INFO] running `Command { std: "docker" "start" "-a" "3342c12728ba7b4205893733daa678b8a9ba9f2bbe28876dbc89322e6115cf1d", kill_on_drop: false }`
[INFO] [stderr]    Compiling proc-macro2 v1.0.43
[INFO] [stderr]    Compiling quote v1.0.21
[INFO] [stderr]    Compiling unicode-ident v1.0.3
[INFO] [stderr]    Compiling version_check v0.9.4
[INFO] [stderr]    Compiling syn v1.0.99
[INFO] [stderr]    Compiling libc v0.2.132
[INFO] [stderr]    Compiling autocfg v1.1.0
[INFO] [stderr]    Compiling memchr v2.5.0
[INFO] [stderr]    Compiling heck v0.4.0
[INFO] [stderr]    Compiling os_str_bytes v6.3.0
[INFO] [stderr]    Compiling hashbrown v0.12.3
[INFO] [stderr]    Compiling remove_dir_all v0.5.3
[INFO] [stderr]    Compiling strsim v0.10.0
[INFO] [stderr]    Compiling once_cell v1.14.0
[INFO] [stderr]    Compiling textwrap v0.15.0
[INFO] [stderr]    Compiling termcolor v1.1.3
[INFO] [stderr]    Compiling bitflags v1.3.2
[INFO] [stderr]    Compiling regex-syntax v0.6.27
[INFO] [stderr]    Compiling clap_lex v0.2.4
[INFO] [stderr]    Compiling proc-macro-error-attr v1.0.4
[INFO] [stderr]    Compiling proc-macro-error v1.0.4
[INFO] [stderr]    Compiling indexmap v1.9.1
[INFO] [stderr]    Compiling aho-corasick v0.7.19
[INFO] [stderr]    Compiling rand v0.4.6
[INFO] [stderr]    Compiling atty v0.2.14
[INFO] [stderr]    Compiling tempdir v0.3.7
[INFO] [stderr]    Compiling regex v1.6.0
[INFO] [stderr]    Compiling thiserror-impl v1.0.34
[INFO] [stderr]    Compiling clap_derive v3.2.18
[INFO] [stderr]    Compiling thiserror v1.0.34
[INFO] [stderr]    Compiling clap v3.2.20
[INFO] [stderr]    Compiling bumpversion v0.1.0 (/opt/rustwide/workdir)
[INFO] [stderr]     Finished dev [unoptimized + debuginfo] target(s) in 6.67s
[INFO] running `Command { std: "docker" "inspect" "3342c12728ba7b4205893733daa678b8a9ba9f2bbe28876dbc89322e6115cf1d", kill_on_drop: false }`
[INFO] running `Command { std: "docker" "rm" "-f" "3342c12728ba7b4205893733daa678b8a9ba9f2bbe28876dbc89322e6115cf1d", kill_on_drop: false }`
[INFO] [stdout] 3342c12728ba7b4205893733daa678b8a9ba9f2bbe28876dbc89322e6115cf1d
[INFO] running `Command { std: "docker" "create" "-v" "/var/lib/crater-agent-workspace/builds/worker-6-tc2/target:/opt/rustwide/target:rw,Z" "-v" "/var/lib/crater-agent-workspace/builds/worker-6-tc2/source:/opt/rustwide/workdir:ro,Z" "-v" "/var/lib/crater-agent-workspace/cargo-home:/opt/rustwide/cargo-home:ro,Z" "-v" "/var/lib/crater-agent-workspace/rustup-home:/opt/rustwide/rustup-home:ro,Z" "-e" "SOURCE_DIR=/opt/rustwide/workdir" "-e" "CARGO_TARGET_DIR=/opt/rustwide/target" "-e" "CARGO_INCREMENTAL=0" "-e" "RUST_BACKTRACE=full" "-e" "RUSTFLAGS=--cap-lints=warn" "-e" "RUSTDOCFLAGS=--cap-lints=warn" "-e" "CARGO_HOME=/opt/rustwide/cargo-home" "-e" "RUSTUP_HOME=/opt/rustwide/rustup-home" "-w" "/opt/rustwide/workdir" "-m" "1610612736" "--user" "0:0" "--network" "none" "ghcr.io/rust-lang/crates-build-env/linux@sha256:2788e3201cd34a07e3172128adcd8b3090168a8e3bcc40d7c032b9dda1df7d1c" "/opt/rustwide/cargo-home/bin/cargo" "+beta-2023-12-22" "test" "--frozen" "--no-run" "--message-format=json", kill_on_drop: false }`
[INFO] [stdout] f811582fa606019850e839f2165d2f80049399f3d321d47dd1fb908f1143d65a
[INFO] running `Command { std: "docker" "start" "-a" "f811582fa606019850e839f2165d2f80049399f3d321d47dd1fb908f1143d65a", kill_on_drop: false }`
[INFO] [stderr]    Compiling ppv-lite86 v0.2.16
[INFO] [stderr]    Compiling anyhow v1.0.64
[INFO] [stderr]    Compiling yansi v0.5.1
[INFO] [stderr]    Compiling getrandom v0.2.7
[INFO] [stderr]    Compiling diff v0.1.13
[INFO] [stderr]    Compiling rand_core v0.6.3
[INFO] [stderr]    Compiling pretty_assertions v1.3.0
[INFO] [stderr]    Compiling rand_chacha v0.3.1
[INFO] [stderr]    Compiling rand v0.8.5
[INFO] [stderr]    Compiling bumpversion v0.1.0 (/opt/rustwide/workdir)
[INFO] [stderr]     Finished test [unoptimized + debuginfo] target(s) in 1.49s
[INFO] running `Command { std: "docker" "inspect" "f811582fa606019850e839f2165d2f80049399f3d321d47dd1fb908f1143d65a", kill_on_drop: false }`
[INFO] running `Command { std: "docker" "rm" "-f" "f811582fa606019850e839f2165d2f80049399f3d321d47dd1fb908f1143d65a", kill_on_drop: false }`
[INFO] [stdout] f811582fa606019850e839f2165d2f80049399f3d321d47dd1fb908f1143d65a
[INFO] running `Command { std: "docker" "create" "-v" "/var/lib/crater-agent-workspace/builds/worker-6-tc2/target:/opt/rustwide/target:rw,Z" "-v" "/var/lib/crater-agent-workspace/builds/worker-6-tc2/source:/opt/rustwide/workdir:ro,Z" "-v" "/var/lib/crater-agent-workspace/cargo-home:/opt/rustwide/cargo-home:ro,Z" "-v" "/var/lib/crater-agent-workspace/rustup-home:/opt/rustwide/rustup-home:ro,Z" "-e" "SOURCE_DIR=/opt/rustwide/workdir" "-e" "CARGO_TARGET_DIR=/opt/rustwide/target" "-e" "CARGO_INCREMENTAL=0" "-e" "RUST_BACKTRACE=full" "-e" "RUSTFLAGS=--cap-lints=warn" "-e" "RUSTDOCFLAGS=--cap-lints=warn" "-e" "CARGO_HOME=/opt/rustwide/cargo-home" "-e" "RUSTUP_HOME=/opt/rustwide/rustup-home" "-w" "/opt/rustwide/workdir" "-m" "1610612736" "--user" "0:0" "--network" "none" "ghcr.io/rust-lang/crates-build-env/linux@sha256:2788e3201cd34a07e3172128adcd8b3090168a8e3bcc40d7c032b9dda1df7d1c" "/opt/rustwide/cargo-home/bin/cargo" "+beta-2023-12-22" "test" "--frozen", kill_on_drop: false }`
[INFO] [stdout] df588a6fccad4f7e9088f2e5550c1e4f3eebce468ca210b54e09cd964c7d90a8
[INFO] running `Command { std: "docker" "start" "-a" "df588a6fccad4f7e9088f2e5550c1e4f3eebce468ca210b54e09cd964c7d90a8", kill_on_drop: false }`
[INFO] [stderr]     Finished test [unoptimized + debuginfo] target(s) in 0.05s
[INFO] [stderr]      Running unittests src/lib.rs (/opt/rustwide/target/debug/deps/bumpversion-dc20763df7182db0)
[INFO] [stdout] 
[INFO] [stdout] running 3 tests
[INFO] [stdout] test backend::tests::test_create_empty_git_repo ... ok
[INFO] [stdout] test backend::tests::test_tag ... FAILED
[INFO] [stdout] test backend::tests::test_dirty_tree ... ok
[INFO] [stdout] 
[INFO] [stdout] failures:
[INFO] [stdout] 
[INFO] [stdout] ---- backend::tests::test_tag stdout ----
[INFO] [stdout] Error: command failed: cd "/tmp/6xXKkW4vSf.f7V2UfwR4yZd" && HGENCODING="utf-8" "git" "commit" "-F" "/tmp/VgF3jeUaYdpd/commit-message.txt" failed with code 128:
[INFO] [stdout] 
[INFO] [stdout] --- Stdout:
[INFO] [stdout]  
[INFO] [stdout] --- Stderr:
[INFO] [stdout]  Author identity unknown
[INFO] [stdout] 
[INFO] [stdout] *** Please tell me who you are.
[INFO] [stdout] 
[INFO] [stdout] Run
[INFO] [stdout] 
[INFO] [stdout]   git config --global user.email "you@example.com"
[INFO] [stdout]   git config --global user.name "Your Name"
[INFO] [stdout] 
[INFO] [stdout] to set your account's default identity.
[INFO] [stdout] Omit --global to set the identity only in this repository.
[INFO] [stdout] 
[INFO] [stdout] fatal: unable to auto-detect email address (got 'root@df588a6fccad.(none)')
[INFO] [stdout] 
[INFO] [stdout] 
[INFO] [stdout] Caused by:
[INFO] [stdout]     cd "/tmp/6xXKkW4vSf.f7V2UfwR4yZd" && HGENCODING="utf-8" "git" "commit" "-F" "/tmp/VgF3jeUaYdpd/commit-message.txt" failed with code 128:
[INFO] [stdout]     
[INFO] [stdout]     --- Stdout:
[INFO] [stdout]      
[INFO] [stdout]     --- Stderr:
[INFO] [stdout]      Author identity unknown
[INFO] [stdout]     
[INFO] [stdout]     *** Please tell me who you are.
[INFO] [stdout]     
[INFO] [stdout]     Run
[INFO] [stdout]     
[INFO] [stdout]       git config --global user.email "you@example.com"
[INFO] [stdout]       git config --global user.name "Your Name"
[INFO] [stdout]     
[INFO] [stdout]     to set your account's default identity.
[INFO] [stdout]     Omit --global to set the identity only in this repository.
[INFO] [stdout]     
[INFO] [stdout]     fatal: unable to auto-detect email address (got 'root@df588a6fccad.(none)')
[INFO] [stdout]     
[INFO] [stdout] 
[INFO] [stdout] 
[INFO] [stdout] failures:
[INFO] [stdout]     backend::tests::test_tag
[INFO] [stdout] 
[INFO] [stdout] test result: FAILED. 2 passed; 1 failed; 0 ignored; 0 measured; 0 filtered out; finished in 0.02s
[INFO] [stdout] 
[INFO] [stderr] error: test failed, to rerun pass `--lib`
[INFO] running `Command { std: "docker" "inspect" "df588a6fccad4f7e9088f2e5550c1e4f3eebce468ca210b54e09cd964c7d90a8", kill_on_drop: false }`
[INFO] running `Command { std: "docker" "rm" "-f" "df588a6fccad4f7e9088f2e5550c1e4f3eebce468ca210b54e09cd964c7d90a8", kill_on_drop: false }`
[INFO] [stdout] df588a6fccad4f7e9088f2e5550c1e4f3eebce468ca210b54e09cd964c7d90a8
