[INFO] cloning repository https://github.com/rohankumardubey/just
[INFO] running `Command { std: "git" "-c" "credential.helper=" "-c" "credential.helper=/workspace/cargo-home/bin/git-credential-null" "clone" "--bare" "https://github.com/rohankumardubey/just" "/workspace/cache/git-repos/https%3A%2F%2Fgithub.com%2Frohankumardubey%2Fjust", kill_on_drop: false }`
[INFO] [stderr] Cloning into bare repository '/workspace/cache/git-repos/https%3A%2F%2Fgithub.com%2Frohankumardubey%2Fjust'...
[INFO] running `Command { std: "git" "rev-parse" "HEAD", kill_on_drop: false }`
[INFO] [stdout] c2266d100cd16a23e2bf68ad4773f99e6dcfc7e6
[INFO] testing rohankumardubey/just against 1.75.0 for beta-1.76-1
[INFO] running `Command { std: "git" "clone" "/workspace/cache/git-repos/https%3A%2F%2Fgithub.com%2Frohankumardubey%2Fjust" "/workspace/builds/worker-2-tc1/source", kill_on_drop: false }`
[INFO] [stderr] Cloning into '/workspace/builds/worker-2-tc1/source'...
[INFO] [stderr] done.
[INFO] validating manifest of git repo https://github.com/rohankumardubey/just on toolchain 1.75.0
[INFO] running `Command { std: CARGO_HOME="/workspace/cargo-home" RUSTUP_HOME="/workspace/rustup-home" "/workspace/cargo-home/bin/cargo" "+1.75.0" "metadata" "--manifest-path" "Cargo.toml" "--no-deps", kill_on_drop: false }`
[INFO] started tweaking git repo https://github.com/rohankumardubey/just
[INFO] removed 0 missing tests
[INFO] finished tweaking git repo https://github.com/rohankumardubey/just
[INFO] tweaked toml for git repo https://github.com/rohankumardubey/just written to /workspace/builds/worker-2-tc1/source/Cargo.toml
[INFO] crate git repo https://github.com/rohankumardubey/just already has a lockfile, it will not be regenerated
[INFO] running `Command { std: CARGO_HOME="/workspace/cargo-home" RUSTUP_HOME="/workspace/rustup-home" "/workspace/cargo-home/bin/cargo" "+1.75.0" "fetch" "--manifest-path" "Cargo.toml", kill_on_drop: false }`
[INFO] [stderr]     Updating crates.io index
[INFO] [stderr]  Downloading crates ...
[INFO] [stderr]   Downloaded executable-path v1.0.0
[INFO] [stderr]   Downloaded target v1.0.0
[INFO] running `Command { std: "docker" "create" "-v" "/var/lib/crater-agent-workspace/builds/worker-2-tc1/target:/opt/rustwide/target:rw,Z" "-v" "/var/lib/crater-agent-workspace/builds/worker-2-tc1/source:/opt/rustwide/workdir:ro,Z" "-v" "/var/lib/crater-agent-workspace/cargo-home:/opt/rustwide/cargo-home:ro,Z" "-v" "/var/lib/crater-agent-workspace/rustup-home:/opt/rustwide/rustup-home:ro,Z" "-e" "SOURCE_DIR=/opt/rustwide/workdir" "-e" "CARGO_TARGET_DIR=/opt/rustwide/target" "-e" "CARGO_HOME=/opt/rustwide/cargo-home" "-e" "RUSTUP_HOME=/opt/rustwide/rustup-home" "-w" "/opt/rustwide/workdir" "-m" "1610612736" "--user" "0:0" "--network" "none" "ghcr.io/rust-lang/crates-build-env/linux@sha256:2788e3201cd34a07e3172128adcd8b3090168a8e3bcc40d7c032b9dda1df7d1c" "/opt/rustwide/cargo-home/bin/cargo" "+1.75.0" "metadata" "--no-deps" "--format-version=1", kill_on_drop: false }`
[INFO] [stdout] ab522cf1028c93f607c2abe96029597be4a0296628181d281d8120e0240b80f6
[INFO] running `Command { std: "docker" "start" "-a" "ab522cf1028c93f607c2abe96029597be4a0296628181d281d8120e0240b80f6", kill_on_drop: false }`
[INFO] running `Command { std: "docker" "inspect" "ab522cf1028c93f607c2abe96029597be4a0296628181d281d8120e0240b80f6", kill_on_drop: false }`
[INFO] running `Command { std: "docker" "rm" "-f" "ab522cf1028c93f607c2abe96029597be4a0296628181d281d8120e0240b80f6", kill_on_drop: false }`
[INFO] [stdout] ab522cf1028c93f607c2abe96029597be4a0296628181d281d8120e0240b80f6
[INFO] running `Command { std: "docker" "create" "-v" "/var/lib/crater-agent-workspace/builds/worker-2-tc1/target:/opt/rustwide/target:rw,Z" "-v" "/var/lib/crater-agent-workspace/builds/worker-2-tc1/source:/opt/rustwide/workdir:ro,Z" "-v" "/var/lib/crater-agent-workspace/cargo-home:/opt/rustwide/cargo-home:ro,Z" "-v" "/var/lib/crater-agent-workspace/rustup-home:/opt/rustwide/rustup-home:ro,Z" "-e" "SOURCE_DIR=/opt/rustwide/workdir" "-e" "CARGO_TARGET_DIR=/opt/rustwide/target" "-e" "CARGO_INCREMENTAL=0" "-e" "RUST_BACKTRACE=full" "-e" "RUSTFLAGS=--cap-lints=warn" "-e" "RUSTDOCFLAGS=--cap-lints=warn" "-e" "CARGO_HOME=/opt/rustwide/cargo-home" "-e" "RUSTUP_HOME=/opt/rustwide/rustup-home" "-w" "/opt/rustwide/workdir" "-m" "1610612736" "--user" "0:0" "--network" "none" "ghcr.io/rust-lang/crates-build-env/linux@sha256:2788e3201cd34a07e3172128adcd8b3090168a8e3bcc40d7c032b9dda1df7d1c" "/opt/rustwide/cargo-home/bin/cargo" "+1.75.0" "build" "--frozen" "--message-format=json", kill_on_drop: false }`
[INFO] [stdout] f2b1810ac6c9674833b61e53596e6762e3cd261a2cf8a86ead1fd0e204945d14
[INFO] running `Command { std: "docker" "start" "-a" "f2b1810ac6c9674833b61e53596e6762e3cd261a2cf8a86ead1fd0e204945d14", kill_on_drop: false }`
[INFO] [stderr]    Compiling libc v0.2.94
[INFO] [stderr]    Compiling proc-macro2 v1.0.26
[INFO] [stderr]    Compiling cfg-if v1.0.0
[INFO] [stderr]    Compiling unicode-xid v0.2.2
[INFO] [stderr]    Compiling syn v1.0.71
[INFO] [stderr]    Compiling getrandom v0.2.2
[INFO] [stderr]    Compiling memchr v2.4.0
[INFO] [stderr]    Compiling bitflags v1.2.1
[INFO] [stderr]    Compiling ppv-lite86 v0.2.10
[INFO] [stderr]    Compiling log v0.4.14
[INFO] [stderr]    Compiling doc-comment v0.3.3
[INFO] [stderr]    Compiling unicode-segmentation v1.7.1
[INFO] [stderr]    Compiling unicode-width v0.1.8
[INFO] [stderr]    Compiling regex-syntax v0.6.25
[INFO] [stderr]    Compiling textwrap v0.11.0
[INFO] [stderr]    Compiling vec_map v0.8.2
[INFO] [stderr]    Compiling quote v1.0.9
[INFO] [stderr]    Compiling heck v0.3.2
[INFO] [stderr]    Compiling aho-corasick v0.7.18
[INFO] [stderr]    Compiling remove_dir_all v0.5.3
[INFO] [stderr]    Compiling strsim v0.8.0
[INFO] [stderr]    Compiling humantime v2.1.0
[INFO] [stderr]    Compiling termcolor v1.1.2
[INFO] [stderr]    Compiling ansi_term v0.11.0
[INFO] [stderr]    Compiling lazy_static v1.4.0
[INFO] [stderr]    Compiling ansi_term v0.12.1
[INFO] [stderr]    Compiling edit-distance v2.1.0
[INFO] [stderr]    Compiling target v1.0.0
[INFO] [stderr]    Compiling dotenv v0.15.0
[INFO] [stderr]    Compiling regex v1.5.3
[INFO] [stderr]    Compiling rand_core v0.6.2
[INFO] [stderr]    Compiling atty v0.2.14
[INFO] [stderr]    Compiling nix v0.20.0
[INFO] [stderr]    Compiling clap v2.33.3
[INFO] [stderr]    Compiling rand_chacha v0.3.0
[INFO] [stderr]    Compiling rand v0.8.3
[INFO] [stderr]    Compiling env_logger v0.8.3
[INFO] [stderr]    Compiling tempfile v3.2.0
[INFO] [stderr]    Compiling ctrlc v3.1.9
[INFO] [stderr]    Compiling snafu-derive v0.6.10
[INFO] [stderr]    Compiling strum_macros v0.20.1
[INFO] [stderr]    Compiling derivative v2.2.0
[INFO] [stderr]    Compiling snafu v0.6.10
[INFO] [stderr]    Compiling strum v0.20.0
[INFO] [stderr]    Compiling just v0.9.2 (/opt/rustwide/workdir)
[INFO] [stderr]     Finished dev [unoptimized + debuginfo] target(s) in 24.49s
[INFO] running `Command { std: "docker" "inspect" "f2b1810ac6c9674833b61e53596e6762e3cd261a2cf8a86ead1fd0e204945d14", kill_on_drop: false }`
[INFO] running `Command { std: "docker" "rm" "-f" "f2b1810ac6c9674833b61e53596e6762e3cd261a2cf8a86ead1fd0e204945d14", kill_on_drop: false }`
[INFO] [stdout] f2b1810ac6c9674833b61e53596e6762e3cd261a2cf8a86ead1fd0e204945d14
[INFO] running `Command { std: "docker" "create" "-v" "/var/lib/crater-agent-workspace/builds/worker-2-tc1/target:/opt/rustwide/target:rw,Z" "-v" "/var/lib/crater-agent-workspace/builds/worker-2-tc1/source:/opt/rustwide/workdir:ro,Z" "-v" "/var/lib/crater-agent-workspace/cargo-home:/opt/rustwide/cargo-home:ro,Z" "-v" "/var/lib/crater-agent-workspace/rustup-home:/opt/rustwide/rustup-home:ro,Z" "-e" "SOURCE_DIR=/opt/rustwide/workdir" "-e" "CARGO_TARGET_DIR=/opt/rustwide/target" "-e" "CARGO_INCREMENTAL=0" "-e" "RUST_BACKTRACE=full" "-e" "RUSTFLAGS=--cap-lints=warn" "-e" "RUSTDOCFLAGS=--cap-lints=warn" "-e" "CARGO_HOME=/opt/rustwide/cargo-home" "-e" "RUSTUP_HOME=/opt/rustwide/rustup-home" "-w" "/opt/rustwide/workdir" "-m" "1610612736" "--user" "0:0" "--network" "none" "ghcr.io/rust-lang/crates-build-env/linux@sha256:2788e3201cd34a07e3172128adcd8b3090168a8e3bcc40d7c032b9dda1df7d1c" "/opt/rustwide/cargo-home/bin/cargo" "+1.75.0" "test" "--frozen" "--no-run" "--message-format=json", kill_on_drop: false }`
[INFO] [stdout] 4e380ae93bae724a70cc194e113badfa6ba3f4b674c85521d32079b0836a176c
[INFO] running `Command { std: "docker" "start" "-a" "4e380ae93bae724a70cc194e113badfa6ba3f4b674c85521d32079b0836a176c", kill_on_drop: false }`
[INFO] [stderr]    Compiling either v1.6.1
[INFO] [stderr]    Compiling diff v0.1.12
[INFO] [stderr]    Compiling test-utilities v0.0.0 (/opt/rustwide/workdir/test-utilities)
[INFO] [stderr]    Compiling executable-path v1.0.0
[INFO] [stderr]    Compiling pretty_assertions v0.7.2
[INFO] [stderr]    Compiling which v4.1.0
[INFO] [stderr]    Compiling just v0.9.2 (/opt/rustwide/workdir)
[INFO] [stderr]     Finished test [unoptimized + debuginfo] target(s) in 8.61s
[INFO] running `Command { std: "docker" "inspect" "4e380ae93bae724a70cc194e113badfa6ba3f4b674c85521d32079b0836a176c", kill_on_drop: false }`
[INFO] running `Command { std: "docker" "rm" "-f" "4e380ae93bae724a70cc194e113badfa6ba3f4b674c85521d32079b0836a176c", kill_on_drop: false }`
[INFO] [stdout] 4e380ae93bae724a70cc194e113badfa6ba3f4b674c85521d32079b0836a176c
[INFO] running `Command { std: "docker" "create" "-v" "/var/lib/crater-agent-workspace/builds/worker-2-tc1/target:/opt/rustwide/target:rw,Z" "-v" "/var/lib/crater-agent-workspace/builds/worker-2-tc1/source:/opt/rustwide/workdir:ro,Z" "-v" "/var/lib/crater-agent-workspace/cargo-home:/opt/rustwide/cargo-home:ro,Z" "-v" "/var/lib/crater-agent-workspace/rustup-home:/opt/rustwide/rustup-home:ro,Z" "-e" "SOURCE_DIR=/opt/rustwide/workdir" "-e" "CARGO_TARGET_DIR=/opt/rustwide/target" "-e" "CARGO_INCREMENTAL=0" "-e" "RUST_BACKTRACE=full" "-e" "RUSTFLAGS=--cap-lints=warn" "-e" "RUSTDOCFLAGS=--cap-lints=warn" "-e" "CARGO_HOME=/opt/rustwide/cargo-home" "-e" "RUSTUP_HOME=/opt/rustwide/rustup-home" "-w" "/opt/rustwide/workdir" "-m" "1610612736" "--user" "0:0" "--network" "none" "ghcr.io/rust-lang/crates-build-env/linux@sha256:2788e3201cd34a07e3172128adcd8b3090168a8e3bcc40d7c032b9dda1df7d1c" "/opt/rustwide/cargo-home/bin/cargo" "+1.75.0" "test" "--frozen", kill_on_drop: false }`
[INFO] [stdout] 61b558646edb8a6a6a1fb16a830388f177d78cd5c88d5a620db96bac3da71e0b
[INFO] running `Command { std: "docker" "start" "-a" "61b558646edb8a6a6a1fb16a830388f177d78cd5c88d5a620db96bac3da71e0b", kill_on_drop: false }`
[INFO] [stderr]     Finished test [unoptimized + debuginfo] target(s) in 0.06s
[INFO] [stderr]      Running unittests src/lib.rs (/opt/rustwide/target/debug/deps/just-3246788ce04d45f8)
[INFO] [stdout] 
[INFO] [stdout] running 445 tests
[INFO] [stdout] test analyzer::tests::alias_shadows_recipe_after ... ok
[INFO] [stdout] test analyzer::tests::alias_shadows_recipe_before ... ok
[INFO] [stdout] test analyzer::tests::duplicate_parameter ... ok
[INFO] [stdout] test analyzer::tests::duplicate_variadic_parameter ... ok
[INFO] [stdout] test analyzer::tests::extra_whitespace ... ok
[INFO] [stdout] test analyzer::tests::duplicate_variable ... ok
[INFO] [stdout] test analyzer::tests::duplicate_recipe ... ok
[INFO] [stdout] test analyzer::tests::parameter_shadows_varible ... ok
[INFO] [stdout] test analyzer::tests::duplicate_alias ... ok
[INFO] [stdout] test analyzer::tests::required_after_default ... ok
[INFO] [stdout] test assignment_resolver::tests::self_variable_dependency ... ok
[INFO] [stdout] test analyzer::tests::unknown_alias_target ... ok
[INFO] [stdout] test assignment_resolver::tests::circular_variable_dependency ... ok
[INFO] [stdout] test assignment_resolver::tests::unknown_expression_variable ... ok
[INFO] [stdout] test assignment_resolver::tests::unknown_function_parameter ... ok
[INFO] [stdout] test assignment_resolver::tests::unknown_function_parameter_binary_first ... ok
[INFO] [stdout] test config::tests::arguments ... ok
[INFO] [stdout] test config::tests::color_bad_value ... ok
[INFO] [stdout] test config::tests::color_default ... ok
[INFO] [stdout] test config::tests::completions_arguments ... ok
[INFO] [stdout] test config::tests::color_auto ... ok
[INFO] [stdout] test assignment_resolver::tests::unknown_function_parameter_binary_second ... ok
[INFO] [stdout] test config::tests::dry_run_default ... ok
[INFO] [stdout] test config::tests::arguments_leading_equals ... ok
[INFO] [stdout] test config::tests::color_always ... ok
[INFO] [stdout] test config::tests::color_never ... ok
[INFO] [stdout] test config::tests::default_config ... ok
[INFO] [stdout] test config::tests::edit_arguments ... ok
[INFO] [stdout] test config::tests::dump_arguments ... ok
[INFO] [stdout] test config::tests::dry_run_quiet ... ok
[INFO] [stdout] test config::tests::dry_run_true ... ok
[INFO] [stdout] test config::tests::highlight_yes_no ... ok
[INFO] [stdout] test config::tests::init_arguments ... ok
[INFO] [stdout] test config::tests::highlight_no_yes_no ... ok
[INFO] [stdout] test config::tests::highlight_default ... ok
[INFO] [stdout] test config::tests::help ... ok
[INFO] [stdout] test config::tests::list_arguments ... ok
[INFO] [stdout] test config::tests::highlight_yes ... ok
[INFO] [stdout] test config::tests::overrides_override_sets ... ok
[INFO] [stdout] test config::tests::highlight_no ... ok
[INFO] [stdout] test config::tests::highlight_no_yes ... ok
[INFO] [stdout] test config::tests::overrides ... ok
[INFO] [stdout] test config::tests::quiet_default ... ok
[INFO] [stdout] test config::tests::search_config_from_working_directory_and_justfile ... ok
[INFO] [stdout] test config::tests::init_justfile ... ok
[INFO] [stdout] test config::tests::search_config_default ... ok
[INFO] [stdout] test config::tests::search_directory_child ... ok
[INFO] [stdout] test config::tests::search_directory_conflict_justfile ... ok
[INFO] [stdout] test config::tests::overrides_empty ... ok
[INFO] [stdout] test config::tests::search_config_justfile_short ... ok
[INFO] [stdout] test config::tests::quiet_long ... ok
[INFO] [stdout] test config::tests::search_config_justfile_long ... ok
[INFO] [stdout] test config::tests::set_bad ... ok
[INFO] [stdout] test config::tests::set_empty ... ok
[INFO] [stdout] test config::tests::set_one ... ok
[INFO] [stdout] test config::tests::search_directory_child_with_recipe ... ok
[INFO] [stdout] test config::tests::set_default ... ok
[INFO] [stdout] test config::tests::search_directory_parent ... ok
[INFO] [stdout] test config::tests::search_directory_deep ... ok
[INFO] [stdout] test config::tests::search_directory_conflict_working_directory ... ok
[INFO] [stdout] test config::tests::search_directory_parent_with_recipe ... ok
[INFO] [stdout] test config::tests::set_override ... ok
[INFO] [stdout] test config::tests::quiet_short ... ok
[INFO] [stdout] test config::tests::shell_args_default ... ok
[INFO] [stdout] test config::tests::shell_args_clear_and_set ... ok
[INFO] [stdout] test config::tests::shell_args_set_hyphen ... ok
[INFO] [stdout] test config::tests::set_two ... ok
[INFO] [stdout] test config::tests::shell_args_set_multiple ... ok
[INFO] [stdout] test config::tests::shell_args_clear ... ok
[INFO] [stdout] test config::tests::shell_args_set_multiple_and_clear ... ok
[INFO] [stdout] test config::tests::shell_args_set_and_clear ... ok
[INFO] [stdout] test config::tests::shell_args_set_word ... ok
[INFO] [stdout] test config::tests::shell_default ... ok
[INFO] [stdout] test config::tests::subcommand_completions ... ok
[INFO] [stdout] test config::tests::subcommand_completions_invalid ... ok
[INFO] [stdout] test config::tests::subcommand_conflict_dump ... ok
[INFO] [stdout] test config::tests::subcommand_conflict_completions ... ok
[INFO] [stdout] test config::tests::shell_set ... ok
[INFO] [stdout] test config::tests::subcommand_completions_uppercase ... ok
[INFO] [stdout] test config::tests::show_arguments ... ok
[INFO] [stdout] test config::tests::subcommand_conflict_evaluate ... ok
[INFO] [stdout] test config::tests::subcommand_conflict_init ... ok
[INFO] [stdout] test config::tests::subcommand_conflict_choose ... ok
[INFO] [stdout] test config::tests::subcommand_conflict_show ... ok
[INFO] [stdout] test config::tests::subcommand_evaluate_overrides ... ok
[INFO] [stdout] test config::tests::subcommand_dump ... ok
[INFO] [stdout] test config::tests::subcommand_conflict_variables ... ok
[INFO] [stdout] test config::tests::subcommand_edit ... ok
[INFO] [stdout] test config::tests::subcommand_conflict_summary ... ok
[INFO] [stdout] test config::tests::subcommand_default ... ok
[INFO] [stdout] test config::tests::subcommand_overrides_and_arguments ... ok
[INFO] [stdout] test config::tests::subcommand_evaluate ... ok
[INFO] [stdout] test config::tests::subcommand_show_long ... ok
[INFO] [stdout] test config::tests::subcommand_show_no_arg ... ok
[INFO] [stdout] test config::tests::subcommand_evaluate_overrides_with_argument ... ok
[INFO] [stdout] test config::tests::summary_arguments ... ok
[INFO] [stdout] test config::tests::subcommand_list_long ... ok
[INFO] [stdout] test config::tests::subcommand_show_short ... ok
[INFO] [stdout] test config::tests::subcommand_summary ... ok
[INFO] [stdout] test config::tests::unsorted_long ... ok
[INFO] [stdout] test config::tests::verbosity_grandiloquent ... ok
[INFO] [stdout] test config::tests::verbosity_great_grandiloquent ... ok
[INFO] [stdout] test config::tests::summary_overrides ... ok
[INFO] [stdout] test enclosure::tests::tick ... ok
[INFO] [stdout] test count::tests::count ... ok
[INFO] [stdout] test config::tests::verbosity_default ... ok
[INFO] [stdout] test config::tests::unsorted_short ... ok
[INFO] [stdout] test config::tests::verbosity_loquacious ... ok
[INFO] [stdout] test evaluator::tests::backtick_code ... ok
[INFO] [stdout] test justfile::tests::eof_test ... ok
[INFO] [stdout] test justfile::tests::concatination_in_group ... ok
[INFO] [stdout] test justfile::tests::env_functions ... ok
[INFO] [stdout] test config::tests::subcommand_list_short ... ok
[INFO] [stdout] test justfile::tests::escaped_dos_newlines ... ok
[INFO] [stdout] test config::tests::unsorted_default ... ok
[INFO] [stdout] test evaluator::tests::export_assignment_backtick ... ok
[INFO] [stdout] test config::tests::verbosity_long ... ok
[INFO] [stdout] test justfile::tests::missing_some_defaults ... ok
[INFO] [stdout] test justfile::tests::parameter_default_backtick ... ok
[INFO] [stdout] test justfile::tests::code_error ... ok
[INFO] [stdout] test justfile::tests::missing_all_arguments ... ok
[INFO] [stdout] test justfile::tests::missing_some_arguments ... ok
[INFO] [stdout] test justfile::tests::missing_some_arguments_variadic ... ok
[INFO] [stdout] test justfile::tests::parameter_default_concatination_string ... ok
[INFO] [stdout] test justfile::tests::parameter_default_concatination_variable ... ok
[INFO] [stdout] test justfile::tests::parameter_default_raw_string ... ok
[INFO] [stdout] test justfile::tests::parameter_default_multiple ... ok
[INFO] [stdout] test justfile::tests::missing_all_defaults ... ok
[INFO] [stdout] test justfile::tests::export_failure ... ok
[INFO] [stdout] test justfile::tests::parse_alias_before_target ... ok
[INFO] [stdout] test justfile::tests::parse_alias_with_comment ... ok
[INFO] [stdout] test justfile::tests::parse_alias_after_target ... ok
[INFO] [stdout] test justfile::tests::parameter_default_string ... ok
[INFO] [stdout] test justfile::tests::parameters ... ok
[INFO] [stdout] test justfile::tests::parse_assignment_backticks ... ok
[INFO] [stdout] test justfile::tests::parse_assignments ... ok
[INFO] [stdout] test justfile::tests::parse_shebang ... ok
[INFO] [stdout] test justfile::tests::parse_export ... ok
[INFO] [stdout] test justfile::tests::parse_simple_shebang ... ok
[INFO] [stdout] test justfile::tests::parse_string_default ... ok
[INFO] [stdout] test justfile::tests::parse_interpolation_backticks ... ok
[INFO] [stdout] test justfile::tests::parse_multiple ... ok
[INFO] [stdout] test justfile::tests::parse_raw_string_default ... ok
[INFO] [stdout] test justfile::tests::parse_variadic_string_default ... ok
[INFO] [stdout] test justfile::tests::parse_complex ... ok
[INFO] [stdout] test justfile::tests::parse_empty ... ok
[INFO] [stdout] test justfile::tests::string_escapes ... ok
[INFO] [stdout] test justfile::tests::parse_variadic ... ok
[INFO] [stdout] test justfile::tests::string_quote_escape ... ok
[INFO] [stdout] test justfile::tests::run_args ... ok
[INFO] [stdout] test justfile::tests::unknown_recipes ... ok
[INFO] [stdout] test justfile::tests::unknown_overrides ... ok
[INFO] [stdout] test justfile::tests::string_in_group ... ok
[INFO] [stdout] test lexer::tests::backtick_multi_line ... ok
[INFO] [stdout] test lexer::tests::bad_dedent ... ok
[INFO] [stdout] test justfile::tests::unary_functions ... ok
[INFO] [stdout] test lexer::tests::bang_eof ... ok
[INFO] [stdout] test lexer::tests::brace_escape ... ok
[INFO] [stdout] test lexer::tests::bang_equals ... ok
[INFO] [stdout] test justfile::tests::run_shebang ... ok
[INFO] [stdout] test lexer::tests::backtick ... ok
[INFO] [stdout] test lexer::tests::brackets ... ok
[INFO] [stdout] test lexer::tests::brace_l ... ok
[INFO] [stdout] test lexer::tests::bang_unexpected ... ok
[INFO] [stdout] test lexer::tests::comment ... ok
[INFO] [stdout] test lexer::tests::brace_r ... ok
[INFO] [stdout] test lexer::tests::cooked_string_multi_line ... ok
[INFO] [stdout] test lexer::tests::crlf_newline ... ok
[INFO] [stdout] test justfile::tests::unknown_recipes_show_alias_suggestion ... ok
[INFO] [stdout] test lexer::tests::cooked_multiline_string ... ok
[INFO] [stdout] test lexer::tests::equals ... ok
[INFO] [stdout] test lexer::tests::equals_equals ... ok
[INFO] [stdout] test lexer::tests::export_concatination ... ok
[INFO] [stdout] test lexer::tests::export_complex ... ok
[INFO] [stdout] test lexer::tests::dollar ... ok
[INFO] [stdout] test lexer::tests::brace_rrr ... ok
[INFO] [stdout] test lexer::tests::eol_carriage_return_linefeed ... ok
[INFO] [stdout] test lexer::tests::eol_linefeed ... ok
[INFO] [stdout] test lexer::tests::brace_lll ... ok
[INFO] [stdout] test lexer::tests::cooked_string ... ok
[INFO] [stdout] test lexer::tests::format_string_empty_backtick ... ok
[INFO] [stdout] test lexer::tests::format_string_empty_raw ... ok
[INFO] [stdout] test lexer::tests::format_string_empty_backtick_indented ... ok
[INFO] [stdout] test lexer::tests::format_string_text ... ok
[INFO] [stdout] test lexer::tests::format_string_empty_cooked ... ok
[INFO] [stdout] test lexer::tests::format_string_empty_coooked_indented ... ok
[INFO] [stdout] test lexer::tests::format_string_recursive ... ok
[INFO] [stdout] test lexer::tests::format_string_expression ... ok
[INFO] [stdout] test lexer::tests::format_string_empty_raw_indented ... ok
[INFO] [stdout] test lexer::tests::format_string_multiline ... ok
[INFO] [stdout] test lexer::tests::indent_indent_dedent_indent ... ok
[INFO] [stdout] test lexer::tests::indented_line ... ok
[INFO] [stdout] test lexer::tests::indent_recipe_dedent_indent ... ok
[INFO] [stdout] test lexer::tests::indented_block_followed_by_blank ... ok
[INFO] [stdout] test lexer::tests::indented_block_followed_by_item ... ok
[INFO] [stdout] test lexer::tests::interpolation_expression ... ok
[INFO] [stdout] test lexer::tests::indented_block ... ok
[INFO] [stdout] test lexer::tests::indented_normal ... ok
[INFO] [stdout] test lexer::tests::indented_normal_multiple ... ok
[INFO] [stdout] test lexer::tests::indented_blocks ... ok
[INFO] [stdout] test lexer::tests::indented_line_containing_unpaired_carriage_return ... ok
[INFO] [stdout] test lexer::tests::invalid_name_start_dash ... ok
[INFO] [stdout] test lexer::tests::indented_normal_nonempty_blank ... ok
[INFO] [stdout] test lexer::tests::interpolation_empty ... ok
[INFO] [stdout] test lexer::tests::interpolation_raw_multiline_string ... ok
[INFO] [stdout] test lexer::tests::invalid_name_start_digit ... ok
[INFO] [stdout] test lexer::tests::mixed_leading_whitespace_indent ... ok
[INFO] [stdout] test lexer::tests::mixed_leading_whitespace_normal ... ok
[INFO] [stdout] test lexer::tests::mixed_leading_whitespace_recipe ... ok
[INFO] [stdout] test lexer::tests::multiple_recipes ... ok
[INFO] [stdout] test lexer::tests::raw_string_multi_line ... ok
[INFO] [stdout] test lexer::tests::tokenize_assignment_backticks ... ok
[INFO] [stdout] test lexer::tests::open_delimiter_eol ... ok
[INFO] [stdout] test lexer::tests::presume_error ... ok
[INFO] [stdout] test lexer::tests::mismatched_closing_brace ... ok
[INFO] [stdout] test lexer::tests::name_new ... ok
[INFO] [stdout] test lexer::tests::tokenize_empty_interpolation ... ok
[INFO] [stdout] test lexer::tests::tokenize_empty_lines ... ok
[INFO] [stdout] test lexer::tests::tokenize_junk ... ok
[INFO] [stdout] test lexer::tests::tokenize_interpolation_backticks ... ok
[INFO] [stdout] test lexer::tests::tokenize_multiple ... ok
[INFO] [stdout] test lexer::tests::tokenize_names ... ok
[INFO] [stdout] test lexer::tests::tokenize_comment_before_variable ... ok
[INFO] [stdout] test lexer::tests::tokenize_order ... ok
[INFO] [stdout] test lexer::tests::tokenize_comment_with_bang ... ok
[INFO] [stdout] test lexer::tests::tokenize_parens ... ok
[INFO] [stdout] test lexer::tests::tokenize_recipe_interpolation_eof ... ok
[INFO] [stdout] test lexer::tests::tokenize_comment ... ok
[INFO] [stdout] test lexer::tests::raw_string ... ok
[INFO] [stdout] test lexer::tests::tokenize_space_then_tab ... ok
[INFO] [stdout] test lexer::tests::tokenize_recipe_multiple_interpolations ... ok
[INFO] [stdout] test lexer::tests::tokenize_recipe_interpolation_eol ... ok
[INFO] [stdout] test lexer::tests::unexpected_character_after_bang ... ok
[INFO] [stdout] test lexer::tests::tokenize_strings ... ok
[INFO] [stdout] test lexer::tests::tokenize_unknown ... ok
[INFO] [stdout] test lexer::tests::unclosed_interpolation_delimiter ... ok
[INFO] [stdout] test lexer::tests::tokenize_indented_block ... ok
[INFO] [stdout] test lexer::tests::tokenize_indented_line ... ok
[INFO] [stdout] test lexer::tests::tokenize_recipe_complex_interpolation_expression ... ok
[INFO] [stdout] test lexer::tests::unknown_start_of_token_ampersand ... ok
[INFO] [stdout] test lexer::tests::tokenize_tabs_then_tab_space ... ok
[INFO] [stdout] test lexer::tests::unterminated_backtick ... ok
[INFO] [stdout] test lexer::tests::unterminated_format_string_indented ... ok
[INFO] [stdout] test lexer::tests::unterminated_format_string ... ok
[INFO] [stdout] test lexer::tests::unknown_start_of_token_tilde ... ok
[INFO] [stdout] test lexer::tests::unterminated_interpolation ... ok
[INFO] [stdout] test lexer::tests::unpaired_carriage_return ... ok
[INFO] [stdout] test list::tests::or ... ok
[INFO] [stdout] test lexer::tests::unterminated_string ... ok
[INFO] [stdout] test lexer::tests::unterminated_string_with_escapes ... ok
[INFO] [stdout] test list::tests::or_ticked ... ok
[INFO] [stdout] test lexer::tests::unterminated_raw_string ... ok
[INFO] [stdout] test list::tests::and ... ok
[INFO] [stdout] test list::tests::and_ticked ... ok
[INFO] [stdout] test parser::tests::addition_chained ... ok
[INFO] [stdout] test parser::tests::alias_syntax_multiple_rhs ... ok
[INFO] [stdout] test parser::tests::alias_syntax_no_rhs ... ok
[INFO] [stdout] test parser::tests::alias_single ... ok
[INFO] [stdout] test parser::tests::alias_equals ... ok
[INFO] [stdout] test parser::tests::addition_single ... ok
[INFO] [stdout] test parser::tests::aliases_multiple ... ok
[INFO] [stdout] test parser::tests::assignment_equals ... ok
[INFO] [stdout] test parser::tests::backtick ... ok
[INFO] [stdout] test parser::tests::assignment ... ok
[INFO] [stdout] test parser::tests::call_trailing_comma ... ok
[INFO] [stdout] test parser::tests::bad_export ... ok
[INFO] [stdout] test parser::tests::comment_alias ... ok
[INFO] [stdout] test parser::tests::comment_assignment ... ok
[INFO] [stdout] test parser::tests::comment ... ok
[INFO] [stdout] test parser::tests::call_one_arg ... ok
[INFO] [stdout] test parser::tests::call_multiple_args ... ok
[INFO] [stdout] test parser::tests::comment_export ... ok
[INFO] [stdout] test parser::tests::conditional_concatinations ... ok
[INFO] [stdout] test parser::tests::concatination_in_group ... ok
[INFO] [stdout] test parser::tests::conditional_inverted ... ok
[INFO] [stdout] test parser::tests::comment_recipe ... ok
[INFO] [stdout] test parser::tests::concatination_in_default ... ok
[INFO] [stdout] test parser::tests::comment_recipe_dependencies ... ok
[INFO] [stdout] test parser::tests::conditional ... ok
[INFO] [stdout] test parser::tests::conditional_nested_lhs ... ok
[INFO] [stdout] test parser::tests::conditional_nested_otherwise ... ok
[INFO] [stdout] test parser::tests::empty ... ok
[INFO] [stdout] test parser::tests::doc_comment_middle ... ok
[INFO] [stdout] test parser::tests::conditional_nested_then ... ok
[INFO] [stdout] test parser::tests::doc_comment_recipe_clear ... ok
[INFO] [stdout] test parser::tests::doc_comment_assignment_clear ... ok
[INFO] [stdout] test parser::tests::empty_body ... ok
[INFO] [stdout] test parser::tests::empty_multiline ... ok
[INFO] [stdout] test parser::tests::escaped_dos_newlines ... ok
[INFO] [stdout] test parser::tests::doc_comment_empty_line_clear ... ok
[INFO] [stdout] test parser::tests::env_functions ... ok
[INFO] [stdout] test parser::tests::eof_test ... ok
[INFO] [stdout] test parser::tests::export_equals ... ok
[INFO] [stdout] test parser::tests::format_string_cooked_indented ... ok
[INFO] [stdout] test parser::tests::format_string ... ok
[INFO] [stdout] test parser::tests::format_string_backtick ... ok
[INFO] [stdout] test parser::tests::format_string_cooked ... ok
[INFO] [stdout] test parser::tests::export ... ok
[INFO] [stdout] test parser::tests::conditional_nested_rhs ... ok
[INFO] [stdout] test parser::tests::format_string_indent_before_interpolation ... ok
[INFO] [stdout] test parser::tests::format_string_multi ... ok
[INFO] [stdout] test parser::tests::format_string_nested_add ... ok
[INFO] [stdout] test parser::tests::format_string_raw ... ok
[INFO] [stdout] test parser::tests::format_string_simple ... ok
[INFO] [stdout] test parser::tests::function_argument_count_nullary ... ok
[INFO] [stdout] test parser::tests::group ... ok
[INFO] [stdout] test parser::tests::format_string_nested ... ok
[INFO] [stdout] test parser::tests::doc_comment_single ... ok
[INFO] [stdout] test parser::tests::format_string_raw_indented ... ok
[INFO] [stdout] test parser::tests::function_argument_count_unary ... ok
[INFO] [stdout] test parser::tests::function_argument_count_binary ... ok
[INFO] [stdout] test parser::tests::format_string_no_extra_dedents ... ok
[INFO] [stdout] test parser::tests::indented_string_cooked_no_dedent ... ok
[INFO] [stdout] test parser::tests::indented_string_cooked ... ok
[INFO] [stdout] test parser::tests::indented_string_raw_no_dedent ... ok
[INFO] [stdout] test parser::tests::indented_backtick ... ok
[INFO] [stdout] test parser::tests::format_string_indent_trailing ... ok
[INFO] [stdout] test parser::tests::indented_string_raw_with_dedent ... ok
[INFO] [stdout] test parser::tests::missing_colon ... ok
[INFO] [stdout] test parser::tests::indented_backtick_no_dedent ... ok
[INFO] [stdout] test parser::tests::invalid_escape_sequence ... ok
[INFO] [stdout] test parser::tests::missing_eol ... ok
[INFO] [stdout] test parser::tests::parameter_default_backtick ... ok
[INFO] [stdout] test parser::tests::missing_default_eof ... ok
[INFO] [stdout] test parser::tests::parameter_default_concatination_variable ... ok
[INFO] [stdout] test parser::tests::parameter_default_string ... ok
[INFO] [stdout] test parser::tests::parameters ... ok
[INFO] [stdout] test parser::tests::parameter_after_variadic ... ok
[INFO] [stdout] test parser::tests::missing_default_eol ... ok
[INFO] [stdout] test parser::tests::parameter_follows_variadic_parameter ... ok
[INFO] [stdout] test parser::tests::parameter_default_multiple ... ok
[INFO] [stdout] test parser::tests::parameter_default_concatination_string ... ok
[INFO] [stdout] test parser::tests::parse_alias_before_target ... ok
[INFO] [stdout] test parser::tests::parse_alias_after_target ... ok
[INFO] [stdout] test parser::tests::parse_assignment_with_comment ... ok
[INFO] [stdout] test parser::tests::parse_alias_with_comment ... ok
[INFO] [stdout] test parser::tests::parameter_default_raw_string ... ok
[INFO] [stdout] test parser::tests::parse_complex ... ok
[INFO] [stdout] test parser::tests::parse_interpolation_backticks ... ok
[INFO] [stdout] test parser::tests::parse_assignments ... ok
[INFO] [stdout] test parser::tests::parse_raw_string_default ... ok
[INFO] [stdout] test parser::tests::parse_assignment_backticks ... ok
[INFO] [stdout] test parser::tests::parse_simple_shebang ... ok
[INFO] [stdout] test parser::tests::parse_shebang ... ok
[INFO] [stdout] test parser::tests::recipe_dependency_argument_concatination ... ok
[INFO] [stdout] test parser::tests::recipe_dependency_argument_identifier ... ok
[INFO] [stdout] test parser::tests::recipe_default_single ... ok
[INFO] [stdout] test parser::tests::recipe_dependency_parenthesis ... ok
[INFO] [stdout] test parser::tests::recipe_line_interpolation ... ok
[INFO] [stdout] test parser::tests::recipe_line_single ... ok
[INFO] [stdout] test parser::tests::plus_following_parameter ... ok
[INFO] [stdout] test parser::tests::recipe_dependency_multiple ... ok
[INFO] [stdout] test parser::tests::recipe ... ok
[INFO] [stdout] test parser::tests::recipe_dependency_argument_string ... ok
[INFO] [stdout] test parser::tests::recipe_dependency_single ... ok
[INFO] [stdout] test parser::tests::recipe_default_multiple ... ok
[INFO] [stdout] test parser::tests::recipe_parameter_multiple ... ok
[INFO] [stdout] test parser::tests::recipe_multiple ... ok
[INFO] [stdout] test parser::tests::recipe_line_multiple ... ok
[INFO] [stdout] test parser::tests::recipe_parameter_single ... ok
[INFO] [stdout] test parser::tests::recipe_plus_variadic ... ok
[INFO] [stdout] test parser::tests::recipe_star_variadic ... ok
[INFO] [stdout] test parser::tests::set_dotenv_load_implicit ... ok
[INFO] [stdout] test parser::tests::recipe_variadic_with_default_after_default ... ok
[INFO] [stdout] test parser::tests::set_export_false ... ok
[INFO] [stdout] test parser::tests::set_dotenv_load_true ... ok
[INFO] [stdout] test parser::tests::recipe_variadic_string_default ... ok
[INFO] [stdout] test parser::tests::recipe_variadic_variable_default ... ok
[INFO] [stdout] test parser::tests::set_dotenv_load_false ... ok
[INFO] [stdout] test parser::tests::recipe_quiet ... ok
[INFO] [stdout] test parser::tests::set_positional_arguments_true ... ok
[INFO] [stdout] test parser::tests::set_positional_arguments_false ... ok
[INFO] [stdout] test parser::tests::set_export_implicit ... ok
[INFO] [stdout] test parser::tests::set_positional_arguments_implicit ... ok
[INFO] [stdout] test parser::tests::set_shell_bad_comma ... ok
[INFO] [stdout] test parser::tests::set_shell_bad ... ok
[INFO] [stdout] test parser::tests::set_shell_empty ... ok
[INFO] [stdout] test parser::tests::set_shell_non_literal_first ... ok
[INFO] [stdout] test parser::tests::set_shell_non_string ... ok
[INFO] [stdout] test parser::tests::set_shell_no_arguments_trailing_comma ... ok
[INFO] [stdout] test parser::tests::set_shell_no_arguments ... ok
[INFO] [stdout] test parser::tests::set_shell_no_arguments_cooked ... ok
[INFO] [stdout] test parser::tests::set_export_true ... ok
[INFO] [stdout] test parser::tests::set_shell_non_literal_second ... ok
[INFO] [stdout] test parser::tests::recipe_variadic_addition_group_default ... ok
[INFO] [stdout] test parser::tests::set_shell_with_two_arguments ... ok
[INFO] [stdout] test parser::tests::set_unknown ... ok
[INFO] [stdout] test parser::tests::set_shell_with_one_argument ... ok
[INFO] [stdout] test parser::tests::single_line_body ... ok
[INFO] [stdout] test parser::tests::string_escape_carriage_return ... ok
[INFO] [stdout] test parser::tests::string_escape_quote ... ok
[INFO] [stdout] test parser::tests::string_escape_tab ... ok
[INFO] [stdout] test parser::tests::string_escapes ... ok
[INFO] [stdout] test parser::tests::string_escape_suppress_newline ... ok
[INFO] [stdout] test parser::tests::set_shell_with_one_argument_trailing_comma ... ok
[INFO] [stdout] test parser::tests::string_escape_slash ... ok
[INFO] [stdout] test parser::tests::string_escape_newline ... ok
[INFO] [stdout] test parser::tests::string_in_group ... ok
[INFO] [stdout] test parser::tests::unexpected_brace ... ok
[INFO] [stdout] test parser::tests::trimmed_body ... ok
[INFO] [stdout] test parser::tests::unclosed_parenthesis_in_expression ... ok
[INFO] [stdout] test parser::tests::unary_functions ... ok
[INFO] [stdout] test parser::tests::string_quote_escape ... ok
[INFO] [stdout] test parser::tests::whitespace ... ok
[INFO] [stdout] test parser::tests::unknown_function_in_default ... ok
[INFO] [stdout] test parser::tests::unclosed_parenthesis_in_interpolation ... ok
[INFO] [stdout] test parser::tests::variable ... ok
[INFO] [stdout] test parser::tests::unknown_function_in_interpolation ... ok
[INFO] [stdout] test parser::tests::unknown_function ... ok
[INFO] [stdout] test positional::tests::all_dot_dot ... ok
[INFO] [stdout] test positional::tests::all_overrides ... ok
[INFO] [stdout] test positional::tests::all_slash ... ok
[INFO] [stdout] test positional::tests::override_after_search_directory ... ok
[INFO] [stdout] test positional::tests::all_dot ... ok
[INFO] [stdout] test positional::tests::no_overrides ... ok
[INFO] [stdout] test positional::tests::no_search_directory ... ok
[INFO] [stdout] test positional::tests::no_values ... ok
[INFO] [stdout] test positional::tests::no_arguments ... ok
[INFO] [stdout] test positional::tests::arguments_only ... ok
[INFO] [stdout] test recipe_resolver::tests::self_recipe_dependency ... ok
[INFO] [stdout] test positional::tests::override_not_name ... ok
[INFO] [stdout] test range_ext::tests::exclusive ... ok
[INFO] [stdout] test range_ext::tests::inclusive ... ok
[INFO] [stdout] test positional::tests::search_directory_after_argument ... ok
[INFO] [stdout] test positional::tests::override_after_argument ... ok
[INFO] [stdout] test recipe_resolver::tests::circular_recipe_dependency ... ok
[INFO] [stdout] test recipe_resolver::tests::unknown_dependency ... ok
[INFO] [stdout] test recipe_resolver::tests::unknown_interpolation_variable ... ok
[INFO] [stdout] test recipe_resolver::tests::unknown_second_interpolation_variable ... ok
[INFO] [stdout] test recipe_resolver::tests::unknown_variable_in_default ... ok
[INFO] [stdout] test search::tests::found ... ok
[INFO] [stdout] test search::tests::found_from_inner_dir ... ok
[INFO] [stdout] test search::tests::clean ... ok
[INFO] [stdout] test search_error::tests::multiple_candidates_formatting ... ok
[INFO] [stdout] test unindent::tests::blanks ... ok
[INFO] [stdout] test search::tests::found_spongebob_case ... ok
[INFO] [stdout] test recipe_resolver::tests::unknown_variable_in_dependency_argument ... ok
[INFO] [stdout] test unindent::tests::commons ... ok
[INFO] [stdout] test search::tests::found_and_stopped_at_first_justfile ... ok
[INFO] [stdout] test search::tests::justfile_symlink_parent ... ok
[INFO] [stdout] test unindent::tests::unindents ... ok
[INFO] [stdout] test shebang::tests::split_shebang ... ok
[INFO] [stdout] test search::tests::multiple_candidates ... ok
[INFO] [stdout] test unindent::tests::indentations ... ok
[INFO] [stdout] test search::tests::not_found ... ok
[INFO] [stdout] 
[INFO] [stdout] test result: ok. 445 passed; 0 failed; 0 ignored; 0 measured; 0 filtered out; finished in 0.69s
[INFO] [stdout] 
[INFO] [stderr]      Running unittests src/main.rs (/opt/rustwide/target/debug/deps/just-33d78f9d262bc4ae)
[INFO] [stdout] 
[INFO] [stdout] running 0 tests
[INFO] [stdout] 
[INFO] [stdout] test result: ok. 0 passed; 0 failed; 0 ignored; 0 measured; 0 filtered out; finished in 0.00s
[INFO] [stdout] 
[INFO] [stderr]      Running tests/lib.rs (/opt/rustwide/target/debug/deps/integration-de5d32ab6eba4c66)
[INFO] [stdout] 
[INFO] [stdout] running 302 tests
[INFO] [stdout] test choose::no_choosable_recipes ... ok
[INFO] [stdout] test choose::default ... ok
[INFO] [stdout] test choose::override_variable ... ok
[INFO] [stdout] test choose::env ... ok
[INFO] [stdout] test completions::output ... ok
[INFO] [stdout] test choose::chooser ... ok
[INFO] [stdout] test choose::skip_private_recipes ... ok
[INFO] [stdout] test choose::skip_recipes_that_require_arguments ... ok
[INFO] [stdout] test conditional::complex_expressions ... ok
[INFO] [stdout] test conditional::undefined_lhs ... ok
[INFO] [stdout] test conditional::otherwise_branch_unevaluated ... ok
[INFO] [stdout] test conditional::dump ... ok
[INFO] [stdout] test conditional::undefined_rhs ... ok
[INFO] [stdout] test conditional::undefined_otherwise ... ok
[INFO] [stdout] test conditional::undefined_then ... ok
[INFO] [stdout] test conditional::otherwise_branch_unevaluated_inverted ... ok
[INFO] [stdout] test conditional::then_branch_unevaluated ... ok
[INFO] [stdout] test conditional::unexpected_op ... ok
[INFO] [stdout] test choose::multiple_recipes ... FAILED
[INFO] [stdout] test conditional::then_branch_unevaluated_inverted ... ok
[INFO] [stdout] test delimiters::no_interpolation_continuation ... ok
[INFO] [stdout] test delimiters::unexpected_delimiter ... ok
[INFO] [stdout] test delimiters::mismatched_delimiter ... ok
[INFO] [stdout] test dotenv::dotenv ... ok
[INFO] [stdout] test delimiters::brace_continuation ... ok
[INFO] [stdout] test delimiters::dependency_continuation ... ok
[INFO] [stdout] test delimiters::bracket_continuation ... ok
[INFO] [stdout] test error_messages::expected_keyword ... ok
[INFO] [stdout] test dotenv::set_implicit ... ok
[INFO] [stdout] test edit::editor_working_directory ... ok
[INFO] [stdout] test edit::editor_precedence ... ok
[INFO] [stdout] test edit::invalid_justfile ... ok
[INFO] [stdout] test error_messages::unexpected_character ... ok
[INFO] [stdout] test delimiters::paren_continuation ... ok
[INFO] [stdout] test dotenv::set_false ... ok
[INFO] [stdout] test evaluate::evaluate_multiple ... ok
[INFO] [stdout] test dotenv::set_true ... ok
[INFO] [stdout] test evaluate::evaluate_suggestion ... ok
[INFO] [stdout] test evaluate::evaluate_no_suggestion ... ok
[INFO] [stdout] test evaluate::evaluate ... ok
[INFO] [stdout] test export::override_variable ... ok
[INFO] [stdout] test examples::examples ... ok
[INFO] [stdout] test evaluate::evaluate_single ... ok
[INFO] [stdout] test evaluate::evaluate_empty ... ok
[INFO] [stdout] test export::setting_false ... ok
[INFO] [stdout] test export::parameter ... ok
[INFO] [stdout] test export::setting_shebang ... ok
[INFO] [stdout] test export::parameter_not_visible_to_backtick ... ok
[INFO] [stdout] test export::recipe_backtick ... ok
[INFO] [stdout] test export::setting_implicit ... ok
[INFO] [stdout] test export::setting_variable_not_visible ... ok
[INFO] [stdout] test init::alternate_marker ... ok
[INFO] [stdout] test init::justfile ... ok
[INFO] [stdout] test init::current_dir ... ok
[INFO] [stdout] test export::setting_override_undefined ... ok
[INFO] [stdout] test export::shebang ... ok
[INFO] [stdout] test init::invocation_directory ... ok
[INFO] [stdout] test init::justfile_and_working_directory ... ok
[INFO] [stdout] test interrupts::unix::interrupt_backtick ... ignored
[INFO] [stdout] test interrupts::unix::interrupt_line ... ignored
[INFO] [stdout] test interrupts::unix::interrupt_shebang ... ignored
[INFO] [stdout] test init::exists ... ok
[INFO] [stdout] test export::success ... ok
[INFO] [stdout] test init::parent_dir ... ok
[INFO] [stdout] test export::setting_true ... ok
[INFO] [stdout] test init::search_directory ... ok
[INFO] [stdout] test invocation_directory::test_invocation_directory ... ok
[INFO] [stdout] test misc::alias_show_missing_target ... ok
[INFO] [stdout] test misc::alias_listing_private ... ok
[INFO] [stdout] test misc::alias_listing_parameters ... ok
[INFO] [stdout] test misc::alias_shadows_recipe ... ok
[INFO] [stdout] test misc::argument_mismatch_fewer ... ok
[INFO] [stdout] test misc::alias ... ok
[INFO] [stdout] test misc::alias_listing ... ok
[INFO] [stdout] test misc::argument_mismatch_fewer_with_default ... ok
[INFO] [stdout] test misc::alias_listing_multiple_aliases ... ok
[INFO] [stdout] test misc::alias_with_dependencies ... ok
[INFO] [stdout] test misc::alias_show ... ok
[INFO] [stdout] test misc::argument_mismatch_more ... ok
[INFO] [stdout] test misc::alias_with_parameters ... ok
[INFO] [stdout] test misc::argument_grouping ... ok
[INFO] [stdout] test misc::assignment_backtick_failure ... ok
[INFO] [stdout] test misc::argument_mismatch_more_with_default ... ok
[INFO] [stdout] test misc::backtick_code_assignment ... ok
[INFO] [stdout] test misc::backtick_code_interpolation ... ok
[INFO] [stdout] test misc::backtick_code_interpolation_leading_emoji ... ok
[INFO] [stdout] test misc::argument_multiple ... ok
[INFO] [stdout] test misc::backtick_code_interpolation_mod ... ok
[INFO] [stdout] test misc::argument_single ... ok
[INFO] [stdout] test misc::backtick_code_interpolation_inner_tab ... ok
[INFO] [stdout] test misc::backtick_code_interpolation_tabs ... ok
[INFO] [stdout] test misc::backtick_code_interpolation_tab ... ok
[INFO] [stdout] test misc::backtick_code_interpolation_unicode_hell ... ok
[INFO] [stdout] test misc::backtick_code_long ... ok
[INFO] [stdout] test misc::backtick_default_cat_stdin ... ok
[INFO] [stdout] test misc::backtick_default_read_multiple ... ok
[INFO] [stdout] test misc::backtick_default_cat_justfile ... ok
[INFO] [stdout] test misc::bad_setting ... ok
[INFO] [stdout] test misc::backtick_variable_cat ... ok
[INFO] [stdout] test misc::backtick_success ... ok
[INFO] [stdout] test misc::backtick_trimming ... ok
[INFO] [stdout] test misc::color_never ... ok
[INFO] [stdout] test misc::colors_no_context ... ok
[INFO] [stdout] test misc::backtick_variable_read_single ... ok
[INFO] [stdout] test misc::brace_escape ... ok
[INFO] [stdout] test misc::backtick_variable_read_multiple ... ok
[INFO] [stdout] test misc::color_always ... ok
[INFO] [stdout] test misc::color_auto ... ok
[INFO] [stdout] test misc::command_backtick_failure ... ok
[INFO] [stdout] test misc::brace_escape_extra ... ok
[INFO] [stdout] test misc::complex_dependencies ... ok
[INFO] [stdout] test misc::comment_before_variable ... ok
[INFO] [stdout] test misc::default ... ok
[INFO] [stdout] test misc::default_variable ... ok
[INFO] [stdout] test misc::default_backtick ... ok
[INFO] [stdout] test misc::default_concatination ... ok
[INFO] [stdout] test misc::dependency_argument_assignment ... ok
[INFO] [stdout] test misc::dependency_takes_arguments_at_least ... ok
[INFO] [stdout] test misc::default_string ... ok
[INFO] [stdout] test misc::dependency_argument_function ... ok
[INFO] [stdout] test misc::dependency_takes_arguments_at_most ... ok
[INFO] [stdout] test misc::dependency_argument_parameter ... ok
[INFO] [stdout] test misc::dependency_takes_arguments_exact ... ok
[INFO] [stdout] test misc::dependency_argument_plus_variadic ... ok
[INFO] [stdout] test misc::dependency_argument_backtick ... ok
[INFO] [stdout] test misc::dependency_argument_string ... ok
[INFO] [stdout] test misc::duplicate_alias ... ok
[INFO] [stdout] test misc::dotenv_env_var_override ... ok
[INFO] [stdout] test misc::dotenv_variable_in_function_in_recipe ... ok
[INFO] [stdout] test misc::dotenv_variable_in_recipe ... ok
[INFO] [stdout] test misc::duplicate_parameter ... ok
[INFO] [stdout] test misc::dotenv_variable_in_function_in_backtick ... ok
[INFO] [stdout] test misc::dry_run ... ok
[INFO] [stdout] test misc::dotenv_variable_in_backtick ... ok
[INFO] [stdout] test misc::dump ... ok
[INFO] [stdout] test misc::env_var_functions ... FAILED
[INFO] [stdout] test misc::env_var_failure ... ok
[INFO] [stdout] test misc::duplicate_recipe ... ok
[INFO] [stdout] test misc::equals_deprecated_alias ... ok
[INFO] [stdout] test misc::duplicate_dependency_no_args ... ok
[INFO] [stdout] test misc::duplicate_variable ... ok
[INFO] [stdout] test misc::inconsistent_leading_whitespace ... ok
[INFO] [stdout] test misc::equals_deprecated_export ... ok
[INFO] [stdout] test misc::equals_deprecated_assignment ... ok
[INFO] [stdout] test misc::extra_leading_whitespace ... ok
[INFO] [stdout] test misc::interpolation_evaluation_ignore_quiet ... ok
[INFO] [stdout] test misc::interpolation_evaluation_ignore_quiet_continuation ... ok
[INFO] [stdout] test misc::invalid_escape_sequence_message ... ok
[INFO] [stdout] test misc::duplicate_dependency_argument ... ok
[INFO] [stdout] test misc::infallable_with_failing ... ok
[INFO] [stdout] test misc::line_error_spacing ... ok
[INFO] [stdout] test misc::infallable_command ... ok
[INFO] [stdout] test misc::line_continuation_no_space ... ok
[INFO] [stdout] test misc::list_alignment ... ok
[INFO] [stdout] test misc::line_continuation_with_space ... ok
[INFO] [stdout] test misc::list ... ok
[INFO] [stdout] test misc::list_alignment_long ... ok
[INFO] [stdout] test misc::list_colors ... ok
[INFO] [stdout] test misc::line_continuation_with_quoted_space ... ok
[INFO] [stdout] test misc::long_circular_recipe_dependency ... ok
[INFO] [stdout] test misc::list_empty_prefix_and_heading ... ok
[INFO] [stdout] test misc::mixed_whitespace ... ok
[INFO] [stdout] test misc::list_prefix ... ok
[INFO] [stdout] test misc::list_heading ... ok
[INFO] [stdout] test misc::list_sorted ... ok
[INFO] [stdout] test misc::missing_second_dependency ... ok
[INFO] [stdout] test misc::parameter_cross_reference_error ... ok
[INFO] [stdout] test misc::multi_line_string_in_interpolation ... ok
[INFO] [stdout] test misc::no_highlight ... ok
[INFO] [stdout] test misc::parameter_shadows_variable ... ok
[INFO] [stdout] test misc::overrides_first ... ok
[INFO] [stdout] test misc::no_dotenv ... ok
[INFO] [stdout] test misc::overrides_not_evaluated ... ok
[INFO] [stdout] test misc::list_unsorted ... ok
[INFO] [stdout] test misc::plus_variadic_too_few ... ok
[INFO] [stdout] test misc::plus_then_star_variadic ... ok
[INFO] [stdout] test misc::plus_variadic_use_default ... ok
[INFO] [stdout] test misc::plus_variadic_recipe ... ok
[INFO] [stdout] test misc::required_after_default ... ok
[INFO] [stdout] test misc::required_after_star_variadic ... ok
[INFO] [stdout] test misc::plus_variadic_ignore_default ... ok
[INFO] [stdout] test misc::required_after_plus_variadic ... ok
[INFO] [stdout] test misc::quiet ... ok
[INFO] [stdout] test misc::quiet_shebang_recipe ... ok
[INFO] [stdout] test misc::print ... ok
[INFO] [stdout] test misc::run_suggestion ... ok
[INFO] [stdout] test misc::order ... ok
[INFO] [stdout] test misc::shebang_backtick_failure ... ok
[INFO] [stdout] test misc::self_dependency ... ok
[INFO] [stdout] test misc::quiet_recipe ... ok
[INFO] [stdout] test misc::show_alias_suggestion ... ok
[INFO] [stdout] test misc::show_no_alias_suggestion ... ok
[INFO] [stdout] test misc::select ... ok
[INFO] [stdout] test misc::run_colors ... ok
[INFO] [stdout] test misc::show_suggestion ... ok
[INFO] [stdout] test misc::star_then_plus_variadic ... ok
[INFO] [stdout] test misc::show_no_suggestion ... ok
[INFO] [stdout] test misc::show ... ok
[INFO] [stdout] test misc::shebang_line_numbers ... ok
[INFO] [stdout] test misc::status_passthrough ... ok
[INFO] [stdout] test misc::summary ... ok
[INFO] [stdout] test misc::summary_sorted ... ok
[INFO] [stdout] test misc::star_variadic_none ... ok
[INFO] [stdout] test misc::star_variadic_use_default ... ok
[INFO] [stdout] test misc::star_variadic_recipe ... ok
[INFO] [stdout] test misc::star_variadic_ignore_default ... ok
[INFO] [stdout] test misc::supply_use_default ... ok
[INFO] [stdout] test misc::summary_unsorted ... ok
[INFO] [stdout] test misc::unexpected_token_in_dependency_position ... ok
[INFO] [stdout] test misc::supply_defaults ... ok
[INFO] [stdout] test misc::unexpected_token_after_name ... ok
[INFO] [stdout] test misc::unknown_alias_target ... ok
[INFO] [stdout] test misc::test_os_arch_functions_in_expression ... ok
[INFO] [stdout] test misc::test_just_executable_function ... ok
[INFO] [stdout] test misc::test_os_arch_functions_in_interpolation ... ok
[INFO] [stdout] test misc::unknown_function_in_assignment ... ok
[INFO] [stdout] test misc::unknown_dependency ... ok
[INFO] [stdout] test misc::unknown_function_in_default ... ok
[INFO] [stdout] test misc::unknown_override_args ... ok
[INFO] [stdout] test misc::trailing_flags ... ok
[INFO] [stdout] test misc::unknown_override_arg ... ok
[INFO] [stdout] test misc::test_os_arch_functions_in_default ... ok
[INFO] [stdout] test misc::unknown_override_options ... ok
[INFO] [stdout] test misc::unknown_recipe ... ok
[INFO] [stdout] test misc::unknown_start_of_token ... ok
[INFO] [stdout] test misc::unterminated_interpolation_eof ... ok
[INFO] [stdout] test misc::unknown_recipes ... ok
[INFO] [stdout] test misc::unknown_variable_in_default ... ok
[INFO] [stdout] test misc::variable_circular_dependency ... ok
[INFO] [stdout] test misc::variable_self_dependency ... ok
[INFO] [stdout] test misc::unterminated_interpolation_eol ... ok
[INFO] [stdout] test misc::use_string_default ... ok
[INFO] [stdout] test misc::variables ... ok
[INFO] [stdout] test positional_arguments::empty_variadic_is_undefined ... ok
[INFO] [stdout] test misc::use_raw_string_default ... ok
[INFO] [stdout] test positional_arguments::linewise ... ok
[INFO] [stdout] test misc::verbose ... ok
[INFO] [stdout] test positional_arguments::default_arguments ... ok
[INFO] [stdout] test positional_arguments::shebang ... ok
[INFO] [stdout] test quiet::assignment_backtick_stderr ... ok
[INFO] [stdout] test quiet::choose_none ... ok
[INFO] [stdout] test quiet::choose_status ... ok
[INFO] [stdout] test quiet::choose_invocation ... ok
[INFO] [stdout] test positional_arguments::variadic_linewise ... ok
[INFO] [stdout] test quiet::command_echoing ... ok
[INFO] [stdout] test quiet::edit_invocation ... ok
[INFO] [stdout] test positional_arguments::variadic_shebang ... ok
[INFO] [stdout] test quiet::error_messages ... ok
[INFO] [stdout] test quiet::init_exists ... ok
[INFO] [stdout] test quiet::edit_status ... ok
[INFO] [stdout] test quiet::interpolation_backtick_stderr ... ok
[INFO] [stdout] test positional_arguments::variadic_arguments_are_separate ... ok
[INFO] [stdout] test quiet::show_missing ... ok
[INFO] [stdout] test quiet::stderr ... ok
[INFO] [stdout] test quiet::quiet_shebang ... ok
[INFO] [stdout] test search::single_upwards ... ok
[INFO] [stdout] test search::test_capitalized_justfile_search ... ok
[INFO] [stdout] test search::single_downards ... ok
[INFO] [stdout] test search::test_justfile_search ... ok
[INFO] [stdout] test shell::cmd ... ignored
[INFO] [stdout] test quiet::summary_none ... ok
[INFO] [stdout] test shell::powershell ... ignored
[INFO] [stdout] test quiet::no_stdout ... ok
[INFO] [stdout] test search::test_upwards_path_argument ... ok
[INFO] [stdout] test search::test_upwards_multiple_path_argument ... ok
[INFO] [stdout] test shell::flag ... ok
[INFO] [stdout] test shell::shell_args ... ok
[INFO] [stdout] test shell::shell_arg_override ... ok
[INFO] [stdout] test shell::set_shell ... ok
[INFO] [stdout] test string::error_line_after_multiline_raw_string ... ok
[INFO] [stdout] test string::error_line_after_multiline_raw_string_in_interpolation ... ok
[INFO] [stdout] test string::error_column_after_multiline_raw_string ... ok
[INFO] [stdout] test shell::shell_override ... ok
[INFO] [stdout] test search::test_downwards_multiple_path_argument ... ok
[INFO] [stdout] test string::cooked_string_suppress_newline ... ok
[INFO] [stdout] test string::indented_cooked_string_escapes ... ok
[INFO] [stdout] test search::test_downwards_path_argument ... ok
[INFO] [stdout] test string::indented_backtick_string_escapes ... ok
[INFO] [stdout] test string::invalid_escape_sequence ... ok
[INFO] [stdout] test string::indented_raw_string_contents_indentation_removed ... ok
[INFO] [stdout] test string::indented_raw_string_escapes ... ok
[INFO] [stdout] test string::indented_backtick_string_contents_indentation_removed ... ok
[INFO] [stdout] test string::indented_cooked_string_contents_indentation_removed ... ok
[INFO] [stdout] test string::shebang_backtick ... ok
[INFO] [stdout] test string::multiline_cooked_string ... ok
[INFO] [stdout] test string::unterminated_backtick ... ok
[INFO] [stdout] test string::unterminated_indented_backtick ... ok
[INFO] [stdout] test string::multiline_raw_string ... ok
[INFO] [stdout] test string::multiline_raw_string_in_interpolation ... ok
[INFO] [stdout] test string::multiline_backtick ... ok
[INFO] [stdout] test string::unterminated_indented_string ... ok
[INFO] [stdout] test string::unterminated_string ... ok
[INFO] [stdout] test string::unterminated_indented_raw_string ... ok
[INFO] [stdout] test string::unterminated_raw_string ... ok
[INFO] [stdout] test string::raw_string ... ok
[INFO] [stdout] test working_directory::change_working_directory_to_search_justfile_parent ... ok
[INFO] [stdout] test working_directory::justfile_without_working_directory_relative ... ok
[INFO] [stdout] test working_directory::justfile_and_working_directory ... ok
[INFO] [stdout] test working_directory::justfile_without_working_directory ... ok
[INFO] [stdout] test working_directory::search_dir_parent ... ok
[INFO] [stdout] test working_directory::search_dir_child ... ok
[INFO] [stdout] test readme::readme ... ok
[INFO] [stdout] 
[INFO] [stdout] failures:
[INFO] [stdout] 
[INFO] [stdout] ---- choose::multiple_recipes stdout ----
[INFO] [stdout] thread 'choose::multiple_recipes' panicked at tests/test.rs:132:5:
[INFO] [stdout] assertion failed: `(left == right)`: bad output
[INFO] [stdout] 
[INFO] [stdout] [1mDiff[0m [31m< left[0m / [32mright >[0m :
[INFO] [stdout]  Output {
[INFO] [stdout] [31m<    stdout: "",[0m
[INFO] [stdout] [31m<    stderr: "Failed to write to chooser `echo foo bar`: Broken pipe (os error 32)\n",[0m
[INFO] [stdout] [31m<    status: 1,[0m
[INFO] [stdout] [32m>    stdout: "foo\nbar\n",[0m
[INFO] [stdout] [32m>    stderr: "echo foo\necho bar\n",[0m
[INFO] [stdout] [32m>    status: 0,[0m
[INFO] [stdout]  }
[INFO] [stdout] 
[INFO] [stdout] 
[INFO] [stdout] stack backtrace:
[INFO] [stdout]    0:     0x55e7650ed00c - std::backtrace_rs::backtrace::libunwind::trace::ha637c64ce894333a
[INFO] [stdout]                                at /rustc/82e1608dfa6e0b5569232559e3d385fea5a93112/library/std/src/../../backtrace/src/backtrace/libunwind.rs:104:5
[INFO] [stdout]    1:     0x55e7650ed00c - std::backtrace_rs::backtrace::trace_unsynchronized::h47f62dea28e0c88d
[INFO] [stdout]                                at /rustc/82e1608dfa6e0b5569232559e3d385fea5a93112/library/std/src/../../backtrace/src/backtrace/mod.rs:66:5
[INFO] [stdout]    2:     0x55e7650ed00c - std::sys_common::backtrace::_print_fmt::h9eef0abe20ede486
[INFO] [stdout]                                at /rustc/82e1608dfa6e0b5569232559e3d385fea5a93112/library/std/src/sys_common/backtrace.rs:67:5
[INFO] [stdout]    3:     0x55e7650ed00c - <std::sys_common::backtrace::_print::DisplayBacktrace as core::fmt::Display>::fmt::hed7f999df88cc644
[INFO] [stdout]                                at /rustc/82e1608dfa6e0b5569232559e3d385fea5a93112/library/std/src/sys_common/backtrace.rs:44:22
[INFO] [stdout]    4:     0x55e765118440 - core::fmt::rt::Argument::fmt::h1539a9308b8d058d
[INFO] [stdout]                                at /rustc/82e1608dfa6e0b5569232559e3d385fea5a93112/library/core/src/fmt/rt.rs:142:9
[INFO] [stdout]    5:     0x55e765118440 - core::fmt::write::h3a39390d8560d9c9
[INFO] [stdout]                                at /rustc/82e1608dfa6e0b5569232559e3d385fea5a93112/library/core/src/fmt/mod.rs:1120:17
[INFO] [stdout]    6:     0x55e7650e9f1f - std::io::Write::write_fmt::h040b369f3a0f9cbc
[INFO] [stdout]                                at /rustc/82e1608dfa6e0b5569232559e3d385fea5a93112/library/std/src/io/mod.rs:1762:15
[INFO] [stdout]    7:     0x55e7650ecdf4 - std::sys_common::backtrace::_print::h894006fb5c6f3d45
[INFO] [stdout]                                at /rustc/82e1608dfa6e0b5569232559e3d385fea5a93112/library/std/src/sys_common/backtrace.rs:47:5
[INFO] [stdout]    8:     0x55e7650ecdf4 - std::sys_common::backtrace::print::h23a2d212c6fff936
[INFO] [stdout]                                at /rustc/82e1608dfa6e0b5569232559e3d385fea5a93112/library/std/src/sys_common/backtrace.rs:34:9
[INFO] [stdout]    9:     0x55e7650ef0d7 - std::panicking::default_hook::{{closure}}::h8a1d2ee00185001a
[INFO] [stdout]   10:     0x55e7650eedc3 - std::panicking::default_hook::h6038f2eba384e475
[INFO] [stdout]                                at /rustc/82e1608dfa6e0b5569232559e3d385fea5a93112/library/std/src/panicking.rs:289:9
[INFO] [stdout]   11:     0x55e76503b0d7 - <alloc::boxed::Box<F,A> as core::ops::function::Fn<Args>>::call::h0ad024c9bdc6d768
[INFO] [stdout]                                at /rustc/82e1608dfa6e0b5569232559e3d385fea5a93112/library/alloc/src/boxed.rs:2021:9
[INFO] [stdout]   12:     0x55e76503b0d7 - test::test_main::{{closure}}::h7500b54257359db6
[INFO] [stdout]                                at /rustc/82e1608dfa6e0b5569232559e3d385fea5a93112/library/test/src/lib.rs:138:21
[INFO] [stdout]   13:     0x55e7650ef6e8 - <alloc::boxed::Box<F,A> as core::ops::function::Fn<Args>>::call::h1f8f335eaa9cfaee
[INFO] [stdout]                                at /rustc/82e1608dfa6e0b5569232559e3d385fea5a93112/library/alloc/src/boxed.rs:2021:9
[INFO] [stdout]   14:     0x55e7650ef6e8 - std::panicking::rust_panic_with_hook::h2b5517d590cab22e
[INFO] [stdout]                                at /rustc/82e1608dfa6e0b5569232559e3d385fea5a93112/library/std/src/panicking.rs:783:13
[INFO] [stdout]   15:     0x55e7650ef43e - std::panicking::begin_panic_handler::{{closure}}::h233112c06e0ef43e
[INFO] [stdout]                                at /rustc/82e1608dfa6e0b5569232559e3d385fea5a93112/library/std/src/panicking.rs:657:13
[INFO] [stdout]   16:     0x55e7650ed4d6 - std::sys_common::backtrace::__rust_end_short_backtrace::h6e893f24d7ebbff8
[INFO] [stdout]                                at /rustc/82e1608dfa6e0b5569232559e3d385fea5a93112/library/std/src/sys_common/backtrace.rs:170:18
[INFO] [stdout]   17:     0x55e7650ef1a2 - rust_begin_unwind
[INFO] [stdout]                                at /rustc/82e1608dfa6e0b5569232559e3d385fea5a93112/library/std/src/panicking.rs:645:5
[INFO] [stdout]   18:     0x55e764fc3845 - core::panicking::panic_fmt::hbf0e066aabfa482c
[INFO] [stdout]                                at /rustc/82e1608dfa6e0b5569232559e3d385fea5a93112/library/core/src/panicking.rs:72:14
[INFO] [stdout]   19:     0x55e764fd5fa5 - integration::test::Test::run::h68ffa0dfbcad47eb
[INFO] [stdout]                                at /opt/rustwide/workdir/tests/test.rs:132:5
[INFO] [stdout]   20:     0x55e764fd7ba9 - integration::choose::multiple_recipes::h3ff80f7ab9a747a9
[INFO] [stdout]                                at /opt/rustwide/workdir/tests/test.rs:27:7
[INFO] [stdout]   21:     0x55e764fd7a67 - integration::choose::multiple_recipes::{{closure}}::h35c463b94dab30b7
[INFO] [stdout]                                at /opt/rustwide/workdir/tests/test.rs:21:15
[INFO] [stdout]   22:     0x55e764fc46e6 - core::ops::function::FnOnce::call_once::h038f317d7f7275e9
[INFO] [stdout]                                at /rustc/82e1608dfa6e0b5569232559e3d385fea5a93112/library/core/src/ops/function.rs:250:5
[INFO] [stdout]   23:     0x55e76504072f - core::ops::function::FnOnce::call_once::h2b5d431d5046312d
[INFO] [stdout]                                at /rustc/82e1608dfa6e0b5569232559e3d385fea5a93112/library/core/src/ops/function.rs:250:5
[INFO] [stdout]   24:     0x55e76504072f - test::__rust_begin_short_backtrace::h7714669af176e207
[INFO] [stdout]                                at /rustc/82e1608dfa6e0b5569232559e3d385fea5a93112/library/test/src/lib.rs:628:18
[INFO] [stdout]   25:     0x55e76503f745 - test::run_test_in_process::{{closure}}::h85218797dcbcec12
[INFO] [stdout]                                at /rustc/82e1608dfa6e0b5569232559e3d385fea5a93112/library/test/src/lib.rs:651:60
[INFO] [stdout]   26:     0x55e76503f745 - <core::panic::unwind_safe::AssertUnwindSafe<F> as core::ops::function::FnOnce<()>>::call_once::h76c106ea31c14d7b
[INFO] [stdout]                                at /rustc/82e1608dfa6e0b5569232559e3d385fea5a93112/library/core/src/panic/unwind_safe.rs:272:9
[INFO] [stdout]   27:     0x55e76503f745 - std::panicking::try::do_call::h3bd5d0f6620ee946
[INFO] [stdout]                                at /rustc/82e1608dfa6e0b5569232559e3d385fea5a93112/library/std/src/panicking.rs:552:40
[INFO] [stdout]   28:     0x55e76503f745 - std::panicking::try::h232e535e4744fe31
[INFO] [stdout]                                at /rustc/82e1608dfa6e0b5569232559e3d385fea5a93112/library/std/src/panicking.rs:516:19
[INFO] [stdout]   29:     0x55e76503f745 - std::panic::catch_unwind::h3ce3bd6ca8dbac68
[INFO] [stdout]                                at /rustc/82e1608dfa6e0b5569232559e3d385fea5a93112/library/std/src/panic.rs:142:14
[INFO] [stdout]   30:     0x55e76503f745 - test::run_test_in_process::hc97b257c9621286a
[INFO] [stdout]                                at /rustc/82e1608dfa6e0b5569232559e3d385fea5a93112/library/test/src/lib.rs:651:27
[INFO] [stdout]   31:     0x55e76503f745 - test::run_test::{{closure}}::h2aa798823a438d38
[INFO] [stdout]                                at /rustc/82e1608dfa6e0b5569232559e3d385fea5a93112/library/test/src/lib.rs:574:43
[INFO] [stdout]   32:     0x55e765007a06 - test::run_test::{{closure}}::h87d231c78fb59832
[INFO] [stdout]                                at /rustc/82e1608dfa6e0b5569232559e3d385fea5a93112/library/test/src/lib.rs:602:41
[INFO] [stdout]   33:     0x55e765007a06 - std::sys_common::backtrace::__rust_begin_short_backtrace::he6df152596625789
[INFO] [stdout]                                at /rustc/82e1608dfa6e0b5569232559e3d385fea5a93112/library/std/src/sys_common/backtrace.rs:154:18
[INFO] [stdout]   34:     0x55e76500cab7 - std::thread::Builder::spawn_unchecked_::{{closure}}::{{closure}}::ha94be15d1e0acf36
[INFO] [stdout]                                at /rustc/82e1608dfa6e0b5569232559e3d385fea5a93112/library/std/src/thread/mod.rs:529:17
[INFO] [stdout]   35:     0x55e76500cab7 - <core::panic::unwind_safe::AssertUnwindSafe<F> as core::ops::function::FnOnce<()>>::call_once::h9dc6bd6372f16606
[INFO] [stdout]                                at /rustc/82e1608dfa6e0b5569232559e3d385fea5a93112/library/core/src/panic/unwind_safe.rs:272:9
[INFO] [stdout]   36:     0x55e76500cab7 - std::panicking::try::do_call::h9057517f80303cd4
[INFO] [stdout]                                at /rustc/82e1608dfa6e0b5569232559e3d385fea5a93112/library/std/src/panicking.rs:552:40
[INFO] [stdout]   37:     0x55e76500cab7 - std::panicking::try::he3a30b11ee45340c
[INFO] [stdout]                                at /rustc/82e1608dfa6e0b5569232559e3d385fea5a93112/library/std/src/panicking.rs:516:19
[INFO] [stdout]   38:     0x55e76500cab7 - std::panic::catch_unwind::h410458cfd3528b8b
[INFO] [stdout]                                at /rustc/82e1608dfa6e0b5569232559e3d385fea5a93112/library/std/src/panic.rs:142:14
[INFO] [stdout]   39:     0x55e76500cab7 - std::thread::Builder::spawn_unchecked_::{{closure}}::h72ac3bdb567b737b
[INFO] [stdout]                                at /rustc/82e1608dfa6e0b5569232559e3d385fea5a93112/library/std/src/thread/mod.rs:528:30
[INFO] [stdout]   40:     0x55e76500cab7 - core::ops::function::FnOnce::call_once{{vtable.shim}}::h38f34da3654a8344
[INFO] [stdout]                                at /rustc/82e1608dfa6e0b5569232559e3d385fea5a93112/library/core/src/ops/function.rs:250:5
[INFO] [stdout]   41:     0x55e7650f5055 - <alloc::boxed::Box<F,A> as core::ops::function::FnOnce<Args>>::call_once::hc7eafaff61e32df9
[INFO] [stdout]                                at /rustc/82e1608dfa6e0b5569232559e3d385fea5a93112/library/alloc/src/boxed.rs:2007:9
[INFO] [stdout]   42:     0x55e7650f5055 - <alloc::boxed::Box<F,A> as core::ops::function::FnOnce<Args>>::call_once::h6ba4a5de48dd2304
[INFO] [stdout]                                at /rustc/82e1608dfa6e0b5569232559e3d385fea5a93112/library/alloc/src/boxed.rs:2007:9
[INFO] [stdout]   43:     0x55e7650f5055 - std::sys::unix::thread::Thread::new::thread_start::he469335aef763e45
[INFO] [stdout]                                at /rustc/82e1608dfa6e0b5569232559e3d385fea5a93112/library/std/src/sys/unix/thread.rs:108:17
[INFO] [stdout]   44:     0x7fa012278ac3 - <unknown>
[INFO] [stdout]   45:     0x7fa012309bf4 - __clone
[INFO] [stdout]   46:                0x0 - <unknown>
[INFO] [stdout] 
[INFO] [stdout] ---- misc::env_var_functions stdout ----
[INFO] [stdout] thread 'misc::env_var_functions' panicked at tests/misc.rs:1169:55:
[INFO] [stdout] called `Result::unwrap()` on an `Err` value: NotPresent
[INFO] [stdout] stack backtrace:
[INFO] [stdout]    0:     0x55e7650ed00c - std::backtrace_rs::backtrace::libunwind::trace::ha637c64ce894333a
[INFO] [stdout]                                at /rustc/82e1608dfa6e0b5569232559e3d385fea5a93112/library/std/src/../../backtrace/src/backtrace/libunwind.rs:104:5
[INFO] [stdout]    1:     0x55e7650ed00c - std::backtrace_rs::backtrace::trace_unsynchronized::h47f62dea28e0c88d
[INFO] [stdout]                                at /rustc/82e1608dfa6e0b5569232559e3d385fea5a93112/library/std/src/../../backtrace/src/backtrace/mod.rs:66:5
[INFO] [stdout]    2:     0x55e7650ed00c - std::sys_common::backtrace::_print_fmt::h9eef0abe20ede486
[INFO] [stdout]                                at /rustc/82e1608dfa6e0b5569232559e3d385fea5a93112/library/std/src/sys_common/backtrace.rs:67:5
[INFO] [stdout]    3:     0x55e7650ed00c - <std::sys_common::backtrace::_print::DisplayBacktrace as core::fmt::Display>::fmt::hed7f999df88cc644
[INFO] [stdout]                                at /rustc/82e1608dfa6e0b5569232559e3d385fea5a93112/library/std/src/sys_common/backtrace.rs:44:22
[INFO] [stdout]    4:     0x55e765118440 - core::fmt::rt::Argument::fmt::h1539a9308b8d058d
[INFO] [stdout]                                at /rustc/82e1608dfa6e0b5569232559e3d385fea5a93112/library/core/src/fmt/rt.rs:142:9
[INFO] [stdout]    5:     0x55e765118440 - core::fmt::write::h3a39390d8560d9c9
[INFO] [stdout]                                at /rustc/82e1608dfa6e0b5569232559e3d385fea5a93112/library/core/src/fmt/mod.rs:1120:17
[INFO] [stdout]    6:     0x55e7650e9f1f - std::io::Write::write_fmt::h040b369f3a0f9cbc
[INFO] [stdout]                                at /rustc/82e1608dfa6e0b5569232559e3d385fea5a93112/library/std/src/io/mod.rs:1762:15
[INFO] [stdout]    7:     0x55e7650ecdf4 - std::sys_common::backtrace::_print::h894006fb5c6f3d45
[INFO] [stdout]                                at /rustc/82e1608dfa6e0b5569232559e3d385fea5a93112/library/std/src/sys_common/backtrace.rs:47:5
[INFO] [stdout]    8:     0x55e7650ecdf4 - std::sys_common::backtrace::print::h23a2d212c6fff936
[INFO] [stdout]                                at /rustc/82e1608dfa6e0b5569232559e3d385fea5a93112/library/std/src/sys_common/backtrace.rs:34:9
[INFO] [stdout]    9:     0x55e7650ef0d7 - std::panicking::default_hook::{{closure}}::h8a1d2ee00185001a
[INFO] [stdout]   10:     0x55e7650eedc3 - std::panicking::default_hook::h6038f2eba384e475
[INFO] [stdout]                                at /rustc/82e1608dfa6e0b5569232559e3d385fea5a93112/library/std/src/panicking.rs:289:9
[INFO] [stdout]   11:     0x55e76503b0d7 - <alloc::boxed::Box<F,A> as core::ops::function::Fn<Args>>::call::h0ad024c9bdc6d768
[INFO] [stdout]                                at /rustc/82e1608dfa6e0b5569232559e3d385fea5a93112/library/alloc/src/boxed.rs:2021:9
[INFO] [stdout]   12:     0x55e76503b0d7 - test::test_main::{{closure}}::h7500b54257359db6
[INFO] [stdout]                                at /rustc/82e1608dfa6e0b5569232559e3d385fea5a93112/library/test/src/lib.rs:138:21
[INFO] [stdout]   13:     0x55e7650ef6e8 - <alloc::boxed::Box<F,A> as core::ops::function::Fn<Args>>::call::h1f8f335eaa9cfaee
[INFO] [stdout]                                at /rustc/82e1608dfa6e0b5569232559e3d385fea5a93112/library/alloc/src/boxed.rs:2021:9
[INFO] [stdout]   14:     0x55e7650ef6e8 - std::panicking::rust_panic_with_hook::h2b5517d590cab22e
[INFO] [stdout]                                at /rustc/82e1608dfa6e0b5569232559e3d385fea5a93112/library/std/src/panicking.rs:783:13
[INFO] [stdout]   15:     0x55e7650ef43e - std::panicking::begin_panic_handler::{{closure}}::h233112c06e0ef43e
[INFO] [stdout]                                at /rustc/82e1608dfa6e0b5569232559e3d385fea5a93112/library/std/src/panicking.rs:657:13
[INFO] [stdout]   16:     0x55e7650ed4d6 - std::sys_common::backtrace::__rust_end_short_backtrace::h6e893f24d7ebbff8
[INFO] [stdout]                                at /rustc/82e1608dfa6e0b5569232559e3d385fea5a93112/library/std/src/sys_common/backtrace.rs:170:18
[INFO] [stdout]   17:     0x55e7650ef1a2 - rust_begin_unwind
[INFO] [stdout]                                at /rustc/82e1608dfa6e0b5569232559e3d385fea5a93112/library/std/src/panicking.rs:645:5
[INFO] [stdout]   18:     0x55e764fc3845 - core::panicking::panic_fmt::hbf0e066aabfa482c
[INFO] [stdout]                                at /rustc/82e1608dfa6e0b5569232559e3d385fea5a93112/library/core/src/panicking.rs:72:14
[INFO] [stdout]   19:     0x55e764fc3dd3 - core::result::unwrap_failed::hddb4fea594200c52
[INFO] [stdout]                                at /rustc/82e1608dfa6e0b5569232559e3d385fea5a93112/library/core/src/result.rs:1653:5
[INFO] [stdout]   20:     0x55e764fca394 - core::result::Result<T,E>::unwrap::h4b3852f6852d2c7f
[INFO] [stdout]                                at /rustc/82e1608dfa6e0b5569232559e3d385fea5a93112/library/core/src/result.rs:1077:23
[INFO] [stdout]   21:     0x55e764ffdef9 - integration::misc::env_var_functions::hc9d7acb93f54c5e2
[INFO] [stdout]                                at /opt/rustwide/workdir/tests/misc.rs:1169:38
[INFO] [stdout]   22:     0x55e764ffde57 - integration::misc::env_var_functions::{{closure}}::h597752aa1ea35361
[INFO] [stdout]                                at /opt/rustwide/workdir/tests/test.rs:21:15
[INFO] [stdout]   23:     0x55e764fc6fd6 - core::ops::function::FnOnce::call_once::h90ad6b1097b68871
[INFO] [stdout]                                at /rustc/82e1608dfa6e0b5569232559e3d385fea5a93112/library/core/src/ops/function.rs:250:5
[INFO] [stdout]   24:     0x55e76504072f - core::ops::function::FnOnce::call_once::h2b5d431d5046312d
[INFO] [stdout]                                at /rustc/82e1608dfa6e0b5569232559e3d385fea5a93112/library/core/src/ops/function.rs:250:5
[INFO] [stdout]   25:     0x55e76504072f - test::__rust_begin_short_backtrace::h7714669af176e207
[INFO] [stdout]                                at /rustc/82e1608dfa6e0b5569232559e3d385fea5a93112/library/test/src/lib.rs:628:18
[INFO] [stdout]   26:     0x55e76503f745 - test::run_test_in_process::{{closure}}::h85218797dcbcec12
[INFO] [stdout]                                at /rustc/82e1608dfa6e0b5569232559e3d385fea5a93112/library/test/src/lib.rs:651:60
[INFO] [stdout]   27:     0x55e76503f745 - <core::panic::unwind_safe::AssertUnwindSafe<F> as core::ops::function::FnOnce<()>>::call_once::h76c106ea31c14d7b
[INFO] [stdout]                                at /rustc/82e1608dfa6e0b5569232559e3d385fea5a93112/library/core/src/panic/unwind_safe.rs:272:9
[INFO] [stdout]   28:     0x55e76503f745 - std::panicking::try::do_call::h3bd5d0f6620ee946
[INFO] [stdout]                                at /rustc/82e1608dfa6e0b5569232559e3d385fea5a93112/library/std/src/panicking.rs:552:40
[INFO] [stdout]   29:     0x55e76503f745 - std::panicking::try::h232e535e4744fe31
[INFO] [stdout]                                at /rustc/82e1608dfa6e0b5569232559e3d385fea5a93112/library/std/src/panicking.rs:516:19
[INFO] [stdout]   30:     0x55e76503f745 - std::panic::catch_unwind::h3ce3bd6ca8dbac68
[INFO] [stdout]                                at /rustc/82e1608dfa6e0b5569232559e3d385fea5a93112/library/std/src/panic.rs:142:14
[INFO] [stdout]   31:     0x55e76503f745 - test::run_test_in_process::hc97b257c9621286a
[INFO] [stdout]                                at /rustc/82e1608dfa6e0b5569232559e3d385fea5a93112/library/test/src/lib.rs:651:27
[INFO] [stdout]   32:     0x55e76503f745 - test::run_test::{{closure}}::h2aa798823a438d38
[INFO] [stdout]                                at /rustc/82e1608dfa6e0b5569232559e3d385fea5a93112/library/test/src/lib.rs:574:43
[INFO] [stdout]   33:     0x55e765007a06 - test::run_test::{{closure}}::h87d231c78fb59832
[INFO] [stdout]                                at /rustc/82e1608dfa6e0b5569232559e3d385fea5a93112/library/test/src/lib.rs:602:41
[INFO] [stdout]   34:     0x55e765007a06 - std::sys_common::backtrace::__rust_begin_short_backtrace::he6df152596625789
[INFO] [stdout]                                at /rustc/82e1608dfa6e0b5569232559e3d385fea5a93112/library/std/src/sys_common/backtrace.rs:154:18
[INFO] [stdout]   35:     0x55e76500cab7 - std::thread::Builder::spawn_unchecked_::{{closure}}::{{closure}}::ha94be15d1e0acf36
[INFO] [stdout]                                at /rustc/82e1608dfa6e0b5569232559e3d385fea5a93112/library/std/src/thread/mod.rs:529:17
[INFO] [stdout]   36:     0x55e76500cab7 - <core::panic::unwind_safe::AssertUnwindSafe<F> as core::ops::function::FnOnce<()>>::call_once::h9dc6bd6372f16606
[INFO] [stdout]                                at /rustc/82e1608dfa6e0b5569232559e3d385fea5a93112/library/core/src/panic/unwind_safe.rs:272:9
[INFO] [stdout]   37:     0x55e76500cab7 - std::panicking::try::do_call::h9057517f80303cd4
[INFO] [stdout]                                at /rustc/82e1608dfa6e0b5569232559e3d385fea5a93112/library/std/src/panicking.rs:552:40
[INFO] [stdout]   38:     0x55e76500cab7 - std::panicking::try::he3a30b11ee45340c
[INFO] [stdout]                                at /rustc/82e1608dfa6e0b5569232559e3d385fea5a93112/library/std/src/panicking.rs:516:19
[INFO] [stdout]   39:     0x55e76500cab7 - std::panic::catch_unwind::h410458cfd3528b8b
[INFO] [stdout]                                at /rustc/82e1608dfa6e0b5569232559e3d385fea5a93112/library/std/src/panic.rs:142:14
[INFO] [stdout]   40:     0x55e76500cab7 - std::thread::Builder::spawn_unchecked_::{{closure}}::h72ac3bdb567b737b
[INFO] [stdout]                                at /rustc/82e1608dfa6e0b5569232559e3d385fea5a93112/library/std/src/thread/mod.rs:528:30
[INFO] [stdout]   41:     0x55e76500cab7 - core::ops::function::FnOnce::call_once{{vtable.shim}}::h38f34da3654a8344
[INFO] [stdout]                                at /rustc/82e1608dfa6e0b5569232559e3d385fea5a93112/library/core/src/ops/function.rs:250:5
[INFO] [stdout]   42:     0x55e7650f5055 - <alloc::boxed::Box<F,A> as core::ops::function::FnOnce<Args>>::call_once::hc7eafaff61e32df9
[INFO] [stdout]                                at /rustc/82e1608dfa6e0b5569232559e3d385fea5a93112/library/alloc/src/boxed.rs:2007:9
[INFO] [stdout]   43:     0x55e7650f5055 - <alloc::boxed::Box<F,A> as core::ops::function::FnOnce<Args>>::call_once::h6ba4a5de48dd2304
[INFO] [stdout]                                at /rustc/82e1608dfa6e0b5569232559e3d385fea5a93112/library/alloc/src/boxed.rs:2007:9
[INFO] [stdout]   44:     0x55e7650f5055 - std::sys::unix::thread::Thread::new::thread_start::he469335aef763e45
[INFO] [stdout]                                at /rustc/82e1608dfa6e0b5569232559e3d385fea5a93112/library/std/src/sys/unix/thread.rs:108:17
[INFO] [stdout]   45:     0x7fa012278ac3 - <unknown>
[INFO] [stdout]   46:     0x7fa012309bf4 - __clone
[INFO] [stdout]   47:                0x0 - <unknown>
[INFO] [stdout] 
[INFO] [stdout] 
[INFO] [stdout] failures:
[INFO] [stdout]     choose::multiple_recipes
[INFO] [stdout]     misc::env_var_functions
[INFO] [stdout] 
[INFO] [stdout] test result: FAILED. 295 passed; 2 failed; 5 ignored; 0 measured; 0 filtered out; finished in 1.93s
[INFO] [stdout] 
[INFO] [stderr] error: test failed, to rerun pass `--test integration`
[INFO] running `Command { std: "docker" "inspect" "61b558646edb8a6a6a1fb16a830388f177d78cd5c88d5a620db96bac3da71e0b", kill_on_drop: false }`
[INFO] running `Command { std: "docker" "rm" "-f" "61b558646edb8a6a6a1fb16a830388f177d78cd5c88d5a620db96bac3da71e0b", kill_on_drop: false }`
[INFO] [stdout] 61b558646edb8a6a6a1fb16a830388f177d78cd5c88d5a620db96bac3da71e0b
[INFO] testing rohankumardubey/just against beta-2023-12-22 for beta-1.76-1
[INFO] running `Command { std: "git" "clone" "/workspace/cache/git-repos/https%3A%2F%2Fgithub.com%2Frohankumardubey%2Fjust" "/workspace/builds/worker-2-tc2/source", kill_on_drop: false }`
[INFO] [stderr] Cloning into '/workspace/builds/worker-2-tc2/source'...
[INFO] [stderr] done.
[INFO] validating manifest of git repo https://github.com/rohankumardubey/just on toolchain beta-2023-12-22
[INFO] running `Command { std: CARGO_HOME="/workspace/cargo-home" RUSTUP_HOME="/workspace/rustup-home" "/workspace/cargo-home/bin/cargo" "+beta-2023-12-22" "metadata" "--manifest-path" "Cargo.toml" "--no-deps", kill_on_drop: false }`
[INFO] started tweaking git repo https://github.com/rohankumardubey/just
[INFO] removed 0 missing tests
[INFO] finished tweaking git repo https://github.com/rohankumardubey/just
[INFO] tweaked toml for git repo https://github.com/rohankumardubey/just written to /workspace/builds/worker-2-tc2/source/Cargo.toml
[INFO] crate git repo https://github.com/rohankumardubey/just already has a lockfile, it will not be regenerated
[INFO] running `Command { std: CARGO_HOME="/workspace/cargo-home" RUSTUP_HOME="/workspace/rustup-home" "/workspace/cargo-home/bin/cargo" "+beta-2023-12-22" "fetch" "--manifest-path" "Cargo.toml", kill_on_drop: false }`
[INFO] running `Command { std: "docker" "create" "-v" "/var/lib/crater-agent-workspace/builds/worker-2-tc2/target:/opt/rustwide/target:rw,Z" "-v" "/var/lib/crater-agent-workspace/builds/worker-2-tc2/source:/opt/rustwide/workdir:ro,Z" "-v" "/var/lib/crater-agent-workspace/cargo-home:/opt/rustwide/cargo-home:ro,Z" "-v" "/var/lib/crater-agent-workspace/rustup-home:/opt/rustwide/rustup-home:ro,Z" "-e" "SOURCE_DIR=/opt/rustwide/workdir" "-e" "CARGO_TARGET_DIR=/opt/rustwide/target" "-e" "CARGO_HOME=/opt/rustwide/cargo-home" "-e" "RUSTUP_HOME=/opt/rustwide/rustup-home" "-w" "/opt/rustwide/workdir" "-m" "1610612736" "--user" "0:0" "--network" "none" "ghcr.io/rust-lang/crates-build-env/linux@sha256:2788e3201cd34a07e3172128adcd8b3090168a8e3bcc40d7c032b9dda1df7d1c" "/opt/rustwide/cargo-home/bin/cargo" "+beta-2023-12-22" "metadata" "--no-deps" "--format-version=1", kill_on_drop: false }`
[INFO] [stdout] 610dd278326a2581e2b6bbaea673ecb0e388bba1f5f092ded6075bbf589ae4b3
[INFO] running `Command { std: "docker" "start" "-a" "610dd278326a2581e2b6bbaea673ecb0e388bba1f5f092ded6075bbf589ae4b3", kill_on_drop: false }`
[INFO] running `Command { std: "docker" "inspect" "610dd278326a2581e2b6bbaea673ecb0e388bba1f5f092ded6075bbf589ae4b3", kill_on_drop: false }`
[INFO] running `Command { std: "docker" "rm" "-f" "610dd278326a2581e2b6bbaea673ecb0e388bba1f5f092ded6075bbf589ae4b3", kill_on_drop: false }`
[INFO] [stdout] 610dd278326a2581e2b6bbaea673ecb0e388bba1f5f092ded6075bbf589ae4b3
[INFO] running `Command { std: "docker" "create" "-v" "/var/lib/crater-agent-workspace/builds/worker-2-tc2/target:/opt/rustwide/target:rw,Z" "-v" "/var/lib/crater-agent-workspace/builds/worker-2-tc2/source:/opt/rustwide/workdir:ro,Z" "-v" "/var/lib/crater-agent-workspace/cargo-home:/opt/rustwide/cargo-home:ro,Z" "-v" "/var/lib/crater-agent-workspace/rustup-home:/opt/rustwide/rustup-home:ro,Z" "-e" "SOURCE_DIR=/opt/rustwide/workdir" "-e" "CARGO_TARGET_DIR=/opt/rustwide/target" "-e" "CARGO_INCREMENTAL=0" "-e" "RUST_BACKTRACE=full" "-e" "RUSTFLAGS=--cap-lints=warn" "-e" "RUSTDOCFLAGS=--cap-lints=warn" "-e" "CARGO_HOME=/opt/rustwide/cargo-home" "-e" "RUSTUP_HOME=/opt/rustwide/rustup-home" "-w" "/opt/rustwide/workdir" "-m" "1610612736" "--user" "0:0" "--network" "none" "ghcr.io/rust-lang/crates-build-env/linux@sha256:2788e3201cd34a07e3172128adcd8b3090168a8e3bcc40d7c032b9dda1df7d1c" "/opt/rustwide/cargo-home/bin/cargo" "+beta-2023-12-22" "build" "--frozen" "--message-format=json", kill_on_drop: false }`
[INFO] [stdout] badb2786903bd7d62f492c95fddaea58c56b99c1b1bab1d32b513c11075c6da6
[INFO] running `Command { std: "docker" "start" "-a" "badb2786903bd7d62f492c95fddaea58c56b99c1b1bab1d32b513c11075c6da6", kill_on_drop: false }`
[INFO] [stderr]    Compiling libc v0.2.94
[INFO] [stderr]    Compiling proc-macro2 v1.0.26
[INFO] [stderr]    Compiling cfg-if v1.0.0
[INFO] [stderr]    Compiling unicode-xid v0.2.2
[INFO] [stderr]    Compiling syn v1.0.71
[INFO] [stderr]    Compiling getrandom v0.2.2
[INFO] [stderr]    Compiling bitflags v1.2.1
[INFO] [stderr]    Compiling memchr v2.4.0
[INFO] [stderr]    Compiling log v0.4.14
[INFO] [stderr]    Compiling unicode-segmentation v1.7.1
[INFO] [stderr]    Compiling doc-comment v0.3.3
[INFO] [stderr]    Compiling ppv-lite86 v0.2.10
[INFO] [stderr]    Compiling regex-syntax v0.6.25
[INFO] [stderr]    Compiling unicode-width v0.1.8
[INFO] [stderr]    Compiling heck v0.3.2
[INFO] [stderr]    Compiling textwrap v0.11.0
[INFO] [stderr]    Compiling remove_dir_all v0.5.3
[INFO] [stderr]    Compiling termcolor v1.1.2
[INFO] [stderr]    Compiling humantime v2.1.0
[INFO] [stderr]    Compiling strsim v0.8.0
[INFO] [stderr]    Compiling ansi_term v0.11.0
[INFO] [stderr]    Compiling quote v1.0.9
[INFO] [stderr]    Compiling aho-corasick v0.7.18
[INFO] [stderr]    Compiling vec_map v0.8.2
[INFO] [stderr]    Compiling dotenv v0.15.0
[INFO] [stderr]    Compiling target v1.0.0
[INFO] [stderr]    Compiling edit-distance v2.1.0
[INFO] [stderr]    Compiling lazy_static v1.4.0
[INFO] [stderr]    Compiling ansi_term v0.12.1
[INFO] [stderr]    Compiling atty v0.2.14
[INFO] [stderr]    Compiling rand_core v0.6.2
[INFO] [stderr]    Compiling regex v1.5.3
[INFO] [stderr]    Compiling nix v0.20.0
[INFO] [stderr]    Compiling clap v2.33.3
[INFO] [stderr]    Compiling rand_chacha v0.3.0
[INFO] [stderr]    Compiling rand v0.8.3
[INFO] [stderr]    Compiling env_logger v0.8.3
[INFO] [stderr]    Compiling tempfile v3.2.0
[INFO] [stderr]    Compiling ctrlc v3.1.9
[INFO] [stderr]    Compiling snafu-derive v0.6.10
[INFO] [stderr]    Compiling strum_macros v0.20.1
[INFO] [stderr]    Compiling derivative v2.2.0
[INFO] [stderr]    Compiling strum v0.20.0
[INFO] [stderr]    Compiling snafu v0.6.10
[INFO] [stderr]    Compiling just v0.9.2 (/opt/rustwide/workdir)
[INFO] [stderr]     Finished dev [unoptimized + debuginfo] target(s) in 20.03s
[INFO] running `Command { std: "docker" "inspect" "badb2786903bd7d62f492c95fddaea58c56b99c1b1bab1d32b513c11075c6da6", kill_on_drop: false }`
[INFO] running `Command { std: "docker" "rm" "-f" "badb2786903bd7d62f492c95fddaea58c56b99c1b1bab1d32b513c11075c6da6", kill_on_drop: false }`
[INFO] [stdout] badb2786903bd7d62f492c95fddaea58c56b99c1b1bab1d32b513c11075c6da6
[INFO] running `Command { std: "docker" "create" "-v" "/var/lib/crater-agent-workspace/builds/worker-2-tc2/target:/opt/rustwide/target:rw,Z" "-v" "/var/lib/crater-agent-workspace/builds/worker-2-tc2/source:/opt/rustwide/workdir:ro,Z" "-v" "/var/lib/crater-agent-workspace/cargo-home:/opt/rustwide/cargo-home:ro,Z" "-v" "/var/lib/crater-agent-workspace/rustup-home:/opt/rustwide/rustup-home:ro,Z" "-e" "SOURCE_DIR=/opt/rustwide/workdir" "-e" "CARGO_TARGET_DIR=/opt/rustwide/target" "-e" "CARGO_INCREMENTAL=0" "-e" "RUST_BACKTRACE=full" "-e" "RUSTFLAGS=--cap-lints=warn" "-e" "RUSTDOCFLAGS=--cap-lints=warn" "-e" "CARGO_HOME=/opt/rustwide/cargo-home" "-e" "RUSTUP_HOME=/opt/rustwide/rustup-home" "-w" "/opt/rustwide/workdir" "-m" "1610612736" "--user" "0:0" "--network" "none" "ghcr.io/rust-lang/crates-build-env/linux@sha256:2788e3201cd34a07e3172128adcd8b3090168a8e3bcc40d7c032b9dda1df7d1c" "/opt/rustwide/cargo-home/bin/cargo" "+beta-2023-12-22" "test" "--frozen" "--no-run" "--message-format=json", kill_on_drop: false }`
[INFO] [stdout] dea9849ee9e56cbf6951c37b0b2ecb9250a160c5392976c280e3c611ae530a33
[INFO] running `Command { std: "docker" "start" "-a" "dea9849ee9e56cbf6951c37b0b2ecb9250a160c5392976c280e3c611ae530a33", kill_on_drop: false }`
[INFO] [stderr]    Compiling either v1.6.1
[INFO] [stderr]    Compiling diff v0.1.12
[INFO] [stderr]    Compiling test-utilities v0.0.0 (/opt/rustwide/workdir/test-utilities)
[INFO] [stderr]    Compiling executable-path v1.0.0
[INFO] [stderr]    Compiling which v4.1.0
[INFO] [stderr]    Compiling pretty_assertions v0.7.2
[INFO] [stderr]    Compiling just v0.9.2 (/opt/rustwide/workdir)
[INFO] [stderr]     Finished test [unoptimized + debuginfo] target(s) in 7.42s
[INFO] running `Command { std: "docker" "inspect" "dea9849ee9e56cbf6951c37b0b2ecb9250a160c5392976c280e3c611ae530a33", kill_on_drop: false }`
[INFO] running `Command { std: "docker" "rm" "-f" "dea9849ee9e56cbf6951c37b0b2ecb9250a160c5392976c280e3c611ae530a33", kill_on_drop: false }`
[INFO] [stdout] dea9849ee9e56cbf6951c37b0b2ecb9250a160c5392976c280e3c611ae530a33
[INFO] running `Command { std: "docker" "create" "-v" "/var/lib/crater-agent-workspace/builds/worker-2-tc2/target:/opt/rustwide/target:rw,Z" "-v" "/var/lib/crater-agent-workspace/builds/worker-2-tc2/source:/opt/rustwide/workdir:ro,Z" "-v" "/var/lib/crater-agent-workspace/cargo-home:/opt/rustwide/cargo-home:ro,Z" "-v" "/var/lib/crater-agent-workspace/rustup-home:/opt/rustwide/rustup-home:ro,Z" "-e" "SOURCE_DIR=/opt/rustwide/workdir" "-e" "CARGO_TARGET_DIR=/opt/rustwide/target" "-e" "CARGO_INCREMENTAL=0" "-e" "RUST_BACKTRACE=full" "-e" "RUSTFLAGS=--cap-lints=warn" "-e" "RUSTDOCFLAGS=--cap-lints=warn" "-e" "CARGO_HOME=/opt/rustwide/cargo-home" "-e" "RUSTUP_HOME=/opt/rustwide/rustup-home" "-w" "/opt/rustwide/workdir" "-m" "1610612736" "--user" "0:0" "--network" "none" "ghcr.io/rust-lang/crates-build-env/linux@sha256:2788e3201cd34a07e3172128adcd8b3090168a8e3bcc40d7c032b9dda1df7d1c" "/opt/rustwide/cargo-home/bin/cargo" "+beta-2023-12-22" "test" "--frozen", kill_on_drop: false }`
[INFO] [stdout] bdc172124abe56b56fc104a31b9cf0ac1d32ad0befc053f58ce4263358be2fe2
[INFO] running `Command { std: "docker" "start" "-a" "bdc172124abe56b56fc104a31b9cf0ac1d32ad0befc053f58ce4263358be2fe2", kill_on_drop: false }`
[INFO] [stderr]     Finished test [unoptimized + debuginfo] target(s) in 0.05s
[INFO] [stderr]      Running unittests src/lib.rs (/opt/rustwide/target/debug/deps/just-64c6b2ca90c5d3c5)
[INFO] [stdout] 
[INFO] [stdout] running 445 tests
[INFO] [stdout] test analyzer::tests::duplicate_parameter ... ok
[INFO] [stdout] test analyzer::tests::alias_shadows_recipe_before ... ok
[INFO] [stdout] test analyzer::tests::duplicate_variable ... ok
[INFO] [stdout] test analyzer::tests::parameter_shadows_varible ... ok
[INFO] [stdout] test analyzer::tests::duplicate_recipe ... ok
[INFO] [stdout] test analyzer::tests::alias_shadows_recipe_after ... ok
[INFO] [stdout] test analyzer::tests::duplicate_alias ... ok
[INFO] [stdout] test analyzer::tests::duplicate_variadic_parameter ... ok
[INFO] [stdout] test analyzer::tests::extra_whitespace ... ok
[INFO] [stdout] test analyzer::tests::required_after_default ... ok
[INFO] [stdout] test analyzer::tests::unknown_alias_target ... ok
[INFO] [stdout] test assignment_resolver::tests::unknown_function_parameter ... ok
[INFO] [stdout] test assignment_resolver::tests::unknown_function_parameter_binary_first ... ok
[INFO] [stdout] test assignment_resolver::tests::circular_variable_dependency ... ok
[INFO] [stdout] test assignment_resolver::tests::unknown_expression_variable ... ok
[INFO] [stdout] test assignment_resolver::tests::unknown_function_parameter_binary_second ... ok
[INFO] [stdout] test assignment_resolver::tests::self_variable_dependency ... ok
[INFO] [stdout] test config::tests::arguments ... ok
[INFO] [stdout] test config::tests::color_auto ... ok
[INFO] [stdout] test config::tests::default_config ... ok
[INFO] [stdout] test config::tests::color_never ... ok
[INFO] [stdout] test config::tests::completions_arguments ... ok
[INFO] [stdout] test config::tests::arguments_leading_equals ... ok
[INFO] [stdout] test config::tests::dry_run_quiet ... ok
[INFO] [stdout] test config::tests::color_default ... ok
[INFO] [stdout] test config::tests::color_always ... ok
[INFO] [stdout] test config::tests::color_bad_value ... ok
[INFO] [stdout] test config::tests::dry_run_default ... ok
[INFO] [stdout] test config::tests::dump_arguments ... ok
[INFO] [stdout] test config::tests::help ... ok
[INFO] [stdout] test config::tests::highlight_default ... ok
[INFO] [stdout] test config::tests::edit_arguments ... ok
[INFO] [stdout] test config::tests::highlight_no ... ok
[INFO] [stdout] test config::tests::init_justfile ... ok
[INFO] [stdout] test config::tests::init_arguments ... ok
[INFO] [stdout] test config::tests::dry_run_true ... ok
[INFO] [stdout] test config::tests::highlight_yes ... ok
[INFO] [stdout] test config::tests::highlight_no_yes ... ok
[INFO] [stdout] test config::tests::highlight_yes_no ... ok
[INFO] [stdout] test config::tests::list_arguments ... ok
[INFO] [stdout] test config::tests::quiet_long ... ok
[INFO] [stdout] test config::tests::overrides ... ok
[INFO] [stdout] test config::tests::overrides_empty ... ok
[INFO] [stdout] test config::tests::highlight_no_yes_no ... ok
[INFO] [stdout] test config::tests::search_config_justfile_long ... ok
[INFO] [stdout] test config::tests::search_config_from_working_directory_and_justfile ... ok
[INFO] [stdout] test config::tests::search_config_default ... ok
[INFO] [stdout] test config::tests::search_config_justfile_short ... ok
[INFO] [stdout] test config::tests::quiet_short ... ok
[INFO] [stdout] test config::tests::overrides_override_sets ... ok
[INFO] [stdout] test config::tests::search_directory_conflict_justfile ... ok
[INFO] [stdout] test config::tests::search_directory_child_with_recipe ... ok
[INFO] [stdout] test config::tests::search_directory_child ... ok
[INFO] [stdout] test config::tests::set_bad ... ok
[INFO] [stdout] test config::tests::search_directory_deep ... ok
[INFO] [stdout] test config::tests::quiet_default ... ok
[INFO] [stdout] test config::tests::set_empty ... ok
[INFO] [stdout] test config::tests::set_override ... ok
[INFO] [stdout] test config::tests::shell_args_clear ... ok
[INFO] [stdout] test config::tests::set_one ... ok
[INFO] [stdout] test config::tests::set_two ... ok
[INFO] [stdout] test config::tests::search_directory_parent_with_recipe ... ok
[INFO] [stdout] test config::tests::set_default ... ok
[INFO] [stdout] test config::tests::search_directory_parent ... ok
[INFO] [stdout] test config::tests::shell_args_set_multiple_and_clear ... ok
[INFO] [stdout] test config::tests::search_directory_conflict_working_directory ... ok
[INFO] [stdout] test config::tests::shell_args_set_and_clear ... ok
[INFO] [stdout] test config::tests::shell_args_clear_and_set ... ok
[INFO] [stdout] test config::tests::shell_args_set_hyphen ... ok
[INFO] [stdout] test config::tests::shell_args_set_multiple ... ok
[INFO] [stdout] test config::tests::shell_args_default ... ok
[INFO] [stdout] test config::tests::shell_set ... ok
[INFO] [stdout] test config::tests::shell_default ... ok
[INFO] [stdout] test config::tests::show_arguments ... ok
[INFO] [stdout] test config::tests::subcommand_completions ... ok
[INFO] [stdout] test config::tests::subcommand_completions_invalid ... ok
[INFO] [stdout] test config::tests::subcommand_completions_uppercase ... ok
[INFO] [stdout] test config::tests::subcommand_conflict_choose ... ok
[INFO] [stdout] test config::tests::shell_args_set_word ... ok
[INFO] [stdout] test config::tests::subcommand_conflict_dump ... ok
[INFO] [stdout] test config::tests::subcommand_conflict_evaluate ... ok
[INFO] [stdout] test config::tests::subcommand_conflict_init ... ok
[INFO] [stdout] test config::tests::subcommand_default ... ok
[INFO] [stdout] test config::tests::subcommand_conflict_completions ... ok
[INFO] [stdout] test config::tests::subcommand_conflict_variables ... ok
[INFO] [stdout] test config::tests::subcommand_list_long ... ok
[INFO] [stdout] test config::tests::subcommand_evaluate_overrides_with_argument ... ok
[INFO] [stdout] test config::tests::subcommand_edit ... ok
[INFO] [stdout] test config::tests::subcommand_evaluate ... ok
[INFO] [stdout] test config::tests::subcommand_evaluate_overrides ... ok
[INFO] [stdout] test config::tests::subcommand_show_no_arg ... ok
[INFO] [stdout] test config::tests::subcommand_show_long ... ok
[INFO] [stdout] test config::tests::subcommand_overrides_and_arguments ... ok
[INFO] [stdout] test config::tests::subcommand_show_short ... ok
[INFO] [stdout] test config::tests::subcommand_list_short ... ok
[INFO] [stdout] test config::tests::subcommand_conflict_summary ... ok
[INFO] [stdout] test config::tests::subcommand_summary ... ok
[INFO] [stdout] test config::tests::unsorted_default ... ok
[INFO] [stdout] test config::tests::subcommand_conflict_show ... ok
[INFO] [stdout] test config::tests::subcommand_dump ... ok
[INFO] [stdout] test config::tests::unsorted_long ... ok
[INFO] [stdout] test config::tests::summary_overrides ... ok
[INFO] [stdout] test config::tests::verbosity_default ... ok
[INFO] [stdout] test config::tests::summary_arguments ... ok
[INFO] [stdout] test enclosure::tests::tick ... ok
[INFO] [stdout] test count::tests::count ... ok
[INFO] [stdout] test config::tests::verbosity_great_grandiloquent ... ok
[INFO] [stdout] test config::tests::verbosity_long ... ok
[INFO] [stdout] test config::tests::unsorted_short ... ok
[INFO] [stdout] test config::tests::verbosity_grandiloquent ... ok
[INFO] [stdout] test justfile::tests::env_functions ... ok
[INFO] [stdout] test justfile::tests::escaped_dos_newlines ... ok
[INFO] [stdout] test justfile::tests::eof_test ... ok
[INFO] [stdout] test config::tests::verbosity_loquacious ... ok
[INFO] [stdout] test justfile::tests::concatination_in_group ... ok
[INFO] [stdout] test justfile::tests::code_error ... ok
[INFO] [stdout] test evaluator::tests::backtick_code ... ok
[INFO] [stdout] test justfile::tests::missing_all_defaults ... ok
[INFO] [stdout] test justfile::tests::missing_some_defaults ... ok
[INFO] [stdout] test justfile::tests::missing_some_arguments ... ok
[INFO] [stdout] test justfile::tests::parameter_default_multiple ... ok
[INFO] [stdout] test evaluator::tests::export_assignment_backtick ... ok
[INFO] [stdout] test justfile::tests::parameter_default_concatination_variable ... ok
[INFO] [stdout] test justfile::tests::parameter_default_concatination_string ... ok
[INFO] [stdout] test justfile::tests::parameter_default_backtick ... ok
[INFO] [stdout] test justfile::tests::missing_some_arguments_variadic ... ok
[INFO] [stdout] test justfile::tests::missing_all_arguments ... ok
[INFO] [stdout] test justfile::tests::parameter_default_string ... ok
[INFO] [stdout] test justfile::tests::parse_alias_before_target ... ok
[INFO] [stdout] test justfile::tests::parse_assignments ... ok
[INFO] [stdout] test justfile::tests::parse_assignment_backticks ... ok
[INFO] [stdout] test justfile::tests::parameter_default_raw_string ... ok
[INFO] [stdout] test justfile::tests::parse_alias_with_comment ... ok
[INFO] [stdout] test justfile::tests::parse_alias_after_target ... ok
[INFO] [stdout] test justfile::tests::parameters ... ok
[INFO] [stdout] test justfile::tests::parse_complex ... ok
[INFO] [stdout] test justfile::tests::export_failure ... ok
[INFO] [stdout] test justfile::tests::parse_empty ... ok
[INFO] [stdout] test justfile::tests::parse_export ... ok
[INFO] [stdout] test justfile::tests::parse_multiple ... ok
[INFO] [stdout] test justfile::tests::parse_interpolation_backticks ... ok
[INFO] [stdout] test justfile::tests::parse_raw_string_default ... ok
[INFO] [stdout] test justfile::tests::parse_string_default ... ok
[INFO] [stdout] test justfile::tests::parse_variadic ... ok
[INFO] [stdout] test justfile::tests::parse_simple_shebang ... ok
[INFO] [stdout] test justfile::tests::string_escapes ... ok
[INFO] [stdout] test justfile::tests::parse_shebang ... ok
[INFO] [stdout] test justfile::tests::string_quote_escape ... ok
[INFO] [stdout] test justfile::tests::string_in_group ... ok
[INFO] [stdout] test justfile::tests::parse_variadic_string_default ... ok
[INFO] [stdout] test lexer::tests::backtick_multi_line ... ok
[INFO] [stdout] test justfile::tests::unary_functions ... ok
[INFO] [stdout] test lexer::tests::bang_eof ... ok
[INFO] [stdout] test justfile::tests::unknown_overrides ... ok
[INFO] [stdout] test justfile::tests::unknown_recipes ... ok
[INFO] [stdout] test justfile::tests::run_args ... ok
[INFO] [stdout] test lexer::tests::bang_unexpected ... ok
[INFO] [stdout] test justfile::tests::unknown_recipes_show_alias_suggestion ... ok
[INFO] [stdout] test lexer::tests::backtick ... ok
[INFO] [stdout] test lexer::tests::brace_escape ... ok
[INFO] [stdout] test lexer::tests::brace_l ... ok
[INFO] [stdout] test lexer::tests::brace_rrr ... ok
[INFO] [stdout] test lexer::tests::brace_lll ... ok
[INFO] [stdout] test lexer::tests::brace_r ... ok
[INFO] [stdout] test lexer::tests::bad_dedent ... ok
[INFO] [stdout] test justfile::tests::run_shebang ... ok
[INFO] [stdout] test lexer::tests::bang_equals ... ok
[INFO] [stdout] test lexer::tests::comment ... ok
[INFO] [stdout] test lexer::tests::dollar ... ok
[INFO] [stdout] test lexer::tests::cooked_string ... ok
[INFO] [stdout] test lexer::tests::cooked_string_multi_line ... ok
[INFO] [stdout] test lexer::tests::eol_carriage_return_linefeed ... ok
[INFO] [stdout] test lexer::tests::equals ... ok
[INFO] [stdout] test lexer::tests::eol_linefeed ... ok
[INFO] [stdout] test lexer::tests::equals_equals ... ok
[INFO] [stdout] test lexer::tests::export_complex ... ok
[INFO] [stdout] test lexer::tests::brackets ... ok
[INFO] [stdout] test lexer::tests::format_string_empty_backtick_indented ... ok
[INFO] [stdout] test lexer::tests::format_string_empty_cooked ... ok
[INFO] [stdout] test lexer::tests::export_concatination ... ok
[INFO] [stdout] test lexer::tests::format_string_empty_backtick ... ok
[INFO] [stdout] test lexer::tests::cooked_multiline_string ... ok
[INFO] [stdout] test lexer::tests::crlf_newline ... ok
[INFO] [stdout] test lexer::tests::format_string_text ... ok
[INFO] [stdout] test lexer::tests::indent_indent_dedent_indent ... ok
[INFO] [stdout] test lexer::tests::indent_recipe_dedent_indent ... ok
[INFO] [stdout] test lexer::tests::format_string_empty_raw ... ok
[INFO] [stdout] test lexer::tests::indented_block_followed_by_blank ... ok
[INFO] [stdout] test lexer::tests::indented_block_followed_by_item ... ok
[INFO] [stdout] test lexer::tests::indented_block ... ok
[INFO] [stdout] test lexer::tests::indented_line ... ok
[INFO] [stdout] test lexer::tests::indented_normal ... ok
[INFO] [stdout] test lexer::tests::format_string_recursive ... ok
[INFO] [stdout] test lexer::tests::indented_normal_multiple ... ok
[INFO] [stdout] test lexer::tests::indented_normal_nonempty_blank ... ok
[INFO] [stdout] test lexer::tests::format_string_empty_raw_indented ... ok
[INFO] [stdout] test lexer::tests::interpolation_empty ... ok
[INFO] [stdout] test lexer::tests::format_string_empty_coooked_indented ... ok
[INFO] [stdout] test lexer::tests::invalid_name_start_digit ... ok
[INFO] [stdout] test lexer::tests::indented_blocks ... ok
[INFO] [stdout] test lexer::tests::invalid_name_start_dash ... ok
[INFO] [stdout] test lexer::tests::mismatched_closing_brace ... ok
[INFO] [stdout] test lexer::tests::interpolation_expression ... ok
[INFO] [stdout] test lexer::tests::format_string_expression ... ok
[INFO] [stdout] test lexer::tests::interpolation_raw_multiline_string ... ok
[INFO] [stdout] test lexer::tests::indented_line_containing_unpaired_carriage_return ... ok
[INFO] [stdout] test lexer::tests::mixed_leading_whitespace_normal ... ok
[INFO] [stdout] test lexer::tests::multiple_recipes ... ok
[INFO] [stdout] test lexer::tests::mixed_leading_whitespace_recipe ... ok
[INFO] [stdout] test lexer::tests::name_new ... ok
[INFO] [stdout] test lexer::tests::open_delimiter_eol ... ok
[INFO] [stdout] test lexer::tests::presume_error ... ok
[INFO] [stdout] test lexer::tests::format_string_multiline ... ok
[INFO] [stdout] test lexer::tests::mixed_leading_whitespace_indent ... ok
[INFO] [stdout] test lexer::tests::raw_string ... ok
[INFO] [stdout] test lexer::tests::raw_string_multi_line ... ok
[INFO] [stdout] test lexer::tests::tokenize_comment_with_bang ... ok
[INFO] [stdout] test lexer::tests::tokenize_empty_interpolation ... ok
[INFO] [stdout] test lexer::tests::tokenize_interpolation_backticks ... ok
[INFO] [stdout] test lexer::tests::tokenize_junk ... ok
[INFO] [stdout] test lexer::tests::tokenize_multiple ... ok
[INFO] [stdout] test lexer::tests::tokenize_names ... ok
[INFO] [stdout] test lexer::tests::tokenize_parens ... ok
[INFO] [stdout] test lexer::tests::tokenize_order ... ok
[INFO] [stdout] test lexer::tests::tokenize_assignment_backticks ... ok
[INFO] [stdout] test lexer::tests::tokenize_recipe_complex_interpolation_expression ... ok
[INFO] [stdout] test lexer::tests::tokenize_indented_line ... ok
[INFO] [stdout] test lexer::tests::tokenize_recipe_interpolation_eof ... ok
[INFO] [stdout] test lexer::tests::tokenize_recipe_interpolation_eol ... ok
[INFO] [stdout] test lexer::tests::tokenize_recipe_multiple_interpolations ... ok
[INFO] [stdout] test lexer::tests::tokenize_space_then_tab ... ok
[INFO] [stdout] test lexer::tests::tokenize_strings ... ok
[INFO] [stdout] test lexer::tests::tokenize_tabs_then_tab_space ... ok
[INFO] [stdout] test lexer::tests::unexpected_character_after_bang ... ok
[INFO] [stdout] test lexer::tests::unclosed_interpolation_delimiter ... ok
[INFO] [stdout] test lexer::tests::tokenize_unknown ... ok
[INFO] [stdout] test lexer::tests::unknown_start_of_token_tilde ... ok
[INFO] [stdout] test lexer::tests::unknown_start_of_token_ampersand ... ok
[INFO] [stdout] test lexer::tests::unpaired_carriage_return ... ok
[INFO] [stdout] test lexer::tests::unterminated_format_string ... ok
[INFO] [stdout] test lexer::tests::unterminated_format_string_indented ... ok
[INFO] [stdout] test lexer::tests::unterminated_interpolation ... ok
[INFO] [stdout] test lexer::tests::unterminated_raw_string ... ok
[INFO] [stdout] test lexer::tests::unterminated_string ... ok
[INFO] [stdout] test lexer::tests::unterminated_string_with_escapes ... ok
[INFO] [stdout] test list::tests::or ... ok
[INFO] [stdout] test list::tests::and ... ok
[INFO] [stdout] test list::tests::or_ticked ... ok
[INFO] [stdout] test parser::tests::addition_single ... ok
[INFO] [stdout] test parser::tests::alias_equals ... ok
[INFO] [stdout] test parser::tests::alias_single ... ok
[INFO] [stdout] test lexer::tests::unterminated_backtick ... ok
[INFO] [stdout] test parser::tests::addition_chained ... ok
[INFO] [stdout] test list::tests::and_ticked ... ok
[INFO] [stdout] test lexer::tests::tokenize_comment ... ok
[INFO] [stdout] test lexer::tests::tokenize_comment_before_variable ... ok
[INFO] [stdout] test parser::tests::aliases_multiple ... ok
[INFO] [stdout] test parser::tests::assignment ... ok
[INFO] [stdout] test parser::tests::assignment_equals ... ok
[INFO] [stdout] test parser::tests::backtick ... ok
[INFO] [stdout] test parser::tests::alias_syntax_no_rhs ... ok
[INFO] [stdout] test parser::tests::alias_syntax_multiple_rhs ... ok
[INFO] [stdout] test parser::tests::bad_export ... ok
[INFO] [stdout] test parser::tests::call_multiple_args ... ok
[INFO] [stdout] test parser::tests::call_one_arg ... ok
[INFO] [stdout] test parser::tests::call_trailing_comma ... ok
[INFO] [stdout] test parser::tests::comment ... ok
[INFO] [stdout] test parser::tests::comment_alias ... ok
[INFO] [stdout] test parser::tests::comment_assignment ... ok
[INFO] [stdout] test parser::tests::comment_export ... ok
[INFO] [stdout] test parser::tests::comment_recipe ... ok
[INFO] [stdout] test parser::tests::comment_recipe_dependencies ... ok
[INFO] [stdout] test parser::tests::concatination_in_default ... ok
[INFO] [stdout] test parser::tests::concatination_in_group ... ok
[INFO] [stdout] test parser::tests::conditional ... ok
[INFO] [stdout] test parser::tests::conditional_concatinations ... ok
[INFO] [stdout] test parser::tests::conditional_inverted ... ok
[INFO] [stdout] test parser::tests::conditional_nested_lhs ... ok
[INFO] [stdout] test lexer::tests::tokenize_indented_block ... ok
[INFO] [stdout] test lexer::tests::tokenize_empty_lines ... ok
[INFO] [stdout] test parser::tests::conditional_nested_otherwise ... ok
[INFO] [stdout] test parser::tests::doc_comment_recipe_clear ... ok
[INFO] [stdout] test parser::tests::conditional_nested_rhs ... ok
[INFO] [stdout] test parser::tests::conditional_nested_then ... ok
[INFO] [stdout] test parser::tests::doc_comment_assignment_clear ... ok
[INFO] [stdout] test parser::tests::doc_comment_single ... ok
[INFO] [stdout] test parser::tests::empty ... ok
[INFO] [stdout] test parser::tests::empty_body ... ok
[INFO] [stdout] test parser::tests::empty_multiline ... ok
[INFO] [stdout] test parser::tests::format_string ... ok
[INFO] [stdout] test parser::tests::format_string_backtick ... ok
[INFO] [stdout] test parser::tests::doc_comment_middle ... ok
[INFO] [stdout] test parser::tests::env_functions ... ok
[INFO] [stdout] test parser::tests::doc_comment_empty_line_clear ... ok
[INFO] [stdout] test parser::tests::eof_test ... ok
[INFO] [stdout] test parser::tests::export_equals ... ok
[INFO] [stdout] test parser::tests::format_string_multi ... ok
[INFO] [stdout] test parser::tests::escaped_dos_newlines ... ok
[INFO] [stdout] test parser::tests::format_string_nested_add ... ok
[INFO] [stdout] test parser::tests::format_string_no_extra_dedents ... ok
[INFO] [stdout] test parser::tests::format_string_raw ... ok
[INFO] [stdout] test parser::tests::format_string_raw_indented ... ok
[INFO] [stdout] test parser::tests::format_string_simple ... ok
[INFO] [stdout] test parser::tests::function_argument_count_binary ... ok
[INFO] [stdout] test parser::tests::function_argument_count_nullary ... ok
[INFO] [stdout] test parser::tests::function_argument_count_unary ... ok
[INFO] [stdout] test parser::tests::group ... ok
[INFO] [stdout] test parser::tests::indented_backtick ... ok
[INFO] [stdout] test parser::tests::indented_backtick_no_dedent ... ok
[INFO] [stdout] test parser::tests::indented_string_cooked ... ok
[INFO] [stdout] test parser::tests::indented_string_cooked_no_dedent ... ok
[INFO] [stdout] test parser::tests::indented_string_raw_no_dedent ... ok
[INFO] [stdout] test parser::tests::indented_string_raw_with_dedent ... ok
[INFO] [stdout] test parser::tests::invalid_escape_sequence ... ok
[INFO] [stdout] test parser::tests::missing_colon ... ok
[INFO] [stdout] test parser::tests::missing_default_eof ... ok
[INFO] [stdout] test parser::tests::missing_default_eol ... ok
[INFO] [stdout] test parser::tests::missing_eol ... ok
[INFO] [stdout] test parser::tests::parameter_after_variadic ... ok
[INFO] [stdout] test parser::tests::parameter_default_backtick ... ok
[INFO] [stdout] test parser::tests::parameter_default_concatination_string ... ok
[INFO] [stdout] test parser::tests::export ... ok
[INFO] [stdout] test parser::tests::parameter_default_concatination_variable ... ok
[INFO] [stdout] test parser::tests::parameter_default_string ... ok
[INFO] [stdout] test parser::tests::format_string_indent_trailing ... ok
[INFO] [stdout] test parser::tests::format_string_nested ... ok
[INFO] [stdout] test parser::tests::format_string_indent_before_interpolation ... ok
[INFO] [stdout] test parser::tests::parameter_default_multiple ... ok
[INFO] [stdout] test parser::tests::parameters ... ok
[INFO] [stdout] test parser::tests::parameter_follows_variadic_parameter ... ok
[INFO] [stdout] test parser::tests::format_string_cooked ... ok
[INFO] [stdout] test parser::tests::parse_alias_before_target ... ok
[INFO] [stdout] test parser::tests::parse_assignment_with_comment ... ok
[INFO] [stdout] test parser::tests::parse_assignments ... ok
[INFO] [stdout] test parser::tests::parse_complex ... ok
[INFO] [stdout] test parser::tests::parse_raw_string_default ... ok
[INFO] [stdout] test parser::tests::parse_interpolation_backticks ... ok
[INFO] [stdout] test parser::tests::parse_shebang ... ok
[INFO] [stdout] test parser::tests::parse_simple_shebang ... ok
[INFO] [stdout] test parser::tests::plus_following_parameter ... ok
[INFO] [stdout] test parser::tests::recipe ... ok
[INFO] [stdout] test parser::tests::recipe_default_multiple ... ok
[INFO] [stdout] test parser::tests::recipe_default_single ... ok
[INFO] [stdout] test parser::tests::recipe_dependency_argument_concatination ... ok
[INFO] [stdout] test parser::tests::recipe_dependency_argument_identifier ... ok
[INFO] [stdout] test parser::tests::recipe_dependency_argument_string ... ok
[INFO] [stdout] test parser::tests::recipe_dependency_multiple ... ok
[INFO] [stdout] test parser::tests::recipe_dependency_parenthesis ... ok
[INFO] [stdout] test parser::tests::recipe_line_interpolation ... ok
[INFO] [stdout] test parser::tests::format_string_cooked_indented ... ok
[INFO] [stdout] test parser::tests::recipe_line_multiple ... ok
[INFO] [stdout] test parser::tests::parameter_default_raw_string ... ok
[INFO] [stdout] test parser::tests::parse_alias_with_comment ... ok
[INFO] [stdout] test parser::tests::parse_alias_after_target ... ok
[INFO] [stdout] test parser::tests::recipe_line_single ... ok
[INFO] [stdout] test parser::tests::recipe_parameter_multiple ... ok
[INFO] [stdout] test parser::tests::recipe_multiple ... ok
[INFO] [stdout] test parser::tests::parse_assignment_backticks ... ok
[INFO] [stdout] test parser::tests::recipe_dependency_single ... ok
[INFO] [stdout] test parser::tests::recipe_plus_variadic ... ok
[INFO] [stdout] test parser::tests::recipe_quiet ... ok
[INFO] [stdout] test parser::tests::recipe_star_variadic ... ok
[INFO] [stdout] test parser::tests::set_dotenv_load_false ... ok
[INFO] [stdout] test parser::tests::recipe_variadic_addition_group_default ... ok
[INFO] [stdout] test parser::tests::recipe_variadic_string_default ... ok
[INFO] [stdout] test parser::tests::recipe_variadic_variable_default ... ok
[INFO] [stdout] test parser::tests::set_dotenv_load_true ... ok
[INFO] [stdout] test parser::tests::recipe_parameter_single ... ok
[INFO] [stdout] test parser::tests::set_positional_arguments_implicit ... ok
[INFO] [stdout] test parser::tests::set_dotenv_load_implicit ... ok
[INFO] [stdout] test parser::tests::set_shell_bad ... ok
[INFO] [stdout] test parser::tests::set_shell_empty ... ok
[INFO] [stdout] test parser::tests::set_shell_no_arguments ... ok
[INFO] [stdout] test parser::tests::set_shell_no_arguments_cooked ... ok
[INFO] [stdout] test parser::tests::set_shell_no_arguments_trailing_comma ... ok
[INFO] [stdout] test parser::tests::set_shell_non_literal_first ... ok
[INFO] [stdout] test parser::tests::set_shell_non_literal_second ... ok
[INFO] [stdout] test parser::tests::set_shell_non_string ... ok
[INFO] [stdout] test parser::tests::set_export_true ... ok
[INFO] [stdout] test parser::tests::set_positional_arguments_false ... ok
[INFO] [stdout] test parser::tests::set_export_implicit ... ok
[INFO] [stdout] test parser::tests::set_shell_with_one_argument ... ok
[INFO] [stdout] test parser::tests::set_positional_arguments_true ... ok
[INFO] [stdout] test parser::tests::set_shell_bad_comma ... ok
[INFO] [stdout] test parser::tests::set_export_false ... ok
[INFO] [stdout] test parser::tests::set_shell_with_two_arguments ... ok
[INFO] [stdout] test parser::tests::recipe_variadic_with_default_after_default ... ok
[INFO] [stdout] test parser::tests::set_shell_with_one_argument_trailing_comma ... ok
[INFO] [stdout] test parser::tests::single_line_body ... ok
[INFO] [stdout] test parser::tests::string_escape_newline ... ok
[INFO] [stdout] test parser::tests::string_escape_carriage_return ... ok
[INFO] [stdout] test parser::tests::set_unknown ... ok
[INFO] [stdout] test parser::tests::string_in_group ... ok
[INFO] [stdout] test parser::tests::trimmed_body ... ok
[INFO] [stdout] test parser::tests::string_escapes ... ok
[INFO] [stdout] test parser::tests::string_escape_tab ... ok
[INFO] [stdout] test parser::tests::string_escape_suppress_newline ... ok
[INFO] [stdout] test parser::tests::unclosed_parenthesis_in_expression ... ok
[INFO] [stdout] test parser::tests::unexpected_brace ... ok
[INFO] [stdout] test parser::tests::unary_functions ... ok
[INFO] [stdout] test parser::tests::unclosed_parenthesis_in_interpolation ... ok
[INFO] [stdout] test parser::tests::string_quote_escape ... ok
[INFO] [stdout] test parser::tests::string_escape_slash ... ok
[INFO] [stdout] test parser::tests::unknown_function_in_default ... ok
[INFO] [stdout] test positional::tests::all_dot ... ok
[INFO] [stdout] test parser::tests::unknown_function ... ok
[INFO] [stdout] test positional::tests::all_dot_dot ... ok
[INFO] [stdout] test positional::tests::all_slash ... ok
[INFO] [stdout] test positional::tests::arguments_only ... ok
[INFO] [stdout] test parser::tests::variable ... ok
[INFO] [stdout] test positional::tests::no_arguments ... ok
[INFO] [stdout] test positional::tests::no_values ... ok
[INFO] [stdout] test positional::tests::all_overrides ... ok
[INFO] [stdout] test parser::tests::whitespace ... ok
[INFO] [stdout] test positional::tests::no_overrides ... ok
[INFO] [stdout] test parser::tests::unknown_function_in_interpolation ... ok
[INFO] [stdout] test positional::tests::no_search_directory ... ok
[INFO] [stdout] test parser::tests::string_escape_quote ... ok
[INFO] [stdout] test recipe_resolver::tests::self_recipe_dependency ... ok
[INFO] [stdout] test positional::tests::override_after_argument ... ok
[INFO] [stdout] test recipe_resolver::tests::circular_recipe_dependency ... ok
[INFO] [stdout] test positional::tests::override_not_name ... ok
[INFO] [stdout] test positional::tests::override_after_search_directory ... ok
[INFO] [stdout] test recipe_resolver::tests::unknown_dependency ... ok
[INFO] [stdout] test range_ext::tests::exclusive ... ok
[INFO] [stdout] test range_ext::tests::inclusive ... ok
[INFO] [stdout] test recipe_resolver::tests::unknown_interpolation_variable ... ok
[INFO] [stdout] test positional::tests::search_directory_after_argument ... ok
[INFO] [stdout] test recipe_resolver::tests::unknown_second_interpolation_variable ... ok
[INFO] [stdout] test recipe_resolver::tests::unknown_variable_in_default ... ok
[INFO] [stdout] test recipe_resolver::tests::unknown_variable_in_dependency_argument ... ok
[INFO] [stdout] test search::tests::clean ... ok
[INFO] [stdout] test search_error::tests::multiple_candidates_formatting ... ok
[INFO] [stdout] test shebang::tests::split_shebang ... ok
[INFO] [stdout] test search::tests::multiple_candidates ... ok
[INFO] [stdout] test unindent::tests::commons ... ok
[INFO] [stdout] test unindent::tests::indentations ... ok
[INFO] [stdout] test search::tests::found_and_stopped_at_first_justfile ... ok
[INFO] [stdout] test unindent::tests::blanks ... ok
[INFO] [stdout] test unindent::tests::unindents ... ok
[INFO] [stdout] test search::tests::found_from_inner_dir ... ok
[INFO] [stdout] test search::tests::not_found ... ok
[INFO] [stdout] test search::tests::found ... ok
[INFO] [stdout] test search::tests::justfile_symlink_parent ... ok
[INFO] [stdout] test search::tests::found_spongebob_case ... ok
[INFO] [stdout] 
[INFO] [stdout] test result: ok. 445 passed; 0 failed; 0 ignored; 0 measured; 0 filtered out; finished in 0.22s
[INFO] [stdout] 
[INFO] [stderr]      Running unittests src/main.rs (/opt/rustwide/target/debug/deps/just-c35ed83e25909201)
[INFO] [stdout] 
[INFO] [stderr]      Running tests/lib.rs (/opt/rustwide/target/debug/deps/integration-9e57d5831faa543d)
[INFO] [stdout] running 0 tests
[INFO] [stdout] 
[INFO] [stdout] test result: ok. 0 passed; 0 failed; 0 ignored; 0 measured; 0 filtered out; finished in 0.00s
[INFO] [stdout] 
[INFO] [stdout] 
[INFO] [stdout] running 302 tests
[INFO] [stdout] test choose::default ... ok
[INFO] [stdout] test choose::no_choosable_recipes ... ok
[INFO] [stdout] test completions::output ... ok
[INFO] [stdout] test choose::chooser ... ok
[INFO] [stdout] test choose::skip_recipes_that_require_arguments ... ok
[INFO] [stdout] test choose::override_variable ... ok
[INFO] [stdout] test choose::skip_private_recipes ... ok
[INFO] [stdout] test choose::multiple_recipes ... ok
[INFO] [stdout] test choose::env ... ok
[INFO] [stdout] test conditional::complex_expressions ... ok
[INFO] [stdout] test conditional::undefined_lhs ... ok
[INFO] [stdout] test conditional::dump ... ok
[INFO] [stdout] test conditional::otherwise_branch_unevaluated ... ok
[INFO] [stdout] test conditional::undefined_then ... ok
[INFO] [stdout] test conditional::otherwise_branch_unevaluated_inverted ... ok
[INFO] [stdout] test conditional::undefined_rhs ... ok
[INFO] [stdout] test conditional::unexpected_op ... ok
[INFO] [stdout] test conditional::undefined_otherwise ... ok
[INFO] [stdout] test conditional::then_branch_unevaluated_inverted ... ok
[INFO] [stdout] test delimiters::mismatched_delimiter ... ok
[INFO] [stdout] test conditional::then_branch_unevaluated ... ok
[INFO] [stdout] test delimiters::no_interpolation_continuation ... ok
[INFO] [stdout] test delimiters::unexpected_delimiter ... ok
[INFO] [stdout] test delimiters::paren_continuation ... ok
[INFO] [stdout] test delimiters::dependency_continuation ... ok
[INFO] [stdout] test delimiters::bracket_continuation ... ok
[INFO] [stdout] test dotenv::dotenv ... ok
[INFO] [stdout] test delimiters::brace_continuation ... ok
[INFO] [stdout] test error_messages::expected_keyword ... ok
[INFO] [stdout] test dotenv::set_implicit ... ok
[INFO] [stdout] test dotenv::set_false ... ok
[INFO] [stdout] test error_messages::unexpected_character ... ok
[INFO] [stdout] test dotenv::set_true ... ok
[INFO] [stdout] test edit::invalid_justfile ... ok
[INFO] [stdout] test edit::editor_working_directory ... ok
[INFO] [stdout] test evaluate::evaluate_no_suggestion ... ok
[INFO] [stdout] test evaluate::evaluate_suggestion ... ok
[INFO] [stdout] test evaluate::evaluate_single ... ok
[INFO] [stdout] test edit::editor_precedence ... ok
[INFO] [stdout] test evaluate::evaluate_empty ... ok
[INFO] [stdout] test evaluate::evaluate_multiple ... ok
[INFO] [stdout] test evaluate::evaluate ... ok
[INFO] [stdout] test examples::examples ... ok
[INFO] [stdout] test export::override_variable ... ok
[INFO] [stdout] test export::parameter ... ok
[INFO] [stdout] test export::recipe_backtick ... ok
[INFO] [stdout] test export::setting_shebang ... ok
[INFO] [stdout] test export::setting_implicit ... ok
[INFO] [stdout] test export::parameter_not_visible_to_backtick ... ok
[INFO] [stdout] test export::setting_false ... ok
[INFO] [stdout] test export::setting_override_undefined ... ok
[INFO] [stdout] test init::alternate_marker ... ok
[INFO] [stdout] test init::current_dir ... ok
[INFO] [stdout] test init::exists ... ok
[INFO] [stdout] test init::justfile ... ok
[INFO] [stdout] test export::setting_true ... ok
[INFO] [stdout] test interrupts::unix::interrupt_backtick ... ignored
[INFO] [stdout] test interrupts::unix::interrupt_line ... ignored
[INFO] [stdout] test interrupts::unix::interrupt_shebang ... ignored
[INFO] [stdout] test init::invocation_directory ... ok
[INFO] [stdout] test init::search_directory ... ok
[INFO] [stdout] test init::justfile_and_working_directory ... ok
[INFO] [stdout] test init::parent_dir ... ok
[INFO] [stdout] test export::setting_variable_not_visible ... ok
[INFO] [stdout] test export::shebang ... ok
[INFO] [stdout] test export::success ... ok
[INFO] [stdout] test misc::alias_listing_private ... ok
[INFO] [stdout] test invocation_directory::test_invocation_directory ... ok
[INFO] [stdout] test misc::alias_listing ... ok
[INFO] [stdout] test misc::alias_listing_multiple_aliases ... ok
[INFO] [stdout] test misc::alias_listing_parameters ... ok
[INFO] [stdout] test misc::alias ... ok
[INFO] [stdout] test misc::argument_mismatch_fewer ... ok
[INFO] [stdout] test misc::alias_show_missing_target ... ok
[INFO] [stdout] test misc::alias_show ... ok
[INFO] [stdout] test misc::alias_shadows_recipe ... ok
[INFO] [stdout] test misc::argument_mismatch_more ... ok
[INFO] [stdout] test misc::argument_mismatch_fewer_with_default ... ok
[INFO] [stdout] test misc::argument_mismatch_more_with_default ... ok
[INFO] [stdout] test misc::assignment_backtick_failure ... ok
[INFO] [stdout] test misc::alias_with_dependencies ... ok
[INFO] [stdout] test misc::alias_with_parameters ... ok
[INFO] [stdout] test misc::argument_multiple ... ok
[INFO] [stdout] test misc::backtick_code_assignment ... ok
[INFO] [stdout] test misc::argument_grouping ... ok
[INFO] [stdout] test misc::backtick_code_interpolation_tab ... ok
[INFO] [stdout] test misc::argument_single ... ok
[INFO] [stdout] test misc::backtick_code_interpolation_tabs ... ok
[INFO] [stdout] test misc::backtick_code_interpolation_leading_emoji ... ok
[INFO] [stdout] test misc::backtick_code_interpolation_inner_tab ... ok
[INFO] [stdout] test misc::backtick_code_interpolation_mod ... ok
[INFO] [stdout] test misc::backtick_code_interpolation ... ok
[INFO] [stdout] test misc::backtick_code_interpolation_unicode_hell ... ok
[INFO] [stdout] test misc::backtick_code_long ... ok
[INFO] [stdout] test misc::backtick_default_cat_stdin ... ok
[INFO] [stdout] test misc::backtick_default_read_multiple ... ok
[INFO] [stdout] test misc::backtick_trimming ... ok
[INFO] [stdout] test misc::backtick_variable_read_single ... ok
[INFO] [stdout] test misc::backtick_default_cat_justfile ... ok
[INFO] [stdout] test misc::color_always ... ok
[INFO] [stdout] test misc::color_never ... ok
[INFO] [stdout] test misc::color_auto ... ok
[INFO] [stdout] test misc::colors_no_context ... ok
[INFO] [stdout] test misc::backtick_variable_read_multiple ... ok
[INFO] [stdout] test misc::command_backtick_failure ... ok
[INFO] [stdout] test misc::bad_setting ... ok
[INFO] [stdout] test misc::backtick_success ... ok
[INFO] [stdout] test misc::complex_dependencies ... ok
[INFO] [stdout] test misc::backtick_variable_cat ... ok
[INFO] [stdout] test misc::brace_escape ... ok
[INFO] [stdout] test misc::comment_before_variable ... ok
[INFO] [stdout] test misc::brace_escape_extra ... ok
[INFO] [stdout] test misc::default_concatination ... ok
[INFO] [stdout] test misc::dependency_argument_assignment ... ok
[INFO] [stdout] test misc::default ... ok
[INFO] [stdout] test misc::dependency_argument_function ... ok
[INFO] [stdout] test misc::default_variable ... ok
[INFO] [stdout] test misc::default_backtick ... ok
[INFO] [stdout] test misc::dependency_takes_arguments_at_least ... ok
[INFO] [stdout] test misc::dependency_argument_backtick ... ok
[INFO] [stdout] test misc::default_string ... ok
[INFO] [stdout] test misc::dependency_takes_arguments_exact ... ok
[INFO] [stdout] test misc::dependency_argument_parameter ... ok
[INFO] [stdout] test misc::dependency_takes_arguments_at_most ... ok
[INFO] [stdout] test misc::dependency_argument_string ... ok
[INFO] [stdout] test misc::dependency_argument_plus_variadic ... ok
[INFO] [stdout] test misc::dotenv_env_var_override ... ok
[INFO] [stdout] test misc::duplicate_alias ... ok
[INFO] [stdout] test misc::dump ... ok
[INFO] [stdout] test misc::dotenv_variable_in_function_in_backtick ... ok
[INFO] [stdout] test misc::dry_run ... ok
[INFO] [stdout] test misc::dotenv_variable_in_function_in_recipe ... ok
[INFO] [stdout] test misc::dotenv_variable_in_recipe ... ok
[INFO] [stdout] test misc::dotenv_variable_in_backtick ... ok
[INFO] [stdout] test misc::duplicate_variable ... ok
[INFO] [stdout] test misc::duplicate_parameter ... ok
[INFO] [stdout] test misc::env_var_failure ... ok
[INFO] [stdout] test misc::equals_deprecated_alias ... ok
[INFO] [stdout] test misc::duplicate_recipe ... ok
[INFO] [stdout] test misc::equals_deprecated_assignment ... ok
[INFO] [stdout] test misc::equals_deprecated_export ... ok
[INFO] [stdout] test misc::inconsistent_leading_whitespace ... ok
[INFO] [stdout] test misc::extra_leading_whitespace ... ok
[INFO] [stdout] test misc::duplicate_dependency_argument ... ok
[INFO] [stdout] test misc::infallable_with_failing ... ok
[INFO] [stdout] test misc::interpolation_evaluation_ignore_quiet ... ok
[INFO] [stdout] test misc::interpolation_evaluation_ignore_quiet_continuation ... ok
[INFO] [stdout] test misc::duplicate_dependency_no_args ... ok
[INFO] [stdout] test misc::invalid_escape_sequence_message ... ok
[INFO] [stdout] test misc::infallable_command ... ok
[INFO] [stdout] test misc::line_error_spacing ... ok
[INFO] [stdout] test misc::line_continuation_no_space ... ok
[INFO] [stdout] test misc::env_var_functions ... FAILED
[INFO] [stdout] test misc::list_alignment ... ok
[INFO] [stdout] test misc::line_continuation_with_quoted_space ... ok
[INFO] [stdout] test misc::list_heading ... ok
[INFO] [stdout] test misc::line_continuation_with_space ... ok
[INFO] [stdout] test misc::list_empty_prefix_and_heading ... ok
[INFO] [stdout] test misc::long_circular_recipe_dependency ... ok
[INFO] [stdout] test misc::list ... ok
[INFO] [stdout] test misc::list_colors ... ok
[INFO] [stdout] test misc::missing_second_dependency ... ok
[INFO] [stdout] test misc::list_sorted ... ok
[INFO] [stdout] test misc::list_unsorted ... ok
[INFO] [stdout] test misc::list_prefix ... ok
[INFO] [stdout] test misc::list_alignment_long ... ok
[INFO] [stdout] test misc::mixed_whitespace ... ok
[INFO] [stdout] test misc::no_highlight ... ok
[INFO] [stdout] test misc::parameter_cross_reference_error ... ok
[INFO] [stdout] test misc::parameter_shadows_variable ... ok
[INFO] [stdout] test misc::no_dotenv ... ok
[INFO] [stdout] test misc::plus_variadic_too_few ... ok
[INFO] [stdout] test misc::multi_line_string_in_interpolation ... ok
[INFO] [stdout] test misc::plus_then_star_variadic ... ok
[INFO] [stdout] test misc::overrides_first ... ok
[INFO] [stdout] test misc::overrides_not_evaluated ... ok
[INFO] [stdout] test misc::plus_variadic_ignore_default ... ok
[INFO] [stdout] test misc::quiet ... ok
[INFO] [stdout] test misc::plus_variadic_recipe ... ok
[INFO] [stdout] test misc::required_after_plus_variadic ... ok
[INFO] [stdout] test misc::print ... ok
[INFO] [stdout] test misc::run_suggestion ... ok
[INFO] [stdout] test misc::required_after_star_variadic ... ok
[INFO] [stdout] test misc::quiet_shebang_recipe ... ok
[INFO] [stdout] test misc::required_after_default ... ok
[INFO] [stdout] test misc::quiet_recipe ... ok
[INFO] [stdout] test misc::plus_variadic_use_default ... ok
[INFO] [stdout] test misc::self_dependency ... ok
[INFO] [stdout] test misc::order ... ok
[INFO] [stdout] test misc::shebang_backtick_failure ... ok
[INFO] [stdout] test misc::show_alias_suggestion ... ok
[INFO] [stdout] test misc::show_no_suggestion ... ok
[INFO] [stdout] test misc::star_then_plus_variadic ... ok
[INFO] [stdout] test misc::show_no_alias_suggestion ... ok
[INFO] [stdout] test misc::show_suggestion ... ok
[INFO] [stdout] test misc::select ... ok
[INFO] [stdout] test misc::show ... ok
[INFO] [stdout] test misc::shebang_line_numbers ... ok
[INFO] [stdout] test misc::run_colors ... ok
[INFO] [stdout] test misc::status_passthrough ... ok
[INFO] [stdout] test misc::summary_unsorted ... ok
[INFO] [stdout] test misc::star_variadic_ignore_default ... ok
[INFO] [stdout] test misc::star_variadic_recipe ... ok
[INFO] [stdout] test misc::star_variadic_none ... ok
[INFO] [stdout] test misc::summary_sorted ... ok
[INFO] [stdout] test misc::star_variadic_use_default ... ok
[INFO] [stdout] test misc::summary ... ok
[INFO] [stdout] test misc::unexpected_token_after_name ... ok
[INFO] [stdout] test misc::supply_defaults ... ok
[INFO] [stdout] test misc::supply_use_default ... ok
[INFO] [stdout] test misc::unexpected_token_in_dependency_position ... ok
[INFO] [stdout] test misc::unknown_alias_target ... ok
[INFO] [stdout] test misc::test_just_executable_function ... ok
[INFO] [stdout] test misc::test_os_arch_functions_in_default ... ok
[INFO] [stdout] test misc::unknown_dependency ... ok
[INFO] [stdout] test misc::unknown_function_in_default ... ok
[INFO] [stdout] test misc::unknown_function_in_assignment ... ok
[INFO] [stdout] test misc::test_os_arch_functions_in_interpolation ... ok
[INFO] [stdout] test misc::trailing_flags ... ok
[INFO] [stdout] test misc::test_os_arch_functions_in_expression ... ok
[INFO] [stdout] test misc::unknown_override_options ... ok
[INFO] [stdout] test misc::unknown_recipe ... ok
[INFO] [stdout] test misc::unknown_recipes ... ok
[INFO] [stdout] test misc::unknown_override_arg ... ok
[INFO] [stdout] test misc::unknown_variable_in_default ... ok
[INFO] [stdout] test misc::unknown_override_args ... ok
[INFO] [stdout] test misc::variable_self_dependency ... ok
[INFO] [stdout] test misc::variable_circular_dependency ... ok
[INFO] [stdout] test misc::unknown_start_of_token ... ok
[INFO] [stdout] test misc::unterminated_interpolation_eof ... ok
[INFO] [stdout] test misc::unterminated_interpolation_eol ... ok
[INFO] [stdout] test misc::use_raw_string_default ... ok
[INFO] [stdout] test misc::use_string_default ... ok
[INFO] [stdout] test misc::variables ... ok
[INFO] [stdout] test positional_arguments::variadic_arguments_are_separate ... ok
[INFO] [stdout] test quiet::assignment_backtick_stderr ... ok
[INFO] [stdout] test positional_arguments::empty_variadic_is_undefined ... ok
[INFO] [stdout] test positional_arguments::linewise ... ok
[INFO] [stdout] test quiet::choose_none ... ok
[INFO] [stdout] test misc::verbose ... ok
[INFO] [stdout] test quiet::choose_invocation ... ok
[INFO] [stdout] test positional_arguments::default_arguments ... ok
[INFO] [stdout] test positional_arguments::shebang ... ok
[INFO] [stdout] test quiet::edit_invocation ... ok
[INFO] [stdout] test quiet::choose_status ... ok
[INFO] [stdout] test quiet::error_messages ... ok
[INFO] [stdout] test quiet::init_exists ... ok
[INFO] [stdout] test quiet::edit_status ... ok
[INFO] [stdout] test quiet::show_missing ... ok
[INFO] [stdout] test positional_arguments::variadic_shebang ... ok
[INFO] [stdout] test positional_arguments::variadic_linewise ... ok
[INFO] [stdout] test quiet::interpolation_backtick_stderr ... ok
[INFO] [stdout] test quiet::no_stdout ... ok
[INFO] [stdout] test quiet::quiet_shebang ... ok
[INFO] [stdout] test quiet::command_echoing ... ok
[INFO] [stdout] test search::single_downards ... ok
[INFO] [stdout] test quiet::stderr ... ok
[INFO] [stdout] test search::single_upwards ... ok
[INFO] [stdout] test search::test_capitalized_justfile_search ... ok
[INFO] [stdout] test shell::cmd ... ignored
[INFO] [stdout] test quiet::summary_none ... ok
[INFO] [stdout] test shell::powershell ... ignored
[INFO] [stdout] test search::test_justfile_search ... ok
[INFO] [stdout] test search::test_upwards_path_argument ... ok
[INFO] [stdout] test search::test_upwards_multiple_path_argument ... ok
[INFO] [stdout] test shell::flag ... ok
[INFO] [stdout] test shell::set_shell ... ok
[INFO] [stdout] test shell::shell_arg_override ... ok
[INFO] [stdout] test string::error_column_after_multiline_raw_string ... ok
[INFO] [stdout] test search::test_downwards_path_argument ... ok
[INFO] [stdout] test string::error_line_after_multiline_raw_string_in_interpolation ... ok
[INFO] [stdout] test string::error_line_after_multiline_raw_string ... ok
[INFO] [stdout] test shell::shell_override ... ok
[INFO] [stdout] test string::cooked_string_suppress_newline ... ok
[INFO] [stdout] test shell::shell_args ... ok
[INFO] [stdout] test string::indented_backtick_string_escapes ... ok
[INFO] [stdout] test string::indented_backtick_string_contents_indentation_removed ... ok
[INFO] [stdout] test string::indented_raw_string_escapes ... ok
[INFO] [stdout] test string::invalid_escape_sequence ... ok
[INFO] [stdout] test string::indented_cooked_string_contents_indentation_removed ... ok
[INFO] [stdout] test string::indented_cooked_string_escapes ... ok
[INFO] [stdout] test search::test_downwards_multiple_path_argument ... ok
[INFO] [stdout] test string::multiline_raw_string ... ok
[INFO] [stdout] test string::indented_raw_string_contents_indentation_removed ... ok
[INFO] [stdout] test string::shebang_backtick ... ok
[INFO] [stdout] test string::unterminated_backtick ... ok
[INFO] [stdout] test string::unterminated_indented_raw_string ... ok
[INFO] [stdout] test string::multiline_backtick ... ok
[INFO] [stdout] test string::unterminated_raw_string ... ok
[INFO] [stdout] test string::raw_string ... ok
[INFO] [stdout] test string::multiline_cooked_string ... ok
[INFO] [stdout] test string::unterminated_indented_backtick ... ok
[INFO] [stdout] test string::unterminated_indented_string ... ok
[INFO] [stdout] test string::multiline_raw_string_in_interpolation ... ok
[INFO] [stdout] test string::unterminated_string ... ok
[INFO] [stdout] test working_directory::search_dir_child ... ok
[INFO] [stdout] test working_directory::change_working_directory_to_search_justfile_parent ... ok
[INFO] [stdout] test working_directory::search_dir_parent ... ok
[INFO] [stdout] test working_directory::justfile_without_working_directory_relative ... ok
[INFO] [stdout] test working_directory::justfile_without_working_directory ... ok
[INFO] [stdout] test working_directory::justfile_and_working_directory ... ok
[INFO] [stdout] test readme::readme ... ok
[INFO] [stdout] 
[INFO] [stdout] failures:
[INFO] [stdout] 
[INFO] [stdout] ---- misc::env_var_functions stdout ----
[INFO] [stdout] thread 'misc::env_var_functions' panicked at tests/misc.rs:1169:55:
[INFO] [stdout] called `Result::unwrap()` on an `Err` value: NotPresent
[INFO] [stdout] stack backtrace:
[INFO] [stdout]    0:     0x5652a57c9e56 - std::backtrace_rs::backtrace::libunwind::trace::h261606ad26a499c1
[INFO] [stdout]                                at /rustc/0e09125c6c3c2fd70d7de961bcf0e51575235fad/library/std/src/../../backtrace/src/backtrace/libunwind.rs:104:5
[INFO] [stdout]    1:     0x5652a57c9e56 - std::backtrace_rs::backtrace::trace_unsynchronized::hd183f0625477fb28
[INFO] [stdout]                                at /rustc/0e09125c6c3c2fd70d7de961bcf0e51575235fad/library/std/src/../../backtrace/src/backtrace/mod.rs:66:5
[INFO] [stdout]    2:     0x5652a57c9e56 - std::sys_common::backtrace::_print_fmt::hd7f8fef21b4eda67
[INFO] [stdout]                                at /rustc/0e09125c6c3c2fd70d7de961bcf0e51575235fad/library/std/src/sys_common/backtrace.rs:68:5
[INFO] [stdout]    3:     0x5652a57c9e56 - <std::sys_common::backtrace::_print::DisplayBacktrace as core::fmt::Display>::fmt::h623d9b51f2f453f1
[INFO] [stdout]                                at /rustc/0e09125c6c3c2fd70d7de961bcf0e51575235fad/library/std/src/sys_common/backtrace.rs:44:22
[INFO] [stdout]    4:     0x5652a57f45b0 - core::fmt::rt::Argument::fmt::h9f417ac76a86f368
[INFO] [stdout]                                at /rustc/0e09125c6c3c2fd70d7de961bcf0e51575235fad/library/core/src/fmt/rt.rs:142:9
[INFO] [stdout]    5:     0x5652a57f45b0 - core::fmt::write::hc9b6faf4ac2aeff7
[INFO] [stdout]                                at /rustc/0e09125c6c3c2fd70d7de961bcf0e51575235fad/library/core/src/fmt/mod.rs:1120:17
[INFO] [stdout]    6:     0x5652a57c6eaf - std::io::Write::write_fmt::he04625a3a989fec3
[INFO] [stdout]                                at /rustc/0e09125c6c3c2fd70d7de961bcf0e51575235fad/library/std/src/io/mod.rs:1810:15
[INFO] [stdout]    7:     0x5652a57c9c34 - std::sys_common::backtrace::_print::hd5d66399c7df88a2
[INFO] [stdout]                                at /rustc/0e09125c6c3c2fd70d7de961bcf0e51575235fad/library/std/src/sys_common/backtrace.rs:47:5
[INFO] [stdout]    8:     0x5652a57c9c34 - std::sys_common::backtrace::print::he81ed2da642d37e5
[INFO] [stdout]                                at /rustc/0e09125c6c3c2fd70d7de961bcf0e51575235fad/library/std/src/sys_common/backtrace.rs:34:9
[INFO] [stdout]    9:     0x5652a57cbff7 - std::panicking::default_hook::{{closure}}::h85773f4fa117163d
[INFO] [stdout]   10:     0x5652a57cbcdd - std::panicking::default_hook::h6a1694a91d09b278
[INFO] [stdout]                                at /rustc/0e09125c6c3c2fd70d7de961bcf0e51575235fad/library/std/src/panicking.rs:289:9
[INFO] [stdout]   11:     0x5652a5712b47 - <alloc::boxed::Box<F,A> as core::ops::function::Fn<Args>>::call::h616ac37fa3cd6c8f
[INFO] [stdout]                                at /rustc/0e09125c6c3c2fd70d7de961bcf0e51575235fad/library/alloc/src/boxed.rs:2029:9
[INFO] [stdout]   12:     0x5652a5712b47 - test::test_main::{{closure}}::h00d84697cefdcbb6
[INFO] [stdout]                                at /rustc/0e09125c6c3c2fd70d7de961bcf0e51575235fad/library/test/src/lib.rs:138:21
[INFO] [stdout]   13:     0x5652a57cc616 - <alloc::boxed::Box<F,A> as core::ops::function::Fn<Args>>::call::hcb3fe3b9bb537ba8
[INFO] [stdout]                                at /rustc/0e09125c6c3c2fd70d7de961bcf0e51575235fad/library/alloc/src/boxed.rs:2029:9
[INFO] [stdout]   14:     0x5652a57cc616 - std::panicking::rust_panic_with_hook::h0a7ad96e90f7145b
[INFO] [stdout]                                at /rustc/0e09125c6c3c2fd70d7de961bcf0e51575235fad/library/std/src/panicking.rs:783:13
[INFO] [stdout]   15:     0x5652a57cc362 - std::panicking::begin_panic_handler::{{closure}}::h7919090525c6485e
[INFO] [stdout]                                at /rustc/0e09125c6c3c2fd70d7de961bcf0e51575235fad/library/std/src/panicking.rs:657:13
[INFO] [stdout]   16:     0x5652a57ca356 - std::sys_common::backtrace::__rust_end_short_backtrace::hf3289479464f7dfe
[INFO] [stdout]                                at /rustc/0e09125c6c3c2fd70d7de961bcf0e51575235fad/library/std/src/sys_common/backtrace.rs:171:18
[INFO] [stdout]   17:     0x5652a57cc0c0 - rust_begin_unwind
[INFO] [stdout]                                at /rustc/0e09125c6c3c2fd70d7de961bcf0e51575235fad/library/std/src/panicking.rs:645:5
[INFO] [stdout]   18:     0x5652a569a885 - core::panicking::panic_fmt::hcc9f77c5c132af55
[INFO] [stdout]                                at /rustc/0e09125c6c3c2fd70d7de961bcf0e51575235fad/library/core/src/panicking.rs:72:14
[INFO] [stdout]   19:     0x5652a569ae23 - core::result::unwrap_failed::hbe14f498be1452f9
[INFO] [stdout]                                at /rustc/0e09125c6c3c2fd70d7de961bcf0e51575235fad/library/core/src/result.rs:1649:5
[INFO] [stdout]   20:     0x5652a56a96c4 - core::result::Result<T,E>::unwrap::ha85c655d85631d2c
[INFO] [stdout]                                at /rustc/0e09125c6c3c2fd70d7de961bcf0e51575235fad/library/core/src/result.rs:1073:23
[INFO] [stdout]   21:     0x5652a56d4b39 - integration::misc::env_var_functions::heab2cb31bd0513d8
[INFO] [stdout]                                at /opt/rustwide/workdir/tests/misc.rs:1169:38
[INFO] [stdout]   22:     0x5652a56d4a97 - integration::misc::env_var_functions::{{closure}}::he8c24a9b51613743
[INFO] [stdout]                                at /opt/rustwide/workdir/tests/test.rs:21:15
[INFO] [stdout]   23:     0x5652a569e5e6 - core::ops::function::FnOnce::call_once::h96fbc0386c9696a0
[INFO] [stdout]                                at /rustc/0e09125c6c3c2fd70d7de961bcf0e51575235fad/library/core/src/ops/function.rs:250:5
[INFO] [stdout]   24:     0x5652a571841f - core::ops::function::FnOnce::call_once::hd64d26f405258157
[INFO] [stdout]                                at /rustc/0e09125c6c3c2fd70d7de961bcf0e51575235fad/library/core/src/ops/function.rs:250:5
[INFO] [stdout]   25:     0x5652a571841f - test::__rust_begin_short_backtrace::he21b0b7a6d731bf9
[INFO] [stdout]                                at /rustc/0e09125c6c3c2fd70d7de961bcf0e51575235fad/library/test/src/lib.rs:627:18
[INFO] [stdout]   26:     0x5652a57171a1 - test::run_test_in_process::{{closure}}::hf5c73986d7bdfde2
[INFO] [stdout]                                at /rustc/0e09125c6c3c2fd70d7de961bcf0e51575235fad/library/test/src/lib.rs:650:60
[INFO] [stdout]   27:     0x5652a57171a1 - <core::panic::unwind_safe::AssertUnwindSafe<F> as core::ops::function::FnOnce<()>>::call_once::h330011ad032aadc0
[INFO] [stdout]                                at /rustc/0e09125c6c3c2fd70d7de961bcf0e51575235fad/library/core/src/panic/unwind_safe.rs:272:9
[INFO] [stdout]   28:     0x5652a57171a1 - std::panicking::try::do_call::he61b0a958b795a41
[INFO] [stdout]                                at /rustc/0e09125c6c3c2fd70d7de961bcf0e51575235fad/library/std/src/panicking.rs:552:40
[INFO] [stdout]   29:     0x5652a57171a1 - std::panicking::try::h7309da130f906eb7
[INFO] [stdout]                                at /rustc/0e09125c6c3c2fd70d7de961bcf0e51575235fad/library/std/src/panicking.rs:516:19
[INFO] [stdout]   30:     0x5652a57171a1 - std::panic::catch_unwind::hc5c3a06fdaf0a92a
[INFO] [stdout]                                at /rustc/0e09125c6c3c2fd70d7de961bcf0e51575235fad/library/std/src/panic.rs:142:14
[INFO] [stdout]   31:     0x5652a57171a1 - test::run_test_in_process::h7e7b7c71c3324e0f
[INFO] [stdout]                                at /rustc/0e09125c6c3c2fd70d7de961bcf0e51575235fad/library/test/src/lib.rs:650:27
[INFO] [stdout]   32:     0x5652a57171a1 - test::run_test::{{closure}}::h1f509f28f5cf20b1
[INFO] [stdout]                                at /rustc/0e09125c6c3c2fd70d7de961bcf0e51575235fad/library/test/src/lib.rs:573:43
[INFO] [stdout]   33:     0x5652a56de4d6 - test::run_test::{{closure}}::h1754218abf443f6d
[INFO] [stdout]                                at /rustc/0e09125c6c3c2fd70d7de961bcf0e51575235fad/library/test/src/lib.rs:601:41
[INFO] [stdout]   34:     0x5652a56de4d6 - std::sys_common::backtrace::__rust_begin_short_backtrace::h2ee174b9d5954948
[INFO] [stdout]                                at /rustc/0e09125c6c3c2fd70d7de961bcf0e51575235fad/library/std/src/sys_common/backtrace.rs:155:18
[INFO] [stdout]   35:     0x5652a56e3537 - std::thread::Builder::spawn_unchecked_::{{closure}}::{{closure}}::hf60bee9c1a17ef09
[INFO] [stdout]                                at /rustc/0e09125c6c3c2fd70d7de961bcf0e51575235fad/library/std/src/thread/mod.rs:529:17
[INFO] [stdout]   36:     0x5652a56e3537 - <core::panic::unwind_safe::AssertUnwindSafe<F> as core::ops::function::FnOnce<()>>::call_once::h33d0dddec5216160
[INFO] [stdout]                                at /rustc/0e09125c6c3c2fd70d7de961bcf0e51575235fad/library/core/src/panic/unwind_safe.rs:272:9
[INFO] [stdout]   37:     0x5652a56e3537 - std::panicking::try::do_call::h144b3048b546f835
[INFO] [stdout]                                at /rustc/0e09125c6c3c2fd70d7de961bcf0e51575235fad/library/std/src/panicking.rs:552:40
[INFO] [stdout]   38:     0x5652a56e3537 - std::panicking::try::h978244d04646189f
[INFO] [stdout]                                at /rustc/0e09125c6c3c2fd70d7de961bcf0e51575235fad/library/std/src/panicking.rs:516:19
[INFO] [stdout]   39:     0x5652a56e3537 - std::panic::catch_unwind::hdf436369d188fe86
[INFO] [stdout]                                at /rustc/0e09125c6c3c2fd70d7de961bcf0e51575235fad/library/std/src/panic.rs:142:14
[INFO] [stdout]   40:     0x5652a56e3537 - std::thread::Builder::spawn_unchecked_::{{closure}}::h87329cbdd33c79ec
[INFO] [stdout]                                at /rustc/0e09125c6c3c2fd70d7de961bcf0e51575235fad/library/std/src/thread/mod.rs:528:30
[INFO] [stdout]   41:     0x5652a56e3537 - core::ops::function::FnOnce::call_once{{vtable.shim}}::h401abbe67897d450
[INFO] [stdout]                                at /rustc/0e09125c6c3c2fd70d7de961bcf0e51575235fad/library/core/src/ops/function.rs:250:5
[INFO] [stdout]   42:     0x5652a57d1f95 - <alloc::boxed::Box<F,A> as core::ops::function::FnOnce<Args>>::call_once::h5d7c8f150ab9c84c
[INFO] [stdout]                                at /rustc/0e09125c6c3c2fd70d7de961bcf0e51575235fad/library/alloc/src/boxed.rs:2015:9
[INFO] [stdout]   43:     0x5652a57d1f95 - <alloc::boxed::Box<F,A> as core::ops::function::FnOnce<Args>>::call_once::h570d5b005c242c15
[INFO] [stdout]                                at /rustc/0e09125c6c3c2fd70d7de961bcf0e51575235fad/library/alloc/src/boxed.rs:2015:9
[INFO] [stdout]   44:     0x5652a57d1f95 - std::sys::unix::thread::Thread::new::thread_start::h36b0a20c0b2361ad
[INFO] [stdout]                                at /rustc/0e09125c6c3c2fd70d7de961bcf0e51575235fad/library/std/src/sys/unix/thread.rs:108:17
[INFO] [stdout]   45:     0x7f437459eac3 - <unknown>
[INFO] [stdout]   46:     0x7f437462fbf4 - __clone
[INFO] [stdout]   47:                0x0 - <unknown>
[INFO] [stdout] 
[INFO] [stdout] 
[INFO] [stdout] failures:
[INFO] [stdout]     misc::env_var_functions
[INFO] [stdout] 
[INFO] [stdout] test result: FAILED. 296 passed; 1 failed; 5 ignored; 0 measured; 0 filtered out; finished in 1.82s
[INFO] [stdout] 
[INFO] [stderr] error: test failed, to rerun pass `--test integration`
[INFO] running `Command { std: "docker" "inspect" "bdc172124abe56b56fc104a31b9cf0ac1d32ad0befc053f58ce4263358be2fe2", kill_on_drop: false }`
[INFO] running `Command { std: "docker" "rm" "-f" "bdc172124abe56b56fc104a31b9cf0ac1d32ad0befc053f58ce4263358be2fe2", kill_on_drop: false }`
[INFO] [stdout] bdc172124abe56b56fc104a31b9cf0ac1d32ad0befc053f58ce4263358be2fe2
