[INFO] cloning repository https://github.com/rogusdev/fast32
[INFO] running `Command { std: "git" "-c" "credential.helper=" "-c" "credential.helper=/workspace/cargo-home/bin/git-credential-null" "clone" "--bare" "https://github.com/rogusdev/fast32" "/workspace/cache/git-repos/https%3A%2F%2Fgithub.com%2Frogusdev%2Ffast32", kill_on_drop: false }`
[INFO] [stderr] Cloning into bare repository '/workspace/cache/git-repos/https%3A%2F%2Fgithub.com%2Frogusdev%2Ffast32'...
[INFO] running `Command { std: "git" "rev-parse" "HEAD", kill_on_drop: false }`
[INFO] [stdout] 2ecb121ffb09a0110ea746b02885dbb6c446b066
[INFO] testing rogusdev/fast32 against 1.75.0 for beta-1.76-1
[INFO] running `Command { std: "git" "clone" "/workspace/cache/git-repos/https%3A%2F%2Fgithub.com%2Frogusdev%2Ffast32" "/workspace/builds/worker-5-tc1/source", kill_on_drop: false }`
[INFO] [stderr] Cloning into '/workspace/builds/worker-5-tc1/source'...
[INFO] [stderr] done.
[INFO] validating manifest of git repo https://github.com/rogusdev/fast32 on toolchain 1.75.0
[INFO] running `Command { std: CARGO_HOME="/workspace/cargo-home" RUSTUP_HOME="/workspace/rustup-home" "/workspace/cargo-home/bin/cargo" "+1.75.0" "metadata" "--manifest-path" "Cargo.toml" "--no-deps", kill_on_drop: false }`
[INFO] started tweaking git repo https://github.com/rogusdev/fast32
[INFO] finished tweaking git repo https://github.com/rogusdev/fast32
[INFO] tweaked toml for git repo https://github.com/rogusdev/fast32 written to /workspace/builds/worker-5-tc1/source/Cargo.toml
[INFO] crate git repo https://github.com/rogusdev/fast32 already has a lockfile, it will not be regenerated
[INFO] running `Command { std: CARGO_HOME="/workspace/cargo-home" RUSTUP_HOME="/workspace/rustup-home" "/workspace/cargo-home/bin/cargo" "+1.75.0" "fetch" "--manifest-path" "Cargo.toml", kill_on_drop: false }`
[INFO] running `Command { std: "docker" "create" "-v" "/var/lib/crater-agent-workspace/builds/worker-5-tc1/target:/opt/rustwide/target:rw,Z" "-v" "/var/lib/crater-agent-workspace/builds/worker-5-tc1/source:/opt/rustwide/workdir:ro,Z" "-v" "/var/lib/crater-agent-workspace/cargo-home:/opt/rustwide/cargo-home:ro,Z" "-v" "/var/lib/crater-agent-workspace/rustup-home:/opt/rustwide/rustup-home:ro,Z" "-e" "SOURCE_DIR=/opt/rustwide/workdir" "-e" "CARGO_TARGET_DIR=/opt/rustwide/target" "-e" "CARGO_HOME=/opt/rustwide/cargo-home" "-e" "RUSTUP_HOME=/opt/rustwide/rustup-home" "-w" "/opt/rustwide/workdir" "-m" "1610612736" "--user" "0:0" "--network" "none" "ghcr.io/rust-lang/crates-build-env/linux@sha256:2788e3201cd34a07e3172128adcd8b3090168a8e3bcc40d7c032b9dda1df7d1c" "/opt/rustwide/cargo-home/bin/cargo" "+1.75.0" "metadata" "--no-deps" "--format-version=1", kill_on_drop: false }`
[INFO] [stdout] 66af8755d6165dd8327cd29d2db534a6627fa8d2b92e6f1bf0f76f98b1047b98
[INFO] running `Command { std: "docker" "start" "-a" "66af8755d6165dd8327cd29d2db534a6627fa8d2b92e6f1bf0f76f98b1047b98", kill_on_drop: false }`
[INFO] running `Command { std: "docker" "inspect" "66af8755d6165dd8327cd29d2db534a6627fa8d2b92e6f1bf0f76f98b1047b98", kill_on_drop: false }`
[INFO] running `Command { std: "docker" "rm" "-f" "66af8755d6165dd8327cd29d2db534a6627fa8d2b92e6f1bf0f76f98b1047b98", kill_on_drop: false }`
[INFO] [stdout] 66af8755d6165dd8327cd29d2db534a6627fa8d2b92e6f1bf0f76f98b1047b98
[INFO] running `Command { std: "docker" "create" "-v" "/var/lib/crater-agent-workspace/builds/worker-5-tc1/target:/opt/rustwide/target:rw,Z" "-v" "/var/lib/crater-agent-workspace/builds/worker-5-tc1/source:/opt/rustwide/workdir:ro,Z" "-v" "/var/lib/crater-agent-workspace/cargo-home:/opt/rustwide/cargo-home:ro,Z" "-v" "/var/lib/crater-agent-workspace/rustup-home:/opt/rustwide/rustup-home:ro,Z" "-e" "SOURCE_DIR=/opt/rustwide/workdir" "-e" "CARGO_TARGET_DIR=/opt/rustwide/target" "-e" "CARGO_INCREMENTAL=0" "-e" "RUST_BACKTRACE=full" "-e" "RUSTFLAGS=--cap-lints=warn" "-e" "RUSTDOCFLAGS=--cap-lints=warn" "-e" "CARGO_HOME=/opt/rustwide/cargo-home" "-e" "RUSTUP_HOME=/opt/rustwide/rustup-home" "-w" "/opt/rustwide/workdir" "-m" "1610612736" "--user" "0:0" "--network" "none" "ghcr.io/rust-lang/crates-build-env/linux@sha256:2788e3201cd34a07e3172128adcd8b3090168a8e3bcc40d7c032b9dda1df7d1c" "/opt/rustwide/cargo-home/bin/cargo" "+1.75.0" "build" "--frozen" "--message-format=json", kill_on_drop: false }`
[INFO] [stdout] a5b5f334514bbb8950ba01c15b697b17cea44d24c9f46365167563ed1d712d62
[INFO] running `Command { std: "docker" "start" "-a" "a5b5f334514bbb8950ba01c15b697b17cea44d24c9f46365167563ed1d712d62", kill_on_drop: false }`
[INFO] [stderr]    Compiling fast32 v1.0.2 (/opt/rustwide/workdir)
[INFO] [stderr]     Finished dev [unoptimized + debuginfo] target(s) in 1.22s
[INFO] running `Command { std: "docker" "inspect" "a5b5f334514bbb8950ba01c15b697b17cea44d24c9f46365167563ed1d712d62", kill_on_drop: false }`
[INFO] running `Command { std: "docker" "rm" "-f" "a5b5f334514bbb8950ba01c15b697b17cea44d24c9f46365167563ed1d712d62", kill_on_drop: false }`
[INFO] [stdout] a5b5f334514bbb8950ba01c15b697b17cea44d24c9f46365167563ed1d712d62
[INFO] running `Command { std: "docker" "create" "-v" "/var/lib/crater-agent-workspace/builds/worker-5-tc1/target:/opt/rustwide/target:rw,Z" "-v" "/var/lib/crater-agent-workspace/builds/worker-5-tc1/source:/opt/rustwide/workdir:ro,Z" "-v" "/var/lib/crater-agent-workspace/cargo-home:/opt/rustwide/cargo-home:ro,Z" "-v" "/var/lib/crater-agent-workspace/rustup-home:/opt/rustwide/rustup-home:ro,Z" "-e" "SOURCE_DIR=/opt/rustwide/workdir" "-e" "CARGO_TARGET_DIR=/opt/rustwide/target" "-e" "CARGO_INCREMENTAL=0" "-e" "RUST_BACKTRACE=full" "-e" "RUSTFLAGS=--cap-lints=warn" "-e" "RUSTDOCFLAGS=--cap-lints=warn" "-e" "CARGO_HOME=/opt/rustwide/cargo-home" "-e" "RUSTUP_HOME=/opt/rustwide/rustup-home" "-w" "/opt/rustwide/workdir" "-m" "1610612736" "--user" "0:0" "--network" "none" "ghcr.io/rust-lang/crates-build-env/linux@sha256:2788e3201cd34a07e3172128adcd8b3090168a8e3bcc40d7c032b9dda1df7d1c" "/opt/rustwide/cargo-home/bin/cargo" "+1.75.0" "test" "--frozen" "--no-run" "--message-format=json", kill_on_drop: false }`
[INFO] [stdout] 603f22f3b5f4c114e2e1ae75a40ac165c68cf3cbd19b14a81c064553cba1975d
[INFO] running `Command { std: "docker" "start" "-a" "603f22f3b5f4c114e2e1ae75a40ac165c68cf3cbd19b14a81c064553cba1975d", kill_on_drop: false }`
[INFO] [stderr]    Compiling fast32 v1.0.2 (/opt/rustwide/workdir)
[INFO] [stderr]     Finished test [unoptimized + debuginfo] target(s) in 1.27s
[INFO] running `Command { std: "docker" "inspect" "603f22f3b5f4c114e2e1ae75a40ac165c68cf3cbd19b14a81c064553cba1975d", kill_on_drop: false }`
[INFO] running `Command { std: "docker" "rm" "-f" "603f22f3b5f4c114e2e1ae75a40ac165c68cf3cbd19b14a81c064553cba1975d", kill_on_drop: false }`
[INFO] [stdout] 603f22f3b5f4c114e2e1ae75a40ac165c68cf3cbd19b14a81c064553cba1975d
[INFO] running `Command { std: "docker" "create" "-v" "/var/lib/crater-agent-workspace/builds/worker-5-tc1/target:/opt/rustwide/target:rw,Z" "-v" "/var/lib/crater-agent-workspace/builds/worker-5-tc1/source:/opt/rustwide/workdir:ro,Z" "-v" "/var/lib/crater-agent-workspace/cargo-home:/opt/rustwide/cargo-home:ro,Z" "-v" "/var/lib/crater-agent-workspace/rustup-home:/opt/rustwide/rustup-home:ro,Z" "-e" "SOURCE_DIR=/opt/rustwide/workdir" "-e" "CARGO_TARGET_DIR=/opt/rustwide/target" "-e" "CARGO_INCREMENTAL=0" "-e" "RUST_BACKTRACE=full" "-e" "RUSTFLAGS=--cap-lints=warn" "-e" "RUSTDOCFLAGS=--cap-lints=warn" "-e" "CARGO_HOME=/opt/rustwide/cargo-home" "-e" "RUSTUP_HOME=/opt/rustwide/rustup-home" "-w" "/opt/rustwide/workdir" "-m" "1610612736" "--user" "0:0" "--network" "none" "ghcr.io/rust-lang/crates-build-env/linux@sha256:2788e3201cd34a07e3172128adcd8b3090168a8e3bcc40d7c032b9dda1df7d1c" "/opt/rustwide/cargo-home/bin/cargo" "+1.75.0" "test" "--frozen", kill_on_drop: false }`
[INFO] [stdout] 2addefbe08c17a46486beb093001729a0c547f2531fc8263d3a21a849574b050
[INFO] running `Command { std: "docker" "start" "-a" "2addefbe08c17a46486beb093001729a0c547f2531fc8263d3a21a849574b050", kill_on_drop: false }`
[INFO] [stderr]     Finished test [unoptimized + debuginfo] target(s) in 0.01s
[INFO] [stderr]      Running unittests src/lib.rs (/opt/rustwide/target/debug/deps/fast32-81a362f5c83828b5)
[INFO] [stdout] 
[INFO] [stdout] running 1 test
[INFO] [stdout] test base32::alphabet::tests::confirm_crockford_decode ... ok
[INFO] [stdout] 
[INFO] [stdout] test result: ok. 1 passed; 0 failed; 0 ignored; 0 measured; 0 filtered out; finished in 0.00s
[INFO] [stdout] 
[INFO] [stderr]      Running tests/alphabets.rs (/opt/rustwide/target/debug/deps/alphabets-4a007046fc6eb605)
[INFO] [stdout] 
[INFO] [stdout] running 7 tests
[INFO] [stdout] test crockford_10238 ... ok
[INFO] [stdout] test rfc4648_32_10238 ... ok
[INFO] [stdout] test confirm_crockford_lower_decode ... ok
[INFO] [stdout] test crockford_1055_confirm ... ok
[INFO] [stdout] test base64_weird_flex_confirm ... ok
[INFO] [stdout] test confirm_b64_weird_flex_decode ... ok
[INFO] [stdout] test base64_weird_64_10238 ... ok
[INFO] [stdout] 
[INFO] [stdout] test result: ok. 7 passed; 0 failed; 0 ignored; 0 measured; 0 filtered out; finished in 0.01s
[INFO] [stdout] 
[INFO] [stderr]      Running tests/base32.rs (/opt/rustwide/target/debug/deps/base32-7a1d5b9654995598)
[INFO] [stdout] 
[INFO] [stdout] running 48 tests
[INFO] [stdout] test both_bytes_0 ... ok
[INFO] [stdout] test both_bytes_32_32_32_32_1 ... ok
[INFO] [stdout] test both_bytes_32 ... ok
[INFO] [stdout] test both_bytes_32_32 ... ok
[INFO] [stdout] test both_bytes_32_32_32_32 ... ok
[INFO] [stdout] test both_bytes_32_rfc4648 ... ok
[INFO] [stdout] test both_bytes_fox ... ok
[INFO] [stdout] test both_bytes_into ... ok
[INFO] [stdout] test both_bytes_5111 ... ok
[INFO] [stdout] test both_bytes_10238 ... ok
[INFO] [stdout] test both_bytes_31 ... ok
[INFO] [stdout] test both_bytes_31_rfc4648 ... ok
[INFO] [stdout] test both_bytes_33 ... ok
[INFO] [stdout] test both_bytes_u64_big ... ok
[INFO] [stdout] test both_bytes_max ... ok
[INFO] [stdout] test both_bytes_1066193093600 ... ok
[INFO] [stdout] test both_u128_111 ... ok
[INFO] [stdout] test both_u128_med ... ok
[INFO] [stdout] test both_u128_max ... ok
[INFO] [stdout] test both_u128_med_into ... ok
[INFO] [stdout] test both_u64_0_rfc4648 ... ok
[INFO] [stdout] test both_u64_0 ... ok
[INFO] [stdout] test both_u64_10238 ... ok
[INFO] [stdout] test both_u128_ones ... ok
[INFO] [stdout] test both_u64_31 ... ok
[INFO] [stdout] test both_u64_1066193093600 ... ok
[INFO] [stdout] test both_u128_big ... ok
[INFO] [stdout] test both_u64_32 ... ok
[INFO] [stdout] test both_u64_31_into ... ok
[INFO] [stdout] test both_u64_32_32_32_32 ... ok
[INFO] [stdout] test both_u64_33 ... ok
[INFO] [stdout] test both_u64_32_32_32_32_1 ... ok
[INFO] [stdout] test both_u64_111 ... ok
[INFO] [stdout] test both_u64_32_32 ... ok
[INFO] [stdout] test both_u64_5111 ... ok
[INFO] [stdout] test both_u64_max ... ok
[INFO] [stdout] test both_u64_big ... ok
[INFO] [stdout] test decode_bad ... ok
[INFO] [stdout] test check_capacity ... ok
[INFO] [stdout] test compare_bytes_u128 ... ok
[INFO] [stdout] test both_u64_low ... ok
[INFO] [stdout] test both_u64_ones ... ok
[INFO] [stdout] test rfc4648 ... ok
[INFO] [stdout] test panic_pad - should panic ... ok
[INFO] [stdout] test panic_encode_u64_into - should panic ... ok
[INFO] [stdout] test panic_bytes_into - should panic ... ok
[INFO] [stdout] test panic_encode_u128_into - should panic ... ok
[INFO] [stdout] test both_edges_u128 ... ok
[INFO] [stdout] 
[INFO] [stdout] test result: ok. 48 passed; 0 failed; 0 ignored; 0 measured; 0 filtered out; finished in 0.31s
[INFO] [stdout] 
[INFO] [stderr]      Running tests/base64.rs (/opt/rustwide/target/debug/deps/base64-e66a31f9ad78333b)
[INFO] [stdout] 
[INFO] [stdout] running 42 tests
[INFO] [stdout] test both_bytes_5111 ... ok
[INFO] [stdout] test both_bytes_0 ... ok
[INFO] [stdout] test both_bytes_1066193093600 ... ok
[INFO] [stdout] test both_bytes_64 ... ok
[INFO] [stdout] test both_bytes_63 ... ok
[INFO] [stdout] test both_bytes_65 ... ok
[INFO] [stdout] test both_bytes_31 ... ok
[INFO] [stdout] test both_bytes_fox ... ok
[INFO] [stdout] test both_bytes_into ... ok
[INFO] [stdout] test both_bytes_max ... ok
[INFO] [stdout] test both_bytes_10238 ... ok
[INFO] [stdout] test both_u128_111 ... ok
[INFO] [stdout] test both_u128_big ... ok
[INFO] [stdout] test both_u128_med_into ... ok
[INFO] [stdout] test both_u128_med ... ok
[INFO] [stdout] test both_u128_max ... ok
[INFO] [stdout] test both_bytes_u64_big ... ok
[INFO] [stdout] test both_u64_111 ... ok
[INFO] [stdout] test both_u64_31 ... ok
[INFO] [stdout] test both_u128_ones ... ok
[INFO] [stdout] test both_u64_63 ... ok
[INFO] [stdout] test both_u64_31_into ... ok
[INFO] [stdout] test both_u64_0 ... ok
[INFO] [stdout] test both_u64_10238 ... ok
[INFO] [stdout] test both_u64_1066193093600 ... ok
[INFO] [stdout] test both_u64_5111 ... ok
[INFO] [stdout] test both_u64_64 ... ok
[INFO] [stdout] test both_u64_64_64 ... ok
[INFO] [stdout] test both_u64_65 ... ok
[INFO] [stdout] test compare_bytes_u128 ... ok
[INFO] [stdout] test both_u64_low ... ok
[INFO] [stdout] test check_capacity ... ok
[INFO] [stdout] test decode_bad ... ok
[INFO] [stdout] test both_u64_max ... ok
[INFO] [stdout] test both_u64_ones ... ok
[INFO] [stdout] test both_u64_big ... ok
[INFO] [stdout] test panic_encode_u128_into - should panic ... ok
[INFO] [stdout] test rfc4648 ... ok
[INFO] [stdout] test panic_bytes_into - should panic ... ok
[INFO] [stdout] test panic_encode_u64_into - should panic ... ok
[INFO] [stdout] test panic_pad - should panic ... ok
[INFO] [stdout] test both_edges_u128 ... ok
[INFO] [stdout] 
[INFO] [stdout] test result: ok. 42 passed; 0 failed; 0 ignored; 0 measured; 0 filtered out; finished in 0.31s
[INFO] [stdout] 
[INFO] [stderr]      Running tests/capacity.rs (/opt/rustwide/target/debug/deps/capacity-3ae7eb82eb1d3a13)
[INFO] [stdout] 
[INFO] [stdout] running 8 tests
[INFO] [stdout] test base32::test_capacity_decode ... ok
[INFO] [stdout] test base32::test_capacity_encode_u64 ... ok
[INFO] [stdout] test base32::test_capacity_encode_u128 ... ok
[INFO] [stdout] test base32::test_capacity_encode ... ok
[INFO] [stdout] test base64::test_capacity_decode ... ok
[INFO] [stdout] test base64::test_capacity_encode_u64 ... ok
[INFO] [stdout] test base64::test_capacity_encode_u128 ... ok
[INFO] [stdout] test base64::test_capacity_encode ... ok
[INFO] [stdout] 
[INFO] [stdout] test result: ok. 8 passed; 0 failed; 0 ignored; 0 measured; 0 filtered out; finished in 0.01s
[INFO] [stdout] 
[INFO] [stderr]    Doc-tests fast32
[INFO] [stdout] 
[INFO] [stdout] running 27 tests
[INFO] [stdout] test src/base32/encode_u128.rs - base32::encode_u128::encode_u128 (line 25) ... ok
[INFO] [stdout] test src/base32/decode_u128.rs - base32::decode_u128::decode_u128 (line 12) ... ok
[INFO] [stdout] test src/base32/decode_bytes.rs - base32::decode_bytes::decode (line 29) ... ok
[INFO] [stdout] test src/base32/decode_u64.rs - base32::decode_u64::decode_u64 (line 11) ... ok
[INFO] [stdout] test src/base32/encode_bytes.rs - base32::encode_bytes::encode_into (line 56) ... ok
[INFO] [stdout] test src/base32/encode_bytes.rs - base32::encode_bytes::encode (line 34) ... ok
[INFO] [stdout] test src/base32/decode_bytes.rs - base32::decode_bytes::decode_into (line 53) ... ok
[INFO] [stdout] test src/base32/encode_u128.rs - base32::encode_u128::encode_u128_into (line 39) ... ok
[INFO] [stdout] test src/base32/encode_u64.rs - base32::encode_u64::encode_u64 (line 24) ... ok
[INFO] [stdout] test src/base64/decode_u128.rs - base64::decode_u128::decode_u128 (line 12) ... ok
[INFO] [stdout] test src/base64/encode_bytes.rs - base64::encode_bytes::encode (line 29) ... ok
[INFO] [stdout] test src/base64/decode_bytes.rs - base64::decode_bytes::decode (line 27) ... ok
[INFO] [stdout] test src/base64/decode_bytes.rs - base64::decode_bytes::decode_into (line 51) ... ok
[INFO] [stdout] test src/base64/decode_u64.rs - base64::decode_u64::decode_u64 (line 10) ... ok
[INFO] [stdout] test src/base32/encode_u64.rs - base32::encode_u64::encode_u64_into (line 38) ... ok
[INFO] [stdout] test src/base64/encode_bytes.rs - base64::encode_bytes::encode_into (line 51) ... ok
[INFO] [stdout] test src/lib.rs - (line 76) ... ok
[INFO] [stdout] test src/lib.rs - (line 29) ... ok
[INFO] [stdout] test src/base64/encode_u128.rs - base64::encode_u128::encode_u128 (line 25) ... ok
[INFO] [stdout] test src/base64/encode_u128.rs - base64::encode_u128::encode_u128_into (line 39) ... ok
[INFO] [stdout] test src/base64/encode_u64.rs - base64::encode_u64::encode_u64 (line 23) ... ok
[INFO] [stdout] test src/lib.rs - (line 36) ... ok
[INFO] [stdout] test src/base64/encode_u64.rs - base64::encode_u64::encode_u64_into (line 37) ... ok
[INFO] [stdout] test src/lib.rs - (line 8) ... FAILED
[INFO] [stdout] test src/lib.rs - (line 46) ... ok
[INFO] [stdout] test src/shared.rs - shared::decoder_map_simple (line 104) ... ok
[INFO] [stderr] error: doctest failed, to rerun pass `--doc`
[INFO] [stdout] test src/shared.rs - shared::decoder_map (line 145) ... ok
[INFO] [stdout] 
[INFO] [stdout] failures:
[INFO] [stdout] 
[INFO] [stdout] ---- src/lib.rs - (line 8) stdout ----
[INFO] [stdout] error[E0432]: unresolved import `uuid`
[INFO] [stdout]  --> src/lib.rs:10:5
[INFO] [stdout]   |
[INFO] [stdout] 5 | use uuid::Uuid;
[INFO] [stdout]   |     ^^^^ use of undeclared crate or module `uuid`
[INFO] [stdout] 
[INFO] [stdout] error[E0599]: no method named `encode_uuid` found for struct `Alphabet32Nopad` in the current scope
[INFO] [stdout]   --> src/lib.rs:22:22
[INFO] [stdout]    |
[INFO] [stdout] 17 | assert_eq!(CROCKFORD.encode_uuid(u), "0");
[INFO] [stdout]    |                      ^^^^^^^^^^^ help: there is a method with a similar name: `encode`
[INFO] [stdout] 
[INFO] [stdout] error[E0599]: no method named `decode_uuid` found for struct `Alphabet32Nopad` in the current scope
[INFO] [stdout]   --> src/lib.rs:23:22
[INFO] [stdout]    |
[INFO] [stdout] 18 | assert_eq!(CROCKFORD.decode_uuid(b"0").unwrap(), u);
[INFO] [stdout]    |                      ^^^^^^^^^^^ help: there is a method with a similar name: `decode`
[INFO] [stdout] 
[INFO] [stdout] error[E0599]: no method named `encode_uuid` found for struct `Alphabet32Nopad` in the current scope
[INFO] [stdout]   --> src/lib.rs:25:22
[INFO] [stdout]    |
[INFO] [stdout] 20 | assert_eq!(CROCKFORD.encode_uuid(u), "7ZZZZZZZZZZZZZZZZZZZZZZZZZ");
[INFO] [stdout]    |                      ^^^^^^^^^^^ help: there is a method with a similar name: `encode`
[INFO] [stdout] 
[INFO] [stdout] error[E0599]: no method named `decode_uuid_str` found for struct `Alphabet32Nopad` in the current scope
[INFO] [stdout]   --> src/lib.rs:26:22
[INFO] [stdout]    |
[INFO] [stdout] 21 | assert_eq!(CROCKFORD.decode_uuid_str("7ZZZZZZZZZZZZZZZZZZZZZZZZZ").unwrap(), u);
[INFO] [stdout]    |                      ^^^^^^^^^^^^^^^ help: there is a method with a similar name: `decode_str`
[INFO] [stdout] 
[INFO] [stdout] error: aborting due to 5 previous errors
[INFO] [stdout] 
[INFO] [stdout] Some errors have detailed explanations: E0432, E0599.
[INFO] [stdout] For more information about an error, try `rustc --explain E0432`.
[INFO] [stdout] Couldn't compile the test.
[INFO] [stdout] 
[INFO] [stdout] failures:
[INFO] [stdout]     src/lib.rs - (line 8)
[INFO] [stdout] 
[INFO] [stdout] test result: FAILED. 26 passed; 1 failed; 0 ignored; 0 measured; 0 filtered out; finished in 1.71s
[INFO] [stdout] 
[INFO] running `Command { std: "docker" "inspect" "2addefbe08c17a46486beb093001729a0c547f2531fc8263d3a21a849574b050", kill_on_drop: false }`
[INFO] running `Command { std: "docker" "rm" "-f" "2addefbe08c17a46486beb093001729a0c547f2531fc8263d3a21a849574b050", kill_on_drop: false }`
[INFO] [stdout] 2addefbe08c17a46486beb093001729a0c547f2531fc8263d3a21a849574b050
