[INFO] cloning repository https://github.com/robertomartinez09515/task-generator-tools-mongo
[INFO] running `Command { std: "git" "-c" "credential.helper=" "-c" "credential.helper=/workspace/cargo-home/bin/git-credential-null" "clone" "--bare" "https://github.com/robertomartinez09515/task-generator-tools-mongo" "/workspace/cache/git-repos/https%3A%2F%2Fgithub.com%2Frobertomartinez09515%2Ftask-generator-tools-mongo", kill_on_drop: false }`
[INFO] [stderr] Cloning into bare repository '/workspace/cache/git-repos/https%3A%2F%2Fgithub.com%2Frobertomartinez09515%2Ftask-generator-tools-mongo'...
[INFO] running `Command { std: "git" "rev-parse" "HEAD", kill_on_drop: false }`
[INFO] [stdout] 03c93829d759a7a3825a75d23bc138f3718771cf
[INFO] testing robertomartinez09515/task-generator-tools-mongo against 1.75.0 for beta-1.76-1
[INFO] running `Command { std: "git" "clone" "/workspace/cache/git-repos/https%3A%2F%2Fgithub.com%2Frobertomartinez09515%2Ftask-generator-tools-mongo" "/workspace/builds/worker-4-tc1/source", kill_on_drop: false }`
[INFO] [stderr] Cloning into '/workspace/builds/worker-4-tc1/source'...
[INFO] [stderr] done.
[INFO] validating manifest of git repo https://github.com/robertomartinez09515/task-generator-tools-mongo on toolchain 1.75.0
[INFO] running `Command { std: CARGO_HOME="/workspace/cargo-home" RUSTUP_HOME="/workspace/rustup-home" "/workspace/cargo-home/bin/cargo" "+1.75.0" "metadata" "--manifest-path" "Cargo.toml" "--no-deps", kill_on_drop: false }`
[INFO] removed /workspace/builds/worker-4-tc1/source/.cargo/config.toml
[INFO] started tweaking git repo https://github.com/robertomartinez09515/task-generator-tools-mongo
[INFO] finished tweaking git repo https://github.com/robertomartinez09515/task-generator-tools-mongo
[INFO] tweaked toml for git repo https://github.com/robertomartinez09515/task-generator-tools-mongo written to /workspace/builds/worker-4-tc1/source/Cargo.toml
[INFO] crate git repo https://github.com/robertomartinez09515/task-generator-tools-mongo already has a lockfile, it will not be regenerated
[INFO] running `Command { std: CARGO_HOME="/workspace/cargo-home" RUSTUP_HOME="/workspace/rustup-home" "/workspace/cargo-home/bin/cargo" "+1.75.0" "fetch" "--manifest-path" "Cargo.toml", kill_on_drop: false }`
[INFO] [stderr]     Updating crates.io index
[INFO] [stderr]  Downloading crates ...
[INFO] [stderr]   Downloaded nom-tracable-macros v0.8.0
[INFO] [stderr]   Downloaded yaml-merge-keys v0.5.1
[INFO] [stderr]   Downloaded self_update v0.30.0
[INFO] [stderr]   Downloaded nom_locate v1.0.0
[INFO] [stderr]   Downloaded nom_locate v4.0.0
[INFO] [stderr]   Downloaded nom-tracable v0.8.0
[INFO] [stderr]   Downloaded nextest-metadata v0.4.3
[INFO] [stderr]   Downloaded config v0.13.1
[INFO] [stderr]   Downloaded mukti-metadata v0.1.0
[INFO] [stderr]   Downloaded parse_link_header v0.3.2
[INFO] [stderr]   Downloaded quick-junit v0.2.0
[INFO] [stderr]   Downloaded evg-api-rs v0.2.2
[INFO] [stderr]   Downloaded shrub-rs v0.5.0
[INFO] [stderr]   Downloaded cargo-nextest v0.9.23
[INFO] [stderr]   Downloaded nextest-filtering v0.1.0
[INFO] [stderr]   Downloaded nextest-runner v0.14.0
[INFO] running `Command { std: "docker" "create" "-v" "/var/lib/crater-agent-workspace/builds/worker-4-tc1/target:/opt/rustwide/target:rw,Z" "-v" "/var/lib/crater-agent-workspace/builds/worker-4-tc1/source:/opt/rustwide/workdir:ro,Z" "-v" "/var/lib/crater-agent-workspace/cargo-home:/opt/rustwide/cargo-home:ro,Z" "-v" "/var/lib/crater-agent-workspace/rustup-home:/opt/rustwide/rustup-home:ro,Z" "-e" "SOURCE_DIR=/opt/rustwide/workdir" "-e" "CARGO_TARGET_DIR=/opt/rustwide/target" "-e" "CARGO_HOME=/opt/rustwide/cargo-home" "-e" "RUSTUP_HOME=/opt/rustwide/rustup-home" "-w" "/opt/rustwide/workdir" "-m" "1610612736" "--user" "0:0" "--network" "none" "ghcr.io/rust-lang/crates-build-env/linux@sha256:2788e3201cd34a07e3172128adcd8b3090168a8e3bcc40d7c032b9dda1df7d1c" "/opt/rustwide/cargo-home/bin/cargo" "+1.75.0" "metadata" "--no-deps" "--format-version=1", kill_on_drop: false }`
[INFO] [stdout] 9765ac412c58b866c504de9f090a367ccfee32ae5ab43c53f39685bc460c03b6
[INFO] running `Command { std: "docker" "start" "-a" "9765ac412c58b866c504de9f090a367ccfee32ae5ab43c53f39685bc460c03b6", kill_on_drop: false }`
[INFO] running `Command { std: "docker" "inspect" "9765ac412c58b866c504de9f090a367ccfee32ae5ab43c53f39685bc460c03b6", kill_on_drop: false }`
[INFO] running `Command { std: "docker" "rm" "-f" "9765ac412c58b866c504de9f090a367ccfee32ae5ab43c53f39685bc460c03b6", kill_on_drop: false }`
[INFO] [stdout] 9765ac412c58b866c504de9f090a367ccfee32ae5ab43c53f39685bc460c03b6
[INFO] running `Command { std: "docker" "create" "-v" "/var/lib/crater-agent-workspace/builds/worker-4-tc1/target:/opt/rustwide/target:rw,Z" "-v" "/var/lib/crater-agent-workspace/builds/worker-4-tc1/source:/opt/rustwide/workdir:ro,Z" "-v" "/var/lib/crater-agent-workspace/cargo-home:/opt/rustwide/cargo-home:ro,Z" "-v" "/var/lib/crater-agent-workspace/rustup-home:/opt/rustwide/rustup-home:ro,Z" "-e" "SOURCE_DIR=/opt/rustwide/workdir" "-e" "CARGO_TARGET_DIR=/opt/rustwide/target" "-e" "CARGO_INCREMENTAL=0" "-e" "RUST_BACKTRACE=full" "-e" "RUSTFLAGS=--cap-lints=warn" "-e" "RUSTDOCFLAGS=--cap-lints=warn" "-e" "CARGO_HOME=/opt/rustwide/cargo-home" "-e" "RUSTUP_HOME=/opt/rustwide/rustup-home" "-w" "/opt/rustwide/workdir" "-m" "1610612736" "--user" "0:0" "--network" "none" "ghcr.io/rust-lang/crates-build-env/linux@sha256:2788e3201cd34a07e3172128adcd8b3090168a8e3bcc40d7c032b9dda1df7d1c" "/opt/rustwide/cargo-home/bin/cargo" "+1.75.0" "build" "--frozen" "--message-format=json", kill_on_drop: false }`
[INFO] [stdout] 6c2a55c218fb6749dbaa5d4528d12c4b31c1ca506aeb27d09bb696783d6ddede
[INFO] running `Command { std: "docker" "start" "-a" "6c2a55c218fb6749dbaa5d4528d12c4b31c1ca506aeb27d09bb696783d6ddede", kill_on_drop: false }`
[INFO] [stderr]    Compiling libc v0.2.126
[INFO] [stderr]    Compiling proc-macro2 v1.0.40
[INFO] [stderr]    Compiling quote v1.0.20
[INFO] [stderr]    Compiling unicode-ident v1.0.1
[INFO] [stderr]    Compiling syn v1.0.98
[INFO] [stderr]    Compiling autocfg v1.1.0
[INFO] [stderr]    Compiling cfg-if v1.0.0
[INFO] [stderr]    Compiling once_cell v1.12.0
[INFO] [stderr]    Compiling memchr v2.5.0
[INFO] [stderr]    Compiling log v0.4.17
[INFO] [stderr]    Compiling pin-project-lite v0.2.9
[INFO] [stderr]    Compiling futures-core v0.3.21
[INFO] [stderr]    Compiling smallvec v1.8.1
[INFO] [stderr]    Compiling lock_api v0.4.7
[INFO] [stderr]    Compiling parking_lot_core v0.9.3
[INFO] [stderr]    Compiling bytes v1.1.0
[INFO] [stderr]    Compiling itoa v1.0.2
[INFO] [stderr]    Compiling scopeguard v1.1.0
[INFO] [stderr]    Compiling serde_derive v1.0.137
[INFO] [stderr]    Compiling indexmap v1.9.1
[INFO] [stderr]    Compiling tracing-core v0.1.28
[INFO] [stderr]    Compiling serde v1.0.137
[INFO] [stderr]    Compiling futures-task v0.3.21
[INFO] [stderr]    Compiling pkg-config v0.3.25
[INFO] [stderr]    Compiling futures-sink v0.3.21
[INFO] [stderr]    Compiling futures-channel v0.3.21
[INFO] [stderr]    Compiling futures-util v0.3.21
[INFO] [stderr]    Compiling version_check v0.9.4
[INFO] [stderr]    Compiling jobserver v0.1.24
[INFO] [stderr]    Compiling cc v1.0.73
[INFO] [stderr]    Compiling socket2 v0.4.4
[INFO] [stderr]    Compiling parking_lot v0.12.1
[INFO] [stderr]    Compiling signal-hook-registry v1.4.0
[INFO] [stderr]    Compiling num_cpus v1.13.1
[INFO] [stderr]    Compiling mio v0.8.4
[INFO] [stderr]    Compiling hashbrown v0.12.1
[INFO] [stderr]    Compiling futures-io v0.3.21
[INFO] [stderr]    Compiling fnv v1.0.7
[INFO] [stderr]    Compiling spin v0.5.2
[INFO] [stderr]    Compiling slab v0.4.6
[INFO] [stderr]    Compiling bitflags v1.3.2
[INFO] [stderr]    Compiling pin-utils v0.1.0
[INFO] [stderr]    Compiling lazy_static v1.4.0
[INFO] [stderr]    Compiling untrusted v0.7.1
[INFO] [stderr]    Compiling http v0.2.8
[INFO] [stderr]    Compiling aho-corasick v0.7.18
[INFO] [stderr]    Compiling regex-syntax v0.6.26
[INFO] [stderr]    Compiling proc-macro-error-attr v1.0.4
[INFO] [stderr]    Compiling foreign-types-shared v0.1.1
[INFO] [stderr]    Compiling httparse v1.7.1
[INFO] [stderr]    Compiling ryu v1.0.10
[INFO] [stderr]    Compiling openssl v0.10.40
[INFO] [stderr]    Compiling ring v0.16.20
[INFO] [stderr]    Compiling openssl-sys v0.9.74
[INFO] [stderr]    Compiling foreign-types v0.3.2
[INFO] [stderr]    Compiling proc-macro-error v1.0.4
[INFO] [stderr]    Compiling tinyvec_macros v0.1.0
[INFO] [stderr]    Compiling try-lock v0.2.3
[INFO] [stderr]    Compiling rustls v0.20.6
[INFO] [stderr]    Compiling native-tls v0.2.10
[INFO] [stderr]    Compiling matches v0.1.9
[INFO] [stderr]    Compiling http-body v0.4.5
[INFO] [stderr]    Compiling want v0.3.0
[INFO] [stderr]    Compiling tinyvec v1.6.0
[INFO] [stderr]    Compiling regex v1.5.6
[INFO] [stderr]    Compiling num-traits v0.2.15
[INFO] [stderr]    Compiling openssl-probe v0.1.5
[INFO] [stderr]    Compiling tower-service v0.3.2
[INFO] [stderr]    Compiling httpdate v1.0.2
[INFO] [stderr]    Compiling percent-encoding v2.1.0
[INFO] [stderr]    Compiling serde_json v1.0.81
[INFO] [stderr]    Compiling linked-hash-map v0.5.6
[INFO] [stderr]    Compiling yaml-rust v0.4.5
[INFO] [stderr]    Compiling form_urlencoded v1.0.1
[INFO] [stderr]    Compiling unicode-normalization v0.1.20
[INFO] [stderr]    Compiling num-integer v0.1.45
[INFO] [stderr]    Compiling encoding_rs v0.8.31
[INFO] [stderr]    Compiling unicode-bidi v0.3.8
[INFO] [stderr]    Compiling idna v0.2.3
[INFO] [stderr]    Compiling getrandom v0.2.7
[INFO] [stderr]    Compiling async-trait v0.1.56
[INFO] [stderr]    Compiling base64 v0.13.0
[INFO] [stderr]    Compiling url v2.2.2
[INFO] [stderr]    Compiling rustls-pemfile v1.0.0
[INFO] [stderr]    Compiling rand_core v0.6.3
[INFO] [stderr]    Compiling time v0.1.44
[INFO] [stderr]    Compiling dirs-sys-next v0.1.2
[INFO] [stderr]    Compiling anyhow v1.0.58
[INFO] [stderr]    Compiling os_str_bytes v6.1.0
[INFO] [stderr]    Compiling ppv-lite86 v0.2.16
[INFO] [stderr]    Compiling unicode-width v0.1.9
[INFO] [stderr]    Compiling heck v0.4.0
[INFO] [stderr]    Compiling mime v0.3.16
[INFO] [stderr]    Compiling smawk v0.3.1
[INFO] [stderr]    Compiling ipnet v2.5.0
[INFO] [stderr]    Compiling rand_chacha v0.3.1
[INFO] [stderr]    Compiling clap_lex v0.2.4
[INFO] [stderr]    Compiling tokio-macros v1.8.0
[INFO] [stderr]    Compiling futures-macro v0.3.21
[INFO] [stderr]    Compiling tracing-attributes v0.1.21
[INFO] [stderr]    Compiling openssl-macros v0.1.0
[INFO] [stderr]    Compiling webpki v0.22.0
[INFO] [stderr]    Compiling tokio v1.19.2
[INFO] [stderr]    Compiling sct v0.7.0
[INFO] [stderr]    Compiling unicode-linebreak v0.1.2
[INFO] [stderr]    Compiling thiserror-impl v1.0.31
[INFO] [stderr]    Compiling tracing v0.1.35
[INFO] [stderr]    Compiling webpki-roots v0.22.3
[INFO] [stderr]    Compiling async-stream-impl v0.3.3
[INFO] [stderr]    Compiling thiserror v1.0.31
[INFO] [stderr]    Compiling yaml-merge-keys v0.5.1
[INFO] [stderr]    Compiling async-stream v0.3.3
[INFO] [stderr]    Compiling clap_derive v3.2.7
[INFO] [stderr]    Compiling textwrap v0.15.0
[INFO] [stderr]    Compiling futures-executor v0.3.21
[INFO] [stderr]    Compiling futures v0.3.21
[INFO] [stderr]    Compiling cmd_lib_macros v1.3.0
[INFO] [stderr]    Compiling dirs-next v2.0.0
[INFO] [stderr]    Compiling parse_link_header v0.3.2
[INFO] [stderr]    Compiling tokio-util v0.7.3
[INFO] [stderr]    Compiling tokio-rustls v0.23.4
[INFO] [stderr]    Compiling tokio-native-tls v0.3.0
[INFO] [stderr]    Compiling tracing-log v0.1.3
[INFO] [stderr]    Compiling h2 v0.3.13
[INFO] [stderr]    Compiling sharded-slab v0.1.4
[INFO] [stderr]    Compiling faccess v0.2.4
[INFO] [stderr]    Compiling os_pipe v0.9.2
[INFO] [stderr]    Compiling atty v0.2.14
[INFO] [stderr]    Compiling thread_local v1.1.4
[INFO] [stderr]    Compiling strsim v0.10.0
[INFO] [stderr]    Compiling ansi_term v0.12.1
[INFO] [stderr]    Compiling simple-error v0.2.3
[INFO] [stderr]    Compiling termcolor v1.1.3
[INFO] [stderr]    Compiling cmd_lib v1.3.0
[INFO] [stderr]    Compiling shellexpand v2.1.0
[INFO] [stderr]    Compiling clap v3.2.7
[INFO] [stderr]    Compiling rand v0.8.5
[INFO] [stderr]    Compiling maplit v1.0.2
[INFO] [stderr]    Compiling serde_urlencoded v0.7.1
[INFO] [stderr]    Compiling serde_yaml v0.8.24
[INFO] [stderr]    Compiling tracing-serde v0.1.3
[INFO] [stderr]    Compiling chrono v0.4.19
[INFO] [stderr]    Compiling shrub-rs v0.5.0
[INFO] [stderr]    Compiling hyper v0.14.19
[INFO] [stderr]    Compiling tracing-subscriber v0.3.11
[INFO] [stderr]    Compiling hyper-tls v0.5.0
[INFO] [stderr]    Compiling hyper-rustls v0.23.0
[INFO] [stderr]    Compiling reqwest v0.11.11
[INFO] [stderr]    Compiling evg-api-rs v0.2.2
[INFO] [stderr]    Compiling mongo-task-generator v0.4.7 (/opt/rustwide/workdir)
[INFO] [stdout] warning: named argument `duration_secs` is not used by name
[INFO] [stdout]    --> src/main.rs:127:9
[INFO] [stdout]     |
[INFO] [stdout] 126 |         "generation completed: {} seconds",
[INFO] [stdout]     |                                -- this formatting argument uses named argument `duration_secs` by position
[INFO] [stdout] 127 |         duration_secs = start.elapsed().as_secs()
[INFO] [stdout]     |         ^^^^^^^^^^^^^ this named argument is referred to by position in formatting string
[INFO] [stdout]     |
[INFO] [stdout]     = note: `#[warn(named_arguments_used_positionally)]` on by default
[INFO] [stdout] help: use the named argument by name to avoid ambiguity
[INFO] [stdout]     |
[INFO] [stdout] 126 |         "generation completed: {duration_secs} seconds",
[INFO] [stdout]     |                                 +++++++++++++
[INFO] [stdout] 
[INFO] [stdout] 
[INFO] [stdout] warning: 1 warning emitted
[INFO] [stdout] 
[INFO] [stdout] 
[INFO] [stderr]     Finished dev [unoptimized + debuginfo] target(s) in 42.32s
[INFO] running `Command { std: "docker" "inspect" "6c2a55c218fb6749dbaa5d4528d12c4b31c1ca506aeb27d09bb696783d6ddede", kill_on_drop: false }`
[INFO] running `Command { std: "docker" "rm" "-f" "6c2a55c218fb6749dbaa5d4528d12c4b31c1ca506aeb27d09bb696783d6ddede", kill_on_drop: false }`
[INFO] [stdout] 6c2a55c218fb6749dbaa5d4528d12c4b31c1ca506aeb27d09bb696783d6ddede
[INFO] running `Command { std: "docker" "create" "-v" "/var/lib/crater-agent-workspace/builds/worker-4-tc1/target:/opt/rustwide/target:rw,Z" "-v" "/var/lib/crater-agent-workspace/builds/worker-4-tc1/source:/opt/rustwide/workdir:ro,Z" "-v" "/var/lib/crater-agent-workspace/cargo-home:/opt/rustwide/cargo-home:ro,Z" "-v" "/var/lib/crater-agent-workspace/rustup-home:/opt/rustwide/rustup-home:ro,Z" "-e" "SOURCE_DIR=/opt/rustwide/workdir" "-e" "CARGO_TARGET_DIR=/opt/rustwide/target" "-e" "CARGO_INCREMENTAL=0" "-e" "RUST_BACKTRACE=full" "-e" "RUSTFLAGS=--cap-lints=warn" "-e" "RUSTDOCFLAGS=--cap-lints=warn" "-e" "CARGO_HOME=/opt/rustwide/cargo-home" "-e" "RUSTUP_HOME=/opt/rustwide/rustup-home" "-w" "/opt/rustwide/workdir" "-m" "1610612736" "--user" "0:0" "--network" "none" "ghcr.io/rust-lang/crates-build-env/linux@sha256:2788e3201cd34a07e3172128adcd8b3090168a8e3bcc40d7c032b9dda1df7d1c" "/opt/rustwide/cargo-home/bin/cargo" "+1.75.0" "test" "--frozen" "--no-run" "--message-format=json", kill_on_drop: false }`
[INFO] [stdout] 92f0586b6661705e1b74f78613f6edc0c9d5a775fd7dfaa1cec6d88224da0a37
[INFO] running `Command { std: "docker" "start" "-a" "92f0586b6661705e1b74f78613f6edc0c9d5a775fd7dfaa1cec6d88224da0a37", kill_on_drop: false }`
[INFO] [stderr]    Compiling semver v1.0.10
[INFO] [stderr]    Compiling camino v1.0.9
[INFO] [stderr]    Compiling either v1.6.1
[INFO] [stderr]    Compiling adler v1.0.2
[INFO] [stderr]    Compiling crossbeam-utils v0.8.10
[INFO] [stderr]    Compiling static_assertions v1.1.0
[INFO] [stderr]    Compiling arrayvec v0.5.2
[INFO] [stderr]    Compiling terminal_size v0.1.17
[INFO] [stderr]    Compiling memoffset v0.6.5
[INFO] [stderr]    Compiling miniz_oxide v0.5.3
[INFO] [stderr]    Compiling lexical-core v0.7.6
[INFO] [stderr]    Compiling target-lexicon v0.12.4
[INFO] [stderr]    Compiling nom v5.1.2
[INFO] [stderr]    Compiling backtrace v0.3.65
[INFO] [stderr]    Compiling zstd-sys v2.0.1+zstd.1.5.2
[INFO] [stderr]    Compiling crossbeam-epoch v0.9.9
[INFO] [stderr]    Compiling guppy-workspace-hack v0.1.0
[INFO] [stderr]    Compiling gimli v0.26.1
[INFO] [stderr]    Compiling is_ci v1.1.1
[INFO] [stderr]    Compiling minimal-lexical v0.2.1
[INFO] [stderr]    Compiling remove_dir_all v0.5.3
[INFO] [stderr]    Compiling supports-color v1.3.0
[INFO] [stderr]    Compiling nom v7.1.1
[INFO] [stderr]    Compiling itertools v0.10.3
[INFO] [stderr]    Compiling object v0.28.4
[INFO] [stderr]    Compiling rayon-core v1.9.3
[INFO] [stderr]    Compiling rustc-demangle v0.1.21
[INFO] [stderr]    Compiling target-spec v1.0.2
[INFO] [stderr]    Compiling fastrand v1.7.0
[INFO] [stderr]    Compiling crc32fast v1.3.2
[INFO] [stderr]    Compiling tempfile v3.3.0
[INFO] [stderr]    Compiling cfg-expr v0.10.3
[INFO] [stderr]    Compiling owo-colors v3.4.0
[INFO] [stderr]    Compiling pathdiff v0.2.1
[INFO] [stderr]    Compiling console v0.15.0
[INFO] [stderr]    Compiling cargo-platform v0.1.2
[INFO] [stderr]    Compiling zstd-safe v5.0.2+zstd.1.5.2
[INFO] [stderr]    Compiling bytecount v0.3.2
[INFO] [stderr]    Compiling bytecount v0.6.3
[INFO] [stderr]    Compiling fixedbitset v0.4.1
[INFO] [stderr]    Compiling nom_locate v4.0.0
[INFO] [stderr]    Compiling cargo_metadata v0.14.2
[INFO] [stderr]    Compiling crossbeam-deque v0.8.1
[INFO] [stderr]    Compiling petgraph v0.6.2
[INFO] [stderr]    Compiling crossbeam-channel v0.5.5
[INFO] [stderr]    Compiling rustc_version v0.4.0
[INFO] [stderr]    Compiling supports-unicode v1.0.2
[INFO] [stderr]    Compiling addr2line v0.17.0
[INFO] [stderr]    Compiling supports-hyperlinks v1.2.0
[INFO] [stderr]    Compiling miette-derive v4.7.1
[INFO] [stderr]    Compiling nom-tracable-macros v0.8.0
[INFO] [stderr]    Compiling vte_generate_state_changes v0.1.1
[INFO] [stderr]    Compiling filetime v0.2.16
[INFO] [stderr]    Compiling xattr v0.2.3
[INFO] [stderr]    Compiling rayon v1.5.3
[INFO] [stderr]    Compiling nom_locate v1.0.0
[INFO] [stderr]    Compiling nested v0.1.1
[INFO] [stderr]    Compiling self_update v0.30.0
[INFO] [stderr]    Compiling utf8parse v0.2.0
[INFO] [stderr]    Compiling eyre v0.6.8
[INFO] [stderr]    Compiling debug-ignore v1.0.2
[INFO] [stderr]    Compiling number_prefix v0.4.0
[INFO] [stderr]    Compiling guppy v0.14.2
[INFO] [stderr]    Compiling vte v0.10.1
[INFO] [stderr]    Compiling nom-tracable v0.8.0
[INFO] [stderr]    Compiling indicatif v0.16.2
[INFO] [stderr]    Compiling tar v0.4.38
[INFO] [stderr]    Compiling rstest_macros v0.14.0
[INFO] [stderr]    Compiling flate2 v1.0.24
[INFO] [stderr]    Compiling miette v4.7.1
[INFO] [stderr]    Compiling toml v0.5.9
[INFO] [stderr]    Compiling nix v0.24.1
[INFO] [stderr]    Compiling quick-xml v0.23.0
[INFO] [stderr]    Compiling quick-xml v0.22.0
[INFO] [stderr]    Compiling shared_child v0.3.5
[INFO] [stderr]    Compiling indenter v0.3.3
[INFO] [stderr]    Compiling doc-comment v0.3.3
[INFO] [stderr]    Compiling humantime v2.1.0
[INFO] [stderr]    Compiling predicates-core v1.0.3
[INFO] [stderr]    Compiling humantime-serde v1.1.1
[INFO] [stderr]    Compiling ctrlc v3.2.2
[INFO] [stderr]    Compiling duct v0.13.5
[INFO] [stderr]    Compiling quick-junit v0.2.0
[INFO] [stderr]    Compiling config v0.13.1
[INFO] [stderr]    Compiling nextest-filtering v0.1.0
[INFO] [stderr]    Compiling strip-ansi-escapes v0.1.1
[INFO] [stderr]    Compiling atomicwrites v0.3.1
[INFO] [stderr]    Compiling nextest-metadata v0.4.3
[INFO] [stderr]    Compiling mukti-metadata v0.1.0
[INFO] [stderr]    Compiling twox-hash v1.6.3
[INFO] [stderr]    Compiling termtree v0.2.4
[INFO] [stderr]    Compiling regex-automata v0.1.10
[INFO] [stderr]    Compiling indent_write v2.2.0
[INFO] [stderr]    Compiling home v0.5.3
[INFO] [stderr]    Compiling zeroize v1.5.5
[INFO] [stderr]    Compiling shell-words v1.1.0
[INFO] [stderr]    Compiling difflib v0.4.0
[INFO] [stderr]    Compiling dialoguer v0.10.1
[INFO] [stderr]    Compiling bstr v0.2.17
[INFO] [stderr]    Compiling predicates-tree v1.0.5
[INFO] [stderr]    Compiling predicates v2.1.1
[INFO] [stderr]    Compiling color-eyre v0.6.1
[INFO] [stderr]    Compiling env_logger v0.9.0
[INFO] [stderr]    Compiling wait-timeout v0.2.0
[INFO] [stderr]    Compiling rand v0.4.6
[INFO] [stderr]    Compiling futures-timer v3.0.2
[INFO] [stderr]    Compiling enable-ansi-support v0.1.2
[INFO] [stderr]    Compiling assert_cmd v2.0.4
[INFO] [stdout] warning: named argument `duration_secs` is not used by name
[INFO] [stdout]    --> src/main.rs:127:9
[INFO] [stdout]     |
[INFO] [stdout] 126 |         "generation completed: {} seconds",
[INFO] [stdout]     |                                -- this formatting argument uses named argument `duration_secs` by position
[INFO] [stdout] 127 |         duration_secs = start.elapsed().as_secs()
[INFO] [stdout]     |         ^^^^^^^^^^^^^ this named argument is referred to by position in formatting string
[INFO] [stdout]     |
[INFO] [stdout]     = note: `#[warn(named_arguments_used_positionally)]` on by default
[INFO] [stdout] help: use the named argument by name to avoid ambiguity
[INFO] [stdout]     |
[INFO] [stdout] 126 |         "generation completed: {duration_secs} seconds",
[INFO] [stdout]     |                                 +++++++++++++
[INFO] [stdout] 
[INFO] [stdout] 
[INFO] [stdout] warning: 1 warning emitted
[INFO] [stdout] 
[INFO] [stdout] 
[INFO] [stderr]    Compiling tempdir v0.3.7
[INFO] [stderr]    Compiling rstest v0.15.0
[INFO] [stderr]    Compiling zstd v0.11.2+zstd.1.5.2
[INFO] [stderr]    Compiling nextest-runner v0.14.0
[INFO] [stderr]    Compiling cargo-nextest v0.9.23
[INFO] [stderr]    Compiling mongo-task-generator v0.4.7 (/opt/rustwide/workdir)
[INFO] [stdout] warning: named argument `duration_secs` is not used by name
[INFO] [stdout]    --> src/main.rs:127:9
[INFO] [stdout]     |
[INFO] [stdout] 126 |         "generation completed: {} seconds",
[INFO] [stdout]     |                                -- this formatting argument uses named argument `duration_secs` by position
[INFO] [stdout] 127 |         duration_secs = start.elapsed().as_secs()
[INFO] [stdout]     |         ^^^^^^^^^^^^^ this named argument is referred to by position in formatting string
[INFO] [stdout]     |
[INFO] [stdout]     = note: `#[warn(named_arguments_used_positionally)]` on by default
[INFO] [stdout] help: use the named argument by name to avoid ambiguity
[INFO] [stdout]     |
[INFO] [stdout] 126 |         "generation completed: {duration_secs} seconds",
[INFO] [stdout]     |                                 +++++++++++++
[INFO] [stdout] 
[INFO] [stdout] 
[INFO] [stdout] warning: 1 warning emitted
[INFO] [stdout] 
[INFO] [stdout] 
[INFO] [stderr]     Finished test [unoptimized + debuginfo] target(s) in 41.92s
[INFO] [stderr] warning: the following packages contain code that will be rejected by a future version of Rust: nom v5.1.2, quick-xml v0.22.0
[INFO] [stderr] note: to see what the problems were, use the option `--future-incompat-report`, or run `cargo report future-incompatibilities --id 1`
[INFO] running `Command { std: "docker" "inspect" "92f0586b6661705e1b74f78613f6edc0c9d5a775fd7dfaa1cec6d88224da0a37", kill_on_drop: false }`
[INFO] running `Command { std: "docker" "rm" "-f" "92f0586b6661705e1b74f78613f6edc0c9d5a775fd7dfaa1cec6d88224da0a37", kill_on_drop: false }`
[INFO] [stdout] 92f0586b6661705e1b74f78613f6edc0c9d5a775fd7dfaa1cec6d88224da0a37
[INFO] running `Command { std: "docker" "create" "-v" "/var/lib/crater-agent-workspace/builds/worker-4-tc1/target:/opt/rustwide/target:rw,Z" "-v" "/var/lib/crater-agent-workspace/builds/worker-4-tc1/source:/opt/rustwide/workdir:ro,Z" "-v" "/var/lib/crater-agent-workspace/cargo-home:/opt/rustwide/cargo-home:ro,Z" "-v" "/var/lib/crater-agent-workspace/rustup-home:/opt/rustwide/rustup-home:ro,Z" "-e" "SOURCE_DIR=/opt/rustwide/workdir" "-e" "CARGO_TARGET_DIR=/opt/rustwide/target" "-e" "CARGO_INCREMENTAL=0" "-e" "RUST_BACKTRACE=full" "-e" "RUSTFLAGS=--cap-lints=warn" "-e" "RUSTDOCFLAGS=--cap-lints=warn" "-e" "CARGO_HOME=/opt/rustwide/cargo-home" "-e" "RUSTUP_HOME=/opt/rustwide/rustup-home" "-w" "/opt/rustwide/workdir" "-m" "1610612736" "--user" "0:0" "--network" "none" "ghcr.io/rust-lang/crates-build-env/linux@sha256:2788e3201cd34a07e3172128adcd8b3090168a8e3bcc40d7c032b9dda1df7d1c" "/opt/rustwide/cargo-home/bin/cargo" "+1.75.0" "test" "--frozen", kill_on_drop: false }`
[INFO] [stdout] fdf56b36040a238b836cdc337a4404e48f95441ee81a57dd8759ce70e09110ef
[INFO] running `Command { std: "docker" "start" "-a" "fdf56b36040a238b836cdc337a4404e48f95441ee81a57dd8759ce70e09110ef", kill_on_drop: false }`
[INFO] [stderr] warning: named argument `duration_secs` is not used by name
[INFO] [stderr]    --> src/main.rs:127:9
[INFO] [stderr]     |
[INFO] [stderr] 126 |         "generation completed: {} seconds",
[INFO] [stderr]     |                                -- this formatting argument uses named argument `duration_secs` by position
[INFO] [stderr] 127 |         duration_secs = start.elapsed().as_secs()
[INFO] [stderr]     |         ^^^^^^^^^^^^^ this named argument is referred to by position in formatting string
[INFO] [stderr]     |
[INFO] [stderr]     = note: `#[warn(named_arguments_used_positionally)]` on by default
[INFO] [stderr] help: use the named argument by name to avoid ambiguity
[INFO] [stderr]     |
[INFO] [stderr] 126 |         "generation completed: {duration_secs} seconds",
[INFO] [stderr]     |                                 +++++++++++++
[INFO] [stderr] 
[INFO] [stderr] warning: `mongo-task-generator` (bin "mongo-task-generator") generated 1 warning
[INFO] [stderr] warning: `mongo-task-generator` (bin "mongo-task-generator" test) generated 1 warning (1 duplicate)
[INFO] [stderr]     Finished test [unoptimized + debuginfo] target(s) in 0.17s
[INFO] [stderr] warning: the following packages contain code that will be rejected by a future version of Rust: nom v5.1.2, quick-xml v0.22.0
[INFO] [stderr] note: to see what the problems were, use the option `--future-incompat-report`, or run `cargo report future-incompatibilities --id 1`
[INFO] [stderr]      Running unittests src/lib.rs (/opt/rustwide/target/debug/deps/mongo_task_generator-3b5274b378d22593)
[INFO] [stdout] 
[INFO] [stdout] running 139 tests
[INFO] [stdout] test evergreen::evg_config_utils::tests::test_build_variant_with_enterprise_module_should_return_true ... ok
[INFO] [stdout] test evergreen::evg_config_utils::tests::test_build_variant_with_out_enterprise_module_should_return_false::case_2 ... ok
[INFO] [stdout] test evergreen::evg_config_utils::tests::test_build_variant_with_out_enterprise_module_should_return_false::case_1 ... ok
[INFO] [stdout] test evergreen::evg_config_utils::tests::test_build_variant_with_out_enterprise_module_should_return_false::case_3 ... ok
[INFO] [stdout] test evergreen::evg_config_utils::tests::test_find_suite_name_should_use_suite_var_if_it_exists ... ok
[INFO] [stdout] test evergreen::evg_config_utils::tests::test_find_suite_name_should_use_task_name_if_no_var ... ok
[INFO] [stdout] test evergreen::evg_config_utils::tests::test_get_gen_task_var_should_return_none_if_no_func ... ok
[INFO] [stdout] test evergreen::evg_config_utils::tests::test_get_gen_task_var_should_return_none_if_no_func_vars ... ok
[INFO] [stdout] test evergreen::evg_config_utils::tests::test_get_gen_task_var_should_return_var_value_if_it_exists ... ok
[INFO] [stdout] test evergreen::evg_config_utils::tests::test_get_gen_task_var_should_return_none_if_missing_var ... ok
[INFO] [stdout] test evergreen::evg_config_utils::tests::test_get_gen_task_vars_should_return_none_if_no_func ... ok
[INFO] [stdout] test evergreen::evg_config_utils::tests::test_get_gen_task_vars_should_return_none_if_no_func_vars ... ok
[INFO] [stdout] test evergreen::evg_config_utils::tests::test_get_generated_resmoke_func_should_return_none_if_no_func_exists ... ok
[INFO] [stdout] test evergreen::evg_config_utils::tests::test_get_task_dependencies_with_dependencies_should_return_list_of_dependencies ... ok
[INFO] [stdout] test evergreen::evg_config_utils::tests::test_get_gen_task_vars_should_return_vars_hashmap_if_it_exists ... ok
[INFO] [stdout] test evergreen::evg_config_utils::tests::test_get_task_dependencies_with_no_dependencies_should_return_empty_list ... ok
[INFO] [stdout] test evergreen::evg_config_utils::tests::test_get_task_tags_with_no_tags_should_return_empty_set ... ok
[INFO] [stdout] test evergreen::evg_config_utils::tests::test_get_task_tags_with_tags_should_return_tags_in_set ... ok
[INFO] [stdout] test evergreen::evg_config_utils::tests::test_is_task_fuzzer_should_return_false_if_var_is_missing ... ok
[INFO] [stdout] test evergreen::evg_config_utils::tests::test_is_task_generated_should_return_false_if_not_generated ... ok
[INFO] [stdout] test evergreen::evg_config_utils::tests::test_get_generated_resmoke_func_should_return_resmoke_function ... ok
[INFO] [stdout] test evergreen::evg_config_utils::tests::test_is_task_fuzzer_should_return_true_is_var_is_true ... ok
[INFO] [stdout] test evergreen::evg_config_utils::tests::test_is_task_generated_should_return_true_if_generated ... ok
[INFO] [stdout] test evergreen::evg_config_utils::tests::test_default_should_be_returned_if_expansion_and_default_but_not_in_bv ... ok
[INFO] [stdout] test evergreen::evg_config_utils::tests::test_bv_value_should_be_returned_if_expansion_and_in_bv ... ok
[INFO] [stdout] test evergreen::evg_config_utils::tests::test_lookup_and_split_by_whitespace_in_a_build_variant_with_expected_expansion_should_return_value ... ok
[INFO] [stdout] test evergreen::evg_config_utils::tests::test_lookup_and_split_by_whitespace_in_a_build_variant_with_missing_expansion_should_return_none ... ok
[INFO] [stdout] test evergreen::evg_config_utils::tests::test_lookup_and_split_by_whitespace_in_a_build_variant_with_no_expansions_should_return_none ... ok
[INFO] [stdout] test evergreen::evg_config_utils::tests::test_lookup_in_a_build_variant_with_no_expansions_should_return_none ... ok
[INFO] [stdout] test evergreen::evg_config_utils::tests::test_lookup_in_a_build_variant_with_missing_expansion_should_return_none ... ok
[INFO] [stdout] test evergreen::evg_config_utils::tests::test_lookup_required_should_return_value_if_it_exists ... ok
[INFO] [stdout] test evergreen::evg_config_utils::tests::test_lookup_default_should_return_default_if_no_var ... ok
[INFO] [stdout] test evergreen::evg_config_utils::tests::test_lookup_optional_should_return_value_if_it_exists ... ok
[INFO] [stdout] test evergreen::evg_config_utils::tests::test_lookup_required_should_return_error_if_no_var ... ok
[INFO] [stdout] test evergreen::evg_config_utils::tests::test_lookup_in_a_build_variant_with_expected_expansion_should_return_value ... ok
[INFO] [stdout] test evergreen::evg_config_utils::tests::test_none_should_be_returned_if_expansion_but_not_in_bv_and_no_default ... ok
[INFO] [stdout] test evergreen::evg_config_utils::tests::test_lookup_optional_should_return_none_if_no_var ... ok
[INFO] [stdout] test evergreen::evg_task_history::tests::test_get_test_name::case_2 ... ok
[INFO] [stdout] test evergreen::evg_task_history::tests::test_hook_hook_name ... ok
[INFO] [stdout] test evergreen::evg_config_utils::tests::test_value_should_be_returned_if_no_matching_expansion ... ok
[INFO] [stdout] test evergreen::evg_task_history::tests::test_get_test_name::case_1 ... ok
[INFO] [stdout] test evergreen::evg_task_history::tests::test_get_test_name::case_3 ... ok
[INFO] [stdout] test evergreen::evg_task_history::tests::test_hook_test_name ... ok
[INFO] [stdout] test evergreen::evg_task_history::tests::test_is_hook::case_1 ... ok
[INFO] [stdout] test evergreen::evg_task_history::tests::test_is_hook::case_2 ... ok
[INFO] [stdout] test evergreen::evg_task_history::tests::test_normalize_tests::case_2 ... ok
[INFO] [stdout] test evergreen::evg_task_history::tests::test_normalize_tests::case_4 ... ok
[INFO] [stdout] test evergreen::evg_task_history::tests::test_normalize_tests::case_3 ... ok
[INFO] [stdout] test resmoke::resmoke_proxy::tests::test_get_fcv_tags_for_continuous_should_fallback_if_no_continuous_provided ... ok
[INFO] [stdout] test resmoke::resmoke_proxy::tests::test_get_fcv_tags_for_lts_should_fallback_if_no_lts_provided ... ok
[INFO] [stdout] test resmoke::resmoke_proxy::tests::test_get_fcv_tags_for_lts_should_use_lts_if_provided ... ok
[INFO] [stdout] test resmoke::resmoke_proxy::tests::test_get_fcv_tags_for_continuous_should_use_continuous_if_provided ... ok
[INFO] [stdout] test evergreen::evg_task_history::tests::test_get_task_history_should_fail_if_evg_call_fails ... ok
[INFO] [stdout] test evergreen::evg_task_history::tests::test_normalize_tests::case_1 ... ok
[INFO] [stdout] test services::config_extraction::tests::test_determine_task_dependencies::case_1 ... ok
[INFO] [stdout] test resmoke::resmoke_suite::tests::test_with_new_tests_can_add_tests_to_test_root ... ok
[INFO] [stdout] test services::config_extraction::tests::test_determine_task_dependencies::case_2 ... ok
[INFO] [stdout] test task_types::burn_in_tests::tests::test_build_origin_suite_should_use_suite_name_when_no_mv ... ok
[INFO] [stdout] test services::config_extraction::tests::test_determine_task_dependencies::case_3 ... ok
[INFO] [stdout] test task_types::burn_in_tests::tests::test_build_origin_suite_should_use_multiversion_name_when_provided ... ok
[INFO] [stdout] test resmoke::resmoke_suite::tests::test_other_fixture_should_return_other ... ok
[INFO] [stdout] test resmoke::resmoke_suite::tests::test_replica_set_fixture_should_return_repl ... ok
[INFO] [stdout] test resmoke::resmoke_suite::tests::test_shared_cluster_fixture_should_return_sharded ... ok
[INFO] [stdout] test task_types::burn_in_tests::tests::test_build_task_name_should_use_multiversion_name_when_provided ... ok
[INFO] [stdout] test task_types::burn_in_tests::tests::test_build_task_name_should_use_task_name_if_no_mv ... ok
[INFO] [stdout] test resmoke::resmoke_suite::tests::test_with_new_tests_can_add_tests_to_exclude_list ... ok
[INFO] [stdout] test task_types::burn_in_tests::tests::test_build_test_for_tasks_creates_task_for_each_test ... ok
[INFO] [stdout] test task_types::burn_in_tests::tests::test_display_name_should_include_all_components ... ok
[INFO] [stdout] test resmoke::resmoke_suite::tests::test_no_fixture_defined_should_return_shell ... ok
[INFO] [stdout] test task_types::burn_in_tests::tests::test_generate_burn_in_tags_build_variant ... ok
[INFO] [stdout] test task_types::burn_in_tests::tests::test_build_test_for_tasks_creates_task_for_each_multiversion_iteration_and_test ... ok
[INFO] [stdout] test task_types::fuzzer_tasks::tests::test_build_fuzzer_params::case_1 ... ok
[INFO] [stdout] test task_types::fuzzer_tasks::tests::test_build_fuzzer_params::case_2 ... ok
[INFO] [stdout] test task_types::fuzzer_tasks::tests::test_build_multiversion_fuzzer_sub_task ... ok
[INFO] [stdout] test task_types::fuzzer_tasks::tests::test_build_name::case_2 ... ok
[INFO] [stdout] test task_types::fuzzer_tasks::tests::test_build_name::case_1 ... ok
[INFO] [stdout] test task_types::fuzzer_tasks::tests::test_build_run_tests_vars::case_1 ... ok
[INFO] [stdout] test task_types::fuzzer_tasks::tests::test_build_run_tests_vars::case_4 ... ok
[INFO] [stdout] test task_types::fuzzer_tasks::tests::test_build_run_tests_vars::case_2 ... ok
[INFO] [stdout] test task_types::fuzzer_tasks::tests::test_is_multiversion::case_2 ... ok
[INFO] [stdout] test task_types::fuzzer_tasks::tests::test_build_fuzzer_sub_task ... ok
[INFO] [stdout] test task_types::fuzzer_tasks::tests::test_build_run_tests_vars::case_3 ... ok
[INFO] [stdout] test task_types::fuzzer_tasks::tests::test_is_multiversion::case_1 ... ok
[INFO] [stdout] test task_types::fuzzer_tasks::tests::test_display_name ... ok
[INFO] [stdout] test task_types::multiversion::tests::test_exclude_tags_for_task::case_1 ... ok
[INFO] [stdout] test task_types::multiversion::tests::test_exclude_tags_for_task::case_2 ... ok
[INFO] [stdout] test task_types::fuzzer_tasks::tests::test_sub_tasks ... ok
[INFO] [stdout] test task_types::multiversion::tests::test_exclude_tags_for_task::case_3 ... ok
[INFO] [stdout] test task_types::multiversion::tests::test_get_version_combinations::case_2 ... ok
[INFO] [stdout] test task_types::multiversion::tests::test_get_version_combinations::case_1 ... ok
[INFO] [stdout] test task_types::multiversion::tests::test_get_version_combinations::case_3 ... ok
[INFO] [stdout] test task_types::multiversion::tests::test_get_version_combinations::case_4 ... ok
[INFO] [stdout] test task_types::multiversion::tests::test_multiversion_iterator ... ok
[INFO] [stdout] test task_types::multiversion::tests::test_name_multiversion_suite::case_1 ... ok
[INFO] [stdout] test task_types::multiversion::tests::test_name_multiversion_suite::case_2 ... ok
[INFO] [stdout] test task_types::multiversion::tests::test_mv_get_version_combinations ... ok
[INFO] [stdout] test task_types::resmoke_tasks::tests::test_build_resmoke_args ... ok
[INFO] [stdout] test task_types::resmoke_tasks::tests::test_build_run_test_vars_for_multiversion ... ok
[INFO] [stdout] test task_types::resmoke_tasks::tests::test_build_run_test_vars ... ok
[INFO] [stdout] test task_types::resmoke_tasks::tests::test_build_run_test_vars_with_pass_through_params ... ok
[INFO] [stdout] test task_types::resmoke_config_writer::tests::test_write_suite_files ... ok
[INFO] [stdout] test task_types::resmoke_tasks::tests::test_build_run_test_vars_with_resmoke_jobs ... ok
[INFO] [stdout] test task_types::resmoke_tasks::tests::test_build_run_test_vars_pass_through_params_does_are_overridden ... ok
[INFO] [stdout] test task_types::resmoke_tasks::tests::test_get_test_list_should_filter_enterprise_tests::case_2 ... ok
[INFO] [stdout] test task_types::resmoke_tasks::tests::test_get_test_list_should_filter_enterprise_tests::case_1 ... ok
[INFO] [stdout] test task_types::resmoke_tasks::tests::test_get_test_list_should_work_with_missing_enterprise_details::case_1 ... ok
[INFO] [stdout] test task_types::resmoke_tasks::tests::test_generate_resmoke_tasks ... ok
[INFO] [stdout] test task_types::resmoke_tasks::tests::test_percent_of_tests::case_1 ... ok
[INFO] [stdout] test task_types::resmoke_tasks::tests::test_create_multiversion_combinations ... ok
[INFO] [stdout] test task_types::resmoke_tasks::tests::test_percent_of_tests::case_3 ... ok
[INFO] [stdout] test task_types::resmoke_tasks::tests::test_percent_of_tests::case_2 ... ok
[INFO] [stdout] test task_types::resmoke_tasks::tests::test_percent_of_tests::case_4 ... ok
[INFO] [stdout] test task_types::resmoke_tasks::tests::test_resmoke_commands ... ok
[INFO] [stdout] test task_types::resmoke_tasks::tests::test_split_task_fallback_should_split_tasks_count ... ok
[INFO] [stdout] test task_types::resmoke_tasks::tests::test_get_test_list_should_work_with_missing_enterprise_details::case_2 ... ok
[INFO] [stdout] test task_types::resmoke_tasks::tests::test_split_task_with_missing_history_should_split_tasks_equally ... ok
[INFO] [stdout] test task_types::resmoke_tasks::tests::test_split_task_should_split_tasks_by_runtime ... ok
[INFO] [stdout] test task_types::resmoke_tasks::tests::test_resmoke_commands_should_include_multiversion ... ok
[INFO] [stdout] test task_types::resmoke_tasks::tests::test_split_tasks_should_include_multiversion_information ... ok
[INFO] [stdout] test tests::test_create_burn_in_worker_should_not_add_task_when_burn_in_suites_are_absent ... ok
[INFO] [stdout] test tests::test_create_burn_in_worker_should_add_task_when_burn_in_suites_are_present ... ok
[INFO] [stdout] test tests::test_valid_determine_distros_should_work::case_2 ... ok
[INFO] [stdout] test task_types::resmoke_config_writer::tests::test_errors_encountered_during_execution ... ok
[INFO] [stdout] test utils::task_name::tests::test_name_generated_task_should_not_include_suffix::case_1 ... ok
[INFO] [stdout] test tests::test_determine_distros_should_fail_if_no_large_distro ... ok
[INFO] [stdout] test tests::test_lookup_task_name_should_use_enterprise_when_specified::case_1 ... ok
[INFO] [stdout] test tests::test_determine_distros_should_no_large_distro_can_be_ignored ... ok
[INFO] [stdout] test tests::test_valid_determine_distros_should_work::case_1 ... ok
[INFO] [stdout] test tests::test_lookup_task_name_should_use_enterprise_when_specified::case_2 ... ok
[INFO] [stdout] test utils::task_name::tests::test_name_generated_task_should_not_include_suffix::case_4 ... ok
[INFO] [stdout] test utils::task_name::tests::test_name_generated_task_should_not_include_suffix::case_2 ... ok
[INFO] [stdout] test utils::task_name::tests::test_name_generated_task_should_not_include_suffix::case_7 ... ok
[INFO] [stdout] test utils::task_name::tests::test_remove_gen_suffix::case_1 ... ok
[INFO] [stdout] test utils::task_name::tests::test_remove_gen_suffix::case_2 ... ok
[INFO] [stdout] test utils::task_name::tests::test_name_generated_task_should_not_include_suffix::case_8 ... ok
[INFO] [stdout] test utils::task_name::tests::test_name_generated_task_should_not_include_suffix::case_3 ... ok
[INFO] [stdout] test utils::task_name::tests::test_name_generated_task_should_not_include_suffix::case_5 ... ok
[INFO] [stdout] test utils::task_name::tests::test_name_generated_task_should_not_include_suffix::case_6 ... ok
[INFO] [stdout] test utils::task_name::tests::test_remove_gen_suffix::case_3 ... ok
[INFO] [stdout] 
[INFO] [stdout] test result: ok. 139 passed; 0 failed; 0 ignored; 0 measured; 0 filtered out; finished in 0.02s
[INFO] [stdout] 
[INFO] [stderr]      Running unittests src/main.rs (/opt/rustwide/target/debug/deps/mongo_task_generator-eef81d7e661f93c5)
[INFO] [stdout] 
[INFO] [stdout] running 0 tests
[INFO] [stdout] 
[INFO] [stdout] test result: ok. 0 passed; 0 failed; 0 ignored; 0 measured; 0 filtered out; finished in 0.00s
[INFO] [stdout] 
[INFO] [stderr]      Running tests/integration_test.rs (/opt/rustwide/target/debug/deps/integration_test-eb6c196e2d4695dc)
[INFO] [stdout] 
[INFO] [stdout] running 1 test
[INFO] [stdout] test test_end2end_execution ... FAILED
[INFO] [stdout] 
[INFO] [stdout] failures:
[INFO] [stdout] 
[INFO] [stdout] ---- test_end2end_execution stdout ----
[INFO] [stdout] thread 'test_end2end_execution' panicked at /rustc/82e1608dfa6e0b5569232559e3d385fea5a93112/library/core/src/ops/function.rs:250:5:
[INFO] [stdout] Unexpected failure.
[INFO] [stdout] code-101
[INFO] [stdout] stderr=```<9337 bytes total>"thread \'main\' panicked at src/lib.rs:98:62:\nCould not find evg project: No such file or directory (os error 2)\nstack backtrace:\n   0:     0x558b69079c0c - std::backtrace_rs::backtrace::libunwind::trace::ha637c64ce894333a\n                               at /rustc/82e1608dfa6e0b5569232559e3d385fea5a93112/library/std/src/../../backtrace/src/backtrace/libunwind.rs:104:5\n   1:     0x558b69079c0c - std::backtrace_rs::backtrace::trace_unsynchronized::h47f62dea28e0c88d\n                               at /rustc/82e1608dfa6e0b5569232559e3d385fea5a93112/library/std/src/../../backtrace/src/backtrace/mod.rs:66:5\n   2:     0x558b69079c0c - std::sys_common::backtrace::_print_fmt::h9eef0abe20ede486\n                               at /rustc/82e1608dfa6e0b5569232559e3d385fea5a93112/library/std/src/sys_common/backtrace.rs:67:5\n   3:     0x558b69079c0c - <std::sys_common::backtrace::_print::DisplayBacktrace as core::fmt::Display>::fmt::hed7f999df88cc644\n                               at /rustc/82e1608dfa6e0b5569232559e3d385fea5a93112/library/std/src/sys_common/backtrace.rs:44:22\n   4:     0x558b690a8260 - core::fmt::rt::Argument::fmt::h1539a9308b8d058d\n                               at /rustc/82e1608dfa6e0b5569232559e3d385fea5a93112/library/core/src/fmt/rt.rs:142:9\n   5:     0x558b690a8260 - core::fmt::write::h3a39390d8560d9c9\n                               at /rustc/82e1608dfa6e0b5569232559e3d385fea5a93112/library/core/src/fmt/mod.rs:1120:17\n   6:     0x558b690762cf - std::io::Write::write_fmt::h5fc9997dfe05f882\n                               at /rustc/82e1608dfa6e0b5569232559e3d385fea5a93112/library/std/src/io/mod.rs:1762:15\n   7:     0x558b690799f4 - std::sys_common::backtrace::_print::h894006fb5c6f3d45\n                               at /rustc/82e1608dfa6e0b5569232559e3d385fea5a93112/library/std/src/sys_common/backtrace.rs:47:5\n   8:     0x558b690799f4 - std::sys_common::backtrace::print::h23a2d212c6fff936\n                               at /rustc/82e1608dfa6e0b5569232559e3d385fea5a93112/library/std/src/sys_common/backtrace.rs:34:9\n "...<5241 bytes omitted>..."ction::FnOnce<A> for &F>::call_once::hd95060ecd5e1ca24\n                               at /rustc/82e1608dfa6e0b5569232559e3d385fea5a93112/library/core/src/ops/function.rs:284:13\n  36:     0x558b69070537 - std::panicking::try::do_call::h6e8cf51db32a6e4b\n                               at /rustc/82e1608dfa6e0b5569232559e3d385fea5a93112/library/std/src/panicking.rs:552:40\n  37:     0x558b69070537 - std::panicking::try::h3a52eefe24fe3c29\n                               at /rustc/82e1608dfa6e0b5569232559e3d385fea5a93112/library/std/src/panicking.rs:516:19\n  38:     0x558b69070537 - std::panic::catch_unwind::h24c28c23c02c3841\n                               at /rustc/82e1608dfa6e0b5569232559e3d385fea5a93112/library/std/src/panic.rs:142:14\n  39:     0x558b69070537 - std::rt::lang_start_internal::{{closure}}::h705d3c9cbc06ef47\n                               at /rustc/82e1608dfa6e0b5569232559e3d385fea5a93112/library/std/src/rt.rs:148:48\n  40:     0x558b69070537 - std::panicking::try::do_call::ha21f52ba13158470\n                               at /rustc/82e1608dfa6e0b5569232559e3d385fea5a93112/library/std/src/panicking.rs:552:40\n  41:     0x558b69070537 - std::panicking::try::h5581346bf6aeb1f8\n                               at /rustc/82e1608dfa6e0b5569232559e3d385fea5a93112/library/std/src/panicking.rs:516:19\n  42:     0x558b69070537 - std::panic::catch_unwind::h7919645a6b72e25b\n                               at /rustc/82e1608dfa6e0b5569232559e3d385fea5a93112/library/std/src/panic.rs:142:14\n  43:     0x558b69070537 - std::rt::lang_start_internal::h12de51168669836e\n                               at /rustc/82e1608dfa6e0b5569232559e3d385fea5a93112/library/std/src/rt.rs:148:20\n  44:     0x558b6837546a - std::rt::lang_start::h8b9f694fb63a76c2\n                               at /rustc/82e1608dfa6e0b5569232559e3d385fea5a93112/library/std/src/rt.rs:166:17\n  45:     0x558b6836380e - main\n  46:     0x7f3b6a1ffd90 - <unknown>\n  47:     0x7f3b6a1ffe40 - __libc_start_main\n  48:     0x558b68329b65 - _start\n  49:                0x0 - <unknown>\n"```
[INFO] [stdout] command=`"/opt/rustwide/target/debug/mongo-task-generator" "--target-directory" "/tmp/generated_resmoke_config.xjjLxsimzGwL" "--expansion-file" "tests/data/sample_expansions.yml" "--evg-project-file" "tests/data/evergreen.yml" "--evg-auth-file" "tests/data/sample_evergreen_auth.yml" "--resmoke-command" "python3 tests/mocks/resmoke.py" "--use-task-split-fallback" "--generate-sub-tasks-config" "tests/data/sample_generate_subtasks_config.yml"`
[INFO] [stdout] code=101
[INFO] [stdout] stdout=""
[INFO] [stdout] stderr=<9337 bytes total>"thread \'main\' panicked at src/lib.rs:98:62:\nCould not find evg project: No such file or directory (os error 2)\nstack backtrace:\n   0:     0x558b69079c0c - std::backtrace_rs::backtrace::libunwind::trace::ha637c64ce894333a\n                               at /rustc/82e1608dfa6e0b5569232559e3d385fea5a93112/library/std/src/../../backtrace/src/backtrace/libunwind.rs:104:5\n   1:     0x558b69079c0c - std::backtrace_rs::backtrace::trace_unsynchronized::h47f62dea28e0c88d\n                               at /rustc/82e1608dfa6e0b5569232559e3d385fea5a93112/library/std/src/../../backtrace/src/backtrace/mod.rs:66:5\n   2:     0x558b69079c0c - std::sys_common::backtrace::_print_fmt::h9eef0abe20ede486\n                               at /rustc/82e1608dfa6e0b5569232559e3d385fea5a93112/library/std/src/sys_common/backtrace.rs:67:5\n   3:     0x558b69079c0c - <std::sys_common::backtrace::_print::DisplayBacktrace as core::fmt::Display>::fmt::hed7f999df88cc644\n                               at /rustc/82e1608dfa6e0b5569232559e3d385fea5a93112/library/std/src/sys_common/backtrace.rs:44:22\n   4:     0x558b690a8260 - core::fmt::rt::Argument::fmt::h1539a9308b8d058d\n                               at /rustc/82e1608dfa6e0b5569232559e3d385fea5a93112/library/core/src/fmt/rt.rs:142:9\n   5:     0x558b690a8260 - core::fmt::write::h3a39390d8560d9c9\n                               at /rustc/82e1608dfa6e0b5569232559e3d385fea5a93112/library/core/src/fmt/mod.rs:1120:17\n   6:     0x558b690762cf - std::io::Write::write_fmt::h5fc9997dfe05f882\n                               at /rustc/82e1608dfa6e0b5569232559e3d385fea5a93112/library/std/src/io/mod.rs:1762:15\n   7:     0x558b690799f4 - std::sys_common::backtrace::_print::h894006fb5c6f3d45\n                               at /rustc/82e1608dfa6e0b5569232559e3d385fea5a93112/library/std/src/sys_common/backtrace.rs:47:5\n   8:     0x558b690799f4 - std::sys_common::backtrace::print::h23a2d212c6fff936\n                               at /rustc/82e1608dfa6e0b5569232559e3d385fea5a93112/library/std/src/sys_common/backtrace.rs:34:9\n "...<5241 bytes omitted>..."ction::FnOnce<A> for &F>::call_once::hd95060ecd5e1ca24\n                               at /rustc/82e1608dfa6e0b5569232559e3d385fea5a93112/library/core/src/ops/function.rs:284:13\n  36:     0x558b69070537 - std::panicking::try::do_call::h6e8cf51db32a6e4b\n                               at /rustc/82e1608dfa6e0b5569232559e3d385fea5a93112/library/std/src/panicking.rs:552:40\n  37:     0x558b69070537 - std::panicking::try::h3a52eefe24fe3c29\n                               at /rustc/82e1608dfa6e0b5569232559e3d385fea5a93112/library/std/src/panicking.rs:516:19\n  38:     0x558b69070537 - std::panic::catch_unwind::h24c28c23c02c3841\n                               at /rustc/82e1608dfa6e0b5569232559e3d385fea5a93112/library/std/src/panic.rs:142:14\n  39:     0x558b69070537 - std::rt::lang_start_internal::{{closure}}::h705d3c9cbc06ef47\n                               at /rustc/82e1608dfa6e0b5569232559e3d385fea5a93112/library/std/src/rt.rs:148:48\n  40:     0x558b69070537 - std::panicking::try::do_call::ha21f52ba13158470\n                               at /rustc/82e1608dfa6e0b5569232559e3d385fea5a93112/library/std/src/panicking.rs:552:40\n  41:     0x558b69070537 - std::panicking::try::h5581346bf6aeb1f8\n                               at /rustc/82e1608dfa6e0b5569232559e3d385fea5a93112/library/std/src/panicking.rs:516:19\n  42:     0x558b69070537 - std::panic::catch_unwind::h7919645a6b72e25b\n                               at /rustc/82e1608dfa6e0b5569232559e3d385fea5a93112/library/std/src/panic.rs:142:14\n  43:     0x558b69070537 - std::rt::lang_start_internal::h12de51168669836e\n                               at /rustc/82e1608dfa6e0b5569232559e3d385fea5a93112/library/std/src/rt.rs:148:20\n  44:     0x558b6837546a - std::rt::lang_start::h8b9f694fb63a76c2\n                               at /rustc/82e1608dfa6e0b5569232559e3d385fea5a93112/library/std/src/rt.rs:166:17\n  45:     0x558b6836380e - main\n  46:     0x7f3b6a1ffd90 - <unknown>\n  47:     0x7f3b6a1ffe40 - __libc_start_main\n  48:     0x558b68329b65 - _start\n  49:                0x0 - <unknown>\n"
[INFO] [stdout] 
[INFO] [stdout] stack backtrace:
[INFO] [stdout]    0:     0x557909b732ac - std::backtrace_rs::backtrace::libunwind::trace::ha637c64ce894333a
[INFO] [stdout]                                at /rustc/82e1608dfa6e0b5569232559e3d385fea5a93112/library/std/src/../../backtrace/src/backtrace/libunwind.rs:104:5
[INFO] [stdout]    1:     0x557909b732ac - std::backtrace_rs::backtrace::trace_unsynchronized::h47f62dea28e0c88d
[INFO] [stdout]                                at /rustc/82e1608dfa6e0b5569232559e3d385fea5a93112/library/std/src/../../backtrace/src/backtrace/mod.rs:66:5
[INFO] [stdout]    2:     0x557909b732ac - std::sys_common::backtrace::_print_fmt::h9eef0abe20ede486
[INFO] [stdout]                                at /rustc/82e1608dfa6e0b5569232559e3d385fea5a93112/library/std/src/sys_common/backtrace.rs:67:5
[INFO] [stdout]    3:     0x557909b732ac - <std::sys_common::backtrace::_print::DisplayBacktrace as core::fmt::Display>::fmt::hed7f999df88cc644
[INFO] [stdout]                                at /rustc/82e1608dfa6e0b5569232559e3d385fea5a93112/library/std/src/sys_common/backtrace.rs:44:22
[INFO] [stdout]    4:     0x557909b9e7d0 - core::fmt::rt::Argument::fmt::h1539a9308b8d058d
[INFO] [stdout]                                at /rustc/82e1608dfa6e0b5569232559e3d385fea5a93112/library/core/src/fmt/rt.rs:142:9
[INFO] [stdout]    5:     0x557909b9e7d0 - core::fmt::write::h3a39390d8560d9c9
[INFO] [stdout]                                at /rustc/82e1608dfa6e0b5569232559e3d385fea5a93112/library/core/src/fmt/mod.rs:1120:17
[INFO] [stdout]    6:     0x557909b703ff - std::io::Write::write_fmt::h040b369f3a0f9cbc
[INFO] [stdout]                                at /rustc/82e1608dfa6e0b5569232559e3d385fea5a93112/library/std/src/io/mod.rs:1762:15
[INFO] [stdout]    7:     0x557909b73094 - std::sys_common::backtrace::_print::h894006fb5c6f3d45
[INFO] [stdout]                                at /rustc/82e1608dfa6e0b5569232559e3d385fea5a93112/library/std/src/sys_common/backtrace.rs:47:5
[INFO] [stdout]    8:     0x557909b73094 - std::sys_common::backtrace::print::h23a2d212c6fff936
[INFO] [stdout]                                at /rustc/82e1608dfa6e0b5569232559e3d385fea5a93112/library/std/src/sys_common/backtrace.rs:34:9
[INFO] [stdout]    9:     0x557909b74dd7 - std::panicking::default_hook::{{closure}}::h8a1d2ee00185001a
[INFO] [stdout]   10:     0x557909b74ac3 - std::panicking::default_hook::h6038f2eba384e475
[INFO] [stdout]                                at /rustc/82e1608dfa6e0b5569232559e3d385fea5a93112/library/std/src/panicking.rs:289:9
[INFO] [stdout]   11:     0x557909afec57 - <alloc::boxed::Box<F,A> as core::ops::function::Fn<Args>>::call::h0ad024c9bdc6d768
[INFO] [stdout]                                at /rustc/82e1608dfa6e0b5569232559e3d385fea5a93112/library/alloc/src/boxed.rs:2021:9
[INFO] [stdout]   12:     0x557909afec57 - test::test_main::{{closure}}::h7500b54257359db6
[INFO] [stdout]                                at /rustc/82e1608dfa6e0b5569232559e3d385fea5a93112/library/test/src/lib.rs:138:21
[INFO] [stdout]   13:     0x557909b753e8 - <alloc::boxed::Box<F,A> as core::ops::function::Fn<Args>>::call::h1f8f335eaa9cfaee
[INFO] [stdout]                                at /rustc/82e1608dfa6e0b5569232559e3d385fea5a93112/library/alloc/src/boxed.rs:2021:9
[INFO] [stdout]   14:     0x557909b753e8 - std::panicking::rust_panic_with_hook::h2b5517d590cab22e
[INFO] [stdout]                                at /rustc/82e1608dfa6e0b5569232559e3d385fea5a93112/library/std/src/panicking.rs:783:13
[INFO] [stdout]   15:     0x557909b7513e - std::panicking::begin_panic_handler::{{closure}}::h233112c06e0ef43e
[INFO] [stdout]                                at /rustc/82e1608dfa6e0b5569232559e3d385fea5a93112/library/std/src/panicking.rs:657:13
[INFO] [stdout]   16:     0x557909b73776 - std::sys_common::backtrace::__rust_end_short_backtrace::h6e893f24d7ebbff8
[INFO] [stdout]                                at /rustc/82e1608dfa6e0b5569232559e3d385fea5a93112/library/std/src/sys_common/backtrace.rs:170:18
[INFO] [stdout]   17:     0x557909b74ea2 - rust_begin_unwind
[INFO] [stdout]                                at /rustc/82e1608dfa6e0b5569232559e3d385fea5a93112/library/std/src/panicking.rs:645:5
[INFO] [stdout]   18:     0x557909ac70e5 - core::panicking::panic_fmt::hbf0e066aabfa482c
[INFO] [stdout]                                at /rustc/82e1608dfa6e0b5569232559e3d385fea5a93112/library/core/src/panicking.rs:72:14
[INFO] [stdout]   19:     0x557909b1eb6f - core::panicking::panic_display::h795c6b9c65a26c51
[INFO] [stdout]                                at /rustc/82e1608dfa6e0b5569232559e3d385fea5a93112/library/core/src/panicking.rs:178:5
[INFO] [stdout]   20:     0x557909b26e57 - assert_cmd::assert::AssertError::panic::h1b6c12918c89883e
[INFO] [stdout]                                at /opt/rustwide/cargo-home/registry/src/index.crates.io-6f17d22bba15001f/assert_cmd-2.0.4/src/assert.rs:1036:9
[INFO] [stdout]   21:     0x557909b1c827 - core::ops::function::FnOnce::call_once::h3641d6e599e3f854
[INFO] [stdout]                                at /rustc/82e1608dfa6e0b5569232559e3d385fea5a93112/library/core/src/ops/function.rs:250:5
[INFO] [stdout]   22:     0x557909b2c5c6 - core::result::Result<T,E>::unwrap_or_else::h6453d161f725b7cc
[INFO] [stdout]                                at /rustc/82e1608dfa6e0b5569232559e3d385fea5a93112/library/core/src/result.rs:1430:23
[INFO] [stdout]   23:     0x557909b26a56 - assert_cmd::assert::Assert::success::h681e3aa3780d67e8
[INFO] [stdout]                                at /opt/rustwide/cargo-home/registry/src/index.crates.io-6f17d22bba15001f/assert_cmd-2.0.4/src/assert.rs:156:9
[INFO] [stdout]   24:     0x557909acb046 - integration_test::test_end2end_execution::h1f968567940a15b1
[INFO] [stdout]                                at /opt/rustwide/workdir/tests/integration_test.rs:9:5
[INFO] [stdout]   25:     0x557909acad37 - integration_test::test_end2end_execution::{{closure}}::hb78bd2821cafb003
[INFO] [stdout]                                at /opt/rustwide/workdir/tests/integration_test.rs:5:28
[INFO] [stdout]   26:     0x557909ac87d6 - core::ops::function::FnOnce::call_once::ha5e2bd4d483c4f6a
[INFO] [stdout]                                at /rustc/82e1608dfa6e0b5569232559e3d385fea5a93112/library/core/src/ops/function.rs:250:5
[INFO] [stdout]   27:     0x557909b042af - core::ops::function::FnOnce::call_once::h2b5d431d5046312d
[INFO] [stdout]                                at /rustc/82e1608dfa6e0b5569232559e3d385fea5a93112/library/core/src/ops/function.rs:250:5
[INFO] [stdout]   28:     0x557909b042af - test::__rust_begin_short_backtrace::h7714669af176e207
[INFO] [stdout]                                at /rustc/82e1608dfa6e0b5569232559e3d385fea5a93112/library/test/src/lib.rs:628:18
[INFO] [stdout]   29:     0x557909b032c5 - test::run_test_in_process::{{closure}}::h85218797dcbcec12
[INFO] [stdout]                                at /rustc/82e1608dfa6e0b5569232559e3d385fea5a93112/library/test/src/lib.rs:651:60
[INFO] [stdout]   30:     0x557909b032c5 - <core::panic::unwind_safe::AssertUnwindSafe<F> as core::ops::function::FnOnce<()>>::call_once::h76c106ea31c14d7b
[INFO] [stdout]                                at /rustc/82e1608dfa6e0b5569232559e3d385fea5a93112/library/core/src/panic/unwind_safe.rs:272:9
[INFO] [stdout]   31:     0x557909b032c5 - std::panicking::try::do_call::h3bd5d0f6620ee946
[INFO] [stdout]                                at /rustc/82e1608dfa6e0b5569232559e3d385fea5a93112/library/std/src/panicking.rs:552:40
[INFO] [stdout]   32:     0x557909b032c5 - std::panicking::try::h232e535e4744fe31
[INFO] [stdout]                                at /rustc/82e1608dfa6e0b5569232559e3d385fea5a93112/library/std/src/panicking.rs:516:19
[INFO] [stdout]   33:     0x557909b032c5 - std::panic::catch_unwind::h3ce3bd6ca8dbac68
[INFO] [stdout]                                at /rustc/82e1608dfa6e0b5569232559e3d385fea5a93112/library/std/src/panic.rs:142:14
[INFO] [stdout]   34:     0x557909b032c5 - test::run_test_in_process::hc97b257c9621286a
[INFO] [stdout]                                at /rustc/82e1608dfa6e0b5569232559e3d385fea5a93112/library/test/src/lib.rs:651:27
[INFO] [stdout]   35:     0x557909b032c5 - test::run_test::{{closure}}::h2aa798823a438d38
[INFO] [stdout]                                at /rustc/82e1608dfa6e0b5569232559e3d385fea5a93112/library/test/src/lib.rs:574:43
[INFO] [stdout]   36:     0x557909acb586 - test::run_test::{{closure}}::h87d231c78fb59832
[INFO] [stdout]                                at /rustc/82e1608dfa6e0b5569232559e3d385fea5a93112/library/test/src/lib.rs:602:41
[INFO] [stdout]   37:     0x557909acb586 - std::sys_common::backtrace::__rust_begin_short_backtrace::he6df152596625789
[INFO] [stdout]                                at /rustc/82e1608dfa6e0b5569232559e3d385fea5a93112/library/std/src/sys_common/backtrace.rs:154:18
[INFO] [stdout]   38:     0x557909ad0637 - std::thread::Builder::spawn_unchecked_::{{closure}}::{{closure}}::ha94be15d1e0acf36
[INFO] [stdout]                                at /rustc/82e1608dfa6e0b5569232559e3d385fea5a93112/library/std/src/thread/mod.rs:529:17
[INFO] [stdout]   39:     0x557909ad0637 - <core::panic::unwind_safe::AssertUnwindSafe<F> as core::ops::function::FnOnce<()>>::call_once::h9dc6bd6372f16606
[INFO] [stdout]                                at /rustc/82e1608dfa6e0b5569232559e3d385fea5a93112/library/core/src/panic/unwind_safe.rs:272:9
[INFO] [stdout]   40:     0x557909ad0637 - std::panicking::try::do_call::h9057517f80303cd4
[INFO] [stdout]                                at /rustc/82e1608dfa6e0b5569232559e3d385fea5a93112/library/std/src/panicking.rs:552:40
[INFO] [stdout]   41:     0x557909ad0637 - std::panicking::try::he3a30b11ee45340c
[INFO] [stdout]                                at /rustc/82e1608dfa6e0b5569232559e3d385fea5a93112/library/std/src/panicking.rs:516:19
[INFO] [stdout]   42:     0x557909ad0637 - std::panic::catch_unwind::h410458cfd3528b8b
[INFO] [stdout]                                at /rustc/82e1608dfa6e0b5569232559e3d385fea5a93112/library/std/src/panic.rs:142:14
[INFO] [stdout]   43:     0x557909ad0637 - std::thread::Builder::spawn_unchecked_::{{closure}}::h72ac3bdb567b737b
[INFO] [stdout]                                at /rustc/82e1608dfa6e0b5569232559e3d385fea5a93112/library/std/src/thread/mod.rs:528:30
[INFO] [stdout]   44:     0x557909ad0637 - core::ops::function::FnOnce::call_once{{vtable.shim}}::h38f34da3654a8344
[INFO] [stdout]                                at /rustc/82e1608dfa6e0b5569232559e3d385fea5a93112/library/core/src/ops/function.rs:250:5
[INFO] [stdout]   45:     0x557909b7b275 - <alloc::boxed::Box<F,A> as core::ops::function::FnOnce<Args>>::call_once::hc7eafaff61e32df9
[INFO] [stdout]                                at /rustc/82e1608dfa6e0b5569232559e3d385fea5a93112/library/alloc/src/boxed.rs:2007:9
[INFO] [stdout]   46:     0x557909b7b275 - <alloc::boxed::Box<F,A> as core::ops::function::FnOnce<Args>>::call_once::h6ba4a5de48dd2304
[INFO] [stdout]                                at /rustc/82e1608dfa6e0b5569232559e3d385fea5a93112/library/alloc/src/boxed.rs:2007:9
[INFO] [stdout]   47:     0x557909b7b275 - std::sys::unix::thread::Thread::new::thread_start::he469335aef763e45
[INFO] [stdout]                                at /rustc/82e1608dfa6e0b5569232559e3d385fea5a93112/library/std/src/sys/unix/thread.rs:108:17
[INFO] [stdout]   48:     0x7fe8c01e0ac3 - <unknown>
[INFO] [stdout]   49:     0x7fe8c0271bf4 - __clone
[INFO] [stdout]   50:                0x0 - <unknown>
[INFO] [stdout] 
[INFO] [stdout] 
[INFO] [stdout] failures:
[INFO] [stdout]     test_end2end_execution
[INFO] [stdout] 
[INFO] [stdout] test result: FAILED. 0 passed; 1 failed; 0 ignored; 0 measured; 0 filtered out; finished in 0.08s
[INFO] [stdout] 
[INFO] [stderr] error: test failed, to rerun pass `--test integration_test`
[INFO] running `Command { std: "docker" "inspect" "fdf56b36040a238b836cdc337a4404e48f95441ee81a57dd8759ce70e09110ef", kill_on_drop: false }`
[INFO] running `Command { std: "docker" "rm" "-f" "fdf56b36040a238b836cdc337a4404e48f95441ee81a57dd8759ce70e09110ef", kill_on_drop: false }`
[INFO] [stdout] fdf56b36040a238b836cdc337a4404e48f95441ee81a57dd8759ce70e09110ef
