[INFO] cloning repository https://github.com/robert-oleynik/rust-error-utils
[INFO] running `Command { std: "git" "-c" "credential.helper=" "-c" "credential.helper=/workspace/cargo-home/bin/git-credential-null" "clone" "--bare" "https://github.com/robert-oleynik/rust-error-utils" "/workspace/cache/git-repos/https%3A%2F%2Fgithub.com%2Frobert-oleynik%2Frust-error-utils", kill_on_drop: false }`
[INFO] [stderr] Cloning into bare repository '/workspace/cache/git-repos/https%3A%2F%2Fgithub.com%2Frobert-oleynik%2Frust-error-utils'...
[INFO] running `Command { std: "git" "rev-parse" "HEAD", kill_on_drop: false }`
[INFO] [stdout] 60cdaff13569ffe6ab38b5dfe1d3fa35b856255f
[INFO] testing robert-oleynik/rust-error-utils against 1.75.0 for beta-1.76-1
[INFO] running `Command { std: "git" "clone" "/workspace/cache/git-repos/https%3A%2F%2Fgithub.com%2Frobert-oleynik%2Frust-error-utils" "/workspace/builds/worker-0-tc1/source", kill_on_drop: false }`
[INFO] [stderr] Cloning into '/workspace/builds/worker-0-tc1/source'...
[INFO] [stderr] done.
[INFO] validating manifest of git repo https://github.com/robert-oleynik/rust-error-utils on toolchain 1.75.0
[INFO] running `Command { std: CARGO_HOME="/workspace/cargo-home" RUSTUP_HOME="/workspace/rustup-home" "/workspace/cargo-home/bin/cargo" "+1.75.0" "metadata" "--manifest-path" "Cargo.toml" "--no-deps", kill_on_drop: false }`
[INFO] started tweaking git repo https://github.com/robert-oleynik/rust-error-utils
[INFO] finished tweaking git repo https://github.com/robert-oleynik/rust-error-utils
[INFO] tweaked toml for git repo https://github.com/robert-oleynik/rust-error-utils written to /workspace/builds/worker-0-tc1/source/Cargo.toml
[INFO] crate git repo https://github.com/robert-oleynik/rust-error-utils already has a lockfile, it will not be regenerated
[INFO] running `Command { std: CARGO_HOME="/workspace/cargo-home" RUSTUP_HOME="/workspace/rustup-home" "/workspace/cargo-home/bin/cargo" "+1.75.0" "fetch" "--manifest-path" "Cargo.toml", kill_on_drop: false }`
[INFO] [stderr] warning: virtual workspace defaulting to `resolver = "1"` despite one or more workspace members being on edition 2021 which implies `resolver = "2"`
[INFO] [stderr] note: to keep the current resolver, specify `workspace.resolver = "1"` in the workspace root's manifest
[INFO] [stderr] note: to use the edition 2021 resolver, specify `workspace.resolver = "2"` in the workspace root's manifest
[INFO] [stderr] note: for more details see https://doc.rust-lang.org/cargo/reference/resolver.html#resolver-versions
[INFO] [stderr]     Updating crates.io index
[INFO] running `Command { std: "docker" "create" "-v" "/var/lib/crater-agent-workspace/builds/worker-0-tc1/target:/opt/rustwide/target:rw,Z" "-v" "/var/lib/crater-agent-workspace/builds/worker-0-tc1/source:/opt/rustwide/workdir:ro,Z" "-v" "/var/lib/crater-agent-workspace/cargo-home:/opt/rustwide/cargo-home:ro,Z" "-v" "/var/lib/crater-agent-workspace/rustup-home:/opt/rustwide/rustup-home:ro,Z" "-e" "SOURCE_DIR=/opt/rustwide/workdir" "-e" "CARGO_TARGET_DIR=/opt/rustwide/target" "-e" "CARGO_HOME=/opt/rustwide/cargo-home" "-e" "RUSTUP_HOME=/opt/rustwide/rustup-home" "-w" "/opt/rustwide/workdir" "-m" "1610612736" "--user" "0:0" "--network" "none" "ghcr.io/rust-lang/crates-build-env/linux@sha256:2788e3201cd34a07e3172128adcd8b3090168a8e3bcc40d7c032b9dda1df7d1c" "/opt/rustwide/cargo-home/bin/cargo" "+1.75.0" "metadata" "--no-deps" "--format-version=1", kill_on_drop: false }`
[INFO] [stdout] 9aff0451a47b2be192d50feffdc5bd6e19453c39d64e1e3443f3a8caffbc1643
[INFO] running `Command { std: "docker" "start" "-a" "9aff0451a47b2be192d50feffdc5bd6e19453c39d64e1e3443f3a8caffbc1643", kill_on_drop: false }`
[INFO] running `Command { std: "docker" "inspect" "9aff0451a47b2be192d50feffdc5bd6e19453c39d64e1e3443f3a8caffbc1643", kill_on_drop: false }`
[INFO] running `Command { std: "docker" "rm" "-f" "9aff0451a47b2be192d50feffdc5bd6e19453c39d64e1e3443f3a8caffbc1643", kill_on_drop: false }`
[INFO] [stdout] 9aff0451a47b2be192d50feffdc5bd6e19453c39d64e1e3443f3a8caffbc1643
[INFO] running `Command { std: "docker" "create" "-v" "/var/lib/crater-agent-workspace/builds/worker-0-tc1/target:/opt/rustwide/target:rw,Z" "-v" "/var/lib/crater-agent-workspace/builds/worker-0-tc1/source:/opt/rustwide/workdir:ro,Z" "-v" "/var/lib/crater-agent-workspace/cargo-home:/opt/rustwide/cargo-home:ro,Z" "-v" "/var/lib/crater-agent-workspace/rustup-home:/opt/rustwide/rustup-home:ro,Z" "-e" "SOURCE_DIR=/opt/rustwide/workdir" "-e" "CARGO_TARGET_DIR=/opt/rustwide/target" "-e" "CARGO_INCREMENTAL=0" "-e" "RUST_BACKTRACE=full" "-e" "RUSTFLAGS=--cap-lints=warn" "-e" "RUSTDOCFLAGS=--cap-lints=warn" "-e" "CARGO_HOME=/opt/rustwide/cargo-home" "-e" "RUSTUP_HOME=/opt/rustwide/rustup-home" "-w" "/opt/rustwide/workdir" "-m" "1610612736" "--user" "0:0" "--network" "none" "ghcr.io/rust-lang/crates-build-env/linux@sha256:2788e3201cd34a07e3172128adcd8b3090168a8e3bcc40d7c032b9dda1df7d1c" "/opt/rustwide/cargo-home/bin/cargo" "+1.75.0" "build" "--frozen" "--message-format=json", kill_on_drop: false }`
[INFO] [stdout] 01637f24627f27e16b9df2f8cd7360cb7323a49b2e4d0e7aff12440bff49fc14
[INFO] running `Command { std: "docker" "start" "-a" "01637f24627f27e16b9df2f8cd7360cb7323a49b2e4d0e7aff12440bff49fc14", kill_on_drop: false }`
[INFO] [stderr] warning: virtual workspace defaulting to `resolver = "1"` despite one or more workspace members being on edition 2021 which implies `resolver = "2"`
[INFO] [stderr] note: to keep the current resolver, specify `workspace.resolver = "1"` in the workspace root's manifest
[INFO] [stderr] note: to use the edition 2021 resolver, specify `workspace.resolver = "2"` in the workspace root's manifest
[INFO] [stderr] note: for more details see https://doc.rust-lang.org/cargo/reference/resolver.html#resolver-versions
[INFO] [stderr]    Compiling proc-macro2 v1.0.40
[INFO] [stderr]    Compiling unicode-ident v1.0.2
[INFO] [stderr]    Compiling quote v1.0.20
[INFO] [stderr]    Compiling syn v1.0.98
[INFO] [stderr]    Compiling error-utils-derive v0.1.3 (/opt/rustwide/workdir/error-utils-derive)
[INFO] [stderr]    Compiling error-utils v0.1.4 (/opt/rustwide/workdir/error-utils)
[INFO] [stderr]     Finished dev [unoptimized + debuginfo] target(s) in 5.10s
[INFO] running `Command { std: "docker" "inspect" "01637f24627f27e16b9df2f8cd7360cb7323a49b2e4d0e7aff12440bff49fc14", kill_on_drop: false }`
[INFO] running `Command { std: "docker" "rm" "-f" "01637f24627f27e16b9df2f8cd7360cb7323a49b2e4d0e7aff12440bff49fc14", kill_on_drop: false }`
[INFO] [stdout] 01637f24627f27e16b9df2f8cd7360cb7323a49b2e4d0e7aff12440bff49fc14
[INFO] running `Command { std: "docker" "create" "-v" "/var/lib/crater-agent-workspace/builds/worker-0-tc1/target:/opt/rustwide/target:rw,Z" "-v" "/var/lib/crater-agent-workspace/builds/worker-0-tc1/source:/opt/rustwide/workdir:ro,Z" "-v" "/var/lib/crater-agent-workspace/cargo-home:/opt/rustwide/cargo-home:ro,Z" "-v" "/var/lib/crater-agent-workspace/rustup-home:/opt/rustwide/rustup-home:ro,Z" "-e" "SOURCE_DIR=/opt/rustwide/workdir" "-e" "CARGO_TARGET_DIR=/opt/rustwide/target" "-e" "CARGO_INCREMENTAL=0" "-e" "RUST_BACKTRACE=full" "-e" "RUSTFLAGS=--cap-lints=warn" "-e" "RUSTDOCFLAGS=--cap-lints=warn" "-e" "CARGO_HOME=/opt/rustwide/cargo-home" "-e" "RUSTUP_HOME=/opt/rustwide/rustup-home" "-w" "/opt/rustwide/workdir" "-m" "1610612736" "--user" "0:0" "--network" "none" "ghcr.io/rust-lang/crates-build-env/linux@sha256:2788e3201cd34a07e3172128adcd8b3090168a8e3bcc40d7c032b9dda1df7d1c" "/opt/rustwide/cargo-home/bin/cargo" "+1.75.0" "test" "--frozen" "--no-run" "--message-format=json", kill_on_drop: false }`
[INFO] [stdout] f42348968d5184f3aabd87739c8cb7df25e35d7eef0377999c43530916664771
[INFO] running `Command { std: "docker" "start" "-a" "f42348968d5184f3aabd87739c8cb7df25e35d7eef0377999c43530916664771", kill_on_drop: false }`
[INFO] [stderr] warning: virtual workspace defaulting to `resolver = "1"` despite one or more workspace members being on edition 2021 which implies `resolver = "2"`
[INFO] [stderr] note: to keep the current resolver, specify `workspace.resolver = "1"` in the workspace root's manifest
[INFO] [stderr] note: to use the edition 2021 resolver, specify `workspace.resolver = "2"` in the workspace root's manifest
[INFO] [stderr] note: for more details see https://doc.rust-lang.org/cargo/reference/resolver.html#resolver-versions
[INFO] [stderr]    Compiling proc-macro2 v1.0.40
[INFO] [stderr]    Compiling unicode-ident v1.0.2
[INFO] [stderr]    Compiling serde v1.0.140
[INFO] [stderr]    Compiling quote v1.0.20
[INFO] [stderr]    Compiling syn v1.0.98
[INFO] [stderr]    Compiling toml v0.5.9
[INFO] [stderr]    Compiling error-utils-derive v0.1.3 (/opt/rustwide/workdir/error-utils-derive)
[INFO] [stderr]    Compiling error-utils v0.1.4 (/opt/rustwide/workdir/error-utils)
[INFO] [stderr]     Finished test [unoptimized + debuginfo] target(s) in 6.46s
[INFO] running `Command { std: "docker" "inspect" "f42348968d5184f3aabd87739c8cb7df25e35d7eef0377999c43530916664771", kill_on_drop: false }`
[INFO] running `Command { std: "docker" "rm" "-f" "f42348968d5184f3aabd87739c8cb7df25e35d7eef0377999c43530916664771", kill_on_drop: false }`
[INFO] [stdout] f42348968d5184f3aabd87739c8cb7df25e35d7eef0377999c43530916664771
[INFO] running `Command { std: "docker" "create" "-v" "/var/lib/crater-agent-workspace/builds/worker-0-tc1/target:/opt/rustwide/target:rw,Z" "-v" "/var/lib/crater-agent-workspace/builds/worker-0-tc1/source:/opt/rustwide/workdir:ro,Z" "-v" "/var/lib/crater-agent-workspace/cargo-home:/opt/rustwide/cargo-home:ro,Z" "-v" "/var/lib/crater-agent-workspace/rustup-home:/opt/rustwide/rustup-home:ro,Z" "-e" "SOURCE_DIR=/opt/rustwide/workdir" "-e" "CARGO_TARGET_DIR=/opt/rustwide/target" "-e" "CARGO_INCREMENTAL=0" "-e" "RUST_BACKTRACE=full" "-e" "RUSTFLAGS=--cap-lints=warn" "-e" "RUSTDOCFLAGS=--cap-lints=warn" "-e" "CARGO_HOME=/opt/rustwide/cargo-home" "-e" "RUSTUP_HOME=/opt/rustwide/rustup-home" "-w" "/opt/rustwide/workdir" "-m" "1610612736" "--user" "0:0" "--network" "none" "ghcr.io/rust-lang/crates-build-env/linux@sha256:2788e3201cd34a07e3172128adcd8b3090168a8e3bcc40d7c032b9dda1df7d1c" "/opt/rustwide/cargo-home/bin/cargo" "+1.75.0" "test" "--frozen", kill_on_drop: false }`
[INFO] [stdout] 9600d55257d40f82e6ff0bd4e52288f2dbf5db3f90e359740db31d1a48157597
[INFO] running `Command { std: "docker" "start" "-a" "9600d55257d40f82e6ff0bd4e52288f2dbf5db3f90e359740db31d1a48157597", kill_on_drop: false }`
[INFO] [stderr] warning: virtual workspace defaulting to `resolver = "1"` despite one or more workspace members being on edition 2021 which implies `resolver = "2"`
[INFO] [stderr] note: to keep the current resolver, specify `workspace.resolver = "1"` in the workspace root's manifest
[INFO] [stderr] note: to use the edition 2021 resolver, specify `workspace.resolver = "2"` in the workspace root's manifest
[INFO] [stderr] note: for more details see https://doc.rust-lang.org/cargo/reference/resolver.html#resolver-versions
[INFO] [stderr]     Finished test [unoptimized + debuginfo] target(s) in 0.01s
[INFO] [stderr]      Running unittests src/lib.rs (/opt/rustwide/target/debug/deps/error_utils-5694093fd694018a)
[INFO] [stdout] 
[INFO] [stdout] running 0 tests
[INFO] [stdout] 
[INFO] [stdout] test result: ok. 0 passed; 0 failed; 0 ignored; 0 measured; 0 filtered out; finished in 0.00s
[INFO] [stdout] 
[INFO] [stderr]      Running unittests src/lib.rs (/opt/rustwide/target/debug/deps/error_utils_derive-9b9ced8f641d1dc0)
[INFO] [stdout] 
[INFO] [stdout] running 0 tests
[INFO] [stdout] 
[INFO] [stdout] test result: ok. 0 passed; 0 failed; 0 ignored; 0 measured; 0 filtered out; finished in 0.00s
[INFO] [stdout] 
[INFO] [stderr]      Running tests/base.rs (/opt/rustwide/target/debug/deps/base-ac966730c1aaa62f)
[INFO] [stdout] 
[INFO] [stdout] running 4 tests
[INFO] [stdout] test impl_from ... ok
[INFO] [stdout] test custom_error ... ok
[INFO] [stdout] test multi_error ... ok
[INFO] [stdout] test impl_display ... ok
[INFO] [stdout] 
[INFO] [stdout] test result: ok. 4 passed; 0 failed; 0 ignored; 0 measured; 0 filtered out; finished in 0.02s
[INFO] [stdout] 
[INFO] [stderr]      Running tests/generics.rs (/opt/rustwide/target/debug/deps/generics-53037e5abc60fe84)
[INFO] [stdout] 
[INFO] [stdout] running 3 tests
[INFO] [stdout] test custom_error ... ok
[INFO] [stdout] test generic ... ok
[INFO] [stdout] test generic_from ... ok
[INFO] [stdout] 
[INFO] [stdout] test result: ok. 3 passed; 0 failed; 0 ignored; 0 measured; 0 filtered out; finished in 0.01s
[INFO] [stdout] 
[INFO] [stderr]    Doc-tests error-utils
[INFO] [stdout] 
[INFO] [stdout] running 4 tests
[INFO] [stdout] test error-utils/src/fail.rs - fail::fail (line 9) ... FAILED
[INFO] [stdout] test error-utils/src/fail.rs - fail::fail (line 17) ... FAILED
[INFO] [stdout] test error-utils/src/handle.rs - handle::handle_err (line 22) ... FAILED
[INFO] [stdout] test error-utils/src/handle.rs - handle::handle_err (line 11) ... FAILED
[INFO] [stdout] 
[INFO] [stdout] failures:
[INFO] [stdout] 
[INFO] [stdout] ---- error-utils/src/fail.rs - fail::fail (line 9) stdout ----
[INFO] [stdout] error: cannot find macro `fail` in this scope
[INFO] [stdout]  --> error-utils/src/fail.rs:10:1
[INFO] [stdout]   |
[INFO] [stdout] 3 | fail!();
[INFO] [stdout]   | ^^^^
[INFO] [stdout]   |
[INFO] [stdout] help: consider importing this macro
[INFO] [stdout]   |
[INFO] [stdout] 2 + use error_utils::fail;
[INFO] [stdout]   |
[INFO] [stdout] 
[INFO] [stdout] error: aborting due to previous error
[INFO] [stdout] 
[INFO] [stdout] Couldn't compile the test.
[INFO] [stdout] ---- error-utils/src/fail.rs - fail::fail (line 17) stdout ----
[INFO] [stdout] error: cannot find macro `fail` in this scope
[INFO] [stdout]  --> error-utils/src/fail.rs:18:1
[INFO] [stdout]   |
[INFO] [stdout] 3 | fail!(/* exit code */);
[INFO] [stdout]   | ^^^^
[INFO] [stdout]   |
[INFO] [stdout] help: consider importing this macro
[INFO] [stdout]   |
[INFO] [stdout] 2 + use error_utils::fail;
[INFO] [stdout]   |
[INFO] [stdout] 
[INFO] [stdout] error[E0061]: this function takes 1 argument but 0 arguments were supplied
[INFO] [stdout]  --> error-utils/src/fail.rs:20:1
[INFO] [stdout]   |
[INFO] [stdout] 5 | std::process::exit(/* exit code */);
[INFO] [stdout]   | ^^^^^^^^^^^^^^^^^^----------------- an argument of type `i32` is missing
[INFO] [stdout]   |
[INFO] [stdout] note: function defined here
[INFO] [stdout]  --> /rustc/82e1608dfa6e0b5569232559e3d385fea5a93112/library/std/src/process.rs:2209:8
[INFO] [stdout] help: provide the argument
[INFO] [stdout]   |
[INFO] [stdout] 5 | std::process::exit(/* i32 */);
[INFO] [stdout]   |                   ~~~~~~~~~~~
[INFO] [stdout] 
[INFO] [stdout] error: aborting due to 2 previous errors
[INFO] [stdout] 
[INFO] [stdout] For more information about this error, try `rustc --explain E0061`.
[INFO] [stdout] Couldn't compile the test.
[INFO] [stdout] ---- error-utils/src/handle.rs - handle::handle_err (line 22) stdout ----
[INFO] [stdout] error: expected one of `.`, `;`, `?`, `}`, or an operator, found `=>`
[INFO] [stdout]  --> error-utils/src/handle.rs:26:16
[INFO] [stdout]   |
[INFO] [stdout] 6 |     Ok(result) => result,
[INFO] [stdout]   |                ^^ expected one of `.`, `;`, `?`, `}`, or an operator
[INFO] [stdout] 
[INFO] [stdout] error: expected one of `.`, `?`, `{`, or an operator, found `;`
[INFO] [stdout]  --> error-utils/src/handle.rs:28:2
[INFO] [stdout]   |
[INFO] [stdout] 5 | let result = match /* Some expression */ {
[INFO] [stdout]   |              -----
[INFO] [stdout]   |              |
[INFO] [stdout]   |              while parsing this `match` expression
[INFO] [stdout]   |              help: try removing this `match`
[INFO] [stdout] ...
[INFO] [stdout] 8 | };
[INFO] [stdout]   |  ^ expected one of `.`, `?`, `{`, or an operator
[INFO] [stdout] 
[INFO] [stdout] error: cannot find macro `handle_err` in this scope
[INFO] [stdout]  --> error-utils/src/handle.rs:23:1
[INFO] [stdout]   |
[INFO] [stdout] 3 | handle_err!(/* Some expression */, err => /* Some handle */);
[INFO] [stdout]   | ^^^^^^^^^^
[INFO] [stdout]   |
[INFO] [stdout] help: consider importing this macro
[INFO] [stdout]   |
[INFO] [stdout] 2 + use error_utils::handle_err;
[INFO] [stdout]   |
[INFO] [stdout] 
[INFO] [stdout] error: aborting due to 3 previous errors
[INFO] [stdout] 
[INFO] [stdout] Couldn't compile the test.
[INFO] [stdout] ---- error-utils/src/handle.rs - handle::handle_err (line 11) stdout ----
[INFO] [stdout] error: expected one of `.`, `;`, `?`, `}`, or an operator, found `=>`
[INFO] [stdout]  --> error-utils/src/handle.rs:15:18
[INFO] [stdout]   |
[INFO] [stdout] 6 |     Some(result) => result,
[INFO] [stdout]   |                  ^^ expected one of `.`, `;`, `?`, `}`, or an operator
[INFO] [stdout] 
[INFO] [stdout] error: expected one of `.`, `?`, `{`, or an operator, found `;`
[INFO] [stdout]  --> error-utils/src/handle.rs:17:2
[INFO] [stdout]   |
[INFO] [stdout] 5 | let result = match /* Some expression */ {
[INFO] [stdout]   |              -----
[INFO] [stdout]   |              |
[INFO] [stdout]   |              while parsing this `match` expression
[INFO] [stdout]   |              help: try removing this `match`
[INFO] [stdout] ...
[INFO] [stdout] 8 | };
[INFO] [stdout]   |  ^ expected one of `.`, `?`, `{`, or an operator
[INFO] [stdout] 
[INFO] [stdout] error: cannot find macro `handle_err` in this scope
[INFO] [stdout]  --> error-utils/src/handle.rs:12:1
[INFO] [stdout]   |
[INFO] [stdout] 3 | handle_err!(/* Some expression */, None => /* Some handle */);
[INFO] [stdout]   | ^^^^^^^^^^
[INFO] [stdout]   |
[INFO] [stdout] help: consider importing this macro
[INFO] [stdout]   |
[INFO] [stdout] 2 + use error_utils::handle_err;
[INFO] [stdout]   |
[INFO] [stdout] 
[INFO] [stdout] error: aborting due to 3 previous errors
[INFO] [stdout] 
[INFO] [stdout] Couldn't compile the test.
[INFO] [stdout] 
[INFO] [stdout] failures:
[INFO] [stdout]     error-utils/src/fail.rs - fail::fail (line 17)
[INFO] [stdout]     error-utils/src/fail.rs - fail::fail (line 9)
[INFO] [stdout]     error-utils/src/handle.rs - handle::handle_err (line 11)
[INFO] [stdout]     error-utils/src/handle.rs - handle::handle_err (line 22)
[INFO] [stdout] 
[INFO] [stdout] test result: FAILED. 0 passed; 4 failed; 0 ignored; 0 measured; 0 filtered out; finished in 0.12s
[INFO] [stdout] 
[INFO] [stderr] error: doctest failed, to rerun pass `-p error-utils --doc`
[INFO] running `Command { std: "docker" "inspect" "9600d55257d40f82e6ff0bd4e52288f2dbf5db3f90e359740db31d1a48157597", kill_on_drop: false }`
[INFO] running `Command { std: "docker" "rm" "-f" "9600d55257d40f82e6ff0bd4e52288f2dbf5db3f90e359740db31d1a48157597", kill_on_drop: false }`
[INFO] [stdout] 9600d55257d40f82e6ff0bd4e52288f2dbf5db3f90e359740db31d1a48157597
