[INFO] cloning repository https://github.com/rmsthebest/iban_beaver
[INFO] running `Command { std: "git" "-c" "credential.helper=" "-c" "credential.helper=/workspace/cargo-home/bin/git-credential-null" "clone" "--bare" "https://github.com/rmsthebest/iban_beaver" "/workspace/cache/git-repos/https%3A%2F%2Fgithub.com%2Frmsthebest%2Fiban_beaver", kill_on_drop: false }`
[INFO] [stderr] Cloning into bare repository '/workspace/cache/git-repos/https%3A%2F%2Fgithub.com%2Frmsthebest%2Fiban_beaver'...
[INFO] running `Command { std: "git" "rev-parse" "HEAD", kill_on_drop: false }`
[INFO] [stdout] c7c5be9a599be0e382be27650be077d6db8a798b
[INFO] testing rmsthebest/iban_beaver against 1.75.0 for beta-1.76-1
[INFO] running `Command { std: "git" "clone" "/workspace/cache/git-repos/https%3A%2F%2Fgithub.com%2Frmsthebest%2Fiban_beaver" "/workspace/builds/worker-6-tc1/source", kill_on_drop: false }`
[INFO] [stderr] Cloning into '/workspace/builds/worker-6-tc1/source'...
[INFO] [stderr] done.
[INFO] validating manifest of git repo https://github.com/rmsthebest/iban_beaver on toolchain 1.75.0
[INFO] running `Command { std: CARGO_HOME="/workspace/cargo-home" RUSTUP_HOME="/workspace/rustup-home" "/workspace/cargo-home/bin/cargo" "+1.75.0" "metadata" "--manifest-path" "Cargo.toml" "--no-deps", kill_on_drop: false }`
[INFO] started tweaking git repo https://github.com/rmsthebest/iban_beaver
[INFO] finished tweaking git repo https://github.com/rmsthebest/iban_beaver
[INFO] tweaked toml for git repo https://github.com/rmsthebest/iban_beaver written to /workspace/builds/worker-6-tc1/source/Cargo.toml
[INFO] crate git repo https://github.com/rmsthebest/iban_beaver already has a lockfile, it will not be regenerated
[INFO] running `Command { std: CARGO_HOME="/workspace/cargo-home" RUSTUP_HOME="/workspace/rustup-home" "/workspace/cargo-home/bin/cargo" "+1.75.0" "fetch" "--manifest-path" "Cargo.toml", kill_on_drop: false }`
[INFO] [stderr]     Updating crates.io index
[INFO] [stderr]  Downloading crates ...
[INFO] [stderr]   Downloaded iban_validate v4.0.1
[INFO] [stderr]   Downloaded calamine v0.18.0
[INFO] [stderr]   Downloaded curl-sys v0.4.44+curl-7.77.0
[INFO] [stderr]   Downloaded rocket_okapi_codegen v0.8.0-rc.1
[INFO] [stderr]   Downloaded rocket_okapi v0.8.0-rc.1
[INFO] running `Command { std: "docker" "create" "-v" "/var/lib/crater-agent-workspace/builds/worker-6-tc1/target:/opt/rustwide/target:rw,Z" "-v" "/var/lib/crater-agent-workspace/builds/worker-6-tc1/source:/opt/rustwide/workdir:ro,Z" "-v" "/var/lib/crater-agent-workspace/cargo-home:/opt/rustwide/cargo-home:ro,Z" "-v" "/var/lib/crater-agent-workspace/rustup-home:/opt/rustwide/rustup-home:ro,Z" "-e" "SOURCE_DIR=/opt/rustwide/workdir" "-e" "CARGO_TARGET_DIR=/opt/rustwide/target" "-e" "CARGO_HOME=/opt/rustwide/cargo-home" "-e" "RUSTUP_HOME=/opt/rustwide/rustup-home" "-w" "/opt/rustwide/workdir" "-m" "1610612736" "--user" "0:0" "--network" "none" "ghcr.io/rust-lang/crates-build-env/linux@sha256:2788e3201cd34a07e3172128adcd8b3090168a8e3bcc40d7c032b9dda1df7d1c" "/opt/rustwide/cargo-home/bin/cargo" "+1.75.0" "metadata" "--no-deps" "--format-version=1", kill_on_drop: false }`
[INFO] [stdout] f06af88627a235411318254313dc916d1bdb5a8058d4235fbd27485a0042d34c
[INFO] running `Command { std: "docker" "start" "-a" "f06af88627a235411318254313dc916d1bdb5a8058d4235fbd27485a0042d34c", kill_on_drop: false }`
[INFO] running `Command { std: "docker" "inspect" "f06af88627a235411318254313dc916d1bdb5a8058d4235fbd27485a0042d34c", kill_on_drop: false }`
[INFO] running `Command { std: "docker" "rm" "-f" "f06af88627a235411318254313dc916d1bdb5a8058d4235fbd27485a0042d34c", kill_on_drop: false }`
[INFO] [stdout] f06af88627a235411318254313dc916d1bdb5a8058d4235fbd27485a0042d34c
[INFO] running `Command { std: "docker" "create" "-v" "/var/lib/crater-agent-workspace/builds/worker-6-tc1/target:/opt/rustwide/target:rw,Z" "-v" "/var/lib/crater-agent-workspace/builds/worker-6-tc1/source:/opt/rustwide/workdir:ro,Z" "-v" "/var/lib/crater-agent-workspace/cargo-home:/opt/rustwide/cargo-home:ro,Z" "-v" "/var/lib/crater-agent-workspace/rustup-home:/opt/rustwide/rustup-home:ro,Z" "-e" "SOURCE_DIR=/opt/rustwide/workdir" "-e" "CARGO_TARGET_DIR=/opt/rustwide/target" "-e" "CARGO_INCREMENTAL=0" "-e" "RUST_BACKTRACE=full" "-e" "RUSTFLAGS=--cap-lints=warn" "-e" "RUSTDOCFLAGS=--cap-lints=warn" "-e" "CARGO_HOME=/opt/rustwide/cargo-home" "-e" "RUSTUP_HOME=/opt/rustwide/rustup-home" "-w" "/opt/rustwide/workdir" "-m" "1610612736" "--user" "0:0" "--network" "none" "ghcr.io/rust-lang/crates-build-env/linux@sha256:2788e3201cd34a07e3172128adcd8b3090168a8e3bcc40d7c032b9dda1df7d1c" "/opt/rustwide/cargo-home/bin/cargo" "+1.75.0" "build" "--frozen" "--message-format=json", kill_on_drop: false }`
[INFO] [stdout] 62e6470e432d92c9128906a3cdf39f429a905c87368dc8756f2db26c3ce12155
[INFO] running `Command { std: "docker" "start" "-a" "62e6470e432d92c9128906a3cdf39f429a905c87368dc8756f2db26c3ce12155", kill_on_drop: false }`
[INFO] [stderr]    Compiling proc-macro2 v1.0.27
[INFO] [stderr]    Compiling unicode-xid v0.2.2
[INFO] [stderr]    Compiling syn v1.0.73
[INFO] [stderr]    Compiling autocfg v1.0.1
[INFO] [stderr]    Compiling version_check v0.9.3
[INFO] [stderr]    Compiling libc v0.2.97
[INFO] [stderr]    Compiling cfg-if v1.0.0
[INFO] [stderr]    Compiling memchr v2.4.0
[INFO] [stderr]    Compiling serde_derive v1.0.126
[INFO] [stderr]    Compiling serde v1.0.126
[INFO] [stderr]    Compiling proc-macro-hack v0.5.19
[INFO] [stderr]    Compiling futures-core v0.3.15
[INFO] [stderr]    Compiling log v0.4.14
[INFO] [stderr]    Compiling pin-project-lite v0.2.6
[INFO] [stderr]    Compiling pkg-config v0.3.19
[INFO] [stderr]    Compiling itoa v0.4.7
[INFO] [stderr]    Compiling bytes v1.0.1
[INFO] [stderr]    Compiling quote v1.0.9
[INFO] [stderr]    Compiling futures-sink v0.3.15
[INFO] [stderr]    Compiling yansi v0.5.0
[INFO] [stderr]    Compiling proc-macro2-diagnostics v0.9.1
[INFO] [stderr]    Compiling futures-macro v0.3.15
[INFO] [stderr]    Compiling proc-macro-nested v0.1.7
[INFO] [stderr]    Compiling futures-channel v0.3.15
[INFO] [stderr]    Compiling futures-task v0.3.15
[INFO] [stderr]    Compiling fnv v1.0.7
[INFO] [stderr]    Compiling mio v0.7.13
[INFO] [stderr]    Compiling num_cpus v1.13.0
[INFO] [stderr]    Compiling signal-hook-registry v1.4.0
[INFO] [stderr]    Compiling futures-util v0.3.15
[INFO] [stderr]    Compiling once_cell v1.8.0
[INFO] [stderr]    Compiling lazy_static v1.4.0
[INFO] [stderr]    Compiling standback v0.2.17
[INFO] [stderr]    Compiling indexmap v1.6.2
[INFO] [stderr]    Compiling futures-io v0.3.15
[INFO] [stderr]    Compiling pin-utils v0.1.0
[INFO] [stderr]    Compiling slab v0.4.3
[INFO] [stderr]    Compiling cc v1.0.68
[INFO] [stderr]    Compiling hashbrown v0.9.1
[INFO] [stderr]    Compiling tracing-core v0.1.23
[INFO] [stderr]    Compiling http v0.2.4
[INFO] [stderr]    Compiling httparse v1.7.1
[INFO] [stderr]    Compiling const_fn v0.4.9
[INFO] [stderr]    Compiling time v0.2.27
[INFO] [stderr]    Compiling uncased v0.9.6
[INFO] [stderr]    Compiling encoding_rs v0.8.28
[INFO] [stderr]    Compiling ryu v1.0.5
[INFO] [stderr]    Compiling bitflags v1.2.1
[INFO] [stderr]    Compiling socket2 v0.4.0
[INFO] [stderr]    Compiling cookie v0.15.1
[INFO] [stderr]    Compiling instant v0.1.9
[INFO] [stderr]    Compiling try-lock v0.2.3
[INFO] [stderr]    Compiling smallvec v1.6.1
[INFO] [stderr]    Compiling inlinable_string v0.1.15
[INFO] [stderr]    Compiling ref-cast v1.0.6
[INFO] [stderr]    Compiling scopeguard v1.1.0
[INFO] [stderr]    Compiling lock_api v0.4.4
[INFO] [stderr]    Compiling parking_lot_core v0.8.3
[INFO] [stderr]    Compiling openssl-sys v0.9.64
[INFO] [stderr]    Compiling libz-sys v1.1.3
[INFO] [stderr]    Compiling want v0.3.0
[INFO] [stderr]    Compiling getrandom v0.2.3
[INFO] [stderr]    Compiling httpdate v1.0.1
[INFO] [stderr]    Compiling mime v0.3.16
[INFO] [stderr]    Compiling serde_json v1.0.64
[INFO] [stderr]    Compiling percent-encoding v2.1.0
[INFO] [stderr]    Compiling http-body v0.4.2
[INFO] [stderr]    Compiling itoa v1.0.2
[INFO] [stderr]    Compiling tower-service v0.3.1
[INFO] [stderr]    Compiling rand_core v0.6.3
[INFO] [stderr]    Compiling parking_lot v0.11.1
[INFO] [stderr]    Compiling stable-pattern v0.1.0
[INFO] [stderr]    Compiling miniz_oxide v0.4.4
[INFO] [stderr]    Compiling ident_case v1.0.1
[INFO] [stderr]    Compiling ppv-lite86 v0.2.10
[INFO] [stderr]    Compiling state v0.5.2
[INFO] [stderr]    Compiling either v1.6.1
[INFO] [stderr]    Compiling crc32fast v1.2.1
[INFO] [stderr]    Compiling strsim v0.10.0
[INFO] [stderr]    Compiling rand_chacha v0.3.1
[INFO] [stderr]    Compiling curl-sys v0.4.44+curl-7.77.0
[INFO] [stderr]    Compiling figment v0.10.6
[INFO] [stderr]    Compiling multer v2.0.2
[INFO] [stderr]    Compiling atomic v0.5.1
[INFO] [stderr]    Compiling schemars v0.8.8
[INFO] [stderr]    Compiling adler v1.0.2
[INFO] [stderr]    Compiling async-trait v0.1.52
[INFO] [stderr]    Compiling rand v0.8.4
[INFO] [stderr]    Compiling rocket v0.5.0-rc.1
[INFO] [stderr]    Compiling libsqlite3-sys v0.22.2
[INFO] [stderr]    Compiling serde_derive_internals v0.25.0
[INFO] [stderr]    Compiling darling_core v0.13.1
[INFO] [stderr]    Compiling devise_core v0.3.1
[INFO] [stderr]    Compiling dyn-clone v1.0.4
[INFO] [stderr]    Compiling glob v0.3.0
[INFO] [stderr]    Compiling regex-syntax v0.6.25
[INFO] [stderr]    Compiling spin v0.9.2
[INFO] [stderr]    Compiling byteorder v1.4.3
[INFO] [stderr]    Compiling remove_dir_all v0.5.3
[INFO] [stderr]    Compiling tempfile v3.2.0
[INFO] [stderr]    Compiling flate2 v1.0.20
[INFO] [stderr]    Compiling atty v0.2.14
[INFO] [stderr]    Compiling curl v0.4.38
[INFO] [stderr]    Compiling binascii v0.1.4
[INFO] [stderr]    Compiling codepage v0.1.1
[INFO] [stderr]    Compiling quick-xml v0.19.0
[INFO] [stderr]    Compiling csv-core v0.1.10
[INFO] [stderr]    Compiling openssl-probe v0.1.4
[INFO] [stderr]    Compiling arrayvec v0.7.2
[INFO] [stderr]    Compiling dotenv v0.15.0
[INFO] [stderr]    Compiling iban_validate v4.0.1
[INFO] [stderr]    Compiling regex-automata v0.1.10
[INFO] [stderr]    Compiling tokio-macros v1.8.0
[INFO] [stderr]    Compiling tracing-attributes v0.1.20
[INFO] [stderr]    Compiling time-macros-impl v0.1.2
[INFO] [stderr]    Compiling pear_codegen v0.2.3
[INFO] [stderr]    Compiling tokio v1.16.1
[INFO] [stderr]    Compiling time-macros v0.1.1
[INFO] [stderr]    Compiling ref-cast-impl v1.0.6
[INFO] [stderr]    Compiling devise_codegen v0.3.1
[INFO] [stderr]    Compiling pear v0.2.3
[INFO] [stderr]    Compiling tracing v0.1.32
[INFO] [stderr]    Compiling darling_macro v0.13.1
[INFO] [stderr]    Compiling thiserror-impl v1.0.25
[INFO] [stderr]    Compiling async-stream-impl v0.3.2
[INFO] [stderr]    Compiling devise v0.3.1
[INFO] [stderr]    Compiling schemars_derive v0.8.8
[INFO] [stderr]    Compiling darling v0.13.1
[INFO] [stderr]    Compiling async-stream v0.3.2
[INFO] [stderr]    Compiling diesel_derives v1.4.1
[INFO] [stderr]    Compiling futures-executor v0.3.15
[INFO] [stderr]    Compiling thiserror v1.0.25
[INFO] [stderr]    Compiling zip v0.5.13
[INFO] [stderr]    Compiling futures v0.3.15
[INFO] [stderr]    Compiling tokio-util v0.7.2
[INFO] [stderr]    Compiling tokio-util v0.6.7
[INFO] [stderr]    Compiling tokio-stream v0.1.6
[INFO] [stderr]    Compiling diesel v1.4.7
[INFO] [stderr]    Compiling toml v0.5.8
[INFO] [stderr]    Compiling ubyte v0.10.1
[INFO] [stderr]    Compiling bstr v0.2.16
[INFO] [stderr]    Compiling calamine v0.18.0
[INFO] [stderr]    Compiling h2 v0.3.13
[INFO] [stderr]    Compiling csv v1.1.6
[INFO] [stderr]    Compiling okapi v0.7.0-rc.1
[INFO] [stderr]    Compiling hyper v0.14.19
[INFO] [stderr]    Compiling rocket_http v0.5.0-rc.1
[INFO] [stderr]    Compiling rocket_codegen v0.5.0-rc.1
[INFO] [stderr]    Compiling rocket_okapi_codegen v0.8.0-rc.1
[INFO] [stderr]    Compiling rocket_okapi v0.8.0-rc.1
[INFO] [stderr]    Compiling iban_beaver v0.1.0 (/opt/rustwide/workdir)
[INFO] [stderr]     Finished dev [unoptimized + debuginfo] target(s) in 30.27s
[INFO] [stderr] warning: the following packages contain code that will be rejected by a future version of Rust: quick-xml v0.19.0, ubyte v0.10.1
[INFO] [stderr] note: to see what the problems were, use the option `--future-incompat-report`, or run `cargo report future-incompatibilities --id 1`
[INFO] running `Command { std: "docker" "inspect" "62e6470e432d92c9128906a3cdf39f429a905c87368dc8756f2db26c3ce12155", kill_on_drop: false }`
[INFO] running `Command { std: "docker" "rm" "-f" "62e6470e432d92c9128906a3cdf39f429a905c87368dc8756f2db26c3ce12155", kill_on_drop: false }`
[INFO] [stdout] 62e6470e432d92c9128906a3cdf39f429a905c87368dc8756f2db26c3ce12155
[INFO] running `Command { std: "docker" "create" "-v" "/var/lib/crater-agent-workspace/builds/worker-6-tc1/target:/opt/rustwide/target:rw,Z" "-v" "/var/lib/crater-agent-workspace/builds/worker-6-tc1/source:/opt/rustwide/workdir:ro,Z" "-v" "/var/lib/crater-agent-workspace/cargo-home:/opt/rustwide/cargo-home:ro,Z" "-v" "/var/lib/crater-agent-workspace/rustup-home:/opt/rustwide/rustup-home:ro,Z" "-e" "SOURCE_DIR=/opt/rustwide/workdir" "-e" "CARGO_TARGET_DIR=/opt/rustwide/target" "-e" "CARGO_INCREMENTAL=0" "-e" "RUST_BACKTRACE=full" "-e" "RUSTFLAGS=--cap-lints=warn" "-e" "RUSTDOCFLAGS=--cap-lints=warn" "-e" "CARGO_HOME=/opt/rustwide/cargo-home" "-e" "RUSTUP_HOME=/opt/rustwide/rustup-home" "-w" "/opt/rustwide/workdir" "-m" "1610612736" "--user" "0:0" "--network" "none" "ghcr.io/rust-lang/crates-build-env/linux@sha256:2788e3201cd34a07e3172128adcd8b3090168a8e3bcc40d7c032b9dda1df7d1c" "/opt/rustwide/cargo-home/bin/cargo" "+1.75.0" "test" "--frozen" "--no-run" "--message-format=json", kill_on_drop: false }`
[INFO] [stdout] 0d9d9b17e4c453f4e0504e04954bfdf2962958937c86ab6e45bf1a91c4140474
[INFO] running `Command { std: "docker" "start" "-a" "0d9d9b17e4c453f4e0504e04954bfdf2962958937c86ab6e45bf1a91c4140474", kill_on_drop: false }`
[INFO] [stderr]    Compiling proc-macro-error-attr v1.0.4
[INFO] [stderr]    Compiling proc-macro-error v1.0.4
[INFO] [stderr]    Compiling rustversion v1.0.6
[INFO] [stderr]    Compiling serial_test_derive v0.6.0
[INFO] [stderr]    Compiling serial_test v0.6.0
[INFO] [stderr]    Compiling iban_beaver v0.1.0 (/opt/rustwide/workdir)
[INFO] [stderr]     Finished test [unoptimized + debuginfo] target(s) in 4.27s
[INFO] [stderr] warning: the following packages contain code that will be rejected by a future version of Rust: quick-xml v0.19.0, ubyte v0.10.1
[INFO] [stderr] note: to see what the problems were, use the option `--future-incompat-report`, or run `cargo report future-incompatibilities --id 1`
[INFO] running `Command { std: "docker" "inspect" "0d9d9b17e4c453f4e0504e04954bfdf2962958937c86ab6e45bf1a91c4140474", kill_on_drop: false }`
[INFO] running `Command { std: "docker" "rm" "-f" "0d9d9b17e4c453f4e0504e04954bfdf2962958937c86ab6e45bf1a91c4140474", kill_on_drop: false }`
[INFO] [stdout] 0d9d9b17e4c453f4e0504e04954bfdf2962958937c86ab6e45bf1a91c4140474
[INFO] running `Command { std: "docker" "create" "-v" "/var/lib/crater-agent-workspace/builds/worker-6-tc1/target:/opt/rustwide/target:rw,Z" "-v" "/var/lib/crater-agent-workspace/builds/worker-6-tc1/source:/opt/rustwide/workdir:ro,Z" "-v" "/var/lib/crater-agent-workspace/cargo-home:/opt/rustwide/cargo-home:ro,Z" "-v" "/var/lib/crater-agent-workspace/rustup-home:/opt/rustwide/rustup-home:ro,Z" "-e" "SOURCE_DIR=/opt/rustwide/workdir" "-e" "CARGO_TARGET_DIR=/opt/rustwide/target" "-e" "CARGO_INCREMENTAL=0" "-e" "RUST_BACKTRACE=full" "-e" "RUSTFLAGS=--cap-lints=warn" "-e" "RUSTDOCFLAGS=--cap-lints=warn" "-e" "CARGO_HOME=/opt/rustwide/cargo-home" "-e" "RUSTUP_HOME=/opt/rustwide/rustup-home" "-w" "/opt/rustwide/workdir" "-m" "1610612736" "--user" "0:0" "--network" "none" "ghcr.io/rust-lang/crates-build-env/linux@sha256:2788e3201cd34a07e3172128adcd8b3090168a8e3bcc40d7c032b9dda1df7d1c" "/opt/rustwide/cargo-home/bin/cargo" "+1.75.0" "test" "--frozen", kill_on_drop: false }`
[INFO] [stdout] bceba8be416f04b885cd6bb1438450f3d90a5f86255a562e5ff5887974a904d2
[INFO] running `Command { std: "docker" "start" "-a" "bceba8be416f04b885cd6bb1438450f3d90a5f86255a562e5ff5887974a904d2", kill_on_drop: false }`
[INFO] [stderr]     Finished test [unoptimized + debuginfo] target(s) in 0.09s
[INFO] [stderr] warning: the following packages contain code that will be rejected by a future version of Rust: quick-xml v0.19.0, ubyte v0.10.1
[INFO] [stderr] note: to see what the problems were, use the option `--future-incompat-report`, or run `cargo report future-incompatibilities --id 1`
[INFO] [stderr]      Running unittests src/lib.rs (/opt/rustwide/target/debug/deps/iban_beaver-ee617437698830d3)
[INFO] [stdout] 
[INFO] [stdout] running 12 tests
[INFO] [stdout] test iban::tests::parse_iban_checksum ... ok
[INFO] [stdout] test interface::tests::fill_at ... ignored
[INFO] [stdout] test interface::tests::fill_be ... ignored
[INFO] [stdout] test interface::tests::fill_de ... ignored
[INFO] [stdout] test interface::tests::fill_nl ... ignored
[INFO] [stdout] test iban::tests::parse_iban_country_code ... ok
[INFO] [stdout] test interface::tests::update_at ... ignored
[INFO] [stdout] test interface::tests::update_be ... ignored
[INFO] [stdout] test interface::tests::update_de ... ignored
[INFO] [stdout] test interface::tests::update_nl ... ignored
[INFO] [stdout] test iban::tests::verify_iban ... FAILED
[INFO] [stdout] test interface::tests::blacklist ... FAILED
[INFO] [stdout] 
[INFO] [stdout] failures:
[INFO] [stdout] 
[INFO] [stdout] ---- iban::tests::verify_iban stdout ----
[INFO] [stdout] thread 'iban::tests::verify_iban' panicked at src/db.rs:19:29:
[INFO] [stdout] Error connecting to ./resources/db.sqlite3
[INFO] [stdout] stack backtrace:
[INFO] [stdout]    0:     0x557f5bfe736c - std::backtrace_rs::backtrace::libunwind::trace::ha637c64ce894333a
[INFO] [stdout]                                at /rustc/82e1608dfa6e0b5569232559e3d385fea5a93112/library/std/src/../../backtrace/src/backtrace/libunwind.rs:104:5
[INFO] [stdout]    1:     0x557f5bfe736c - std::backtrace_rs::backtrace::trace_unsynchronized::h47f62dea28e0c88d
[INFO] [stdout]                                at /rustc/82e1608dfa6e0b5569232559e3d385fea5a93112/library/std/src/../../backtrace/src/backtrace/mod.rs:66:5
[INFO] [stdout]    2:     0x557f5bfe736c - std::sys_common::backtrace::_print_fmt::h9eef0abe20ede486
[INFO] [stdout]                                at /rustc/82e1608dfa6e0b5569232559e3d385fea5a93112/library/std/src/sys_common/backtrace.rs:67:5
[INFO] [stdout]    3:     0x557f5bfe736c - <std::sys_common::backtrace::_print::DisplayBacktrace as core::fmt::Display>::fmt::hed7f999df88cc644
[INFO] [stdout]                                at /rustc/82e1608dfa6e0b5569232559e3d385fea5a93112/library/std/src/sys_common/backtrace.rs:44:22
[INFO] [stdout]    4:     0x557f5c012830 - core::fmt::rt::Argument::fmt::h1539a9308b8d058d
[INFO] [stdout]                                at /rustc/82e1608dfa6e0b5569232559e3d385fea5a93112/library/core/src/fmt/rt.rs:142:9
[INFO] [stdout]    5:     0x557f5c012830 - core::fmt::write::h3a39390d8560d9c9
[INFO] [stdout]                                at /rustc/82e1608dfa6e0b5569232559e3d385fea5a93112/library/core/src/fmt/mod.rs:1120:17
[INFO] [stdout]    6:     0x557f5bfe4d0f - std::io::Write::write_fmt::h040b369f3a0f9cbc
[INFO] [stdout]                                at /rustc/82e1608dfa6e0b5569232559e3d385fea5a93112/library/std/src/io/mod.rs:1762:15
[INFO] [stdout]    7:     0x557f5bfe7154 - std::sys_common::backtrace::_print::h894006fb5c6f3d45
[INFO] [stdout]                                at /rustc/82e1608dfa6e0b5569232559e3d385fea5a93112/library/std/src/sys_common/backtrace.rs:47:5
[INFO] [stdout]    8:     0x557f5bfe7154 - std::sys_common::backtrace::print::h23a2d212c6fff936
[INFO] [stdout]                                at /rustc/82e1608dfa6e0b5569232559e3d385fea5a93112/library/std/src/sys_common/backtrace.rs:34:9
[INFO] [stdout]    9:     0x557f5bfe8e17 - std::panicking::default_hook::{{closure}}::h8a1d2ee00185001a
[INFO] [stdout]   10:     0x557f5bfe8b03 - std::panicking::default_hook::h6038f2eba384e475
[INFO] [stdout]                                at /rustc/82e1608dfa6e0b5569232559e3d385fea5a93112/library/std/src/panicking.rs:289:9
[INFO] [stdout]   11:     0x557f5be97f77 - <alloc::boxed::Box<F,A> as core::ops::function::Fn<Args>>::call::h0ad024c9bdc6d768
[INFO] [stdout]                                at /rustc/82e1608dfa6e0b5569232559e3d385fea5a93112/library/alloc/src/boxed.rs:2021:9
[INFO] [stdout]   12:     0x557f5be97f77 - test::test_main::{{closure}}::h7500b54257359db6
[INFO] [stdout]                                at /rustc/82e1608dfa6e0b5569232559e3d385fea5a93112/library/test/src/lib.rs:138:21
[INFO] [stdout]   13:     0x557f5bfe9428 - <alloc::boxed::Box<F,A> as core::ops::function::Fn<Args>>::call::h1f8f335eaa9cfaee
[INFO] [stdout]                                at /rustc/82e1608dfa6e0b5569232559e3d385fea5a93112/library/alloc/src/boxed.rs:2021:9
[INFO] [stdout]   14:     0x557f5bfe9428 - std::panicking::rust_panic_with_hook::h2b5517d590cab22e
[INFO] [stdout]                                at /rustc/82e1608dfa6e0b5569232559e3d385fea5a93112/library/std/src/panicking.rs:783:13
[INFO] [stdout]   15:     0x557f5bfe917e - std::panicking::begin_panic_handler::{{closure}}::h233112c06e0ef43e
[INFO] [stdout]                                at /rustc/82e1608dfa6e0b5569232559e3d385fea5a93112/library/std/src/panicking.rs:657:13
[INFO] [stdout]   16:     0x557f5bfe7836 - std::sys_common::backtrace::__rust_end_short_backtrace::h6e893f24d7ebbff8
[INFO] [stdout]                                at /rustc/82e1608dfa6e0b5569232559e3d385fea5a93112/library/std/src/sys_common/backtrace.rs:170:18
[INFO] [stdout]   17:     0x557f5bfe8ee2 - rust_begin_unwind
[INFO] [stdout]                                at /rustc/82e1608dfa6e0b5569232559e3d385fea5a93112/library/std/src/panicking.rs:645:5
[INFO] [stdout]   18:     0x557f5bddc225 - core::panicking::panic_fmt::hbf0e066aabfa482c
[INFO] [stdout]                                at /rustc/82e1608dfa6e0b5569232559e3d385fea5a93112/library/core/src/panicking.rs:72:14
[INFO] [stdout]   19:     0x557f5be250c9 - iban_beaver::db::establish_connection::{{closure}}::ha9e4a33c6968fc40
[INFO] [stdout]                                at /opt/rustwide/workdir/src/db.rs:19:29
[INFO] [stdout]   20:     0x557f5be04df9 - core::result::Result<T,E>::unwrap_or_else::h0c602c9f27f69817
[INFO] [stdout]                                at /rustc/82e1608dfa6e0b5569232559e3d385fea5a93112/library/core/src/result.rs:1430:23
[INFO] [stdout]   21:     0x557f5be24fce - iban_beaver::db::establish_connection::hfbabb23a1740be59
[INFO] [stdout]                                at /opt/rustwide/workdir/src/db.rs:18:5
[INFO] [stdout]   22:     0x557f5be02c80 - iban_beaver::iban::verify::h19e1315185f72840
[INFO] [stdout]                                at /opt/rustwide/workdir/src/iban.rs:11:23
[INFO] [stdout]   23:     0x557f5be59e31 - iban_beaver::iban::tests::verify_iban::{{closure}}::hc22ef4ac7f482236
[INFO] [stdout]                                at /opt/rustwide/workdir/src/iban.rs:48:21
[INFO] [stdout]   24:     0x557f5be33fae - core::ops::function::FnOnce::call_once::h3d36747ead740292
[INFO] [stdout]                                at /rustc/82e1608dfa6e0b5569232559e3d385fea5a93112/library/core/src/ops/function.rs:250:5
[INFO] [stdout]   25:     0x557f5beb6e9c - serial_test::code_lock::local_serial_core::h14420967e181dae9
[INFO] [stdout]                                at /opt/rustwide/cargo-home/registry/src/index.crates.io-6f17d22bba15001f/serial_test-0.6.0/src/code_lock.rs:48:5
[INFO] [stdout]   26:     0x557f5be59da9 - iban_beaver::iban::tests::verify_iban::hca73e148b32d796f
[INFO] [stdout]                                at /opt/rustwide/workdir/src/iban.rs:45:5
[INFO] [stdout]   27:     0x557f5be59d77 - iban_beaver::iban::tests::verify_iban::{{closure}}::h8e54ce85013da9a9
[INFO] [stdout]                                at /opt/rustwide/workdir/src/iban.rs:46:21
[INFO] [stdout]   28:     0x557f5be340e6 - core::ops::function::FnOnce::call_once::h53382651d06f2dc4
[INFO] [stdout]                                at /rustc/82e1608dfa6e0b5569232559e3d385fea5a93112/library/core/src/ops/function.rs:250:5
[INFO] [stdout]   29:     0x557f5be9d5cf - core::ops::function::FnOnce::call_once::h2b5d431d5046312d
[INFO] [stdout]                                at /rustc/82e1608dfa6e0b5569232559e3d385fea5a93112/library/core/src/ops/function.rs:250:5
[INFO] [stdout]   30:     0x557f5be9d5cf - test::__rust_begin_short_backtrace::h7714669af176e207
[INFO] [stdout]                                at /rustc/82e1608dfa6e0b5569232559e3d385fea5a93112/library/test/src/lib.rs:628:18
[INFO] [stdout]   31:     0x557f5be9c5e5 - test::run_test_in_process::{{closure}}::h85218797dcbcec12
[INFO] [stdout]                                at /rustc/82e1608dfa6e0b5569232559e3d385fea5a93112/library/test/src/lib.rs:651:60
[INFO] [stdout]   32:     0x557f5be9c5e5 - <core::panic::unwind_safe::AssertUnwindSafe<F> as core::ops::function::FnOnce<()>>::call_once::h76c106ea31c14d7b
[INFO] [stdout]                                at /rustc/82e1608dfa6e0b5569232559e3d385fea5a93112/library/core/src/panic/unwind_safe.rs:272:9
[INFO] [stdout]   33:     0x557f5be9c5e5 - std::panicking::try::do_call::h3bd5d0f6620ee946
[INFO] [stdout]                                at /rustc/82e1608dfa6e0b5569232559e3d385fea5a93112/library/std/src/panicking.rs:552:40
[INFO] [stdout]   34:     0x557f5be9c5e5 - std::panicking::try::h232e535e4744fe31
[INFO] [stdout]                                at /rustc/82e1608dfa6e0b5569232559e3d385fea5a93112/library/std/src/panicking.rs:516:19
[INFO] [stdout]   35:     0x557f5be9c5e5 - std::panic::catch_unwind::h3ce3bd6ca8dbac68
[INFO] [stdout]                                at /rustc/82e1608dfa6e0b5569232559e3d385fea5a93112/library/std/src/panic.rs:142:14
[INFO] [stdout]   36:     0x557f5be9c5e5 - test::run_test_in_process::hc97b257c9621286a
[INFO] [stdout]                                at /rustc/82e1608dfa6e0b5569232559e3d385fea5a93112/library/test/src/lib.rs:651:27
[INFO] [stdout]   37:     0x557f5be9c5e5 - test::run_test::{{closure}}::h2aa798823a438d38
[INFO] [stdout]                                at /rustc/82e1608dfa6e0b5569232559e3d385fea5a93112/library/test/src/lib.rs:574:43
[INFO] [stdout]   38:     0x557f5be648a6 - test::run_test::{{closure}}::h87d231c78fb59832
[INFO] [stdout]                                at /rustc/82e1608dfa6e0b5569232559e3d385fea5a93112/library/test/src/lib.rs:602:41
[INFO] [stdout]   39:     0x557f5be648a6 - std::sys_common::backtrace::__rust_begin_short_backtrace::he6df152596625789
[INFO] [stdout]                                at /rustc/82e1608dfa6e0b5569232559e3d385fea5a93112/library/std/src/sys_common/backtrace.rs:154:18
[INFO] [stdout]   40:     0x557f5be69957 - std::thread::Builder::spawn_unchecked_::{{closure}}::{{closure}}::ha94be15d1e0acf36
[INFO] [stdout]                                at /rustc/82e1608dfa6e0b5569232559e3d385fea5a93112/library/std/src/thread/mod.rs:529:17
[INFO] [stdout]   41:     0x557f5be69957 - <core::panic::unwind_safe::AssertUnwindSafe<F> as core::ops::function::FnOnce<()>>::call_once::h9dc6bd6372f16606
[INFO] [stdout]                                at /rustc/82e1608dfa6e0b5569232559e3d385fea5a93112/library/core/src/panic/unwind_safe.rs:272:9
[INFO] [stdout]   42:     0x557f5be69957 - std::panicking::try::do_call::h9057517f80303cd4
[INFO] [stdout]                                at /rustc/82e1608dfa6e0b5569232559e3d385fea5a93112/library/std/src/panicking.rs:552:40
[INFO] [stdout]   43:     0x557f5be69957 - std::panicking::try::he3a30b11ee45340c
[INFO] [stdout]                                at /rustc/82e1608dfa6e0b5569232559e3d385fea5a93112/library/std/src/panicking.rs:516:19
[INFO] [stdout]   44:     0x557f5be69957 - std::panic::catch_unwind::h410458cfd3528b8b
[INFO] [stdout]                                at /rustc/82e1608dfa6e0b5569232559e3d385fea5a93112/library/std/src/panic.rs:142:14
[INFO] [stdout]   45:     0x557f5be69957 - std::thread::Builder::spawn_unchecked_::{{closure}}::h72ac3bdb567b737b
[INFO] [stdout]                                at /rustc/82e1608dfa6e0b5569232559e3d385fea5a93112/library/std/src/thread/mod.rs:528:30
[INFO] [stdout]   46:     0x557f5be69957 - core::ops::function::FnOnce::call_once{{vtable.shim}}::h38f34da3654a8344
[INFO] [stdout]                                at /rustc/82e1608dfa6e0b5569232559e3d385fea5a93112/library/core/src/ops/function.rs:250:5
[INFO] [stdout]   47:     0x557f5bfedfa5 - <alloc::boxed::Box<F,A> as core::ops::function::FnOnce<Args>>::call_once::hc7eafaff61e32df9
[INFO] [stdout]                                at /rustc/82e1608dfa6e0b5569232559e3d385fea5a93112/library/alloc/src/boxed.rs:2007:9
[INFO] [stdout]   48:     0x557f5bfedfa5 - <alloc::boxed::Box<F,A> as core::ops::function::FnOnce<Args>>::call_once::h6ba4a5de48dd2304
[INFO] [stdout]                                at /rustc/82e1608dfa6e0b5569232559e3d385fea5a93112/library/alloc/src/boxed.rs:2007:9
[INFO] [stdout]   49:     0x557f5bfedfa5 - std::sys::unix::thread::Thread::new::thread_start::he469335aef763e45
[INFO] [stdout]                                at /rustc/82e1608dfa6e0b5569232559e3d385fea5a93112/library/std/src/sys/unix/thread.rs:108:17
[INFO] [stdout]   50:     0x7fe480aa4ac3 - <unknown>
[INFO] [stdout]   51:     0x7fe480b35bf4 - __clone
[INFO] [stdout]   52:                0x0 - <unknown>
[INFO] [stdout] 
[INFO] [stdout] ---- interface::tests::blacklist stdout ----
[INFO] [stdout] thread 'interface::tests::blacklist' panicked at src/db.rs:19:29:
[INFO] [stdout] Error connecting to ./resources/db.sqlite3
[INFO] [stdout] stack backtrace:
[INFO] [stdout]    0:     0x557f5bfe736c - std::backtrace_rs::backtrace::libunwind::trace::ha637c64ce894333a
[INFO] [stdout]                                at /rustc/82e1608dfa6e0b5569232559e3d385fea5a93112/library/std/src/../../backtrace/src/backtrace/libunwind.rs:104:5
[INFO] [stdout]    1:     0x557f5bfe736c - std::backtrace_rs::backtrace::trace_unsynchronized::h47f62dea28e0c88d
[INFO] [stdout]                                at /rustc/82e1608dfa6e0b5569232559e3d385fea5a93112/library/std/src/../../backtrace/src/backtrace/mod.rs:66:5
[INFO] [stdout]    2:     0x557f5bfe736c - std::sys_common::backtrace::_print_fmt::h9eef0abe20ede486
[INFO] [stdout]                                at /rustc/82e1608dfa6e0b5569232559e3d385fea5a93112/library/std/src/sys_common/backtrace.rs:67:5
[INFO] [stdout]    3:     0x557f5bfe736c - <std::sys_common::backtrace::_print::DisplayBacktrace as core::fmt::Display>::fmt::hed7f999df88cc644
[INFO] [stdout]                                at /rustc/82e1608dfa6e0b5569232559e3d385fea5a93112/library/std/src/sys_common/backtrace.rs:44:22
[INFO] [stdout]    4:     0x557f5c012830 - core::fmt::rt::Argument::fmt::h1539a9308b8d058d
[INFO] [stdout]                                at /rustc/82e1608dfa6e0b5569232559e3d385fea5a93112/library/core/src/fmt/rt.rs:142:9
[INFO] [stdout]    5:     0x557f5c012830 - core::fmt::write::h3a39390d8560d9c9
[INFO] [stdout]                                at /rustc/82e1608dfa6e0b5569232559e3d385fea5a93112/library/core/src/fmt/mod.rs:1120:17
[INFO] [stdout]    6:     0x557f5bfe4d0f - std::io::Write::write_fmt::h040b369f3a0f9cbc
[INFO] [stdout]                                at /rustc/82e1608dfa6e0b5569232559e3d385fea5a93112/library/std/src/io/mod.rs:1762:15
[INFO] [stdout]    7:     0x557f5bfe7154 - std::sys_common::backtrace::_print::h894006fb5c6f3d45
[INFO] [stdout]                                at /rustc/82e1608dfa6e0b5569232559e3d385fea5a93112/library/std/src/sys_common/backtrace.rs:47:5
[INFO] [stdout]    8:     0x557f5bfe7154 - std::sys_common::backtrace::print::h23a2d212c6fff936
[INFO] [stdout]                                at /rustc/82e1608dfa6e0b5569232559e3d385fea5a93112/library/std/src/sys_common/backtrace.rs:34:9
[INFO] [stdout]    9:     0x557f5bfe8e17 - std::panicking::default_hook::{{closure}}::h8a1d2ee00185001a
[INFO] [stdout]   10:     0x557f5bfe8b03 - std::panicking::default_hook::h6038f2eba384e475
[INFO] [stdout]                                at /rustc/82e1608dfa6e0b5569232559e3d385fea5a93112/library/std/src/panicking.rs:289:9
[INFO] [stdout]   11:     0x557f5be97f77 - <alloc::boxed::Box<F,A> as core::ops::function::Fn<Args>>::call::h0ad024c9bdc6d768
[INFO] [stdout]                                at /rustc/82e1608dfa6e0b5569232559e3d385fea5a93112/library/alloc/src/boxed.rs:2021:9
[INFO] [stdout]   12:     0x557f5be97f77 - test::test_main::{{closure}}::h7500b54257359db6
[INFO] [stdout]                                at /rustc/82e1608dfa6e0b5569232559e3d385fea5a93112/library/test/src/lib.rs:138:21
[INFO] [stdout]   13:     0x557f5bfe9428 - <alloc::boxed::Box<F,A> as core::ops::function::Fn<Args>>::call::h1f8f335eaa9cfaee
[INFO] [stdout]                                at /rustc/82e1608dfa6e0b5569232559e3d385fea5a93112/library/alloc/src/boxed.rs:2021:9
[INFO] [stdout]   14:     0x557f5bfe9428 - std::panicking::rust_panic_with_hook::h2b5517d590cab22e
[INFO] [stdout]                                at /rustc/82e1608dfa6e0b5569232559e3d385fea5a93112/library/std/src/panicking.rs:783:13
[INFO] [stdout]   15:     0x557f5bfe917e - std::panicking::begin_panic_handler::{{closure}}::h233112c06e0ef43e
[INFO] [stdout]                                at /rustc/82e1608dfa6e0b5569232559e3d385fea5a93112/library/std/src/panicking.rs:657:13
[INFO] [stdout]   16:     0x557f5bfe7836 - std::sys_common::backtrace::__rust_end_short_backtrace::h6e893f24d7ebbff8
[INFO] [stdout]                                at /rustc/82e1608dfa6e0b5569232559e3d385fea5a93112/library/std/src/sys_common/backtrace.rs:170:18
[INFO] [stdout]   17:     0x557f5bfe8ee2 - rust_begin_unwind
[INFO] [stdout]                                at /rustc/82e1608dfa6e0b5569232559e3d385fea5a93112/library/std/src/panicking.rs:645:5
[INFO] [stdout]   18:     0x557f5bddc225 - core::panicking::panic_fmt::hbf0e066aabfa482c
[INFO] [stdout]                                at /rustc/82e1608dfa6e0b5569232559e3d385fea5a93112/library/core/src/panicking.rs:72:14
[INFO] [stdout]   19:     0x557f5be250c9 - iban_beaver::db::establish_connection::{{closure}}::ha9e4a33c6968fc40
[INFO] [stdout]                                at /opt/rustwide/workdir/src/db.rs:19:29
[INFO] [stdout]   20:     0x557f5be04df9 - core::result::Result<T,E>::unwrap_or_else::h0c602c9f27f69817
[INFO] [stdout]                                at /rustc/82e1608dfa6e0b5569232559e3d385fea5a93112/library/core/src/result.rs:1430:23
[INFO] [stdout]   21:     0x557f5be24fce - iban_beaver::db::establish_connection::hfbabb23a1740be59
[INFO] [stdout]                                at /opt/rustwide/workdir/src/db.rs:18:5
[INFO] [stdout]   22:     0x557f5be2527b - iban_beaver::db::blacklist::hee9061ddf6cdc05d
[INFO] [stdout]                                at /opt/rustwide/workdir/src/db.rs:28:16
[INFO] [stdout]   23:     0x557f5be40828 - iban_beaver::interface::blacklist_request::h04d35eba43dc0cec
[INFO] [stdout]                                at /opt/rustwide/workdir/src/interface.rs:86:11
[INFO] [stdout]   24:     0x557f5be2916b - iban_beaver::interface::tests::blacklist::{{closure}}::h185fd01e8dd96512
[INFO] [stdout]                                at /opt/rustwide/workdir/src/interface.rs:102:19
[INFO] [stdout]   25:     0x557f5be33fee - core::ops::function::FnOnce::call_once::h3e50ea5e13e8c890
[INFO] [stdout]                                at /rustc/82e1608dfa6e0b5569232559e3d385fea5a93112/library/core/src/ops/function.rs:250:5
[INFO] [stdout]   26:     0x557f5beb6e9c - serial_test::code_lock::local_serial_core::h14420967e181dae9
[INFO] [stdout]                                at /opt/rustwide/cargo-home/registry/src/index.crates.io-6f17d22bba15001f/serial_test-0.6.0/src/code_lock.rs:48:5
[INFO] [stdout]   27:     0x557f5be29129 - iban_beaver::interface::tests::blacklist::h17386f35bd408d9a
[INFO] [stdout]                                at /opt/rustwide/workdir/src/interface.rs:100:5
[INFO] [stdout]   28:     0x557f5be290f7 - iban_beaver::interface::tests::blacklist::{{closure}}::heae20dbdef432a32
[INFO] [stdout]                                at /opt/rustwide/workdir/src/interface.rs:101:19
[INFO] [stdout]   29:     0x557f5be33b46 - core::ops::function::FnOnce::call_once::h0d172312d3158209
[INFO] [stdout]                                at /rustc/82e1608dfa6e0b5569232559e3d385fea5a93112/library/core/src/ops/function.rs:250:5
[INFO] [stdout]   30:     0x557f5be9d5cf - core::ops::function::FnOnce::call_once::h2b5d431d5046312d
[INFO] [stdout]                                at /rustc/82e1608dfa6e0b5569232559e3d385fea5a93112/library/core/src/ops/function.rs:250:5
[INFO] [stdout]   31:     0x557f5be9d5cf - test::__rust_begin_short_backtrace::h7714669af176e207
[INFO] [stdout]                                at /rustc/82e1608dfa6e0b5569232559e3d385fea5a93112/library/test/src/lib.rs:628:18
[INFO] [stdout]   32:     0x557f5be9c5e5 - test::run_test_in_process::{{closure}}::h85218797dcbcec12
[INFO] [stdout]                                at /rustc/82e1608dfa6e0b5569232559e3d385fea5a93112/library/test/src/lib.rs:651:60
[INFO] [stdout]   33:     0x557f5be9c5e5 - <core::panic::unwind_safe::AssertUnwindSafe<F> as core::ops::function::FnOnce<()>>::call_once::h76c106ea31c14d7b
[INFO] [stdout]                                at /rustc/82e1608dfa6e0b5569232559e3d385fea5a93112/library/core/src/panic/unwind_safe.rs:272:9
[INFO] [stdout]   34:     0x557f5be9c5e5 - std::panicking::try::do_call::h3bd5d0f6620ee946
[INFO] [stdout]                                at /rustc/82e1608dfa6e0b5569232559e3d385fea5a93112/library/std/src/panicking.rs:552:40
[INFO] [stdout]   35:     0x557f5be9c5e5 - std::panicking::try::h232e535e4744fe31
[INFO] [stdout]                                at /rustc/82e1608dfa6e0b5569232559e3d385fea5a93112/library/std/src/panicking.rs:516:19
[INFO] [stdout]   36:     0x557f5be9c5e5 - std::panic::catch_unwind::h3ce3bd6ca8dbac68
[INFO] [stdout]                                at /rustc/82e1608dfa6e0b5569232559e3d385fea5a93112/library/std/src/panic.rs:142:14
[INFO] [stdout]   37:     0x557f5be9c5e5 - test::run_test_in_process::hc97b257c9621286a
[INFO] [stdout]                                at /rustc/82e1608dfa6e0b5569232559e3d385fea5a93112/library/test/src/lib.rs:651:27
[INFO] [stdout]   38:     0x557f5be9c5e5 - test::run_test::{{closure}}::h2aa798823a438d38
[INFO] [stdout]                                at /rustc/82e1608dfa6e0b5569232559e3d385fea5a93112/library/test/src/lib.rs:574:43
[INFO] [stdout]   39:     0x557f5be648a6 - test::run_test::{{closure}}::h87d231c78fb59832
[INFO] [stdout]                                at /rustc/82e1608dfa6e0b5569232559e3d385fea5a93112/library/test/src/lib.rs:602:41
[INFO] [stdout]   40:     0x557f5be648a6 - std::sys_common::backtrace::__rust_begin_short_backtrace::he6df152596625789
[INFO] [stdout]                                at /rustc/82e1608dfa6e0b5569232559e3d385fea5a93112/library/std/src/sys_common/backtrace.rs:154:18
[INFO] [stdout]   41:     0x557f5be69957 - std::thread::Builder::spawn_unchecked_::{{closure}}::{{closure}}::ha94be15d1e0acf36
[INFO] [stdout]                                at /rustc/82e1608dfa6e0b5569232559e3d385fea5a93112/library/std/src/thread/mod.rs:529:17
[INFO] [stdout]   42:     0x557f5be69957 - <core::panic::unwind_safe::AssertUnwindSafe<F> as core::ops::function::FnOnce<()>>::call_once::h9dc6bd6372f16606
[INFO] [stdout]                                at /rustc/82e1608dfa6e0b5569232559e3d385fea5a93112/library/core/src/panic/unwind_safe.rs:272:9
[INFO] [stdout]   43:     0x557f5be69957 - std::panicking::try::do_call::h9057517f80303cd4
[INFO] [stdout]                                at /rustc/82e1608dfa6e0b5569232559e3d385fea5a93112/library/std/src/panicking.rs:552:40
[INFO] [stdout]   44:     0x557f5be69957 - std::panicking::try::he3a30b11ee45340c
[INFO] [stdout]                                at /rustc/82e1608dfa6e0b5569232559e3d385fea5a93112/library/std/src/panicking.rs:516:19
[INFO] [stdout]   45:     0x557f5be69957 - std::panic::catch_unwind::h410458cfd3528b8b
[INFO] [stdout]                                at /rustc/82e1608dfa6e0b5569232559e3d385fea5a93112/library/std/src/panic.rs:142:14
[INFO] [stdout]   46:     0x557f5be69957 - std::thread::Builder::spawn_unchecked_::{{closure}}::h72ac3bdb567b737b
[INFO] [stdout]                                at /rustc/82e1608dfa6e0b5569232559e3d385fea5a93112/library/std/src/thread/mod.rs:528:30
[INFO] [stdout]   47:     0x557f5be69957 - core::ops::function::FnOnce::call_once{{vtable.shim}}::h38f34da3654a8344
[INFO] [stdout]                                at /rustc/82e1608dfa6e0b5569232559e3d385fea5a93112/library/core/src/ops/function.rs:250:5
[INFO] [stdout]   48:     0x557f5bfedfa5 - <alloc::boxed::Box<F,A> as core::ops::function::FnOnce<Args>>::call_once::hc7eafaff61e32df9
[INFO] [stdout]                                at /rustc/82e1608dfa6e0b5569232559e3d385fea5a93112/library/alloc/src/boxed.rs:2007:9
[INFO] [stdout]   49:     0x557f5bfedfa5 - <alloc::boxed::Box<F,A> as core::ops::function::FnOnce<Args>>::call_once::h6ba4a5de48dd2304
[INFO] [stdout]                                at /rustc/82e1608dfa6e0b5569232559e3d385fea5a93112/library/alloc/src/boxed.rs:2007:9
[INFO] [stdout]   50:     0x557f5bfedfa5 - std::sys::unix::thread::Thread::new::thread_start::he469335aef763e45
[INFO] [stdout]                                at /rustc/82e1608dfa6e0b5569232559e3d385fea5a93112/library/std/src/sys/unix/thread.rs:108:17
[INFO] [stdout]   51:     0x7fe480aa4ac3 - <unknown>
[INFO] [stdout]   52:     0x7fe480b35bf4 - __clone
[INFO] [stdout]   53:                0x0 - <unknown>
[INFO] [stdout] 
[INFO] [stdout] 
[INFO] [stdout] failures:
[INFO] [stdout]     iban::tests::verify_iban
[INFO] [stdout]     interface::tests::blacklist
[INFO] [stdout] 
[INFO] [stdout] test result: FAILED. 2 passed; 2 failed; 8 ignored; 0 measured; 0 filtered out; finished in 0.05s
[INFO] [stdout] 
[INFO] [stderr] error: test failed, to rerun pass `--lib`
[INFO] running `Command { std: "docker" "inspect" "bceba8be416f04b885cd6bb1438450f3d90a5f86255a562e5ff5887974a904d2", kill_on_drop: false }`
[INFO] running `Command { std: "docker" "rm" "-f" "bceba8be416f04b885cd6bb1438450f3d90a5f86255a562e5ff5887974a904d2", kill_on_drop: false }`
[INFO] [stdout] bceba8be416f04b885cd6bb1438450f3d90a5f86255a562e5ff5887974a904d2
