[INFO] cloning repository https://github.com/riquito/tuc
[INFO] running `Command { std: "git" "-c" "credential.helper=" "-c" "credential.helper=/workspace/cargo-home/bin/git-credential-null" "clone" "--bare" "https://github.com/riquito/tuc" "/workspace/cache/git-repos/https%3A%2F%2Fgithub.com%2Friquito%2Ftuc", kill_on_drop: false }`
[INFO] [stderr] Cloning into bare repository '/workspace/cache/git-repos/https%3A%2F%2Fgithub.com%2Friquito%2Ftuc'...
[INFO] running `Command { std: "git" "rev-parse" "HEAD", kill_on_drop: false }`
[INFO] [stdout] 7401ba1f9fcc4ed3b0a78cba1ad83da88cf36cdf
[INFO] testing riquito/tuc against 1.75.0 for beta-1.76-1
[INFO] running `Command { std: "git" "clone" "/workspace/cache/git-repos/https%3A%2F%2Fgithub.com%2Friquito%2Ftuc" "/workspace/builds/worker-2-tc1/source", kill_on_drop: false }`
[INFO] [stderr] Cloning into '/workspace/builds/worker-2-tc1/source'...
[INFO] [stderr] done.
[INFO] validating manifest of git repo https://github.com/riquito/tuc on toolchain 1.75.0
[INFO] running `Command { std: CARGO_HOME="/workspace/cargo-home" RUSTUP_HOME="/workspace/rustup-home" "/workspace/cargo-home/bin/cargo" "+1.75.0" "metadata" "--manifest-path" "Cargo.toml" "--no-deps", kill_on_drop: false }`
[INFO] started tweaking git repo https://github.com/riquito/tuc
[INFO] finished tweaking git repo https://github.com/riquito/tuc
[INFO] tweaked toml for git repo https://github.com/riquito/tuc written to /workspace/builds/worker-2-tc1/source/Cargo.toml
[INFO] crate git repo https://github.com/riquito/tuc already has a lockfile, it will not be regenerated
[INFO] running `Command { std: CARGO_HOME="/workspace/cargo-home" RUSTUP_HOME="/workspace/rustup-home" "/workspace/cargo-home/bin/cargo" "+1.75.0" "fetch" "--manifest-path" "Cargo.toml", kill_on_drop: false }`
[INFO] running `Command { std: "docker" "create" "-v" "/var/lib/crater-agent-workspace/builds/worker-2-tc1/target:/opt/rustwide/target:rw,Z" "-v" "/var/lib/crater-agent-workspace/builds/worker-2-tc1/source:/opt/rustwide/workdir:ro,Z" "-v" "/var/lib/crater-agent-workspace/cargo-home:/opt/rustwide/cargo-home:ro,Z" "-v" "/var/lib/crater-agent-workspace/rustup-home:/opt/rustwide/rustup-home:ro,Z" "-e" "SOURCE_DIR=/opt/rustwide/workdir" "-e" "CARGO_TARGET_DIR=/opt/rustwide/target" "-e" "CARGO_HOME=/opt/rustwide/cargo-home" "-e" "RUSTUP_HOME=/opt/rustwide/rustup-home" "-w" "/opt/rustwide/workdir" "-m" "1610612736" "--user" "0:0" "--network" "none" "ghcr.io/rust-lang/crates-build-env/linux@sha256:2788e3201cd34a07e3172128adcd8b3090168a8e3bcc40d7c032b9dda1df7d1c" "/opt/rustwide/cargo-home/bin/cargo" "+1.75.0" "metadata" "--no-deps" "--format-version=1", kill_on_drop: false }`
[INFO] [stdout] 2fd5b8ce37af2a27eccf4323edbf037872bfa3b8ded61bcd55c465afdaba46bb
[INFO] running `Command { std: "docker" "start" "-a" "2fd5b8ce37af2a27eccf4323edbf037872bfa3b8ded61bcd55c465afdaba46bb", kill_on_drop: false }`
[INFO] running `Command { std: "docker" "inspect" "2fd5b8ce37af2a27eccf4323edbf037872bfa3b8ded61bcd55c465afdaba46bb", kill_on_drop: false }`
[INFO] running `Command { std: "docker" "rm" "-f" "2fd5b8ce37af2a27eccf4323edbf037872bfa3b8ded61bcd55c465afdaba46bb", kill_on_drop: false }`
[INFO] [stdout] 2fd5b8ce37af2a27eccf4323edbf037872bfa3b8ded61bcd55c465afdaba46bb
[INFO] running `Command { std: "docker" "create" "-v" "/var/lib/crater-agent-workspace/builds/worker-2-tc1/target:/opt/rustwide/target:rw,Z" "-v" "/var/lib/crater-agent-workspace/builds/worker-2-tc1/source:/opt/rustwide/workdir:ro,Z" "-v" "/var/lib/crater-agent-workspace/cargo-home:/opt/rustwide/cargo-home:ro,Z" "-v" "/var/lib/crater-agent-workspace/rustup-home:/opt/rustwide/rustup-home:ro,Z" "-e" "SOURCE_DIR=/opt/rustwide/workdir" "-e" "CARGO_TARGET_DIR=/opt/rustwide/target" "-e" "CARGO_INCREMENTAL=0" "-e" "RUST_BACKTRACE=full" "-e" "RUSTFLAGS=--cap-lints=warn" "-e" "RUSTDOCFLAGS=--cap-lints=warn" "-e" "CARGO_HOME=/opt/rustwide/cargo-home" "-e" "RUSTUP_HOME=/opt/rustwide/rustup-home" "-w" "/opt/rustwide/workdir" "-m" "1610612736" "--user" "0:0" "--network" "none" "ghcr.io/rust-lang/crates-build-env/linux@sha256:2788e3201cd34a07e3172128adcd8b3090168a8e3bcc40d7c032b9dda1df7d1c" "/opt/rustwide/cargo-home/bin/cargo" "+1.75.0" "build" "--frozen" "--message-format=json", kill_on_drop: false }`
[INFO] [stdout] 334de1fc6e0a52f171421563a8610bbc5d22adf423d5ee3e8bdf556da583cadc
[INFO] running `Command { std: "docker" "start" "-a" "334de1fc6e0a52f171421563a8610bbc5d22adf423d5ee3e8bdf556da583cadc", kill_on_drop: false }`
[INFO] [stderr]    Compiling anyhow v1.0.78
[INFO] [stderr]    Compiling regex-syntax v0.8.2
[INFO] [stderr]    Compiling pico-args v0.5.0
[INFO] [stderr]    Compiling regex-automata v0.4.3
[INFO] [stderr]    Compiling regex v1.10.2
[INFO] [stderr]    Compiling tuc v1.2.0 (/opt/rustwide/workdir)
[INFO] [stderr]     Finished dev [unoptimized + debuginfo] target(s) in 3.58s
[INFO] running `Command { std: "docker" "inspect" "334de1fc6e0a52f171421563a8610bbc5d22adf423d5ee3e8bdf556da583cadc", kill_on_drop: false }`
[INFO] running `Command { std: "docker" "rm" "-f" "334de1fc6e0a52f171421563a8610bbc5d22adf423d5ee3e8bdf556da583cadc", kill_on_drop: false }`
[INFO] [stdout] 334de1fc6e0a52f171421563a8610bbc5d22adf423d5ee3e8bdf556da583cadc
[INFO] running `Command { std: "docker" "create" "-v" "/var/lib/crater-agent-workspace/builds/worker-2-tc1/target:/opt/rustwide/target:rw,Z" "-v" "/var/lib/crater-agent-workspace/builds/worker-2-tc1/source:/opt/rustwide/workdir:ro,Z" "-v" "/var/lib/crater-agent-workspace/cargo-home:/opt/rustwide/cargo-home:ro,Z" "-v" "/var/lib/crater-agent-workspace/rustup-home:/opt/rustwide/rustup-home:ro,Z" "-e" "SOURCE_DIR=/opt/rustwide/workdir" "-e" "CARGO_TARGET_DIR=/opt/rustwide/target" "-e" "CARGO_INCREMENTAL=0" "-e" "RUST_BACKTRACE=full" "-e" "RUSTFLAGS=--cap-lints=warn" "-e" "RUSTDOCFLAGS=--cap-lints=warn" "-e" "CARGO_HOME=/opt/rustwide/cargo-home" "-e" "RUSTUP_HOME=/opt/rustwide/rustup-home" "-w" "/opt/rustwide/workdir" "-m" "1610612736" "--user" "0:0" "--network" "none" "ghcr.io/rust-lang/crates-build-env/linux@sha256:2788e3201cd34a07e3172128adcd8b3090168a8e3bcc40d7c032b9dda1df7d1c" "/opt/rustwide/cargo-home/bin/cargo" "+1.75.0" "test" "--frozen" "--no-run" "--message-format=json", kill_on_drop: false }`
[INFO] [stdout] 4fb1eb75d70325dfe464c47657a0733dc89aa937e602927ffc9532423b8fc572
[INFO] running `Command { std: "docker" "start" "-a" "4fb1eb75d70325dfe464c47657a0733dc89aa937e602927ffc9532423b8fc572", kill_on_drop: false }`
[INFO] [stderr]    Compiling libc v0.2.97
[INFO] [stderr]    Compiling predicates-core v1.0.6
[INFO] [stderr]    Compiling either v1.6.1
[INFO] [stderr]    Compiling doc-comment v0.3.3
[INFO] [stderr]    Compiling anstyle v1.0.0
[INFO] [stderr]    Compiling memchr v2.6.4
[INFO] [stderr]    Compiling once_cell v1.17.0
[INFO] [stderr]    Compiling difflib v0.4.0
[INFO] [stderr]    Compiling itertools v0.11.0
[INFO] [stderr]    Compiling regex-automata v0.1.10
[INFO] [stderr]    Compiling treeline v0.1.0
[INFO] [stderr]    Compiling predicates-tree v1.0.2
[INFO] [stderr]    Compiling bstr v1.1.0
[INFO] [stderr]    Compiling wait-timeout v0.2.0
[INFO] [stderr]    Compiling predicates v3.0.4
[INFO] [stderr]    Compiling assert_cmd v2.0.12
[INFO] [stderr]    Compiling tuc v1.2.0 (/opt/rustwide/workdir)
[INFO] [stderr]     Finished test [unoptimized + debuginfo] target(s) in 3.94s
[INFO] running `Command { std: "docker" "inspect" "4fb1eb75d70325dfe464c47657a0733dc89aa937e602927ffc9532423b8fc572", kill_on_drop: false }`
[INFO] running `Command { std: "docker" "rm" "-f" "4fb1eb75d70325dfe464c47657a0733dc89aa937e602927ffc9532423b8fc572", kill_on_drop: false }`
[INFO] [stdout] 4fb1eb75d70325dfe464c47657a0733dc89aa937e602927ffc9532423b8fc572
[INFO] running `Command { std: "docker" "create" "-v" "/var/lib/crater-agent-workspace/builds/worker-2-tc1/target:/opt/rustwide/target:rw,Z" "-v" "/var/lib/crater-agent-workspace/builds/worker-2-tc1/source:/opt/rustwide/workdir:ro,Z" "-v" "/var/lib/crater-agent-workspace/cargo-home:/opt/rustwide/cargo-home:ro,Z" "-v" "/var/lib/crater-agent-workspace/rustup-home:/opt/rustwide/rustup-home:ro,Z" "-e" "SOURCE_DIR=/opt/rustwide/workdir" "-e" "CARGO_TARGET_DIR=/opt/rustwide/target" "-e" "CARGO_INCREMENTAL=0" "-e" "RUST_BACKTRACE=full" "-e" "RUSTFLAGS=--cap-lints=warn" "-e" "RUSTDOCFLAGS=--cap-lints=warn" "-e" "CARGO_HOME=/opt/rustwide/cargo-home" "-e" "RUSTUP_HOME=/opt/rustwide/rustup-home" "-w" "/opt/rustwide/workdir" "-m" "1610612736" "--user" "0:0" "--network" "none" "ghcr.io/rust-lang/crates-build-env/linux@sha256:2788e3201cd34a07e3172128adcd8b3090168a8e3bcc40d7c032b9dda1df7d1c" "/opt/rustwide/cargo-home/bin/cargo" "+1.75.0" "test" "--frozen", kill_on_drop: false }`
[INFO] [stdout] f89aeec2ebb720f70becfab69c45657d52e22bc38a81495614b9cf0f495dd4ea
[INFO] running `Command { std: "docker" "start" "-a" "f89aeec2ebb720f70becfab69c45657d52e22bc38a81495614b9cf0f495dd4ea", kill_on_drop: false }`
[INFO] [stderr]     Finished test [unoptimized + debuginfo] target(s) in 0.02s
[INFO] [stderr]      Running unittests src/lib.rs (/opt/rustwide/target/debug/deps/tuc-d149c49619791c6e)
[INFO] [stdout] 
[INFO] [stdout] running 48 tests
[INFO] [stdout] test bounds::tests::test_unpack_bound ... ok
[INFO] [stdout] test bounds::tests::test_vec_of_bounds_can_unpack ... ok
[INFO] [stdout] test cut_lines::tests::cut_lines_ignore_last_empty_when_using_negative_idx ... ok
[INFO] [stdout] test cut_lines::tests::cut_lines_handle_negative_idx ... ok
[INFO] [stdout] test bounds::tests::test_vec_of_bounds_is_forward_only ... ok
[INFO] [stdout] test bounds::tests::test_user_bounds_formatting ... ok
[INFO] [stdout] test bounds::tests::test_vec_of_bounds_is_sorted ... ok
[INFO] [stdout] test bounds::tests::test_user_bounds_is_sortable ... ok
[INFO] [stdout] test bounds::tests::test_parse_bounds_list ... ok
[INFO] [stdout] test bounds::tests::test_user_bounds_from_str ... ok
[INFO] [stdout] test cut_lines::tests::fwd_cut_one_field ... ok
[INFO] [stdout] test cut_lines::tests::fwd_cut_multiple_fields ... ok
[INFO] [stdout] test cut_lines::tests::fwd_cut_zero_delimited ... ok
[INFO] [stdout] test cut_lines::tests::cut_lines_ignore_last_empty_when_using_positive_idx ... ok
[INFO] [stdout] test cut_lines::tests::fwd_ignore_last_empty ... ok
[INFO] [stdout] test cut_lines::tests::cut_lines_zero_delimited ... ok
[INFO] [stdout] test cut_lines::tests::fwd_handle_out_of_bounds ... ok
[INFO] [stdout] test cut_lines::tests::fwd_support_ranges ... ok
[INFO] [stdout] test cut_str::tests::cut_str_it_cut_a_field ... ok
[INFO] [stdout] test cut_str::tests::cut_str_complement_works_with_json ... ok
[INFO] [stdout] test cut_str::tests::cut_str_echo_non_delimited_strings ... ok
[INFO] [stdout] test cut_lines::tests::fwd_supports_no_join ... ok
[INFO] [stdout] test cut_str::tests::cut_str_it_compress_delimiters ... ok
[INFO] [stdout] test cut_str::tests::cut_str_it_complement_ranges ... ok
[INFO] [stdout] test cut_lines::tests::fwd_supports_no_right_bound ... ok
[INFO] [stdout] test cut_str::tests::cut_str_it_cut_characters ... ok
[INFO] [stdout] test cut_str::tests::cut_str_it_cut_characters_and_replace_the_delimiter ... ok
[INFO] [stdout] test cut_str::tests::cut_str_it_cut_consecutive_delimiters ... ok
[INFO] [stdout] test cut_str::tests::cut_str_it_join_fields_with_a_custom_delimiter ... ok
[INFO] [stdout] test cut_str::tests::cut_str_it_supports_zero_terminated_lines ... ok
[INFO] [stdout] test cut_str::tests::cut_str_it_format_fields ... ok
[INFO] [stdout] test cut_str::tests::cut_str_it_trim_fields ... ok
[INFO] [stdout] test cut_str::tests::cut_str_it_join_fields ... ok
[INFO] [stdout] test cut_str::tests::cut_str_json_on_characters_works ... ok
[INFO] [stdout] test cut_str::tests::cut_str_json_with_single_field_is_still_an_array ... ok
[INFO] [stdout] test cut_str::tests::cut_str_it_produce_json_output ... ok
[INFO] [stdout] test cut_str::tests::cut_str_regex_it_cannot_compress_delimiters_without_replace_delimiter ... ok
[INFO] [stdout] test cut_str::tests::cut_str_supports_greedy_delimiter ... ok
[INFO] [stdout] test cut_str::tests::test_build_ranges_vec ... ok
[INFO] [stdout] test cut_str::tests::cut_str_skip_non_delimited_strings_when_requested ... ok
[INFO] [stdout] test cut_str::tests::cut_str_regex_it_join_fields_with_a_custom_delimiter ... ok
[INFO] [stdout] test cut_str::tests::cut_str_regex_it_compress_delimiters ... ok
[INFO] [stdout] test cut_str::tests::test_complement_std_range ... ok
[INFO] [stdout] test cut_str::tests::cut_str_regex_supports_greedy_delimiter ... ok
[INFO] [stdout] test cut_str::tests::test_read_and_cut_str_echo_non_delimited_strings ... ok
[INFO] [stdout] test cut_str::tests::cut_str_regex_it_trim_fields ... ok
[INFO] [stdout] test cut_str::tests::cut_str_regex_it_cannot_join_fields_without_replace_delimiter ... ok
[INFO] [stdout] test cut_str::tests::cut_str_regex_it_cut_a_field ... ok
[INFO] [stdout] 
[INFO] [stdout] test result: ok. 48 passed; 0 failed; 0 ignored; 0 measured; 0 filtered out; finished in 0.04s
[INFO] [stdout] 
[INFO] [stderr]      Running unittests src/bin/tuc.rs (/opt/rustwide/target/debug/deps/tuc-92fbb63dafd8f4a8)
[INFO] [stderr]      Running tests/cli.rs (/opt/rustwide/target/debug/deps/cli-9e158fafa028a0ba)
[INFO] [stdout] 
[INFO] [stdout] running 0 tests
[INFO] [stdout] 
[INFO] [stdout] test result: ok. 0 passed; 0 failed; 0 ignored; 0 measured; 0 filtered out; finished in 0.00s
[INFO] [stdout] 
[INFO] [stdout] 
[INFO] [stdout] running 32 tests
[INFO] [stdout] test it_cannot_format_fields_alongside_json ... ok
[INFO] [stdout] test it_cut_a_field ... ok
[INFO] [stdout] test it_cuts_on_bytes ... ok
[INFO] [stdout] test it_compresses_delimiters_when_requested ... ok
[INFO] [stdout] test it_accepts_values_starting_with_hyphen ... ok
[INFO] [stdout] test it_compresses_delimiters_when_requested_and_handles_boundaries ... ok
[INFO] [stdout] test it_cut_consecutive_delimiters ... ok
[INFO] [stdout] test it_can_complement_the_fields ... ok
[INFO] [stdout] test it_cuts_using_a_greedy_delimiter ... ok
[INFO] [stdout] test it_cuts_on_characters ... ok
[INFO] [stdout] test it_cuts_using_a_regex ... ok
[INFO] [stdout] test it_does_not_allow_to_replace_delimiter_with_json ... ok
[INFO] [stdout] test it_cuts_using_a_greedy_delimiter_and_a_regex ... ok
[INFO] [stdout] test it_does_not_support_json_on_bytes ... ok
[INFO] [stdout] test it_emit_output_as_json_even_when_cutting_on_chars ... ok
[INFO] [stdout] test it_does_not_support_json_on_lines ... ok
[INFO] [stdout] test it_emit_output_as_json ... ok
[INFO] [stdout] test it_fails_if_both_join_and_nojoin_are_used_at_once ... ok
[INFO] [stdout] test it_fails_if_both_replace_and_nojoin_are_used_at_once ... ok
[INFO] [stdout] test it_echo_non_delimited_line ... ok
[INFO] [stdout] test it_accept_any_kind_of_range_as_long_as_its_safe ... FAILED
[INFO] [stdout] test it_fails_if_there_are_unknown_arguments ... ok
[INFO] [stdout] test it_format_field_1_even_with_no_matching_parameters ... ok
[INFO] [stdout] test it_format_fields ... ok
[INFO] [stdout] test it_fails_when_the_regex_is_malformed ... ok
[INFO] [stdout] test it_is_not_allowed_to_use_character_with_nojoin ... ok
[INFO] [stdout] test it_cuts_on_lines ... ok
[INFO] [stdout] test it_join_fields ... ok
[INFO] [stdout] test it_support_zero_terminated_lines ... ok
[INFO] [stdout] test it_skips_non_delimited_line_when_requested ... ok
[INFO] [stdout] test it_works_on_multiple_lines ... ok
[INFO] [stdout] test it_join_lines ... ok
[INFO] [stdout] 
[INFO] [stdout] failures:
[INFO] [stdout] 
[INFO] [stdout] ---- it_accept_any_kind_of_range_as_long_as_its_safe stdout ----
[INFO] [stdout] thread 'it_accept_any_kind_of_range_as_long_as_its_safe' panicked at /rustc/82e1608dfa6e0b5569232559e3d385fea5a93112/library/core/src/ops/function.rs:250:5:
[INFO] [stdout] Unexpected stderr, failed diff original var
[INFO] [stdout] ├── original: Error: Field left value cannot be greater than right value
[INFO] [stdout] 
[INFO] [stdout] ├── diff: 
[INFO] [stdout] --- 	orig
[INFO] [stdout] +++ 	var
[INFO] [stdout] @@ -1,0 +2,58 @@
[INFO] [stdout] +
[INFO] [stdout] +Stack backtrace:
[INFO] [stdout] +   0: anyhow::error::<impl anyhow::Error>::msg
[INFO] [stdout] +             at /opt/rustwide/cargo-home/registry/src/index.crates.io-6f17d22bba15001f/anyhow-1.0.78/src/error.rs:83:36
[INFO] [stdout] +   1: anyhow::__private::format_err
[INFO] [stdout] +             at /opt/rustwide/cargo-home/registry/src/index.crates.io-6f17d22bba15001f/anyhow-1.0.78/src/lib.rs:677:13
[INFO] [stdout] +   2: tuc::bounds::bounds_to_std_range
[INFO] [stdout] +             at ./src/bounds.rs:423:9
[INFO] [stdout] +   3: tuc::cut_str::cut_str::{{closure}}
[INFO] [stdout] +             at ./src/cut_str.rs:338:44
[INFO] [stdout] +   4: core::iter::traits::iterator::Iterator::try_for_each::call::{{closure}}
[INFO] [stdout] +             at /rustc/82e1608dfa6e0b5569232559e3d385fea5a93112/library/core/src/iter/traits/iterator.rs:2521:26
[INFO] [stdout] +   5: <core::iter::adapters::enumerate::Enumerate<I> as core::iter::traits::iterator::Iterator>::try_fold::enumerate::{{closure}}
[INFO] [stdout] +             at /rustc/82e1608dfa6e0b5569232559e3d385fea5a93112/library/core/src/iter/adapters/enumerate.rs:86:27
[INFO] [stdout] +   6: core::iter::traits::iterator::Iterator::try_fold
[INFO] [stdout] +             at /rustc/82e1608dfa6e0b5569232559e3d385fea5a93112/library/core/src/iter/traits/iterator.rs:2462:21
[INFO] [stdout] +   7: <core::iter::adapters::enumerate::Enumerate<I> as core::iter::traits::iterator::Iterator>::try_fold
[INFO] [stdout] +             at /rustc/82e1608dfa6e0b5569232559e3d385fea5a93112/library/core/src/iter/adapters/enumerate.rs:92:9
[INFO] [stdout] +   8: core::iter::traits::iterator::Iterator::try_for_each
[INFO] [stdout] +             at /rustc/82e1608dfa6e0b5569232559e3d385fea5a93112/library/core/src/iter/traits/iterator.rs:2524:9
[INFO] [stdout] +   9: tuc::cut_str::cut_str
[INFO] [stdout] +             at ./src/cut_str.rs:325:13
[INFO] [stdout] +  10: tuc::cut_lines::cut_lines
[INFO] [stdout] +             at ./src/cut_lines.rs:102:5
[INFO] [stdout] +  11: tuc::cut_lines::read_and_cut_lines
[INFO] [stdout] +             at ./src/cut_lines.rs:126:9
[INFO] [stdout] +  12: tuc::main
[INFO] [stdout] +             at ./src/bin/tuc.rs:266:9
[INFO] [stdout] +  13: core::ops::function::FnOnce::call_once
[INFO] [stdout] +             at /rustc/82e1608dfa6e0b5569232559e3d385fea5a93112/library/core/src/ops/function.rs:250:5
[INFO] [stdout] +  14: std::sys_common::backtrace::__rust_begin_short_backtrace
[INFO] [stdout] +             at /rustc/82e1608dfa6e0b5569232559e3d385fea5a93112/library/std/src/sys_common/backtrace.rs:154:18
[INFO] [stdout] +  15: std::rt::lang_start::{{closure}}
[INFO] [stdout] +             at /rustc/82e1608dfa6e0b5569232559e3d385fea5a93112/library/std/src/rt.rs:167:18
[INFO] [stdout] +  16: core::ops::function::impls::<impl core::ops::function::FnOnce<A> for &F>::call_once
[INFO] [stdout] +             at /rustc/82e1608dfa6e0b5569232559e3d385fea5a93112/library/core/src/ops/function.rs:284:13
[INFO] [stdout] +  17: std::panicking::try::do_call
[INFO] [stdout] +             at /rustc/82e1608dfa6e0b5569232559e3d385fea5a93112/library/std/src/panicking.rs:552:40
[INFO] [stdout] +  18: std::panicking::try
[INFO] [stdout] +             at /rustc/82e1608dfa6e0b5569232559e3d385fea5a93112/library/std/src/panicking.rs:516:19
[INFO] [stdout] +  19: std::panic::catch_unwind
[INFO] [stdout] +             at /rustc/82e1608dfa6e0b5569232559e3d385fea5a93112/library/std/src/panic.rs:142:14
[INFO] [stdout] +  20: std::rt::lang_start_internal::{{closure}}
[INFO] [stdout] +             at /rustc/82e1608dfa6e0b5569232559e3d385fea5a93112/library/std/src/rt.rs:148:48
[INFO] [stdout] +  21: std::panicking::try::do_call
[INFO] [stdout] +             at /rustc/82e1608dfa6e0b5569232559e3d385fea5a93112/library/std/src/panicking.rs:552:40
[INFO] [stdout] +  22: std::panicking::try
[INFO] [stdout] +             at /rustc/82e1608dfa6e0b5569232559e3d385fea5a93112/library/std/src/panicking.rs:516:19
[INFO] [stdout] +  23: std::panic::catch_unwind
[INFO] [stdout] +             at /rustc/82e1608dfa6e0b5569232559e3d385fea5a93112/library/std/src/panic.rs:142:14
[INFO] [stdout] +  24: std::rt::lang_start_internal
[INFO] [stdout] +             at /rustc/82e1608dfa6e0b5569232559e3d385fea5a93112/library/std/src/rt.rs:148:20
[INFO] [stdout] +  25: std::rt::lang_start
[INFO] [stdout] +             at /rustc/82e1608dfa6e0b5569232559e3d385fea5a93112/library/std/src/rt.rs:166:17
[INFO] [stdout] +  26: main
[INFO] [stdout] +  27: <unknown>
[INFO] [stdout] +  28: __libc_start_main
[INFO] [stdout] +  29: _start
[INFO] [stdout] 
[INFO] [stdout] └── var as str: Error: Field left value cannot be greater than right value
[INFO] [stdout] 
[INFO] [stdout] Stack backtrace:
[INFO] [stdout]    0: anyhow::error::<impl anyhow::Error>::msg
[INFO] [stdout]              at /opt/rustwide/cargo-home/registry/src/index.crates.io-6f17d22bba15001f/anyhow-1.0.78/src/error.rs:83:36
[INFO] [stdout]    1: anyhow::__private::format_err
[INFO] [stdout]              at /opt/rustwide/cargo-home/registry/src/index.crates.io-6f17d22bba15001f/anyhow-1.0.78/src/lib.rs:677:13
[INFO] [stdout]    2: tuc::bounds::bounds_to_std_range
[INFO] [stdout]              at ./src/bounds.rs:423:9
[INFO] [stdout]    3: tuc::cut_str::cut_str::{{closure}}
[INFO] [stdout]              at ./src/cut_str.rs:338:44
[INFO] [stdout]    4: core::iter::traits::iterator::Iterator::try_for_each::call::{{closure}}
[INFO] [stdout]              at /rustc/82e1608dfa6e0b5569232559e3d385fea5a93112/library/core/src/iter/traits/iterator.rs:2521:26
[INFO] [stdout]    5: <core::iter::adapters::enumerate::Enumerate<I> as core::iter::traits::iterator::Iterator>::try_fold::enumerate::{{closure}}
[INFO] [stdout]              at /rustc/82e1608dfa6e0b5569232559e3d385fea5a93112/library/core/src/iter/adapters/enumerate.rs:86:27
[INFO] [stdout]    6: core::iter::traits::iterator::Iterator::try_fold
[INFO] [stdout]              at /rustc/82e1608dfa6e0b5569232559e3d385fea5a93112/library/core/src/iter/traits/iterator.rs:2462:21
[INFO] [stdout]    7: <core::iter::adapters::enumerate::Enumerate<I> as core::iter::traits::iterator::Iterator>::try_fold
[INFO] [stdout]              at /rustc/82e1608dfa6e0b5569232559e3d385fea5a93112/library/core/src/iter/adapters/enumerate.rs:92:9
[INFO] [stdout]    8: core::iter::traits::iterator::Iterator::try_for_each
[INFO] [stdout]              at /rustc/82e1608dfa6e0b5569232559e3d385fea5a93112/library/core/src/iter/traits/iterator.rs:2524:9
[INFO] [stdout]    9: tuc::cut_str::cut_str
[INFO] [stdout]              at ./src/cut_str.rs:325:13
[INFO] [stdout]   10: tuc::cut_lines::cut_lines
[INFO] [stdout]              at ./src/cut_lines.rs:102:5
[INFO] [stdout]   11: tuc::cut_lines::read_and_cut_lines
[INFO] [stdout]              at ./src/cut_lines.rs:126:9
[INFO] [stdout]   12: tuc::main
[INFO] [stdout]              at ./src/bin/tuc.rs:266:9
[INFO] [stdout]   13: core::ops::function::FnOnce::call_once
[INFO] [stdout]              at /rustc/82e1608dfa6e0b5569232559e3d385fea5a93112/library/core/src/ops/function.rs:250:5
[INFO] [stdout]   14: std::sys_common::backtrace::__rust_begin_short_backtrace
[INFO] [stdout]              at /rustc/82e1608dfa6e0b5569232559e3d385fea5a93112/library/std/src/sys_common/backtrace.rs:154:18
[INFO] [stdout]   15: std::rt::lang_start::{{closure}}
[INFO] [stdout]              at /rustc/82e1608dfa6e0b5569232559e3d385fea5a93112/library/std/src/rt.rs:167:18
[INFO] [stdout]   16: core::ops::function::impls::<impl core::ops::function::FnOnce<A> for &F>::call_once
[INFO] [stdout]              at /rustc/82e1608dfa6e0b5569232559e3d385fea5a93112/library/core/src/ops/function.rs:284:13
[INFO] [stdout]   17: std::panicking::try::do_call
[INFO] [stdout]              at /rustc/82e1608dfa6e0b5569232559e3d385fea5a93112/library/std/src/panicking.rs:552:40
[INFO] [stdout]   18: std::panicking::try
[INFO] [stdout]              at /rustc/82e1608dfa6e0b5569232559e3d385fea5a93112/library/std/src/panicking.rs:516:19
[INFO] [stdout]   19: std::panic::catch_unwind
[INFO] [stdout]              at /rustc/82e1608dfa6e0b5569232559e3d385fea5a93112/library/std/src/panic.rs:142:14
[INFO] [stdout]   20: std::rt::lang_start_internal::{{closure}}
[INFO] [stdout]              at /rustc/82e1608dfa6e0b5569232559e3d385fea5a93112/library/std/src/rt.rs:148:48
[INFO] [stdout]   21: std::panicking::try::do_call
[INFO] [stdout]              at /rustc/82e1608dfa6e0b5569232559e3d385fea5a93112/library/std/src/panicking.rs:552:40
[INFO] [stdout]   22: std::panicking::try
[INFO] [stdout]              at /rustc/82e1608dfa6e0b5569232559e3d385fea5a93112/library/std/src/panicking.rs:516:19
[INFO] [stdout]   23: std::panic::catch_unwind
[INFO] [stdout]              at /rustc/82e1608dfa6e0b5569232559e3d385fea5a93112/library/std/src/panic.rs:142:14
[INFO] [stdout]   24: std::rt::lang_start_internal
[INFO] [stdout]              at /rustc/82e1608dfa6e0b5569232559e3d385fea5a93112/library/std/src/rt.rs:148:20
[INFO] [stdout]   25: std::rt::lang_start
[INFO] [stdout]              at /rustc/82e1608dfa6e0b5569232559e3d385fea5a93112/library/std/src/rt.rs:166:17
[INFO] [stdout]   26: main
[INFO] [stdout]   27: <unknown>
[INFO] [stdout]   28: __libc_start_main
[INFO] [stdout]   29: _start
[INFO] [stdout] 
[INFO] [stdout] 
[INFO] [stdout] command=`"/opt/rustwide/target/debug/tuc" "-l" "2:-4"`
[INFO] [stdout] stdin=````
[INFO] [stdout] a
[INFO] [stdout] b
[INFO] [stdout] c
[INFO] [stdout] d```
[INFO] [stdout] `
[INFO] [stdout] code=1
[INFO] [stdout] stdout=""
[INFO] [stdout] stderr=```
[INFO] [stdout] Error: Field left value cannot be greater than right value
[INFO] [stdout] 
[INFO] [stdout] Stack backtrace:
[INFO] [stdout]    0: anyhow::error::<impl anyhow::Error>::msg
[INFO] [stdout]              at /opt/rustwide/cargo-home/registry/src/index.crates.io-6f17d22bba15001f/anyhow-1.0.78/src/error.rs:83:36
[INFO] [stdout]    1: anyhow::__private::format_err
[INFO] [stdout]              at /opt/rustwide/cargo-home/registry/src/index.crates.io-6f17d22bba15001f/anyhow-1.0.78/src/lib.rs:677:13
[INFO] [stdout]    2: tuc::bounds::bounds_to_std_range
[INFO] [stdout]              at ./src/bounds.rs:423:9
[INFO] [stdout]    3: tuc::cut_str::cut_str::{{closure}}
[INFO] [stdout]              at ./src/cut_str.rs:338:44
[INFO] [stdout]    4: core::iter::traits::iterator::Iterator::try_for_each::call::{{closure}}
[INFO] [stdout]              at /rustc/82e1608dfa6e0b5569232559e3d385fea5a93112/library/core/src/iter/traits/iterator.rs:2521:26
[INFO] [stdout]    5: <core::iter::adapters::enumerate::Enumerate<I> as core::iter::traits::iterator::Iterator>::try_fold::enumerate::{{closure}}
[INFO] [stdout]              at /rustc/82e1608dfa6e0b5569232559e3d385fea5a93112/library/core/src/iter/adapters/enumerate.rs:86:27
[INFO] [stdout]    6: core::iter::traits::iterator::Iterator::try_fold
[INFO] [stdout]              at /rustc/82e1608dfa6e0b5569232559e3d385fea5a93112/library/core/src/iter/traits/iterator.rs:2462:21
[INFO] [stdout]    7: <core::iter::adapters::enumerate::Enumerate<I> as core::iter::traits::iterator::Iterator>::try_fold
[INFO] [stdout]              at /rustc/82e1608dfa6e0b5569232559e3d385fea5a93112/library/core/src/iter/adapters/enumerate.rs:92:9
[INFO] [stdout]    8: core::iter::traits::iterator::Iterator::try_for_each
[INFO] [stdout]              at /rustc/82e1608dfa6e0b5569232559e3d385fea5a93112/library/core/src/iter/traits/iterator.rs:2524:9
[INFO] [stdout]    9: tuc::cut_str::cut_str
[INFO] [stdout]              at ./src/cut_str.rs:325:13
[INFO] [stdout]   10: tuc::cut_lines::cut_lines
[INFO] [stdout]              at ./src/cut_lines.rs:102:5
[INFO] [stdout]   11: tuc::cut_lines::read_and_cut_lines
[INFO] [stdout]              at ./src/cut_lines.rs:126:9
[INFO] [stdout]   12: tuc::main
[INFO] [stdout]              at ./src/bin/tuc.rs:266:9
[INFO] [stdout]   13: core::ops::function::FnOnce::call_once
[INFO] [stdout]              at /rustc/82e1608dfa6e0b5569232559e3d385fea5a93112/library/core/src/ops/function.rs:250:5
[INFO] [stdout]   14: std::sys_common::backtrace::__rust_begin_short_backtrace
[INFO] [stdout]              at /rustc/82e1608dfa6e0b5569232559e3d385fea5a93112/library/std/src/sys_common/backtrace.rs:154:18
[INFO] [stdout]   15: std::rt::lang_start::{{closure}}
[INFO] [stdout]              at /rustc/82e1608dfa6e0b5569232559e3d385fea5a93112/library/std/src/rt.rs:167:18
[INFO] [stdout]   16: core::ops::function::impls::<impl core::ops::function::FnOnce<A> for &F>::call_once
[INFO] [stdout]              at /rustc/82e1608dfa6e0b5569232559e3d385fea5a93112/library/core/src/ops/function.rs:284:13
[INFO] [stdout]   17: std::panicking::try::do_call
[INFO] [stdout]              at /rustc/82e1608dfa6e0b5569232559e3d385fea5a93112/library/std/src/panicking.rs:552:40
[INFO] [stdout]   18: std::panicking::try
[INFO] [stdout]              at /rustc/82e1608dfa6e0b5569232559e3d385fea5a93112/library/std/src/panicking.rs:516:19
[INFO] [stdout]   19: std::panic::catch_unwind
[INFO] [stdout]              at /rustc/82e1608dfa6e0b5569232559e3d385fea5a93112/library/std/src/panic.rs:142:14
[INFO] [stdout]   20: std::rt::lang_start_internal::{{closure}}
[INFO] [stdout]              at /rustc/82e1608dfa6e0b5569232559e3d385fea5a93112/library/std/src/rt.rs:148:48
[INFO] [stdout]   21: std::panicking::try::do_call
[INFO] [stdout]              at /rustc/82e1608dfa6e0b5569232559e3d385fea5a93112/library/std/src/panicking.rs:552:40
[INFO] [stdout]   22: std::panicking::try
[INFO] [stdout]              at /rustc/82e1608dfa6e0b5569232559e3d385fea5a93112/library/std/src/panicking.rs:516:19
[INFO] [stdout]   23: std::panic::catch_unwind
[INFO] [stdout]              at /rustc/82e1608dfa6e0b5569232559e3d385fea5a93112/library/std/src/panic.rs:142:14
[INFO] [stdout]   24: std::rt::lang_start_internal
[INFO] [stdout]              at /rustc/82e1608dfa6e0b5569232559e3d385fea5a93112/library/std/src/rt.rs:148:20
[INFO] [stdout]   25: std::rt::lang_start
[INFO] [stdout]              at /rustc/82e1608dfa6e0b5569232559e3d385fea5a93112/library/std/src/rt.rs:166:17
[INFO] [stdout]   26: main
[INFO] [stdout]   27: <unknown>
[INFO] [stdout]   28: __libc_start_main
[INFO] [stdout]   29: _start
[INFO] [stdout] ```
[INFO] [stdout] 
[INFO] [stdout] 
[INFO] [stdout] stack backtrace:
[INFO] [stdout]    0:     0x563fe551f8ac - std::backtrace_rs::backtrace::libunwind::trace::ha637c64ce894333a
[INFO] [stdout]                                at /rustc/82e1608dfa6e0b5569232559e3d385fea5a93112/library/std/src/../../backtrace/src/backtrace/libunwind.rs:104:5
[INFO] [stdout]    1:     0x563fe551f8ac - std::backtrace_rs::backtrace::trace_unsynchronized::h47f62dea28e0c88d
[INFO] [stdout]                                at /rustc/82e1608dfa6e0b5569232559e3d385fea5a93112/library/std/src/../../backtrace/src/backtrace/mod.rs:66:5
[INFO] [stdout]    2:     0x563fe551f8ac - std::sys_common::backtrace::_print_fmt::h9eef0abe20ede486
[INFO] [stdout]                                at /rustc/82e1608dfa6e0b5569232559e3d385fea5a93112/library/std/src/sys_common/backtrace.rs:67:5
[INFO] [stdout]    3:     0x563fe551f8ac - <std::sys_common::backtrace::_print::DisplayBacktrace as core::fmt::Display>::fmt::hed7f999df88cc644
[INFO] [stdout]                                at /rustc/82e1608dfa6e0b5569232559e3d385fea5a93112/library/std/src/sys_common/backtrace.rs:44:22
[INFO] [stdout]    4:     0x563fe554a390 - core::fmt::rt::Argument::fmt::h1539a9308b8d058d
[INFO] [stdout]                                at /rustc/82e1608dfa6e0b5569232559e3d385fea5a93112/library/core/src/fmt/rt.rs:142:9
[INFO] [stdout]    5:     0x563fe554a390 - core::fmt::write::h3a39390d8560d9c9
[INFO] [stdout]                                at /rustc/82e1608dfa6e0b5569232559e3d385fea5a93112/library/core/src/fmt/mod.rs:1120:17
[INFO] [stdout]    6:     0x563fe551ca6f - std::io::Write::write_fmt::h040b369f3a0f9cbc
[INFO] [stdout]                                at /rustc/82e1608dfa6e0b5569232559e3d385fea5a93112/library/std/src/io/mod.rs:1762:15
[INFO] [stdout]    7:     0x563fe551f694 - std::sys_common::backtrace::_print::h894006fb5c6f3d45
[INFO] [stdout]                                at /rustc/82e1608dfa6e0b5569232559e3d385fea5a93112/library/std/src/sys_common/backtrace.rs:47:5
[INFO] [stdout]    8:     0x563fe551f694 - std::sys_common::backtrace::print::h23a2d212c6fff936
[INFO] [stdout]                                at /rustc/82e1608dfa6e0b5569232559e3d385fea5a93112/library/std/src/sys_common/backtrace.rs:34:9
[INFO] [stdout]    9:     0x563fe55213d7 - std::panicking::default_hook::{{closure}}::h8a1d2ee00185001a
[INFO] [stdout]   10:     0x563fe55210c3 - std::panicking::default_hook::h6038f2eba384e475
[INFO] [stdout]                                at /rustc/82e1608dfa6e0b5569232559e3d385fea5a93112/library/std/src/panicking.rs:289:9
[INFO] [stdout]   11:     0x563fe5488167 - <alloc::boxed::Box<F,A> as core::ops::function::Fn<Args>>::call::h0ad024c9bdc6d768
[INFO] [stdout]                                at /rustc/82e1608dfa6e0b5569232559e3d385fea5a93112/library/alloc/src/boxed.rs:2021:9
[INFO] [stdout]   12:     0x563fe5488167 - test::test_main::{{closure}}::h7500b54257359db6
[INFO] [stdout]                                at /rustc/82e1608dfa6e0b5569232559e3d385fea5a93112/library/test/src/lib.rs:138:21
[INFO] [stdout]   13:     0x563fe55219e8 - <alloc::boxed::Box<F,A> as core::ops::function::Fn<Args>>::call::h1f8f335eaa9cfaee
[INFO] [stdout]                                at /rustc/82e1608dfa6e0b5569232559e3d385fea5a93112/library/alloc/src/boxed.rs:2021:9
[INFO] [stdout]   14:     0x563fe55219e8 - std::panicking::rust_panic_with_hook::h2b5517d590cab22e
[INFO] [stdout]                                at /rustc/82e1608dfa6e0b5569232559e3d385fea5a93112/library/std/src/panicking.rs:783:13
[INFO] [stdout]   15:     0x563fe552173e - std::panicking::begin_panic_handler::{{closure}}::h233112c06e0ef43e
[INFO] [stdout]                                at /rustc/82e1608dfa6e0b5569232559e3d385fea5a93112/library/std/src/panicking.rs:657:13
[INFO] [stdout]   16:     0x563fe551fd76 - std::sys_common::backtrace::__rust_end_short_backtrace::h6e893f24d7ebbff8
[INFO] [stdout]                                at /rustc/82e1608dfa6e0b5569232559e3d385fea5a93112/library/std/src/sys_common/backtrace.rs:170:18
[INFO] [stdout]   17:     0x563fe55214a2 - rust_begin_unwind
[INFO] [stdout]                                at /rustc/82e1608dfa6e0b5569232559e3d385fea5a93112/library/std/src/panicking.rs:645:5
[INFO] [stdout]   18:     0x563fe544b1c5 - core::panicking::panic_fmt::hbf0e066aabfa482c
[INFO] [stdout]                                at /rustc/82e1608dfa6e0b5569232559e3d385fea5a93112/library/core/src/panicking.rs:72:14
[INFO] [stdout]   19:     0x563fe549be2f - core::panicking::panic_display::hac26705c317192eb
[INFO] [stdout]                                at /rustc/82e1608dfa6e0b5569232559e3d385fea5a93112/library/core/src/panicking.rs:178:5
[INFO] [stdout]   20:     0x563fe54a1bae - assert_cmd::assert::AssertError::panic::panic_cold_display::hc31f23c87cd468cc
[INFO] [stdout]                                at /rustc/82e1608dfa6e0b5569232559e3d385fea5a93112/library/core/src/panic.rs:99:13
[INFO] [stdout]   21:     0x563fe54a1537 - assert_cmd::assert::AssertError::panic::h76c45a5716deb648
[INFO] [stdout]                                at /opt/rustwide/cargo-home/registry/src/index.crates.io-6f17d22bba15001f/assert_cmd-2.0.12/src/assert.rs:1033:9
[INFO] [stdout]   22:     0x563fe5499715 - core::ops::function::FnOnce::call_once::ha8ac4e77b12a20f8
[INFO] [stdout]                                at /rustc/82e1608dfa6e0b5569232559e3d385fea5a93112/library/core/src/ops/function.rs:250:5
[INFO] [stdout]   23:     0x563fe549b4e5 - core::result::Result<T,E>::unwrap_or_else::h02ea3aa4cf5e8972
[INFO] [stdout]                                at /rustc/82e1608dfa6e0b5569232559e3d385fea5a93112/library/core/src/result.rs:1430:23
[INFO] [stdout]   24:     0x563fe544c473 - assert_cmd::assert::Assert::stderr::h3299bbd9a96c04d3
[INFO] [stdout]                                at /opt/rustwide/cargo-home/registry/src/index.crates.io-6f17d22bba15001f/assert_cmd-2.0.12/src/assert.rs:460:9
[INFO] [stdout]   25:     0x563fe54532da - cli::it_accept_any_kind_of_range_as_long_as_its_safe::hef094bd1be1d77a0
[INFO] [stdout]                                at /opt/rustwide/workdir/tests/cli.rs:309:5
[INFO] [stdout]   26:     0x563fe5453047 - cli::it_accept_any_kind_of_range_as_long_as_its_safe::{{closure}}::h4d024215ad85dbaf
[INFO] [stdout]                                at /opt/rustwide/workdir/tests/cli.rs:298:53
[INFO] [stdout]   27:     0x563fe544df86 - core::ops::function::FnOnce::call_once::hd1438191ce3f4f3d
[INFO] [stdout]                                at /rustc/82e1608dfa6e0b5569232559e3d385fea5a93112/library/core/src/ops/function.rs:250:5
[INFO] [stdout]   28:     0x563fe548d7bf - core::ops::function::FnOnce::call_once::h2b5d431d5046312d
[INFO] [stdout]                                at /rustc/82e1608dfa6e0b5569232559e3d385fea5a93112/library/core/src/ops/function.rs:250:5
[INFO] [stdout]   29:     0x563fe548d7bf - test::__rust_begin_short_backtrace::h7714669af176e207
[INFO] [stdout]                                at /rustc/82e1608dfa6e0b5569232559e3d385fea5a93112/library/test/src/lib.rs:628:18
[INFO] [stdout]   30:     0x563fe548c7d5 - test::run_test_in_process::{{closure}}::h85218797dcbcec12
[INFO] [stdout]                                at /rustc/82e1608dfa6e0b5569232559e3d385fea5a93112/library/test/src/lib.rs:651:60
[INFO] [stdout]   31:     0x563fe548c7d5 - <core::panic::unwind_safe::AssertUnwindSafe<F> as core::ops::function::FnOnce<()>>::call_once::h76c106ea31c14d7b
[INFO] [stdout]                                at /rustc/82e1608dfa6e0b5569232559e3d385fea5a93112/library/core/src/panic/unwind_safe.rs:272:9
[INFO] [stdout]   32:     0x563fe548c7d5 - std::panicking::try::do_call::h3bd5d0f6620ee946
[INFO] [stdout]                                at /rustc/82e1608dfa6e0b5569232559e3d385fea5a93112/library/std/src/panicking.rs:552:40
[INFO] [stdout]   33:     0x563fe548c7d5 - std::panicking::try::h232e535e4744fe31
[INFO] [stdout]                                at /rustc/82e1608dfa6e0b5569232559e3d385fea5a93112/library/std/src/panicking.rs:516:19
[INFO] [stdout]   34:     0x563fe548c7d5 - std::panic::catch_unwind::h3ce3bd6ca8dbac68
[INFO] [stdout]                                at /rustc/82e1608dfa6e0b5569232559e3d385fea5a93112/library/std/src/panic.rs:142:14
[INFO] [stdout]   35:     0x563fe548c7d5 - test::run_test_in_process::hc97b257c9621286a
[INFO] [stdout]                                at /rustc/82e1608dfa6e0b5569232559e3d385fea5a93112/library/test/src/lib.rs:651:27
[INFO] [stdout]   36:     0x563fe548c7d5 - test::run_test::{{closure}}::h2aa798823a438d38
[INFO] [stdout]                                at /rustc/82e1608dfa6e0b5569232559e3d385fea5a93112/library/test/src/lib.rs:574:43
[INFO] [stdout]   37:     0x563fe5454a96 - test::run_test::{{closure}}::h87d231c78fb59832
[INFO] [stdout]                                at /rustc/82e1608dfa6e0b5569232559e3d385fea5a93112/library/test/src/lib.rs:602:41
[INFO] [stdout]   38:     0x563fe5454a96 - std::sys_common::backtrace::__rust_begin_short_backtrace::he6df152596625789
[INFO] [stdout]                                at /rustc/82e1608dfa6e0b5569232559e3d385fea5a93112/library/std/src/sys_common/backtrace.rs:154:18
[INFO] [stdout]   39:     0x563fe5459b47 - std::thread::Builder::spawn_unchecked_::{{closure}}::{{closure}}::ha94be15d1e0acf36
[INFO] [stdout]                                at /rustc/82e1608dfa6e0b5569232559e3d385fea5a93112/library/std/src/thread/mod.rs:529:17
[INFO] [stdout]   40:     0x563fe5459b47 - <core::panic::unwind_safe::AssertUnwindSafe<F> as core::ops::function::FnOnce<()>>::call_once::h9dc6bd6372f16606
[INFO] [stdout]                                at /rustc/82e1608dfa6e0b5569232559e3d385fea5a93112/library/core/src/panic/unwind_safe.rs:272:9
[INFO] [stdout]   41:     0x563fe5459b47 - std::panicking::try::do_call::h9057517f80303cd4
[INFO] [stdout]                                at /rustc/82e1608dfa6e0b5569232559e3d385fea5a93112/library/std/src/panicking.rs:552:40
[INFO] [stdout]   42:     0x563fe5459b47 - std::panicking::try::he3a30b11ee45340c
[INFO] [stdout]                                at /rustc/82e1608dfa6e0b5569232559e3d385fea5a93112/library/std/src/panicking.rs:516:19
[INFO] [stdout]   43:     0x563fe5459b47 - std::panic::catch_unwind::h410458cfd3528b8b
[INFO] [stdout]                                at /rustc/82e1608dfa6e0b5569232559e3d385fea5a93112/library/std/src/panic.rs:142:14
[INFO] [stdout]   44:     0x563fe5459b47 - std::thread::Builder::spawn_unchecked_::{{closure}}::h72ac3bdb567b737b
[INFO] [stdout]                                at /rustc/82e1608dfa6e0b5569232559e3d385fea5a93112/library/std/src/thread/mod.rs:528:30
[INFO] [stdout]   45:     0x563fe5459b47 - core::ops::function::FnOnce::call_once{{vtable.shim}}::h38f34da3654a8344
[INFO] [stdout]                                at /rustc/82e1608dfa6e0b5569232559e3d385fea5a93112/library/core/src/ops/function.rs:250:5
[INFO] [stdout]   46:     0x563fe5526e15 - <alloc::boxed::Box<F,A> as core::ops::function::FnOnce<Args>>::call_once::hc7eafaff61e32df9
[INFO] [stdout]                                at /rustc/82e1608dfa6e0b5569232559e3d385fea5a93112/library/alloc/src/boxed.rs:2007:9
[INFO] [stdout]   47:     0x563fe5526e15 - <alloc::boxed::Box<F,A> as core::ops::function::FnOnce<Args>>::call_once::h6ba4a5de48dd2304
[INFO] [stdout]                                at /rustc/82e1608dfa6e0b5569232559e3d385fea5a93112/library/alloc/src/boxed.rs:2007:9
[INFO] [stdout]   48:     0x563fe5526e15 - std::sys::unix::thread::Thread::new::thread_start::he469335aef763e45
[INFO] [stdout]                                at /rustc/82e1608dfa6e0b5569232559e3d385fea5a93112/library/std/src/sys/unix/thread.rs:108:17
[INFO] [stdout]   49:     0x7f3d49764ac3 - <unknown>
[INFO] [stdout]   50:     0x7f3d497f5bf4 - __clone
[INFO] [stdout]   51:                0x0 - <unknown>
[INFO] [stdout] 
[INFO] [stdout] 
[INFO] [stdout] failures:
[INFO] [stdout]     it_accept_any_kind_of_range_as_long_as_its_safe
[INFO] [stdout] 
[INFO] [stdout] test result: FAILED. 31 passed; 1 failed; 0 ignored; 0 measured; 0 filtered out; finished in 0.16s
[INFO] [stdout] 
[INFO] [stderr] error: test failed, to rerun pass `--test cli`
[INFO] running `Command { std: "docker" "inspect" "f89aeec2ebb720f70becfab69c45657d52e22bc38a81495614b9cf0f495dd4ea", kill_on_drop: false }`
[INFO] running `Command { std: "docker" "rm" "-f" "f89aeec2ebb720f70becfab69c45657d52e22bc38a81495614b9cf0f495dd4ea", kill_on_drop: false }`
[INFO] [stdout] f89aeec2ebb720f70becfab69c45657d52e22bc38a81495614b9cf0f495dd4ea
[INFO] testing riquito/tuc against beta-2023-12-22 for beta-1.76-1
[INFO] running `Command { std: "git" "clone" "/workspace/cache/git-repos/https%3A%2F%2Fgithub.com%2Friquito%2Ftuc" "/workspace/builds/worker-2-tc2/source", kill_on_drop: false }`
[INFO] [stderr] Cloning into '/workspace/builds/worker-2-tc2/source'...
[INFO] [stderr] done.
[INFO] validating manifest of git repo https://github.com/riquito/tuc on toolchain beta-2023-12-22
[INFO] running `Command { std: CARGO_HOME="/workspace/cargo-home" RUSTUP_HOME="/workspace/rustup-home" "/workspace/cargo-home/bin/cargo" "+beta-2023-12-22" "metadata" "--manifest-path" "Cargo.toml" "--no-deps", kill_on_drop: false }`
[INFO] started tweaking git repo https://github.com/riquito/tuc
[INFO] finished tweaking git repo https://github.com/riquito/tuc
[INFO] tweaked toml for git repo https://github.com/riquito/tuc written to /workspace/builds/worker-2-tc2/source/Cargo.toml
[INFO] crate git repo https://github.com/riquito/tuc already has a lockfile, it will not be regenerated
[INFO] running `Command { std: CARGO_HOME="/workspace/cargo-home" RUSTUP_HOME="/workspace/rustup-home" "/workspace/cargo-home/bin/cargo" "+beta-2023-12-22" "fetch" "--manifest-path" "Cargo.toml", kill_on_drop: false }`
[INFO] running `Command { std: "docker" "create" "-v" "/var/lib/crater-agent-workspace/builds/worker-2-tc2/target:/opt/rustwide/target:rw,Z" "-v" "/var/lib/crater-agent-workspace/builds/worker-2-tc2/source:/opt/rustwide/workdir:ro,Z" "-v" "/var/lib/crater-agent-workspace/cargo-home:/opt/rustwide/cargo-home:ro,Z" "-v" "/var/lib/crater-agent-workspace/rustup-home:/opt/rustwide/rustup-home:ro,Z" "-e" "SOURCE_DIR=/opt/rustwide/workdir" "-e" "CARGO_TARGET_DIR=/opt/rustwide/target" "-e" "CARGO_HOME=/opt/rustwide/cargo-home" "-e" "RUSTUP_HOME=/opt/rustwide/rustup-home" "-w" "/opt/rustwide/workdir" "-m" "1610612736" "--user" "0:0" "--network" "none" "ghcr.io/rust-lang/crates-build-env/linux@sha256:2788e3201cd34a07e3172128adcd8b3090168a8e3bcc40d7c032b9dda1df7d1c" "/opt/rustwide/cargo-home/bin/cargo" "+beta-2023-12-22" "metadata" "--no-deps" "--format-version=1", kill_on_drop: false }`
[INFO] [stdout] 070ee68fe66bc335741df6252561469ef1772e28cb47d291ab8c643a27ab373d
[INFO] running `Command { std: "docker" "start" "-a" "070ee68fe66bc335741df6252561469ef1772e28cb47d291ab8c643a27ab373d", kill_on_drop: false }`
[INFO] running `Command { std: "docker" "inspect" "070ee68fe66bc335741df6252561469ef1772e28cb47d291ab8c643a27ab373d", kill_on_drop: false }`
[INFO] running `Command { std: "docker" "rm" "-f" "070ee68fe66bc335741df6252561469ef1772e28cb47d291ab8c643a27ab373d", kill_on_drop: false }`
[INFO] [stdout] 070ee68fe66bc335741df6252561469ef1772e28cb47d291ab8c643a27ab373d
[INFO] running `Command { std: "docker" "create" "-v" "/var/lib/crater-agent-workspace/builds/worker-2-tc2/target:/opt/rustwide/target:rw,Z" "-v" "/var/lib/crater-agent-workspace/builds/worker-2-tc2/source:/opt/rustwide/workdir:ro,Z" "-v" "/var/lib/crater-agent-workspace/cargo-home:/opt/rustwide/cargo-home:ro,Z" "-v" "/var/lib/crater-agent-workspace/rustup-home:/opt/rustwide/rustup-home:ro,Z" "-e" "SOURCE_DIR=/opt/rustwide/workdir" "-e" "CARGO_TARGET_DIR=/opt/rustwide/target" "-e" "CARGO_INCREMENTAL=0" "-e" "RUST_BACKTRACE=full" "-e" "RUSTFLAGS=--cap-lints=warn" "-e" "RUSTDOCFLAGS=--cap-lints=warn" "-e" "CARGO_HOME=/opt/rustwide/cargo-home" "-e" "RUSTUP_HOME=/opt/rustwide/rustup-home" "-w" "/opt/rustwide/workdir" "-m" "1610612736" "--user" "0:0" "--network" "none" "ghcr.io/rust-lang/crates-build-env/linux@sha256:2788e3201cd34a07e3172128adcd8b3090168a8e3bcc40d7c032b9dda1df7d1c" "/opt/rustwide/cargo-home/bin/cargo" "+beta-2023-12-22" "build" "--frozen" "--message-format=json", kill_on_drop: false }`
[INFO] [stdout] 8c8e950d37be7545ccd2ff97e50cc1d7be8407b78d8cc87d1498a2067a674f17
[INFO] running `Command { std: "docker" "start" "-a" "8c8e950d37be7545ccd2ff97e50cc1d7be8407b78d8cc87d1498a2067a674f17", kill_on_drop: false }`
[INFO] [stderr]    Compiling anyhow v1.0.78
[INFO] [stderr]    Compiling regex-syntax v0.8.2
[INFO] [stderr]    Compiling pico-args v0.5.0
[INFO] [stderr]    Compiling regex-automata v0.4.3
[INFO] [stderr]    Compiling regex v1.10.2
[INFO] [stderr]    Compiling tuc v1.2.0 (/opt/rustwide/workdir)
[INFO] [stderr]     Finished dev [unoptimized + debuginfo] target(s) in 6.57s
[INFO] running `Command { std: "docker" "inspect" "8c8e950d37be7545ccd2ff97e50cc1d7be8407b78d8cc87d1498a2067a674f17", kill_on_drop: false }`
[INFO] running `Command { std: "docker" "rm" "-f" "8c8e950d37be7545ccd2ff97e50cc1d7be8407b78d8cc87d1498a2067a674f17", kill_on_drop: false }`
[INFO] [stdout] 8c8e950d37be7545ccd2ff97e50cc1d7be8407b78d8cc87d1498a2067a674f17
[INFO] running `Command { std: "docker" "create" "-v" "/var/lib/crater-agent-workspace/builds/worker-2-tc2/target:/opt/rustwide/target:rw,Z" "-v" "/var/lib/crater-agent-workspace/builds/worker-2-tc2/source:/opt/rustwide/workdir:ro,Z" "-v" "/var/lib/crater-agent-workspace/cargo-home:/opt/rustwide/cargo-home:ro,Z" "-v" "/var/lib/crater-agent-workspace/rustup-home:/opt/rustwide/rustup-home:ro,Z" "-e" "SOURCE_DIR=/opt/rustwide/workdir" "-e" "CARGO_TARGET_DIR=/opt/rustwide/target" "-e" "CARGO_INCREMENTAL=0" "-e" "RUST_BACKTRACE=full" "-e" "RUSTFLAGS=--cap-lints=warn" "-e" "RUSTDOCFLAGS=--cap-lints=warn" "-e" "CARGO_HOME=/opt/rustwide/cargo-home" "-e" "RUSTUP_HOME=/opt/rustwide/rustup-home" "-w" "/opt/rustwide/workdir" "-m" "1610612736" "--user" "0:0" "--network" "none" "ghcr.io/rust-lang/crates-build-env/linux@sha256:2788e3201cd34a07e3172128adcd8b3090168a8e3bcc40d7c032b9dda1df7d1c" "/opt/rustwide/cargo-home/bin/cargo" "+beta-2023-12-22" "test" "--frozen" "--no-run" "--message-format=json", kill_on_drop: false }`
[INFO] [stdout] 7e25e2db57f47e423a6b49d200d580ba0ca66c9b18b9c95f12ec8175d9c8b97f
[INFO] running `Command { std: "docker" "start" "-a" "7e25e2db57f47e423a6b49d200d580ba0ca66c9b18b9c95f12ec8175d9c8b97f", kill_on_drop: false }`
[INFO] [stderr]    Compiling libc v0.2.97
[INFO] [stderr]    Compiling predicates-core v1.0.6
[INFO] [stderr]    Compiling doc-comment v0.3.3
[INFO] [stderr]    Compiling either v1.6.1
[INFO] [stderr]    Compiling once_cell v1.17.0
[INFO] [stderr]    Compiling regex-automata v0.1.10
[INFO] [stderr]    Compiling anstyle v1.0.0
[INFO] [stderr]    Compiling memchr v2.6.4
[INFO] [stderr]    Compiling itertools v0.11.0
[INFO] [stderr]    Compiling treeline v0.1.0
[INFO] [stderr]    Compiling difflib v0.4.0
[INFO] [stderr]    Compiling predicates-tree v1.0.2
[INFO] [stderr]    Compiling bstr v1.1.0
[INFO] [stderr]    Compiling wait-timeout v0.2.0
[INFO] [stderr]    Compiling predicates v3.0.4
[INFO] [stderr]    Compiling assert_cmd v2.0.12
[INFO] [stderr]    Compiling tuc v1.2.0 (/opt/rustwide/workdir)
[INFO] [stderr]     Finished test [unoptimized + debuginfo] target(s) in 5.29s
[INFO] running `Command { std: "docker" "inspect" "7e25e2db57f47e423a6b49d200d580ba0ca66c9b18b9c95f12ec8175d9c8b97f", kill_on_drop: false }`
[INFO] running `Command { std: "docker" "rm" "-f" "7e25e2db57f47e423a6b49d200d580ba0ca66c9b18b9c95f12ec8175d9c8b97f", kill_on_drop: false }`
[INFO] [stdout] 7e25e2db57f47e423a6b49d200d580ba0ca66c9b18b9c95f12ec8175d9c8b97f
[INFO] running `Command { std: "docker" "create" "-v" "/var/lib/crater-agent-workspace/builds/worker-2-tc2/target:/opt/rustwide/target:rw,Z" "-v" "/var/lib/crater-agent-workspace/builds/worker-2-tc2/source:/opt/rustwide/workdir:ro,Z" "-v" "/var/lib/crater-agent-workspace/cargo-home:/opt/rustwide/cargo-home:ro,Z" "-v" "/var/lib/crater-agent-workspace/rustup-home:/opt/rustwide/rustup-home:ro,Z" "-e" "SOURCE_DIR=/opt/rustwide/workdir" "-e" "CARGO_TARGET_DIR=/opt/rustwide/target" "-e" "CARGO_INCREMENTAL=0" "-e" "RUST_BACKTRACE=full" "-e" "RUSTFLAGS=--cap-lints=warn" "-e" "RUSTDOCFLAGS=--cap-lints=warn" "-e" "CARGO_HOME=/opt/rustwide/cargo-home" "-e" "RUSTUP_HOME=/opt/rustwide/rustup-home" "-w" "/opt/rustwide/workdir" "-m" "1610612736" "--user" "0:0" "--network" "none" "ghcr.io/rust-lang/crates-build-env/linux@sha256:2788e3201cd34a07e3172128adcd8b3090168a8e3bcc40d7c032b9dda1df7d1c" "/opt/rustwide/cargo-home/bin/cargo" "+beta-2023-12-22" "test" "--frozen", kill_on_drop: false }`
[INFO] [stdout] 91c5f95d34011b40aab9bf526699d3b4a6d8675b454445ec599a56d75bf504bb
[INFO] running `Command { std: "docker" "start" "-a" "91c5f95d34011b40aab9bf526699d3b4a6d8675b454445ec599a56d75bf504bb", kill_on_drop: false }`
[INFO] [stderr]     Finished test [unoptimized + debuginfo] target(s) in 0.02s
[INFO] [stderr]      Running unittests src/lib.rs (/opt/rustwide/target/debug/deps/tuc-7ab4dbf7a79a5fc3)
[INFO] [stdout] 
[INFO] [stdout] running 48 tests
[INFO] [stdout] test bounds::tests::test_unpack_bound ... ok
[INFO] [stdout] test bounds::tests::test_user_bounds_formatting ... ok
[INFO] [stdout] test bounds::tests::test_vec_of_bounds_can_unpack ... ok
[INFO] [stdout] test bounds::tests::test_parse_bounds_list ... ok
[INFO] [stdout] test cut_lines::tests::cut_lines_ignore_last_empty_when_using_negative_idx ... ok
[INFO] [stdout] test bounds::tests::test_user_bounds_is_sortable ... ok
[INFO] [stdout] test cut_lines::tests::cut_lines_handle_negative_idx ... ok
[INFO] [stdout] test bounds::tests::test_user_bounds_from_str ... ok
[INFO] [stdout] test cut_lines::tests::cut_lines_ignore_last_empty_when_using_positive_idx ... ok
[INFO] [stdout] test bounds::tests::test_vec_of_bounds_is_sorted ... ok
[INFO] [stdout] test bounds::tests::test_vec_of_bounds_is_forward_only ... ok
[INFO] [stdout] test cut_lines::tests::cut_lines_zero_delimited ... ok
[INFO] [stdout] test cut_lines::tests::fwd_cut_one_field ... ok
[INFO] [stdout] test cut_lines::tests::fwd_cut_zero_delimited ... ok
[INFO] [stdout] test cut_lines::tests::fwd_ignore_last_empty ... ok
[INFO] [stdout] test cut_lines::tests::fwd_support_ranges ... ok
[INFO] [stdout] test cut_lines::tests::fwd_supports_no_join ... ok
[INFO] [stdout] test cut_lines::tests::fwd_supports_no_right_bound ... ok
[INFO] [stdout] test cut_str::tests::cut_str_complement_works_with_json ... ok
[INFO] [stdout] test cut_lines::tests::fwd_handle_out_of_bounds ... ok
[INFO] [stdout] test cut_str::tests::cut_str_echo_non_delimited_strings ... ok
[INFO] [stdout] test cut_lines::tests::fwd_cut_multiple_fields ... ok
[INFO] [stdout] test cut_str::tests::cut_str_it_complement_ranges ... ok
[INFO] [stdout] test cut_str::tests::cut_str_it_cut_consecutive_delimiters ... ok
[INFO] [stdout] test cut_str::tests::cut_str_it_format_fields ... ok
[INFO] [stdout] test cut_str::tests::cut_str_it_compress_delimiters ... ok
[INFO] [stdout] test cut_str::tests::cut_str_it_produce_json_output ... ok
[INFO] [stdout] test cut_str::tests::cut_str_it_supports_zero_terminated_lines ... ok
[INFO] [stdout] test cut_str::tests::cut_str_it_join_fields_with_a_custom_delimiter ... ok
[INFO] [stdout] test cut_str::tests::cut_str_json_on_characters_works ... ok
[INFO] [stdout] test cut_str::tests::cut_str_it_cut_a_field ... ok
[INFO] [stdout] test cut_str::tests::cut_str_it_cut_characters ... ok
[INFO] [stdout] test cut_str::tests::cut_str_it_cut_characters_and_replace_the_delimiter ... ok
[INFO] [stdout] test cut_str::tests::cut_str_it_join_fields ... ok
[INFO] [stdout] test cut_str::tests::cut_str_regex_it_cut_a_field ... ok
[INFO] [stdout] test cut_str::tests::cut_str_it_trim_fields ... ok
[INFO] [stdout] test cut_str::tests::cut_str_regex_it_compress_delimiters ... ok
[INFO] [stdout] test cut_str::tests::cut_str_json_with_single_field_is_still_an_array ... ok
[INFO] [stdout] test cut_str::tests::cut_str_regex_it_cannot_join_fields_without_replace_delimiter ... ok
[INFO] [stdout] test cut_str::tests::cut_str_regex_supports_greedy_delimiter ... ok
[INFO] [stdout] test cut_str::tests::cut_str_skip_non_delimited_strings_when_requested ... ok
[INFO] [stdout] test cut_str::tests::cut_str_regex_it_cannot_compress_delimiters_without_replace_delimiter ... ok
[INFO] [stdout] test cut_str::tests::cut_str_regex_it_join_fields_with_a_custom_delimiter ... ok
[INFO] [stdout] test cut_str::tests::cut_str_supports_greedy_delimiter ... ok
[INFO] [stdout] test cut_str::tests::test_read_and_cut_str_echo_non_delimited_strings ... ok
[INFO] [stdout] test cut_str::tests::cut_str_regex_it_trim_fields ... ok
[INFO] [stdout] test cut_str::tests::test_build_ranges_vec ... ok
[INFO] [stdout] test cut_str::tests::test_complement_std_range ... ok
[INFO] [stdout] 
[INFO] [stdout] test result: ok. 48 passed; 0 failed; 0 ignored; 0 measured; 0 filtered out; finished in 0.04s
[INFO] [stdout] 
[INFO] [stderr]      Running unittests src/bin/tuc.rs (/opt/rustwide/target/debug/deps/tuc-8b2eb1b565c86739)
[INFO] [stdout] 
[INFO] [stdout] running 0 tests
[INFO] [stdout] 
[INFO] [stdout] test result: ok. 0 passed; 0 failed; 0 ignored; 0 measured; 0 filtered out; finished in 0.00s
[INFO] [stdout] 
[INFO] [stderr]      Running tests/cli.rs (/opt/rustwide/target/debug/deps/cli-7a32240ece338809)
[INFO] [stdout] 
[INFO] [stdout] running 32 tests
[INFO] [stdout] test it_compresses_delimiters_when_requested ... ok
[INFO] [stdout] test it_compresses_delimiters_when_requested_and_handles_boundaries ... ok
[INFO] [stdout] test it_cannot_format_fields_alongside_json ... ok
[INFO] [stdout] test it_cut_consecutive_delimiters ... ok
[INFO] [stdout] test it_cut_a_field ... ok
[INFO] [stdout] test it_accepts_values_starting_with_hyphen ... ok
[INFO] [stdout] test it_can_complement_the_fields ... ok
[INFO] [stdout] test it_cuts_on_bytes ... ok
[INFO] [stdout] test it_cuts_using_a_regex ... ok
[INFO] [stdout] test it_cuts_using_a_greedy_delimiter ... ok
[INFO] [stdout] test it_does_not_allow_to_replace_delimiter_with_json ... ok
[INFO] [stdout] test it_does_not_support_json_on_bytes ... ok
[INFO] [stdout] test it_cuts_on_characters ... ok
[INFO] [stdout] test it_does_not_support_json_on_lines ... ok
[INFO] [stdout] test it_cuts_using_a_greedy_delimiter_and_a_regex ... ok
[INFO] [stdout] test it_fails_if_both_join_and_nojoin_are_used_at_once ... ok
[INFO] [stdout] test it_emit_output_as_json_even_when_cutting_on_chars ... ok
[INFO] [stdout] test it_accept_any_kind_of_range_as_long_as_its_safe ... FAILED
[INFO] [stdout] test it_echo_non_delimited_line ... ok
[INFO] [stdout] test it_emit_output_as_json ... ok
[INFO] [stdout] test it_fails_if_there_are_unknown_arguments ... ok
[INFO] [stdout] test it_fails_if_both_replace_and_nojoin_are_used_at_once ... ok
[INFO] [stdout] test it_cuts_on_lines ... ok
[INFO] [stdout] test it_format_field_1_even_with_no_matching_parameters ... ok
[INFO] [stdout] test it_format_fields ... ok
[INFO] [stdout] test it_fails_when_the_regex_is_malformed ... ok
[INFO] [stdout] test it_is_not_allowed_to_use_character_with_nojoin ... ok
[INFO] [stdout] test it_skips_non_delimited_line_when_requested ... ok
[INFO] [stdout] test it_works_on_multiple_lines ... ok
[INFO] [stdout] test it_support_zero_terminated_lines ... ok
[INFO] [stdout] test it_join_fields ... ok
[INFO] [stderr] error: test failed, to rerun pass `--test cli`
[INFO] [stdout] test it_join_lines ... ok
[INFO] [stdout] 
[INFO] [stdout] failures:
[INFO] [stdout] 
[INFO] [stdout] ---- it_accept_any_kind_of_range_as_long_as_its_safe stdout ----
[INFO] [stdout] thread 'it_accept_any_kind_of_range_as_long_as_its_safe' panicked at /rustc/0e09125c6c3c2fd70d7de961bcf0e51575235fad/library/core/src/ops/function.rs:250:5:
[INFO] [stdout] Unexpected stderr, failed diff original var
[INFO] [stdout] ├── original: Error: Field left value cannot be greater than right value
[INFO] [stdout] 
[INFO] [stdout] ├── diff: 
[INFO] [stdout] --- 	orig
[INFO] [stdout] +++ 	var
[INFO] [stdout] @@ -1,0 +2,58 @@
[INFO] [stdout] +
[INFO] [stdout] +Stack backtrace:
[INFO] [stdout] +   0: anyhow::error::<impl anyhow::Error>::msg
[INFO] [stdout] +             at /opt/rustwide/cargo-home/registry/src/index.crates.io-6f17d22bba15001f/anyhow-1.0.78/src/error.rs:83:36
[INFO] [stdout] +   1: anyhow::__private::format_err
[INFO] [stdout] +             at /opt/rustwide/cargo-home/registry/src/index.crates.io-6f17d22bba15001f/anyhow-1.0.78/src/lib.rs:677:13
[INFO] [stdout] +   2: tuc::bounds::bounds_to_std_range
[INFO] [stdout] +             at ./src/bounds.rs:423:9
[INFO] [stdout] +   3: tuc::cut_str::cut_str::{{closure}}
[INFO] [stdout] +             at ./src/cut_str.rs:338:44
[INFO] [stdout] +   4: core::iter::traits::iterator::Iterator::try_for_each::call::{{closure}}
[INFO] [stdout] +             at /rustc/0e09125c6c3c2fd70d7de961bcf0e51575235fad/library/core/src/iter/traits/iterator.rs:2521:26
[INFO] [stdout] +   5: <core::iter::adapters::enumerate::Enumerate<I> as core::iter::traits::iterator::Iterator>::try_fold::enumerate::{{closure}}
[INFO] [stdout] +             at /rustc/0e09125c6c3c2fd70d7de961bcf0e51575235fad/library/core/src/iter/adapters/enumerate.rs:86:27
[INFO] [stdout] +   6: core::iter::traits::iterator::Iterator::try_fold
[INFO] [stdout] +             at /rustc/0e09125c6c3c2fd70d7de961bcf0e51575235fad/library/core/src/iter/traits/iterator.rs:2462:21
[INFO] [stdout] +   7: <core::iter::adapters::enumerate::Enumerate<I> as core::iter::traits::iterator::Iterator>::try_fold
[INFO] [stdout] +             at /rustc/0e09125c6c3c2fd70d7de961bcf0e51575235fad/library/core/src/iter/adapters/enumerate.rs:92:9
[INFO] [stdout] +   8: core::iter::traits::iterator::Iterator::try_for_each
[INFO] [stdout] +             at /rustc/0e09125c6c3c2fd70d7de961bcf0e51575235fad/library/core/src/iter/traits/iterator.rs:2524:9
[INFO] [stdout] +   9: tuc::cut_str::cut_str
[INFO] [stdout] +             at ./src/cut_str.rs:325:13
[INFO] [stdout] +  10: tuc::cut_lines::cut_lines
[INFO] [stdout] +             at ./src/cut_lines.rs:102:5
[INFO] [stdout] +  11: tuc::cut_lines::read_and_cut_lines
[INFO] [stdout] +             at ./src/cut_lines.rs:126:9
[INFO] [stdout] +  12: tuc::main
[INFO] [stdout] +             at ./src/bin/tuc.rs:266:9
[INFO] [stdout] +  13: core::ops::function::FnOnce::call_once
[INFO] [stdout] +             at /rustc/0e09125c6c3c2fd70d7de961bcf0e51575235fad/library/core/src/ops/function.rs:250:5
[INFO] [stdout] +  14: std::sys_common::backtrace::__rust_begin_short_backtrace
[INFO] [stdout] +             at /rustc/0e09125c6c3c2fd70d7de961bcf0e51575235fad/library/std/src/sys_common/backtrace.rs:155:18
[INFO] [stdout] +  15: std::rt::lang_start::{{closure}}
[INFO] [stdout] +             at /rustc/0e09125c6c3c2fd70d7de961bcf0e51575235fad/library/std/src/rt.rs:166:18
[INFO] [stdout] +  16: core::ops::function::impls::<impl core::ops::function::FnOnce<A> for &F>::call_once
[INFO] [stdout] +             at /rustc/0e09125c6c3c2fd70d7de961bcf0e51575235fad/library/core/src/ops/function.rs:284:13
[INFO] [stdout] +  17: std::panicking::try::do_call
[INFO] [stdout] +             at /rustc/0e09125c6c3c2fd70d7de961bcf0e51575235fad/library/std/src/panicking.rs:552:40
[INFO] [stdout] +  18: std::panicking::try
[INFO] [stdout] +             at /rustc/0e09125c6c3c2fd70d7de961bcf0e51575235fad/library/std/src/panicking.rs:516:19
[INFO] [stdout] +  19: std::panic::catch_unwind
[INFO] [stdout] +             at /rustc/0e09125c6c3c2fd70d7de961bcf0e51575235fad/library/std/src/panic.rs:142:14
[INFO] [stdout] +  20: std::rt::lang_start_internal::{{closure}}
[INFO] [stdout] +             at /rustc/0e09125c6c3c2fd70d7de961bcf0e51575235fad/library/std/src/rt.rs:148:48
[INFO] [stdout] +  21: std::panicking::try::do_call
[INFO] [stdout] +             at /rustc/0e09125c6c3c2fd70d7de961bcf0e51575235fad/library/std/src/panicking.rs:552:40
[INFO] [stdout] +  22: std::panicking::try
[INFO] [stdout] +             at /rustc/0e09125c6c3c2fd70d7de961bcf0e51575235fad/library/std/src/panicking.rs:516:19
[INFO] [stdout] +  23: std::panic::catch_unwind
[INFO] [stdout] +             at /rustc/0e09125c6c3c2fd70d7de961bcf0e51575235fad/library/std/src/panic.rs:142:14
[INFO] [stdout] +  24: std::rt::lang_start_internal
[INFO] [stdout] +             at /rustc/0e09125c6c3c2fd70d7de961bcf0e51575235fad/library/std/src/rt.rs:148:20
[INFO] [stdout] +  25: std::rt::lang_start
[INFO] [stdout] +             at /rustc/0e09125c6c3c2fd70d7de961bcf0e51575235fad/library/std/src/rt.rs:165:17
[INFO] [stdout] +  26: main
[INFO] [stdout] +  27: <unknown>
[INFO] [stdout] +  28: __libc_start_main
[INFO] [stdout] +  29: _start
[INFO] [stdout] 
[INFO] [stdout] └── var as str: Error: Field left value cannot be greater than right value
[INFO] [stdout] 
[INFO] [stdout] Stack backtrace:
[INFO] [stdout]    0: anyhow::error::<impl anyhow::Error>::msg
[INFO] [stdout]              at /opt/rustwide/cargo-home/registry/src/index.crates.io-6f17d22bba15001f/anyhow-1.0.78/src/error.rs:83:36
[INFO] [stdout]    1: anyhow::__private::format_err
[INFO] [stdout]              at /opt/rustwide/cargo-home/registry/src/index.crates.io-6f17d22bba15001f/anyhow-1.0.78/src/lib.rs:677:13
[INFO] [stdout]    2: tuc::bounds::bounds_to_std_range
[INFO] [stdout]              at ./src/bounds.rs:423:9
[INFO] [stdout]    3: tuc::cut_str::cut_str::{{closure}}
[INFO] [stdout]              at ./src/cut_str.rs:338:44
[INFO] [stdout]    4: core::iter::traits::iterator::Iterator::try_for_each::call::{{closure}}
[INFO] [stdout]              at /rustc/0e09125c6c3c2fd70d7de961bcf0e51575235fad/library/core/src/iter/traits/iterator.rs:2521:26
[INFO] [stdout]    5: <core::iter::adapters::enumerate::Enumerate<I> as core::iter::traits::iterator::Iterator>::try_fold::enumerate::{{closure}}
[INFO] [stdout]              at /rustc/0e09125c6c3c2fd70d7de961bcf0e51575235fad/library/core/src/iter/adapters/enumerate.rs:86:27
[INFO] [stdout]    6: core::iter::traits::iterator::Iterator::try_fold
[INFO] [stdout]              at /rustc/0e09125c6c3c2fd70d7de961bcf0e51575235fad/library/core/src/iter/traits/iterator.rs:2462:21
[INFO] [stdout]    7: <core::iter::adapters::enumerate::Enumerate<I> as core::iter::traits::iterator::Iterator>::try_fold
[INFO] [stdout]              at /rustc/0e09125c6c3c2fd70d7de961bcf0e51575235fad/library/core/src/iter/adapters/enumerate.rs:92:9
[INFO] [stdout]    8: core::iter::traits::iterator::Iterator::try_for_each
[INFO] [stdout]              at /rustc/0e09125c6c3c2fd70d7de961bcf0e51575235fad/library/core/src/iter/traits/iterator.rs:2524:9
[INFO] [stdout]    9: tuc::cut_str::cut_str
[INFO] [stdout]              at ./src/cut_str.rs:325:13
[INFO] [stdout]   10: tuc::cut_lines::cut_lines
[INFO] [stdout]              at ./src/cut_lines.rs:102:5
[INFO] [stdout]   11: tuc::cut_lines::read_and_cut_lines
[INFO] [stdout]              at ./src/cut_lines.rs:126:9
[INFO] [stdout]   12: tuc::main
[INFO] [stdout]              at ./src/bin/tuc.rs:266:9
[INFO] [stdout]   13: core::ops::function::FnOnce::call_once
[INFO] [stdout]              at /rustc/0e09125c6c3c2fd70d7de961bcf0e51575235fad/library/core/src/ops/function.rs:250:5
[INFO] [stdout]   14: std::sys_common::backtrace::__rust_begin_short_backtrace
[INFO] [stdout]              at /rustc/0e09125c6c3c2fd70d7de961bcf0e51575235fad/library/std/src/sys_common/backtrace.rs:155:18
[INFO] [stdout]   15: std::rt::lang_start::{{closure}}
[INFO] [stdout]              at /rustc/0e09125c6c3c2fd70d7de961bcf0e51575235fad/library/std/src/rt.rs:166:18
[INFO] [stdout]   16: core::ops::function::impls::<impl core::ops::function::FnOnce<A> for &F>::call_once
[INFO] [stdout]              at /rustc/0e09125c6c3c2fd70d7de961bcf0e51575235fad/library/core/src/ops/function.rs:284:13
[INFO] [stdout]   17: std::panicking::try::do_call
[INFO] [stdout]              at /rustc/0e09125c6c3c2fd70d7de961bcf0e51575235fad/library/std/src/panicking.rs:552:40
[INFO] [stdout]   18: std::panicking::try
[INFO] [stdout]              at /rustc/0e09125c6c3c2fd70d7de961bcf0e51575235fad/library/std/src/panicking.rs:516:19
[INFO] [stdout]   19: std::panic::catch_unwind
[INFO] [stdout]              at /rustc/0e09125c6c3c2fd70d7de961bcf0e51575235fad/library/std/src/panic.rs:142:14
[INFO] [stdout]   20: std::rt::lang_start_internal::{{closure}}
[INFO] [stdout]              at /rustc/0e09125c6c3c2fd70d7de961bcf0e51575235fad/library/std/src/rt.rs:148:48
[INFO] [stdout]   21: std::panicking::try::do_call
[INFO] [stdout]              at /rustc/0e09125c6c3c2fd70d7de961bcf0e51575235fad/library/std/src/panicking.rs:552:40
[INFO] [stdout]   22: std::panicking::try
[INFO] [stdout]              at /rustc/0e09125c6c3c2fd70d7de961bcf0e51575235fad/library/std/src/panicking.rs:516:19
[INFO] [stdout]   23: std::panic::catch_unwind
[INFO] [stdout]              at /rustc/0e09125c6c3c2fd70d7de961bcf0e51575235fad/library/std/src/panic.rs:142:14
[INFO] [stdout]   24: std::rt::lang_start_internal
[INFO] [stdout]              at /rustc/0e09125c6c3c2fd70d7de961bcf0e51575235fad/library/std/src/rt.rs:148:20
[INFO] [stdout]   25: std::rt::lang_start
[INFO] [stdout]              at /rustc/0e09125c6c3c2fd70d7de961bcf0e51575235fad/library/std/src/rt.rs:165:17
[INFO] [stdout]   26: main
[INFO] [stdout]   27: <unknown>
[INFO] [stdout]   28: __libc_start_main
[INFO] [stdout]   29: _start
[INFO] [stdout] 
[INFO] [stdout] 
[INFO] [stdout] command=`"/opt/rustwide/target/debug/tuc" "-l" "2:-4"`
[INFO] [stdout] stdin=````
[INFO] [stdout] a
[INFO] [stdout] b
[INFO] [stdout] c
[INFO] [stdout] d```
[INFO] [stdout] `
[INFO] [stdout] code=1
[INFO] [stdout] stdout=""
[INFO] [stdout] stderr=```
[INFO] [stdout] Error: Field left value cannot be greater than right value
[INFO] [stdout] 
[INFO] [stdout] Stack backtrace:
[INFO] [stdout]    0: anyhow::error::<impl anyhow::Error>::msg
[INFO] [stdout]              at /opt/rustwide/cargo-home/registry/src/index.crates.io-6f17d22bba15001f/anyhow-1.0.78/src/error.rs:83:36
[INFO] [stdout]    1: anyhow::__private::format_err
[INFO] [stdout]              at /opt/rustwide/cargo-home/registry/src/index.crates.io-6f17d22bba15001f/anyhow-1.0.78/src/lib.rs:677:13
[INFO] [stdout]    2: tuc::bounds::bounds_to_std_range
[INFO] [stdout]              at ./src/bounds.rs:423:9
[INFO] [stdout]    3: tuc::cut_str::cut_str::{{closure}}
[INFO] [stdout]              at ./src/cut_str.rs:338:44
[INFO] [stdout]    4: core::iter::traits::iterator::Iterator::try_for_each::call::{{closure}}
[INFO] [stdout]              at /rustc/0e09125c6c3c2fd70d7de961bcf0e51575235fad/library/core/src/iter/traits/iterator.rs:2521:26
[INFO] [stdout]    5: <core::iter::adapters::enumerate::Enumerate<I> as core::iter::traits::iterator::Iterator>::try_fold::enumerate::{{closure}}
[INFO] [stdout]              at /rustc/0e09125c6c3c2fd70d7de961bcf0e51575235fad/library/core/src/iter/adapters/enumerate.rs:86:27
[INFO] [stdout]    6: core::iter::traits::iterator::Iterator::try_fold
[INFO] [stdout]              at /rustc/0e09125c6c3c2fd70d7de961bcf0e51575235fad/library/core/src/iter/traits/iterator.rs:2462:21
[INFO] [stdout]    7: <core::iter::adapters::enumerate::Enumerate<I> as core::iter::traits::iterator::Iterator>::try_fold
[INFO] [stdout]              at /rustc/0e09125c6c3c2fd70d7de961bcf0e51575235fad/library/core/src/iter/adapters/enumerate.rs:92:9
[INFO] [stdout]    8: core::iter::traits::iterator::Iterator::try_for_each
[INFO] [stdout]              at /rustc/0e09125c6c3c2fd70d7de961bcf0e51575235fad/library/core/src/iter/traits/iterator.rs:2524:9
[INFO] [stdout]    9: tuc::cut_str::cut_str
[INFO] [stdout]              at ./src/cut_str.rs:325:13
[INFO] [stdout]   10: tuc::cut_lines::cut_lines
[INFO] [stdout]              at ./src/cut_lines.rs:102:5
[INFO] [stdout]   11: tuc::cut_lines::read_and_cut_lines
[INFO] [stdout]              at ./src/cut_lines.rs:126:9
[INFO] [stdout]   12: tuc::main
[INFO] [stdout]              at ./src/bin/tuc.rs:266:9
[INFO] [stdout]   13: core::ops::function::FnOnce::call_once
[INFO] [stdout]              at /rustc/0e09125c6c3c2fd70d7de961bcf0e51575235fad/library/core/src/ops/function.rs:250:5
[INFO] [stdout]   14: std::sys_common::backtrace::__rust_begin_short_backtrace
[INFO] [stdout]              at /rustc/0e09125c6c3c2fd70d7de961bcf0e51575235fad/library/std/src/sys_common/backtrace.rs:155:18
[INFO] [stdout]   15: std::rt::lang_start::{{closure}}
[INFO] [stdout]              at /rustc/0e09125c6c3c2fd70d7de961bcf0e51575235fad/library/std/src/rt.rs:166:18
[INFO] [stdout]   16: core::ops::function::impls::<impl core::ops::function::FnOnce<A> for &F>::call_once
[INFO] [stdout]              at /rustc/0e09125c6c3c2fd70d7de961bcf0e51575235fad/library/core/src/ops/function.rs:284:13
[INFO] [stdout]   17: std::panicking::try::do_call
[INFO] [stdout]              at /rustc/0e09125c6c3c2fd70d7de961bcf0e51575235fad/library/std/src/panicking.rs:552:40
[INFO] [stdout]   18: std::panicking::try
[INFO] [stdout]              at /rustc/0e09125c6c3c2fd70d7de961bcf0e51575235fad/library/std/src/panicking.rs:516:19
[INFO] [stdout]   19: std::panic::catch_unwind
[INFO] [stdout]              at /rustc/0e09125c6c3c2fd70d7de961bcf0e51575235fad/library/std/src/panic.rs:142:14
[INFO] [stdout]   20: std::rt::lang_start_internal::{{closure}}
[INFO] [stdout]              at /rustc/0e09125c6c3c2fd70d7de961bcf0e51575235fad/library/std/src/rt.rs:148:48
[INFO] [stdout]   21: std::panicking::try::do_call
[INFO] [stdout]              at /rustc/0e09125c6c3c2fd70d7de961bcf0e51575235fad/library/std/src/panicking.rs:552:40
[INFO] [stdout]   22: std::panicking::try
[INFO] [stdout]              at /rustc/0e09125c6c3c2fd70d7de961bcf0e51575235fad/library/std/src/panicking.rs:516:19
[INFO] [stdout]   23: std::panic::catch_unwind
[INFO] [stdout]              at /rustc/0e09125c6c3c2fd70d7de961bcf0e51575235fad/library/std/src/panic.rs:142:14
[INFO] [stdout]   24: std::rt::lang_start_internal
[INFO] [stdout]              at /rustc/0e09125c6c3c2fd70d7de961bcf0e51575235fad/library/std/src/rt.rs:148:20
[INFO] [stdout]   25: std::rt::lang_start
[INFO] [stdout]              at /rustc/0e09125c6c3c2fd70d7de961bcf0e51575235fad/library/std/src/rt.rs:165:17
[INFO] [stdout]   26: main
[INFO] [stdout]   27: <unknown>
[INFO] [stdout]   28: __libc_start_main
[INFO] [stdout]   29: _start
[INFO] [stdout] ```
[INFO] [stdout] 
[INFO] [stdout] 
[INFO] [stdout] stack backtrace:
[INFO] [stdout]    0:     0x55d6e0a5bc26 - std::backtrace_rs::backtrace::libunwind::trace::h261606ad26a499c1
[INFO] [stdout]                                at /rustc/0e09125c6c3c2fd70d7de961bcf0e51575235fad/library/std/src/../../backtrace/src/backtrace/libunwind.rs:104:5
[INFO] [stdout]    1:     0x55d6e0a5bc26 - std::backtrace_rs::backtrace::trace_unsynchronized::hd183f0625477fb28
[INFO] [stdout]                                at /rustc/0e09125c6c3c2fd70d7de961bcf0e51575235fad/library/std/src/../../backtrace/src/backtrace/mod.rs:66:5
[INFO] [stdout]    2:     0x55d6e0a5bc26 - std::sys_common::backtrace::_print_fmt::hd7f8fef21b4eda67
[INFO] [stdout]                                at /rustc/0e09125c6c3c2fd70d7de961bcf0e51575235fad/library/std/src/sys_common/backtrace.rs:68:5
[INFO] [stdout]    3:     0x55d6e0a5bc26 - <std::sys_common::backtrace::_print::DisplayBacktrace as core::fmt::Display>::fmt::h623d9b51f2f453f1
[INFO] [stdout]                                at /rustc/0e09125c6c3c2fd70d7de961bcf0e51575235fad/library/std/src/sys_common/backtrace.rs:44:22
[INFO] [stdout]    4:     0x55d6e0a85a20 - core::fmt::rt::Argument::fmt::h9f417ac76a86f368
[INFO] [stdout]                                at /rustc/0e09125c6c3c2fd70d7de961bcf0e51575235fad/library/core/src/fmt/rt.rs:142:9
[INFO] [stdout]    5:     0x55d6e0a85a20 - core::fmt::write::hc9b6faf4ac2aeff7
[INFO] [stdout]                                at /rustc/0e09125c6c3c2fd70d7de961bcf0e51575235fad/library/core/src/fmt/mod.rs:1120:17
[INFO] [stdout]    6:     0x55d6e0a58def - std::io::Write::write_fmt::he04625a3a989fec3
[INFO] [stdout]                                at /rustc/0e09125c6c3c2fd70d7de961bcf0e51575235fad/library/std/src/io/mod.rs:1810:15
[INFO] [stdout]    7:     0x55d6e0a5ba04 - std::sys_common::backtrace::_print::hd5d66399c7df88a2
[INFO] [stdout]                                at /rustc/0e09125c6c3c2fd70d7de961bcf0e51575235fad/library/std/src/sys_common/backtrace.rs:47:5
[INFO] [stdout]    8:     0x55d6e0a5ba04 - std::sys_common::backtrace::print::he81ed2da642d37e5
[INFO] [stdout]                                at /rustc/0e09125c6c3c2fd70d7de961bcf0e51575235fad/library/std/src/sys_common/backtrace.rs:34:9
[INFO] [stdout]    9:     0x55d6e0a5d7f7 - std::panicking::default_hook::{{closure}}::h85773f4fa117163d
[INFO] [stdout]   10:     0x55d6e0a5d4dd - std::panicking::default_hook::h6a1694a91d09b278
[INFO] [stdout]                                at /rustc/0e09125c6c3c2fd70d7de961bcf0e51575235fad/library/std/src/panicking.rs:289:9
[INFO] [stdout]   11:     0x55d6e09c5057 - <alloc::boxed::Box<F,A> as core::ops::function::Fn<Args>>::call::h616ac37fa3cd6c8f
[INFO] [stdout]                                at /rustc/0e09125c6c3c2fd70d7de961bcf0e51575235fad/library/alloc/src/boxed.rs:2029:9
[INFO] [stdout]   12:     0x55d6e09c5057 - test::test_main::{{closure}}::h00d84697cefdcbb6
[INFO] [stdout]                                at /rustc/0e09125c6c3c2fd70d7de961bcf0e51575235fad/library/test/src/lib.rs:138:21
[INFO] [stdout]   13:     0x55d6e0a5de16 - <alloc::boxed::Box<F,A> as core::ops::function::Fn<Args>>::call::hcb3fe3b9bb537ba8
[INFO] [stdout]                                at /rustc/0e09125c6c3c2fd70d7de961bcf0e51575235fad/library/alloc/src/boxed.rs:2029:9
[INFO] [stdout]   14:     0x55d6e0a5de16 - std::panicking::rust_panic_with_hook::h0a7ad96e90f7145b
[INFO] [stdout]                                at /rustc/0e09125c6c3c2fd70d7de961bcf0e51575235fad/library/std/src/panicking.rs:783:13
[INFO] [stdout]   15:     0x55d6e0a5db62 - std::panicking::begin_panic_handler::{{closure}}::h7919090525c6485e
[INFO] [stdout]                                at /rustc/0e09125c6c3c2fd70d7de961bcf0e51575235fad/library/std/src/panicking.rs:657:13
[INFO] [stdout]   16:     0x55d6e0a5c126 - std::sys_common::backtrace::__rust_end_short_backtrace::hf3289479464f7dfe
[INFO] [stdout]                                at /rustc/0e09125c6c3c2fd70d7de961bcf0e51575235fad/library/std/src/sys_common/backtrace.rs:171:18
[INFO] [stdout]   17:     0x55d6e0a5d8c0 - rust_begin_unwind
[INFO] [stdout]                                at /rustc/0e09125c6c3c2fd70d7de961bcf0e51575235fad/library/std/src/panicking.rs:645:5
[INFO] [stdout]   18:     0x55d6e09871a5 - core::panicking::panic_fmt::hcc9f77c5c132af55
[INFO] [stdout]                                at /rustc/0e09125c6c3c2fd70d7de961bcf0e51575235fad/library/core/src/panicking.rs:72:14
[INFO] [stdout]   19:     0x55d6e09da62f - core::panicking::panic_display::h06295af82fd05aef
[INFO] [stdout]                                at /rustc/0e09125c6c3c2fd70d7de961bcf0e51575235fad/library/core/src/panicking.rs:196:5
[INFO] [stdout]   20:     0x55d6e09d3c7e - assert_cmd::assert::AssertError::panic::panic_cold_display::h1bf11656b3774dea
[INFO] [stdout]                                at /rustc/0e09125c6c3c2fd70d7de961bcf0e51575235fad/library/core/src/panic.rs:99:13
[INFO] [stdout]   21:     0x55d6e09d35f7 - assert_cmd::assert::AssertError::panic::h4aa6db9c857ce175
[INFO] [stdout]                                at /opt/rustwide/cargo-home/registry/src/index.crates.io-6f17d22bba15001f/assert_cmd-2.0.12/src/assert.rs:1033:9
[INFO] [stdout]   22:     0x55d6e09db485 - core::ops::function::FnOnce::call_once::h73974bea399d4492
[INFO] [stdout]                                at /rustc/0e09125c6c3c2fd70d7de961bcf0e51575235fad/library/core/src/ops/function.rs:250:5
[INFO] [stdout]   23:     0x55d6e09e2470 - core::result::Result<T,E>::unwrap_or_else::h697a5b63125c590e
[INFO] [stdout]                                at /rustc/0e09125c6c3c2fd70d7de961bcf0e51575235fad/library/core/src/result.rs:1426:23
[INFO] [stdout]   24:     0x55d6e0988463 - assert_cmd::assert::Assert::stderr::h1eb380d3914b16b9
[INFO] [stdout]                                at /opt/rustwide/cargo-home/registry/src/index.crates.io-6f17d22bba15001f/assert_cmd-2.0.12/src/assert.rs:460:9
[INFO] [stdout]   25:     0x55d6e098f23a - cli::it_accept_any_kind_of_range_as_long_as_its_safe::h31792a18019a4081
[INFO] [stdout]                                at /opt/rustwide/workdir/tests/cli.rs:309:5
[INFO] [stdout]   26:     0x55d6e098efa7 - cli::it_accept_any_kind_of_range_as_long_as_its_safe::{{closure}}::ha81f83e7b231d609
[INFO] [stdout]                                at /opt/rustwide/workdir/tests/cli.rs:298:53
[INFO] [stdout]   27:     0x55d6e09898b6 - core::ops::function::FnOnce::call_once::h1c007f3873b8e822
[INFO] [stdout]                                at /rustc/0e09125c6c3c2fd70d7de961bcf0e51575235fad/library/core/src/ops/function.rs:250:5
[INFO] [stdout]   28:     0x55d6e09ca92f - core::ops::function::FnOnce::call_once::hd64d26f405258157
[INFO] [stdout]                                at /rustc/0e09125c6c3c2fd70d7de961bcf0e51575235fad/library/core/src/ops/function.rs:250:5
[INFO] [stdout]   29:     0x55d6e09ca92f - test::__rust_begin_short_backtrace::he21b0b7a6d731bf9
[INFO] [stdout]                                at /rustc/0e09125c6c3c2fd70d7de961bcf0e51575235fad/library/test/src/lib.rs:627:18
[INFO] [stdout]   30:     0x55d6e09c96b1 - test::run_test_in_process::{{closure}}::hf5c73986d7bdfde2
[INFO] [stdout]                                at /rustc/0e09125c6c3c2fd70d7de961bcf0e51575235fad/library/test/src/lib.rs:650:60
[INFO] [stdout]   31:     0x55d6e09c96b1 - <core::panic::unwind_safe::AssertUnwindSafe<F> as core::ops::function::FnOnce<()>>::call_once::h330011ad032aadc0
[INFO] [stdout]                                at /rustc/0e09125c6c3c2fd70d7de961bcf0e51575235fad/library/core/src/panic/unwind_safe.rs:272:9
[INFO] [stdout]   32:     0x55d6e09c96b1 - std::panicking::try::do_call::he61b0a958b795a41
[INFO] [stdout]                                at /rustc/0e09125c6c3c2fd70d7de961bcf0e51575235fad/library/std/src/panicking.rs:552:40
[INFO] [stdout]   33:     0x55d6e09c96b1 - std::panicking::try::h7309da130f906eb7
[INFO] [stdout]                                at /rustc/0e09125c6c3c2fd70d7de961bcf0e51575235fad/library/std/src/panicking.rs:516:19
[INFO] [stdout]   34:     0x55d6e09c96b1 - std::panic::catch_unwind::hc5c3a06fdaf0a92a
[INFO] [stdout]                                at /rustc/0e09125c6c3c2fd70d7de961bcf0e51575235fad/library/std/src/panic.rs:142:14
[INFO] [stdout]   35:     0x55d6e09c96b1 - test::run_test_in_process::h7e7b7c71c3324e0f
[INFO] [stdout]                                at /rustc/0e09125c6c3c2fd70d7de961bcf0e51575235fad/library/test/src/lib.rs:650:27
[INFO] [stdout]   36:     0x55d6e09c96b1 - test::run_test::{{closure}}::h1f509f28f5cf20b1
[INFO] [stdout]                                at /rustc/0e09125c6c3c2fd70d7de961bcf0e51575235fad/library/test/src/lib.rs:573:43
[INFO] [stdout]   37:     0x55d6e09909e6 - test::run_test::{{closure}}::h1754218abf443f6d
[INFO] [stdout]                                at /rustc/0e09125c6c3c2fd70d7de961bcf0e51575235fad/library/test/src/lib.rs:601:41
[INFO] [stdout]   38:     0x55d6e09909e6 - std::sys_common::backtrace::__rust_begin_short_backtrace::h2ee174b9d5954948
[INFO] [stdout]                                at /rustc/0e09125c6c3c2fd70d7de961bcf0e51575235fad/library/std/src/sys_common/backtrace.rs:155:18
[INFO] [stdout]   39:     0x55d6e0995a47 - std::thread::Builder::spawn_unchecked_::{{closure}}::{{closure}}::hf60bee9c1a17ef09
[INFO] [stdout]                                at /rustc/0e09125c6c3c2fd70d7de961bcf0e51575235fad/library/std/src/thread/mod.rs:529:17
[INFO] [stdout]   40:     0x55d6e0995a47 - <core::panic::unwind_safe::AssertUnwindSafe<F> as core::ops::function::FnOnce<()>>::call_once::h33d0dddec5216160
[INFO] [stdout]                                at /rustc/0e09125c6c3c2fd70d7de961bcf0e51575235fad/library/core/src/panic/unwind_safe.rs:272:9
[INFO] [stdout]   41:     0x55d6e0995a47 - std::panicking::try::do_call::h144b3048b546f835
[INFO] [stdout]                                at /rustc/0e09125c6c3c2fd70d7de961bcf0e51575235fad/library/std/src/panicking.rs:552:40
[INFO] [stdout]   42:     0x55d6e0995a47 - std::panicking::try::h978244d04646189f
[INFO] [stdout]                                at /rustc/0e09125c6c3c2fd70d7de961bcf0e51575235fad/library/std/src/panicking.rs:516:19
[INFO] [stdout]   43:     0x55d6e0995a47 - std::panic::catch_unwind::hdf436369d188fe86
[INFO] [stdout]                                at /rustc/0e09125c6c3c2fd70d7de961bcf0e51575235fad/library/std/src/panic.rs:142:14
[INFO] [stdout]   44:     0x55d6e0995a47 - std::thread::Builder::spawn_unchecked_::{{closure}}::h87329cbdd33c79ec
[INFO] [stdout]                                at /rustc/0e09125c6c3c2fd70d7de961bcf0e51575235fad/library/std/src/thread/mod.rs:528:30
[INFO] [stdout]   45:     0x55d6e0995a47 - core::ops::function::FnOnce::call_once{{vtable.shim}}::h401abbe67897d450
[INFO] [stdout]                                at /rustc/0e09125c6c3c2fd70d7de961bcf0e51575235fad/library/core/src/ops/function.rs:250:5
[INFO] [stdout]   46:     0x55d6e0a63295 - <alloc::boxed::Box<F,A> as core::ops::function::FnOnce<Args>>::call_once::h5d7c8f150ab9c84c
[INFO] [stdout]                                at /rustc/0e09125c6c3c2fd70d7de961bcf0e51575235fad/library/alloc/src/boxed.rs:2015:9
[INFO] [stdout]   47:     0x55d6e0a63295 - <alloc::boxed::Box<F,A> as core::ops::function::FnOnce<Args>>::call_once::h570d5b005c242c15
[INFO] [stdout]                                at /rustc/0e09125c6c3c2fd70d7de961bcf0e51575235fad/library/alloc/src/boxed.rs:2015:9
[INFO] [stdout]   48:     0x55d6e0a63295 - std::sys::unix::thread::Thread::new::thread_start::h36b0a20c0b2361ad
[INFO] [stdout]                                at /rustc/0e09125c6c3c2fd70d7de961bcf0e51575235fad/library/std/src/sys/unix/thread.rs:108:17
[INFO] [stdout]   49:     0x7f0da8b80ac3 - <unknown>
[INFO] [stdout]   50:     0x7f0da8c11bf4 - __clone
[INFO] [stdout]   51:                0x0 - <unknown>
[INFO] [stdout] 
[INFO] [stdout] 
[INFO] [stdout] failures:
[INFO] [stdout]     it_accept_any_kind_of_range_as_long_as_its_safe
[INFO] [stdout] 
[INFO] [stdout] test result: FAILED. 31 passed; 1 failed; 0 ignored; 0 measured; 0 filtered out; finished in 0.31s
[INFO] [stdout] 
[INFO] running `Command { std: "docker" "inspect" "91c5f95d34011b40aab9bf526699d3b4a6d8675b454445ec599a56d75bf504bb", kill_on_drop: false }`
[INFO] running `Command { std: "docker" "rm" "-f" "91c5f95d34011b40aab9bf526699d3b4a6d8675b454445ec599a56d75bf504bb", kill_on_drop: false }`
[INFO] [stdout] 91c5f95d34011b40aab9bf526699d3b4a6d8675b454445ec599a56d75bf504bb
