[INFO] cloning repository https://github.com/ribbanya/cwparse
[INFO] running `Command { std: "git" "-c" "credential.helper=" "-c" "credential.helper=/workspace/cargo-home/bin/git-credential-null" "clone" "--bare" "https://github.com/ribbanya/cwparse" "/workspace/cache/git-repos/https%3A%2F%2Fgithub.com%2Fribbanya%2Fcwparse", kill_on_drop: false }`
[INFO] [stderr] Cloning into bare repository '/workspace/cache/git-repos/https%3A%2F%2Fgithub.com%2Fribbanya%2Fcwparse'...
[INFO] running `Command { std: "git" "rev-parse" "HEAD", kill_on_drop: false }`
[INFO] [stdout] 42427bb5235b1095b4bce602d52989c1fcb208cd
[INFO] testing ribbanya/cwparse against 1.75.0 for beta-1.76-1
[INFO] running `Command { std: "git" "clone" "/workspace/cache/git-repos/https%3A%2F%2Fgithub.com%2Fribbanya%2Fcwparse" "/workspace/builds/worker-5-tc1/source", kill_on_drop: false }`
[INFO] [stderr] Cloning into '/workspace/builds/worker-5-tc1/source'...
[INFO] [stderr] done.
[INFO] validating manifest of git repo https://github.com/ribbanya/cwparse on toolchain 1.75.0
[INFO] running `Command { std: CARGO_HOME="/workspace/cargo-home" RUSTUP_HOME="/workspace/rustup-home" "/workspace/cargo-home/bin/cargo" "+1.75.0" "metadata" "--manifest-path" "Cargo.toml" "--no-deps", kill_on_drop: false }`
[INFO] started tweaking git repo https://github.com/ribbanya/cwparse
[INFO] finished tweaking git repo https://github.com/ribbanya/cwparse
[INFO] tweaked toml for git repo https://github.com/ribbanya/cwparse written to /workspace/builds/worker-5-tc1/source/Cargo.toml
[INFO] crate git repo https://github.com/ribbanya/cwparse already has a lockfile, it will not be regenerated
[INFO] running `Command { std: CARGO_HOME="/workspace/cargo-home" RUSTUP_HOME="/workspace/rustup-home" "/workspace/cargo-home/bin/cargo" "+1.75.0" "fetch" "--manifest-path" "Cargo.toml", kill_on_drop: false }`
[INFO] running `Command { std: "docker" "create" "-v" "/var/lib/crater-agent-workspace/builds/worker-5-tc1/target:/opt/rustwide/target:rw,Z" "-v" "/var/lib/crater-agent-workspace/builds/worker-5-tc1/source:/opt/rustwide/workdir:ro,Z" "-v" "/var/lib/crater-agent-workspace/cargo-home:/opt/rustwide/cargo-home:ro,Z" "-v" "/var/lib/crater-agent-workspace/rustup-home:/opt/rustwide/rustup-home:ro,Z" "-e" "SOURCE_DIR=/opt/rustwide/workdir" "-e" "CARGO_TARGET_DIR=/opt/rustwide/target" "-e" "CARGO_HOME=/opt/rustwide/cargo-home" "-e" "RUSTUP_HOME=/opt/rustwide/rustup-home" "-w" "/opt/rustwide/workdir" "-m" "1610612736" "--user" "0:0" "--network" "none" "ghcr.io/rust-lang/crates-build-env/linux@sha256:2788e3201cd34a07e3172128adcd8b3090168a8e3bcc40d7c032b9dda1df7d1c" "/opt/rustwide/cargo-home/bin/cargo" "+1.75.0" "metadata" "--no-deps" "--format-version=1", kill_on_drop: false }`
[INFO] [stdout] f674f742f1f63a59d677f7624ffa30211ccf979bf4cc901d12e1dff8ece3bec0
[INFO] running `Command { std: "docker" "start" "-a" "f674f742f1f63a59d677f7624ffa30211ccf979bf4cc901d12e1dff8ece3bec0", kill_on_drop: false }`
[INFO] running `Command { std: "docker" "inspect" "f674f742f1f63a59d677f7624ffa30211ccf979bf4cc901d12e1dff8ece3bec0", kill_on_drop: false }`
[INFO] running `Command { std: "docker" "rm" "-f" "f674f742f1f63a59d677f7624ffa30211ccf979bf4cc901d12e1dff8ece3bec0", kill_on_drop: false }`
[INFO] [stdout] f674f742f1f63a59d677f7624ffa30211ccf979bf4cc901d12e1dff8ece3bec0
[INFO] running `Command { std: "docker" "create" "-v" "/var/lib/crater-agent-workspace/builds/worker-5-tc1/target:/opt/rustwide/target:rw,Z" "-v" "/var/lib/crater-agent-workspace/builds/worker-5-tc1/source:/opt/rustwide/workdir:ro,Z" "-v" "/var/lib/crater-agent-workspace/cargo-home:/opt/rustwide/cargo-home:ro,Z" "-v" "/var/lib/crater-agent-workspace/rustup-home:/opt/rustwide/rustup-home:ro,Z" "-e" "SOURCE_DIR=/opt/rustwide/workdir" "-e" "CARGO_TARGET_DIR=/opt/rustwide/target" "-e" "CARGO_INCREMENTAL=0" "-e" "RUST_BACKTRACE=full" "-e" "RUSTFLAGS=--cap-lints=warn" "-e" "RUSTDOCFLAGS=--cap-lints=warn" "-e" "CARGO_HOME=/opt/rustwide/cargo-home" "-e" "RUSTUP_HOME=/opt/rustwide/rustup-home" "-w" "/opt/rustwide/workdir" "-m" "1610612736" "--user" "0:0" "--network" "none" "ghcr.io/rust-lang/crates-build-env/linux@sha256:2788e3201cd34a07e3172128adcd8b3090168a8e3bcc40d7c032b9dda1df7d1c" "/opt/rustwide/cargo-home/bin/cargo" "+1.75.0" "build" "--frozen" "--message-format=json", kill_on_drop: false }`
[INFO] [stdout] 11a9e0dafe83a379890a869dfa873f7179c42aa241ed64d86583409d180fffad
[INFO] running `Command { std: "docker" "start" "-a" "11a9e0dafe83a379890a869dfa873f7179c42aa241ed64d86583409d180fffad", kill_on_drop: false }`
[INFO] [stderr]    Compiling memchr v2.5.0
[INFO] [stderr]    Compiling minimal-lexical v0.2.1
[INFO] [stderr]    Compiling nom v7.1.3
[INFO] [stderr]    Compiling cwparse v0.1.2 (/opt/rustwide/workdir)
[INFO] [stderr]     Finished dev [unoptimized + debuginfo] target(s) in 4.03s
[INFO] running `Command { std: "docker" "inspect" "11a9e0dafe83a379890a869dfa873f7179c42aa241ed64d86583409d180fffad", kill_on_drop: false }`
[INFO] running `Command { std: "docker" "rm" "-f" "11a9e0dafe83a379890a869dfa873f7179c42aa241ed64d86583409d180fffad", kill_on_drop: false }`
[INFO] [stdout] 11a9e0dafe83a379890a869dfa873f7179c42aa241ed64d86583409d180fffad
[INFO] running `Command { std: "docker" "create" "-v" "/var/lib/crater-agent-workspace/builds/worker-5-tc1/target:/opt/rustwide/target:rw,Z" "-v" "/var/lib/crater-agent-workspace/builds/worker-5-tc1/source:/opt/rustwide/workdir:ro,Z" "-v" "/var/lib/crater-agent-workspace/cargo-home:/opt/rustwide/cargo-home:ro,Z" "-v" "/var/lib/crater-agent-workspace/rustup-home:/opt/rustwide/rustup-home:ro,Z" "-e" "SOURCE_DIR=/opt/rustwide/workdir" "-e" "CARGO_TARGET_DIR=/opt/rustwide/target" "-e" "CARGO_INCREMENTAL=0" "-e" "RUST_BACKTRACE=full" "-e" "RUSTFLAGS=--cap-lints=warn" "-e" "RUSTDOCFLAGS=--cap-lints=warn" "-e" "CARGO_HOME=/opt/rustwide/cargo-home" "-e" "RUSTUP_HOME=/opt/rustwide/rustup-home" "-w" "/opt/rustwide/workdir" "-m" "1610612736" "--user" "0:0" "--network" "none" "ghcr.io/rust-lang/crates-build-env/linux@sha256:2788e3201cd34a07e3172128adcd8b3090168a8e3bcc40d7c032b9dda1df7d1c" "/opt/rustwide/cargo-home/bin/cargo" "+1.75.0" "test" "--frozen" "--no-run" "--message-format=json", kill_on_drop: false }`
[INFO] [stdout] a0988da6eb547320c2520108b4249e0239ba9fbb6f187cab8b72f2d2c684cbd3
[INFO] running `Command { std: "docker" "start" "-a" "a0988da6eb547320c2520108b4249e0239ba9fbb6f187cab8b72f2d2c684cbd3", kill_on_drop: false }`
[INFO] [stderr]    Compiling libc v0.2.141
[INFO] [stderr]    Compiling cfg-if v1.0.0
[INFO] [stderr]    Compiling version_check v0.9.4
[INFO] [stderr]    Compiling proc-macro2 v1.0.56
[INFO] [stderr]    Compiling unicode-ident v1.0.8
[INFO] [stderr]    Compiling quote v1.0.26
[INFO] [stderr]    Compiling autocfg v1.1.0
[INFO] [stderr]    Compiling syn v1.0.109
[INFO] [stderr]    Compiling memchr v2.5.0
[INFO] [stderr]    Compiling crossbeam-utils v0.8.15
[INFO] [stderr]    Compiling unicode-width v0.1.10
[INFO] [stderr]    Compiling bitflags v1.3.2
[INFO] [stderr]    Compiling proc-macro-error-attr v1.0.4
[INFO] [stderr]    Compiling proc-macro-error v1.0.4
[INFO] [stderr]    Compiling io-lifetimes v1.0.10
[INFO] [stderr]    Compiling memoffset v0.8.0
[INFO] [stderr]    Compiling crossbeam-epoch v0.9.14
[INFO] [stderr]    Compiling rustix v0.37.11
[INFO] [stderr]    Compiling serde v1.0.160
[INFO] [stderr]    Compiling scopeguard v1.1.0
[INFO] [stderr]    Compiling linux-raw-sys v0.3.1
[INFO] [stderr]    Compiling unicode-segmentation v1.10.1
[INFO] [stderr]    Compiling csv-core v0.1.10
[INFO] [stderr]    Compiling textwrap v0.11.0
[INFO] [stderr]    Compiling heck v0.3.3
[INFO] [stderr]    Compiling strsim v0.8.0
[INFO] [stderr]    Compiling ryu v1.0.13
[INFO] [stderr]    Compiling vec_map v0.8.2
[INFO] [stderr]    Compiling lazy_static v1.4.0
[INFO] [stderr]    Compiling rayon-core v1.11.0
[INFO] [stderr]    Compiling itoa v1.0.6
[INFO] [stderr]    Compiling ansi_term v0.12.1
[INFO] [stderr]    Compiling nom v7.1.3
[INFO] [stderr]    Compiling dirs-sys-next v0.1.2
[INFO] [stderr]    Compiling atty v0.2.14
[INFO] [stderr]    Compiling clap v2.34.0
[INFO] [stderr]    Compiling dirs-next v2.0.0
[INFO] [stderr]    Compiling term v0.7.0
[INFO] [stderr]    Compiling num_cpus v1.15.0
[INFO] [stderr]    Compiling crossbeam-deque v0.8.3
[INFO] [stderr]    Compiling crossbeam-channel v0.5.8
[INFO] [stderr]    Compiling anyhow v1.0.70
[INFO] [stderr]    Compiling arrayvec v0.7.2
[INFO] [stderr]    Compiling encode_unicode v1.0.0
[INFO] [stderr]    Compiling brownstone v3.0.0
[INFO] [stderr]    Compiling is-terminal v0.4.7
[INFO] [stderr]    Compiling pad v0.1.6
[INFO] [stderr]    Compiling joinery v2.1.0
[INFO] [stderr]    Compiling either v1.8.1
[INFO] [stderr]    Compiling indent_write v2.2.0
[INFO] [stderr]    Compiling memmap2 v0.5.10
[INFO] [stderr]    Compiling rayon v1.7.0
[INFO] [stderr]    Compiling nom-supreme v0.8.0
[INFO] [stderr]    Compiling cwparse v0.1.2 (/opt/rustwide/workdir)
[INFO] [stderr]    Compiling csv v1.2.1
[INFO] [stderr]    Compiling test-case-core v3.1.0
[INFO] [stderr]    Compiling prettytable-rs v0.10.0
[INFO] [stderr]    Compiling structopt-derive v0.4.18
[INFO] [stderr]    Compiling test-case-macros v3.1.0
[INFO] [stderr]    Compiling test-case v3.1.0
[INFO] [stderr]    Compiling structopt v0.3.26
[INFO] [stderr]    Compiling prettydiff v0.6.4
[INFO] [stderr]     Finished test [unoptimized + debuginfo] target(s) in 42.58s
[INFO] running `Command { std: "docker" "inspect" "a0988da6eb547320c2520108b4249e0239ba9fbb6f187cab8b72f2d2c684cbd3", kill_on_drop: false }`
[INFO] running `Command { std: "docker" "rm" "-f" "a0988da6eb547320c2520108b4249e0239ba9fbb6f187cab8b72f2d2c684cbd3", kill_on_drop: false }`
[INFO] [stdout] a0988da6eb547320c2520108b4249e0239ba9fbb6f187cab8b72f2d2c684cbd3
[INFO] running `Command { std: "docker" "create" "-v" "/var/lib/crater-agent-workspace/builds/worker-5-tc1/target:/opt/rustwide/target:rw,Z" "-v" "/var/lib/crater-agent-workspace/builds/worker-5-tc1/source:/opt/rustwide/workdir:ro,Z" "-v" "/var/lib/crater-agent-workspace/cargo-home:/opt/rustwide/cargo-home:ro,Z" "-v" "/var/lib/crater-agent-workspace/rustup-home:/opt/rustwide/rustup-home:ro,Z" "-e" "SOURCE_DIR=/opt/rustwide/workdir" "-e" "CARGO_TARGET_DIR=/opt/rustwide/target" "-e" "CARGO_INCREMENTAL=0" "-e" "RUST_BACKTRACE=full" "-e" "RUSTFLAGS=--cap-lints=warn" "-e" "RUSTDOCFLAGS=--cap-lints=warn" "-e" "CARGO_HOME=/opt/rustwide/cargo-home" "-e" "RUSTUP_HOME=/opt/rustwide/rustup-home" "-w" "/opt/rustwide/workdir" "-m" "1610612736" "--user" "0:0" "--network" "none" "ghcr.io/rust-lang/crates-build-env/linux@sha256:2788e3201cd34a07e3172128adcd8b3090168a8e3bcc40d7c032b9dda1df7d1c" "/opt/rustwide/cargo-home/bin/cargo" "+1.75.0" "test" "--frozen", kill_on_drop: false }`
[INFO] [stdout] 08c774118b852fa0dae71261b742a0703e0fa23baa9f3840cf1f5c6177fe8a78
[INFO] running `Command { std: "docker" "start" "-a" "08c774118b852fa0dae71261b742a0703e0fa23baa9f3840cf1f5c6177fe8a78", kill_on_drop: false }`
[INFO] [stderr]     Finished test [unoptimized + debuginfo] target(s) in 0.10s
[INFO] [stderr]      Running unittests src/lib.rs (/opt/rustwide/target/debug/deps/cwparse-fc05caffd06a8dd1)
[INFO] [stdout] 
[INFO] [stdout] running 14 tests
[INFO] [stdout] test map::tests::test_file::melee ... FAILED
[INFO] [stdout] test map::tests::test_file::pikmin2 ... FAILED
[INFO] [stdout] test map::tests::test_file::prime_1_1 ... FAILED
[INFO] [stdout] test map::tests::test_file::prime_1_0 ... FAILED
[INFO] [stdout] test map::tests::test_file::prime_1_0_debug ... FAILED
[INFO] [stdout] test section_table::tests::test_section_table ... ok
[INFO] [stdout] test map::tests::test_file::prime_1_1_debug ... FAILED
[INFO] [stdout] test map::tests::test_file::prime_kor ... FAILED
[INFO] [stdout] test map::tests::test_file::prime_kor_debug ... FAILED
[INFO] [stdout] test memory_table::tests::test_memory_map ... ok
[INFO] [stdout] test tree::tests::test_tree ... ok
[INFO] [stdout] test map::tests::test_file::pikmin ... FAILED
[INFO] [stdout] test linker_table::tests::test_linker_table ... ok
[INFO] [stdout] test map::tests::test_file::super_monkey_ball ... FAILED
[INFO] [stdout] 
[INFO] [stdout] failures:
[INFO] [stdout] 
[INFO] [stdout] ---- map::tests::test_file::melee stdout ----
[INFO] [stdout] Error: Failed to open the map file.
[INFO] [stdout] 
[INFO] [stdout] Caused by:
[INFO] [stdout]     No such file or directory (os error 2)
[INFO] [stdout] 
[INFO] [stdout] ---- map::tests::test_file::pikmin2 stdout ----
[INFO] [stdout] Error: Failed to open the map file.
[INFO] [stdout] 
[INFO] [stdout] Caused by:
[INFO] [stdout]     No such file or directory (os error 2)
[INFO] [stdout] 
[INFO] [stdout] ---- map::tests::test_file::prime_1_1 stdout ----
[INFO] [stdout] Error: Failed to open the map file.
[INFO] [stdout] 
[INFO] [stdout] Caused by:
[INFO] [stdout]     No such file or directory (os error 2)
[INFO] [stdout] 
[INFO] [stdout] ---- map::tests::test_file::prime_1_0 stdout ----
[INFO] [stdout] Error: Failed to open the map file.
[INFO] [stdout] 
[INFO] [stdout] Caused by:
[INFO] [stdout]     No such file or directory (os error 2)
[INFO] [stdout] 
[INFO] [stdout] ---- map::tests::test_file::prime_1_0_debug stdout ----
[INFO] [stdout] Error: Failed to open the map file.
[INFO] [stdout] 
[INFO] [stdout] Caused by:
[INFO] [stdout]     No such file or directory (os error 2)
[INFO] [stdout] 
[INFO] [stdout] ---- map::tests::test_file::prime_1_1_debug stdout ----
[INFO] [stdout] Error: Failed to open the map file.
[INFO] [stdout] 
[INFO] [stdout] Caused by:
[INFO] [stdout]     No such file or directory (os error 2)
[INFO] [stdout] 
[INFO] [stdout] ---- map::tests::test_file::prime_kor stdout ----
[INFO] [stdout] Error: Failed to open the map file.
[INFO] [stdout] 
[INFO] [stdout] Caused by:
[INFO] [stdout]     No such file or directory (os error 2)
[INFO] [stdout] 
[INFO] [stdout] ---- map::tests::test_file::prime_kor_debug stdout ----
[INFO] [stdout] Error: Failed to open the map file.
[INFO] [stdout] 
[INFO] [stdout] Caused by:
[INFO] [stdout]     No such file or directory (os error 2)
[INFO] [stdout] 
[INFO] [stdout] ---- map::tests::test_file::pikmin stdout ----
[INFO] [stdout] Error: Failed to open the map file.
[INFO] [stdout] 
[INFO] [stdout] Caused by:
[INFO] [stdout]     No such file or directory (os error 2)
[INFO] [stdout] 
[INFO] [stdout] ---- map::tests::test_file::super_monkey_ball stdout ----
[INFO] [stdout] Error: Failed to open the map file.
[INFO] [stdout] 
[INFO] [stdout] Caused by:
[INFO] [stdout]     No such file or directory (os error 2)
[INFO] [stdout] 
[INFO] [stdout] 
[INFO] [stdout] failures:
[INFO] [stdout]     map::tests::test_file::melee
[INFO] [stdout]     map::tests::test_file::pikmin
[INFO] [stdout]     map::tests::test_file::pikmin2
[INFO] [stdout]     map::tests::test_file::prime_1_0
[INFO] [stdout]     map::tests::test_file::prime_1_0_debug
[INFO] [stdout]     map::tests::test_file::prime_1_1
[INFO] [stdout]     map::tests::test_file::prime_1_1_debug
[INFO] [stdout]     map::tests::test_file::prime_kor
[INFO] [stdout]     map::tests::test_file::prime_kor_debug
[INFO] [stdout]     map::tests::test_file::super_monkey_ball
[INFO] [stdout] 
[INFO] [stdout] test result: FAILED. 4 passed; 10 failed; 0 ignored; 0 measured; 0 filtered out; finished in 0.02s
[INFO] [stdout] 
[INFO] [stderr] error: test failed, to rerun pass `--lib`
[INFO] running `Command { std: "docker" "inspect" "08c774118b852fa0dae71261b742a0703e0fa23baa9f3840cf1f5c6177fe8a78", kill_on_drop: false }`
[INFO] running `Command { std: "docker" "rm" "-f" "08c774118b852fa0dae71261b742a0703e0fa23baa9f3840cf1f5c6177fe8a78", kill_on_drop: false }`
[INFO] [stdout] 08c774118b852fa0dae71261b742a0703e0fa23baa9f3840cf1f5c6177fe8a78
[INFO] testing ribbanya/cwparse against beta-2023-12-22 for beta-1.76-1
[INFO] running `Command { std: "git" "clone" "/workspace/cache/git-repos/https%3A%2F%2Fgithub.com%2Fribbanya%2Fcwparse" "/workspace/builds/worker-5-tc2/source", kill_on_drop: false }`
[INFO] [stderr] Cloning into '/workspace/builds/worker-5-tc2/source'...
[INFO] [stderr] done.
[INFO] validating manifest of git repo https://github.com/ribbanya/cwparse on toolchain beta-2023-12-22
[INFO] running `Command { std: CARGO_HOME="/workspace/cargo-home" RUSTUP_HOME="/workspace/rustup-home" "/workspace/cargo-home/bin/cargo" "+beta-2023-12-22" "metadata" "--manifest-path" "Cargo.toml" "--no-deps", kill_on_drop: false }`
[INFO] started tweaking git repo https://github.com/ribbanya/cwparse
[INFO] finished tweaking git repo https://github.com/ribbanya/cwparse
[INFO] tweaked toml for git repo https://github.com/ribbanya/cwparse written to /workspace/builds/worker-5-tc2/source/Cargo.toml
[INFO] crate git repo https://github.com/ribbanya/cwparse already has a lockfile, it will not be regenerated
[INFO] running `Command { std: CARGO_HOME="/workspace/cargo-home" RUSTUP_HOME="/workspace/rustup-home" "/workspace/cargo-home/bin/cargo" "+beta-2023-12-22" "fetch" "--manifest-path" "Cargo.toml", kill_on_drop: false }`
[INFO] running `Command { std: "docker" "create" "-v" "/var/lib/crater-agent-workspace/builds/worker-5-tc2/target:/opt/rustwide/target:rw,Z" "-v" "/var/lib/crater-agent-workspace/builds/worker-5-tc2/source:/opt/rustwide/workdir:ro,Z" "-v" "/var/lib/crater-agent-workspace/cargo-home:/opt/rustwide/cargo-home:ro,Z" "-v" "/var/lib/crater-agent-workspace/rustup-home:/opt/rustwide/rustup-home:ro,Z" "-e" "SOURCE_DIR=/opt/rustwide/workdir" "-e" "CARGO_TARGET_DIR=/opt/rustwide/target" "-e" "CARGO_HOME=/opt/rustwide/cargo-home" "-e" "RUSTUP_HOME=/opt/rustwide/rustup-home" "-w" "/opt/rustwide/workdir" "-m" "1610612736" "--user" "0:0" "--network" "none" "ghcr.io/rust-lang/crates-build-env/linux@sha256:2788e3201cd34a07e3172128adcd8b3090168a8e3bcc40d7c032b9dda1df7d1c" "/opt/rustwide/cargo-home/bin/cargo" "+beta-2023-12-22" "metadata" "--no-deps" "--format-version=1", kill_on_drop: false }`
[INFO] [stdout] b61b693cf173043e75ae26769cd0ba2990624641ed6a591f9ca999fae73854be
[INFO] running `Command { std: "docker" "start" "-a" "b61b693cf173043e75ae26769cd0ba2990624641ed6a591f9ca999fae73854be", kill_on_drop: false }`
[INFO] running `Command { std: "docker" "inspect" "b61b693cf173043e75ae26769cd0ba2990624641ed6a591f9ca999fae73854be", kill_on_drop: false }`
[INFO] running `Command { std: "docker" "rm" "-f" "b61b693cf173043e75ae26769cd0ba2990624641ed6a591f9ca999fae73854be", kill_on_drop: false }`
[INFO] [stdout] b61b693cf173043e75ae26769cd0ba2990624641ed6a591f9ca999fae73854be
[INFO] running `Command { std: "docker" "create" "-v" "/var/lib/crater-agent-workspace/builds/worker-5-tc2/target:/opt/rustwide/target:rw,Z" "-v" "/var/lib/crater-agent-workspace/builds/worker-5-tc2/source:/opt/rustwide/workdir:ro,Z" "-v" "/var/lib/crater-agent-workspace/cargo-home:/opt/rustwide/cargo-home:ro,Z" "-v" "/var/lib/crater-agent-workspace/rustup-home:/opt/rustwide/rustup-home:ro,Z" "-e" "SOURCE_DIR=/opt/rustwide/workdir" "-e" "CARGO_TARGET_DIR=/opt/rustwide/target" "-e" "CARGO_INCREMENTAL=0" "-e" "RUST_BACKTRACE=full" "-e" "RUSTFLAGS=--cap-lints=warn" "-e" "RUSTDOCFLAGS=--cap-lints=warn" "-e" "CARGO_HOME=/opt/rustwide/cargo-home" "-e" "RUSTUP_HOME=/opt/rustwide/rustup-home" "-w" "/opt/rustwide/workdir" "-m" "1610612736" "--user" "0:0" "--network" "none" "ghcr.io/rust-lang/crates-build-env/linux@sha256:2788e3201cd34a07e3172128adcd8b3090168a8e3bcc40d7c032b9dda1df7d1c" "/opt/rustwide/cargo-home/bin/cargo" "+beta-2023-12-22" "build" "--frozen" "--message-format=json", kill_on_drop: false }`
[INFO] [stdout] 4fef663c87036bae8a0d415efa40cf5ade3186eb66751e0367c1b3d6c5a20a3c
[INFO] running `Command { std: "docker" "start" "-a" "4fef663c87036bae8a0d415efa40cf5ade3186eb66751e0367c1b3d6c5a20a3c", kill_on_drop: false }`
[INFO] [stderr]    Compiling memchr v2.5.0
[INFO] [stderr]    Compiling minimal-lexical v0.2.1
[INFO] [stderr]    Compiling nom v7.1.3
[INFO] [stderr]    Compiling cwparse v0.1.2 (/opt/rustwide/workdir)
[INFO] [stderr]     Finished dev [unoptimized + debuginfo] target(s) in 3.55s
[INFO] running `Command { std: "docker" "inspect" "4fef663c87036bae8a0d415efa40cf5ade3186eb66751e0367c1b3d6c5a20a3c", kill_on_drop: false }`
[INFO] running `Command { std: "docker" "rm" "-f" "4fef663c87036bae8a0d415efa40cf5ade3186eb66751e0367c1b3d6c5a20a3c", kill_on_drop: false }`
[INFO] [stdout] 4fef663c87036bae8a0d415efa40cf5ade3186eb66751e0367c1b3d6c5a20a3c
[INFO] running `Command { std: "docker" "create" "-v" "/var/lib/crater-agent-workspace/builds/worker-5-tc2/target:/opt/rustwide/target:rw,Z" "-v" "/var/lib/crater-agent-workspace/builds/worker-5-tc2/source:/opt/rustwide/workdir:ro,Z" "-v" "/var/lib/crater-agent-workspace/cargo-home:/opt/rustwide/cargo-home:ro,Z" "-v" "/var/lib/crater-agent-workspace/rustup-home:/opt/rustwide/rustup-home:ro,Z" "-e" "SOURCE_DIR=/opt/rustwide/workdir" "-e" "CARGO_TARGET_DIR=/opt/rustwide/target" "-e" "CARGO_INCREMENTAL=0" "-e" "RUST_BACKTRACE=full" "-e" "RUSTFLAGS=--cap-lints=warn" "-e" "RUSTDOCFLAGS=--cap-lints=warn" "-e" "CARGO_HOME=/opt/rustwide/cargo-home" "-e" "RUSTUP_HOME=/opt/rustwide/rustup-home" "-w" "/opt/rustwide/workdir" "-m" "1610612736" "--user" "0:0" "--network" "none" "ghcr.io/rust-lang/crates-build-env/linux@sha256:2788e3201cd34a07e3172128adcd8b3090168a8e3bcc40d7c032b9dda1df7d1c" "/opt/rustwide/cargo-home/bin/cargo" "+beta-2023-12-22" "test" "--frozen" "--no-run" "--message-format=json", kill_on_drop: false }`
[INFO] [stdout] 75e73d58f553030bee82617274bbf4bfd47abd1f45a4162236d4a0be939513c5
[INFO] running `Command { std: "docker" "start" "-a" "75e73d58f553030bee82617274bbf4bfd47abd1f45a4162236d4a0be939513c5", kill_on_drop: false }`
[INFO] [stderr]    Compiling libc v0.2.141
[INFO] [stderr]    Compiling cfg-if v1.0.0
[INFO] [stderr]    Compiling version_check v0.9.4
[INFO] [stderr]    Compiling proc-macro2 v1.0.56
[INFO] [stderr]    Compiling quote v1.0.26
[INFO] [stderr]    Compiling unicode-ident v1.0.8
[INFO] [stderr]    Compiling memchr v2.5.0
[INFO] [stderr]    Compiling syn v1.0.109
[INFO] [stderr]    Compiling autocfg v1.1.0
[INFO] [stderr]    Compiling crossbeam-utils v0.8.15
[INFO] [stderr]    Compiling proc-macro-error-attr v1.0.4
[INFO] [stderr]    Compiling proc-macro-error v1.0.4
[INFO] [stderr]    Compiling unicode-width v0.1.10
[INFO] [stderr]    Compiling memoffset v0.8.0
[INFO] [stderr]    Compiling bitflags v1.3.2
[INFO] [stderr]    Compiling io-lifetimes v1.0.10
[INFO] [stderr]    Compiling crossbeam-epoch v0.9.14
[INFO] [stderr]    Compiling serde v1.0.160
[INFO] [stderr]    Compiling rustix v0.37.11
[INFO] [stderr]    Compiling linux-raw-sys v0.3.1
[INFO] [stderr]    Compiling scopeguard v1.1.0
[INFO] [stderr]    Compiling unicode-segmentation v1.10.1
[INFO] [stderr]    Compiling csv-core v0.1.10
[INFO] [stderr]    Compiling heck v0.3.3
[INFO] [stderr]    Compiling textwrap v0.11.0
[INFO] [stderr]    Compiling ryu v1.0.13
[INFO] [stderr]    Compiling lazy_static v1.4.0
[INFO] [stderr]    Compiling ansi_term v0.12.1
[INFO] [stderr]    Compiling itoa v1.0.6
[INFO] [stderr]    Compiling dirs-sys-next v0.1.2
[INFO] [stderr]    Compiling atty v0.2.14
[INFO] [stderr]    Compiling rayon-core v1.11.0
[INFO] [stderr]    Compiling strsim v0.8.0
[INFO] [stderr]    Compiling dirs-next v2.0.0
[INFO] [stderr]    Compiling vec_map v0.8.2
[INFO] [stderr]    Compiling term v0.7.0
[INFO] [stderr]    Compiling nom v7.1.3
[INFO] [stderr]    Compiling clap v2.34.0
[INFO] [stderr]    Compiling num_cpus v1.15.0
[INFO] [stderr]    Compiling crossbeam-deque v0.8.3
[INFO] [stderr]    Compiling crossbeam-channel v0.5.8
[INFO] [stderr]    Compiling arrayvec v0.7.2
[INFO] [stderr]    Compiling encode_unicode v1.0.0
[INFO] [stderr]    Compiling anyhow v1.0.70
[INFO] [stderr]    Compiling brownstone v3.0.0
[INFO] [stderr]    Compiling is-terminal v0.4.7
[INFO] [stderr]    Compiling pad v0.1.6
[INFO] [stderr]    Compiling indent_write v2.2.0
[INFO] [stderr]    Compiling either v1.8.1
[INFO] [stderr]    Compiling joinery v2.1.0
[INFO] [stderr]    Compiling memmap2 v0.5.10
[INFO] [stderr]    Compiling rayon v1.7.0
[INFO] [stderr]    Compiling nom-supreme v0.8.0
[INFO] [stderr]    Compiling cwparse v0.1.2 (/opt/rustwide/workdir)
[INFO] [stderr]    Compiling csv v1.2.1
[INFO] [stderr]    Compiling test-case-core v3.1.0
[INFO] [stderr]    Compiling prettytable-rs v0.10.0
[INFO] [stderr]    Compiling structopt-derive v0.4.18
[INFO] [stderr]    Compiling test-case-macros v3.1.0
[INFO] [stderr]    Compiling test-case v3.1.0
[INFO] [stderr]    Compiling structopt v0.3.26
[INFO] [stderr]    Compiling prettydiff v0.6.4
[INFO] [stderr]     Finished test [unoptimized + debuginfo] target(s) in 33.80s
[INFO] running `Command { std: "docker" "inspect" "75e73d58f553030bee82617274bbf4bfd47abd1f45a4162236d4a0be939513c5", kill_on_drop: false }`
[INFO] running `Command { std: "docker" "rm" "-f" "75e73d58f553030bee82617274bbf4bfd47abd1f45a4162236d4a0be939513c5", kill_on_drop: false }`
[INFO] [stdout] 75e73d58f553030bee82617274bbf4bfd47abd1f45a4162236d4a0be939513c5
[INFO] running `Command { std: "docker" "create" "-v" "/var/lib/crater-agent-workspace/builds/worker-5-tc2/target:/opt/rustwide/target:rw,Z" "-v" "/var/lib/crater-agent-workspace/builds/worker-5-tc2/source:/opt/rustwide/workdir:ro,Z" "-v" "/var/lib/crater-agent-workspace/cargo-home:/opt/rustwide/cargo-home:ro,Z" "-v" "/var/lib/crater-agent-workspace/rustup-home:/opt/rustwide/rustup-home:ro,Z" "-e" "SOURCE_DIR=/opt/rustwide/workdir" "-e" "CARGO_TARGET_DIR=/opt/rustwide/target" "-e" "CARGO_INCREMENTAL=0" "-e" "RUST_BACKTRACE=full" "-e" "RUSTFLAGS=--cap-lints=warn" "-e" "RUSTDOCFLAGS=--cap-lints=warn" "-e" "CARGO_HOME=/opt/rustwide/cargo-home" "-e" "RUSTUP_HOME=/opt/rustwide/rustup-home" "-w" "/opt/rustwide/workdir" "-m" "1610612736" "--user" "0:0" "--network" "none" "ghcr.io/rust-lang/crates-build-env/linux@sha256:2788e3201cd34a07e3172128adcd8b3090168a8e3bcc40d7c032b9dda1df7d1c" "/opt/rustwide/cargo-home/bin/cargo" "+beta-2023-12-22" "test" "--frozen", kill_on_drop: false }`
[INFO] [stdout] 005ff96c4d7f6fe3a73ade6afadd6e71b585cdec088019da85208614db6757a5
[INFO] running `Command { std: "docker" "start" "-a" "005ff96c4d7f6fe3a73ade6afadd6e71b585cdec088019da85208614db6757a5", kill_on_drop: false }`
[INFO] [stderr]     Finished test [unoptimized + debuginfo] target(s) in 0.09s
[INFO] [stderr]      Running unittests src/lib.rs (/opt/rustwide/target/debug/deps/cwparse-9e99d019e9c0db96)
[INFO] [stdout] 
[INFO] [stdout] running 14 tests
[INFO] [stdout] test map::tests::test_file::pikmin2 ... FAILED
[INFO] [stdout] test map::tests::test_file::pikmin ... FAILED
[INFO] [stdout] test linker_table::tests::test_linker_table ... ok
[INFO] [stdout] test map::tests::test_file::prime_1_1_debug ... FAILED
[INFO] [stdout] test map::tests::test_file::prime_kor ... FAILED
[INFO] [stdout] test map::tests::test_file::prime_kor_debug ... FAILED
[INFO] [stdout] test map::tests::test_file::super_monkey_ball ... FAILED
[INFO] [stdout] test memory_table::tests::test_memory_map ... ok
[INFO] [stdout] test section_table::tests::test_section_table ... ok
[INFO] [stdout] test tree::tests::test_tree ... ok
[INFO] [stdout] test map::tests::test_file::prime_1_0 ... FAILED
[INFO] [stdout] test map::tests::test_file::prime_1_0_debug ... FAILED
[INFO] [stdout] test map::tests::test_file::prime_1_1 ... FAILED
[INFO] [stdout] test map::tests::test_file::melee ... FAILED
[INFO] [stdout] 
[INFO] [stdout] failures:
[INFO] [stdout] 
[INFO] [stdout] ---- map::tests::test_file::pikmin2 stdout ----
[INFO] [stdout] Error: Failed to open the map file.
[INFO] [stdout] 
[INFO] [stdout] Caused by:
[INFO] [stdout]     No such file or directory (os error 2)
[INFO] [stdout] 
[INFO] [stdout] ---- map::tests::test_file::pikmin stdout ----
[INFO] [stdout] Error: Failed to open the map file.
[INFO] [stdout] 
[INFO] [stdout] Caused by:
[INFO] [stdout]     No such file or directory (os error 2)
[INFO] [stdout] 
[INFO] [stdout] ---- map::tests::test_file::prime_1_1_debug stdout ----
[INFO] [stdout] Error: Failed to open the map file.
[INFO] [stdout] 
[INFO] [stdout] Caused by:
[INFO] [stdout]     No such file or directory (os error 2)
[INFO] [stdout] 
[INFO] [stdout] ---- map::tests::test_file::prime_kor stdout ----
[INFO] [stdout] Error: Failed to open the map file.
[INFO] [stdout] 
[INFO] [stdout] Caused by:
[INFO] [stdout]     No such file or directory (os error 2)
[INFO] [stdout] 
[INFO] [stdout] ---- map::tests::test_file::prime_kor_debug stdout ----
[INFO] [stdout] Error: Failed to open the map file.
[INFO] [stdout] 
[INFO] [stdout] Caused by:
[INFO] [stdout]     No such file or directory (os error 2)
[INFO] [stdout] 
[INFO] [stdout] ---- map::tests::test_file::super_monkey_ball stdout ----
[INFO] [stdout] Error: Failed to open the map file.
[INFO] [stdout] 
[INFO] [stdout] Caused by:
[INFO] [stdout]     No such file or directory (os error 2)
[INFO] [stdout] 
[INFO] [stdout] ---- map::tests::test_file::prime_1_0 stdout ----
[INFO] [stdout] Error: Failed to open the map file.
[INFO] [stdout] 
[INFO] [stdout] Caused by:
[INFO] [stdout]     No such file or directory (os error 2)
[INFO] [stdout] 
[INFO] [stdout] ---- map::tests::test_file::prime_1_0_debug stdout ----
[INFO] [stdout] Error: Failed to open the map file.
[INFO] [stdout] 
[INFO] [stdout] Caused by:
[INFO] [stdout]     No such file or directory (os error 2)
[INFO] [stdout] 
[INFO] [stdout] ---- map::tests::test_file::prime_1_1 stdout ----
[INFO] [stdout] Error: Failed to open the map file.
[INFO] [stdout] 
[INFO] [stdout] Caused by:
[INFO] [stdout]     No such file or directory (os error 2)
[INFO] [stdout] 
[INFO] [stdout] ---- map::tests::test_file::melee stdout ----
[INFO] [stdout] Error: Failed to open the map file.
[INFO] [stdout] 
[INFO] [stdout] Caused by:
[INFO] [stdout]     No such file or directory (os error 2)
[INFO] [stdout] 
[INFO] [stdout] 
[INFO] [stdout] failures:
[INFO] [stdout]     map::tests::test_file::melee
[INFO] [stdout]     map::tests::test_file::pikmin
[INFO] [stdout]     map::tests::test_file::pikmin2
[INFO] [stdout]     map::tests::test_file::prime_1_0
[INFO] [stdout]     map::tests::test_file::prime_1_0_debug
[INFO] [stdout]     map::tests::test_file::prime_1_1
[INFO] [stdout]     map::tests::test_file::prime_1_1_debug
[INFO] [stdout]     map::tests::test_file::prime_kor
[INFO] [stdout]     map::tests::test_file::prime_kor_debug
[INFO] [stdout]     map::tests::test_file::super_monkey_ball
[INFO] [stdout] 
[INFO] [stdout] test result: FAILED. 4 passed; 10 failed; 0 ignored; 0 measured; 0 filtered out; finished in 0.01s
[INFO] [stdout] 
[INFO] [stderr] error: test failed, to rerun pass `--lib`
[INFO] running `Command { std: "docker" "inspect" "005ff96c4d7f6fe3a73ade6afadd6e71b585cdec088019da85208614db6757a5", kill_on_drop: false }`
[INFO] running `Command { std: "docker" "rm" "-f" "005ff96c4d7f6fe3a73ade6afadd6e71b585cdec088019da85208614db6757a5", kill_on_drop: false }`
[INFO] [stdout] 005ff96c4d7f6fe3a73ade6afadd6e71b585cdec088019da85208614db6757a5
