[INFO] cloning repository https://github.com/rgreinho/aoc2021
[INFO] running `Command { std: "git" "-c" "credential.helper=" "-c" "credential.helper=/workspace/cargo-home/bin/git-credential-null" "clone" "--bare" "https://github.com/rgreinho/aoc2021" "/workspace/cache/git-repos/https%3A%2F%2Fgithub.com%2Frgreinho%2Faoc2021", kill_on_drop: false }`
[INFO] [stderr] Cloning into bare repository '/workspace/cache/git-repos/https%3A%2F%2Fgithub.com%2Frgreinho%2Faoc2021'...
[INFO] running `Command { std: "git" "rev-parse" "HEAD", kill_on_drop: false }`
[INFO] [stdout] 13fe579f8226b1ac08c50f9e339bf12be26bb10a
[INFO] testing rgreinho/aoc2021 against 1.75.0 for beta-1.76-1
[INFO] running `Command { std: "git" "clone" "/workspace/cache/git-repos/https%3A%2F%2Fgithub.com%2Frgreinho%2Faoc2021" "/workspace/builds/worker-5-tc1/source", kill_on_drop: false }`
[INFO] [stderr] Cloning into '/workspace/builds/worker-5-tc1/source'...
[INFO] [stderr] done.
[INFO] validating manifest of git repo https://github.com/rgreinho/aoc2021 on toolchain 1.75.0
[INFO] running `Command { std: CARGO_HOME="/workspace/cargo-home" RUSTUP_HOME="/workspace/rustup-home" "/workspace/cargo-home/bin/cargo" "+1.75.0" "metadata" "--manifest-path" "Cargo.toml" "--no-deps", kill_on_drop: false }`
[INFO] started tweaking git repo https://github.com/rgreinho/aoc2021
[INFO] finished tweaking git repo https://github.com/rgreinho/aoc2021
[INFO] tweaked toml for git repo https://github.com/rgreinho/aoc2021 written to /workspace/builds/worker-5-tc1/source/Cargo.toml
[INFO] crate git repo https://github.com/rgreinho/aoc2021 already has a lockfile, it will not be regenerated
[INFO] running `Command { std: CARGO_HOME="/workspace/cargo-home" RUSTUP_HOME="/workspace/rustup-home" "/workspace/cargo-home/bin/cargo" "+1.75.0" "fetch" "--manifest-path" "Cargo.toml", kill_on_drop: false }`
[INFO] running `Command { std: "docker" "create" "-v" "/var/lib/crater-agent-workspace/builds/worker-5-tc1/target:/opt/rustwide/target:rw,Z" "-v" "/var/lib/crater-agent-workspace/builds/worker-5-tc1/source:/opt/rustwide/workdir:ro,Z" "-v" "/var/lib/crater-agent-workspace/cargo-home:/opt/rustwide/cargo-home:ro,Z" "-v" "/var/lib/crater-agent-workspace/rustup-home:/opt/rustwide/rustup-home:ro,Z" "-e" "SOURCE_DIR=/opt/rustwide/workdir" "-e" "CARGO_TARGET_DIR=/opt/rustwide/target" "-e" "CARGO_HOME=/opt/rustwide/cargo-home" "-e" "RUSTUP_HOME=/opt/rustwide/rustup-home" "-w" "/opt/rustwide/workdir" "-m" "1610612736" "--user" "0:0" "--network" "none" "ghcr.io/rust-lang/crates-build-env/linux@sha256:2788e3201cd34a07e3172128adcd8b3090168a8e3bcc40d7c032b9dda1df7d1c" "/opt/rustwide/cargo-home/bin/cargo" "+1.75.0" "metadata" "--no-deps" "--format-version=1", kill_on_drop: false }`
[INFO] [stdout] ad59b8ea628fa0311dcae7679b58640106c254ac07b8b00cb4471d881be76108
[INFO] running `Command { std: "docker" "start" "-a" "ad59b8ea628fa0311dcae7679b58640106c254ac07b8b00cb4471d881be76108", kill_on_drop: false }`
[INFO] running `Command { std: "docker" "inspect" "ad59b8ea628fa0311dcae7679b58640106c254ac07b8b00cb4471d881be76108", kill_on_drop: false }`
[INFO] running `Command { std: "docker" "rm" "-f" "ad59b8ea628fa0311dcae7679b58640106c254ac07b8b00cb4471d881be76108", kill_on_drop: false }`
[INFO] [stdout] ad59b8ea628fa0311dcae7679b58640106c254ac07b8b00cb4471d881be76108
[INFO] running `Command { std: "docker" "create" "-v" "/var/lib/crater-agent-workspace/builds/worker-5-tc1/target:/opt/rustwide/target:rw,Z" "-v" "/var/lib/crater-agent-workspace/builds/worker-5-tc1/source:/opt/rustwide/workdir:ro,Z" "-v" "/var/lib/crater-agent-workspace/cargo-home:/opt/rustwide/cargo-home:ro,Z" "-v" "/var/lib/crater-agent-workspace/rustup-home:/opt/rustwide/rustup-home:ro,Z" "-e" "SOURCE_DIR=/opt/rustwide/workdir" "-e" "CARGO_TARGET_DIR=/opt/rustwide/target" "-e" "CARGO_INCREMENTAL=0" "-e" "RUST_BACKTRACE=full" "-e" "RUSTFLAGS=--cap-lints=warn" "-e" "RUSTDOCFLAGS=--cap-lints=warn" "-e" "CARGO_HOME=/opt/rustwide/cargo-home" "-e" "RUSTUP_HOME=/opt/rustwide/rustup-home" "-w" "/opt/rustwide/workdir" "-m" "1610612736" "--user" "0:0" "--network" "none" "ghcr.io/rust-lang/crates-build-env/linux@sha256:2788e3201cd34a07e3172128adcd8b3090168a8e3bcc40d7c032b9dda1df7d1c" "/opt/rustwide/cargo-home/bin/cargo" "+1.75.0" "build" "--frozen" "--message-format=json", kill_on_drop: false }`
[INFO] [stdout] 79db6b39574a55d3b86ae47b61c7325eb87753926f07852dcb97fa7b1d2a9140
[INFO] running `Command { std: "docker" "start" "-a" "79db6b39574a55d3b86ae47b61c7325eb87753926f07852dcb97fa7b1d2a9140", kill_on_drop: false }`
[INFO] [stderr]    Compiling memchr v2.4.1
[INFO] [stderr]    Compiling regex-syntax v0.6.25
[INFO] [stderr]    Compiling either v1.6.1
[INFO] [stderr]    Compiling itertools v0.10.3
[INFO] [stderr]    Compiling aho-corasick v0.7.18
[INFO] [stderr]    Compiling regex v1.5.4
[INFO] [stderr]    Compiling aoc2021 v0.1.0 (/opt/rustwide/workdir)
[INFO] [stdout] warning: unused imports: `DerefMut`, `Deref`
[INFO] [stdout]   --> src/day12.rs:14:16
[INFO] [stdout]    |
[INFO] [stdout] 14 | use std::ops::{Deref, DerefMut};
[INFO] [stdout]    |                ^^^^^  ^^^^^^^^
[INFO] [stdout]    |
[INFO] [stdout]    = note: `#[warn(unused_imports)]` on by default
[INFO] [stdout] 
[INFO] [stdout] 
[INFO] [stdout] warning: unused variable: `data`
[INFO] [stdout]   --> src/day08.rs:12:9
[INFO] [stdout]    |
[INFO] [stdout] 12 |     let data = read_input_sep::<&str, i32>("assets/day08.txt", ",");
[INFO] [stdout]    |         ^^^^ help: if this is intentional, prefix it with an underscore: `_data`
[INFO] [stdout]    |
[INFO] [stdout]    = note: `#[warn(unused_variables)]` on by default
[INFO] [stdout] 
[INFO] [stdout] 
[INFO] [stdout] warning: unused variable: `input`
[INFO] [stdout]   --> src/day08.rs:20:14
[INFO] [stdout]    |
[INFO] [stdout] 20 | fn process_b(input: &[String]) -> i32 {
[INFO] [stdout]    |              ^^^^^ help: if this is intentional, prefix it with an underscore: `_input`
[INFO] [stdout] 
[INFO] [stdout] 
[INFO] [stdout] warning: unused variable: `higher_neighbors`
[INFO] [stdout]    --> src/day09.rs:119:9
[INFO] [stdout]     |
[INFO] [stdout] 119 |     let higher_neighbors: Vec<Point> = neighbors
[INFO] [stdout]     |         ^^^^^^^^^^^^^^^^ help: if this is intentional, prefix it with an underscore: `_higher_neighbors`
[INFO] [stdout] 
[INFO] [stdout] 
[INFO] [stdout] warning: unused variable: `low_points`
[INFO] [stdout]    --> src/day09.rs:143:9
[INFO] [stdout]     |
[INFO] [stdout] 143 |     let low_points = find_low_points(&heightmap);
[INFO] [stdout]     |         ^^^^^^^^^^ help: if this is intentional, prefix it with an underscore: `_low_points`
[INFO] [stdout] 
[INFO] [stdout] 
[INFO] [stdout] warning: unused variable: `data`
[INFO] [stdout]    --> src/day12.rs:106:9
[INFO] [stdout]     |
[INFO] [stdout] 106 |     let data = fs::read_to_string("assets/day12.txt").expect("Could not load file");
[INFO] [stdout]     |         ^^^^ help: if this is intentional, prefix it with an underscore: `_data`
[INFO] [stdout] 
[INFO] [stdout] 
[INFO] [stdout] warning: unused variable: `data`
[INFO] [stdout]    --> src/day12.rs:111:9
[INFO] [stdout]     |
[INFO] [stdout] 111 |     let data = fs::read_to_string("assets/day12.txt").expect("Could not load file");
[INFO] [stdout]     |         ^^^^ help: if this is intentional, prefix it with an underscore: `_data`
[INFO] [stdout] 
[INFO] [stdout] 
[INFO] [stdout] warning: unused variable: `data`
[INFO] [stdout]   --> src/day14.rs:15:9
[INFO] [stdout]    |
[INFO] [stdout] 15 |     let data = fs::read_to_string("assets/day14.txt").expect("Could not load file");
[INFO] [stdout]    |         ^^^^ help: if this is intentional, prefix it with an underscore: `_data`
[INFO] [stdout] 
[INFO] [stdout] 
[INFO] [stdout] warning: function `process_b` is never used
[INFO] [stdout]   --> src/day08.rs:20:4
[INFO] [stdout]    |
[INFO] [stdout] 20 | fn process_b(input: &[String]) -> i32 {
[INFO] [stdout]    |    ^^^^^^^^^
[INFO] [stdout]    |
[INFO] [stdout]    = note: `#[warn(dead_code)]` on by default
[INFO] [stdout] 
[INFO] [stdout] 
[INFO] [stdout] warning: field `index` is never read
[INFO] [stdout]  --> src/day09.rs:5:5
[INFO] [stdout]   |
[INFO] [stdout] 4 | pub struct Point {
[INFO] [stdout]   |            ----- field in this struct
[INFO] [stdout] 5 |     index: usize,
[INFO] [stdout]   |     ^^^^^
[INFO] [stdout]   |
[INFO] [stdout]   = note: `Point` has derived impls for the traits `Clone` and `Debug`, but these are intentionally ignored during dead code analysis
[INFO] [stdout] 
[INFO] [stdout] 
[INFO] [stdout] warning: method `traverse` is never used
[INFO] [stdout]   --> src/day12.rs:75:8
[INFO] [stdout]    |
[INFO] [stdout] 57 | impl Cave {
[INFO] [stdout]    | --------- method in this implementation
[INFO] [stdout] ...
[INFO] [stdout] 75 |     fn traverse(&mut self) {
[INFO] [stdout]    |        ^^^^^^^^
[INFO] [stdout] 
[INFO] [stdout] 
[INFO] [stdout] warning: 11 warnings emitted
[INFO] [stdout] 
[INFO] [stdout] 
[INFO] [stdout] warning: unused import: `day14b`
[INFO] [stdout]   --> src/main.rs:14:30
[INFO] [stdout]    |
[INFO] [stdout] 14 | use aoc2021::day14::{day14a, day14b};
[INFO] [stdout]    |                              ^^^^^^
[INFO] [stdout]    |
[INFO] [stdout]    = note: `#[warn(unused_imports)]` on by default
[INFO] [stdout] 
[INFO] [stdout] 
[INFO] [stdout] warning: 1 warning emitted
[INFO] [stdout] 
[INFO] [stdout] 
[INFO] [stderr]     Finished dev [unoptimized + debuginfo] target(s) in 4.96s
[INFO] running `Command { std: "docker" "inspect" "79db6b39574a55d3b86ae47b61c7325eb87753926f07852dcb97fa7b1d2a9140", kill_on_drop: false }`
[INFO] running `Command { std: "docker" "rm" "-f" "79db6b39574a55d3b86ae47b61c7325eb87753926f07852dcb97fa7b1d2a9140", kill_on_drop: false }`
[INFO] [stdout] 79db6b39574a55d3b86ae47b61c7325eb87753926f07852dcb97fa7b1d2a9140
[INFO] running `Command { std: "docker" "create" "-v" "/var/lib/crater-agent-workspace/builds/worker-5-tc1/target:/opt/rustwide/target:rw,Z" "-v" "/var/lib/crater-agent-workspace/builds/worker-5-tc1/source:/opt/rustwide/workdir:ro,Z" "-v" "/var/lib/crater-agent-workspace/cargo-home:/opt/rustwide/cargo-home:ro,Z" "-v" "/var/lib/crater-agent-workspace/rustup-home:/opt/rustwide/rustup-home:ro,Z" "-e" "SOURCE_DIR=/opt/rustwide/workdir" "-e" "CARGO_TARGET_DIR=/opt/rustwide/target" "-e" "CARGO_INCREMENTAL=0" "-e" "RUST_BACKTRACE=full" "-e" "RUSTFLAGS=--cap-lints=warn" "-e" "RUSTDOCFLAGS=--cap-lints=warn" "-e" "CARGO_HOME=/opt/rustwide/cargo-home" "-e" "RUSTUP_HOME=/opt/rustwide/rustup-home" "-w" "/opt/rustwide/workdir" "-m" "1610612736" "--user" "0:0" "--network" "none" "ghcr.io/rust-lang/crates-build-env/linux@sha256:2788e3201cd34a07e3172128adcd8b3090168a8e3bcc40d7c032b9dda1df7d1c" "/opt/rustwide/cargo-home/bin/cargo" "+1.75.0" "test" "--frozen" "--no-run" "--message-format=json", kill_on_drop: false }`
[INFO] [stdout] eeddd297f57d540a8cd2eb6439f9a95558544d4b3895d519434468a4e991612d
[INFO] running `Command { std: "docker" "start" "-a" "eeddd297f57d540a8cd2eb6439f9a95558544d4b3895d519434468a4e991612d", kill_on_drop: false }`
[INFO] [stdout] warning: unused imports: `DerefMut`, `Deref`
[INFO] [stdout]   --> src/day12.rs:14:16
[INFO] [stdout]    |
[INFO] [stdout] 14 | use std::ops::{Deref, DerefMut};
[INFO] [stdout]    |                ^^^^^  ^^^^^^^^
[INFO] [stdout]    |
[INFO] [stdout]    = note: `#[warn(unused_imports)]` on by default
[INFO] [stdout] 
[INFO] [stdout] 
[INFO] [stdout] warning: unused variable: `data`
[INFO] [stdout]   --> src/day08.rs:12:9
[INFO] [stdout]    |
[INFO] [stdout] 12 |     let data = read_input_sep::<&str, i32>("assets/day08.txt", ",");
[INFO] [stdout]    |         ^^^^ help: if this is intentional, prefix it with an underscore: `_data`
[INFO] [stdout]    |
[INFO] [stdout]    = note: `#[warn(unused_variables)]` on by default
[INFO] [stdout] 
[INFO] [stdout] 
[INFO] [stdout] warning: unused variable: `input`
[INFO] [stdout]   --> src/day08.rs:20:14
[INFO] [stdout]    |
[INFO] [stdout] 20 | fn process_b(input: &[String]) -> i32 {
[INFO] [stdout]    |              ^^^^^ help: if this is intentional, prefix it with an underscore: `_input`
[INFO] [stdout] 
[INFO] [stdout] 
[INFO] [stdout] warning: unused variable: `higher_neighbors`
[INFO] [stdout]    --> src/day09.rs:119:9
[INFO] [stdout]     |
[INFO] [stdout] 119 |     let higher_neighbors: Vec<Point> = neighbors
[INFO] [stdout]     |         ^^^^^^^^^^^^^^^^ help: if this is intentional, prefix it with an underscore: `_higher_neighbors`
[INFO] [stdout] 
[INFO] [stdout] 
[INFO] [stdout] warning: unused variable: `low_points`
[INFO] [stdout]    --> src/day09.rs:143:9
[INFO] [stdout]     |
[INFO] [stdout] 143 |     let low_points = find_low_points(&heightmap);
[INFO] [stdout]     |         ^^^^^^^^^^ help: if this is intentional, prefix it with an underscore: `_low_points`
[INFO] [stdout] 
[INFO] [stdout] 
[INFO] [stdout] warning: unused variable: `data`
[INFO] [stdout]    --> src/day12.rs:106:9
[INFO] [stdout]     |
[INFO] [stdout] 106 |     let data = fs::read_to_string("assets/day12.txt").expect("Could not load file");
[INFO] [stdout]     |         ^^^^ help: if this is intentional, prefix it with an underscore: `_data`
[INFO] [stdout] 
[INFO] [stdout] 
[INFO] [stdout] warning: unused variable: `data`
[INFO] [stdout]    --> src/day12.rs:111:9
[INFO] [stdout]     |
[INFO] [stdout] 111 |     let data = fs::read_to_string("assets/day12.txt").expect("Could not load file");
[INFO] [stdout]     |         ^^^^ help: if this is intentional, prefix it with an underscore: `_data`
[INFO] [stdout] 
[INFO] [stdout] 
[INFO] [stdout] warning: unused variable: `data`
[INFO] [stdout]   --> src/day14.rs:15:9
[INFO] [stdout]    |
[INFO] [stdout] 15 |     let data = fs::read_to_string("assets/day14.txt").expect("Could not load file");
[INFO] [stdout]    |         ^^^^ help: if this is intentional, prefix it with an underscore: `_data`
[INFO] [stdout] 
[INFO] [stdout] 
[INFO] [stdout] warning: function `process_b` is never used
[INFO] [stdout]   --> src/day08.rs:20:4
[INFO] [stdout]    |
[INFO] [stdout] 20 | fn process_b(input: &[String]) -> i32 {
[INFO] [stdout]    |    ^^^^^^^^^
[INFO] [stdout]    |
[INFO] [stdout]    = note: `#[warn(dead_code)]` on by default
[INFO] [stdout] 
[INFO] [stdout] 
[INFO] [stdout] warning: field `index` is never read
[INFO] [stdout]  --> src/day09.rs:5:5
[INFO] [stdout]   |
[INFO] [stdout] 4 | pub struct Point {
[INFO] [stdout]   |            ----- field in this struct
[INFO] [stdout] 5 |     index: usize,
[INFO] [stdout]   |     ^^^^^
[INFO] [stdout]   |
[INFO] [stdout]   = note: `Point` has derived impls for the traits `Clone` and `Debug`, but these are intentionally ignored during dead code analysis
[INFO] [stdout] 
[INFO] [stdout] 
[INFO] [stdout] warning: method `traverse` is never used
[INFO] [stdout]   --> src/day12.rs:75:8
[INFO] [stdout]    |
[INFO] [stdout] 57 | impl Cave {
[INFO] [stdout]    | --------- method in this implementation
[INFO] [stdout] ...
[INFO] [stdout] 75 |     fn traverse(&mut self) {
[INFO] [stdout]    |        ^^^^^^^^
[INFO] [stdout] 
[INFO] [stdout] 
[INFO] [stderr]    Compiling aoc2021 v0.1.0 (/opt/rustwide/workdir)
[INFO] [stdout] warning: 11 warnings emitted
[INFO] [stdout] 
[INFO] [stdout] 
[INFO] [stdout] warning: unused import: `day14b`
[INFO] [stdout]   --> src/main.rs:14:30
[INFO] [stdout]    |
[INFO] [stdout] 14 | use aoc2021::day14::{day14a, day14b};
[INFO] [stdout]    |                              ^^^^^^
[INFO] [stdout]    |
[INFO] [stdout]    = note: `#[warn(unused_imports)]` on by default
[INFO] [stdout] 
[INFO] [stdout] 
[INFO] [stdout] warning: unused imports: `DerefMut`, `Deref`
[INFO] [stdout]   --> src/day12.rs:14:16
[INFO] [stdout]    |
[INFO] [stdout] 14 | use std::ops::{Deref, DerefMut};
[INFO] [stdout]    |                ^^^^^  ^^^^^^^^
[INFO] [stdout]    |
[INFO] [stdout]    = note: `#[warn(unused_imports)]` on by default
[INFO] [stdout] 
[INFO] [stdout] 
[INFO] [stdout] warning: unused variable: `data`
[INFO] [stdout]   --> src/day08.rs:12:9
[INFO] [stdout]    |
[INFO] [stdout] 12 |     let data = read_input_sep::<&str, i32>("assets/day08.txt", ",");
[INFO] [stdout]    |         ^^^^ help: if this is intentional, prefix it with an underscore: `_data`
[INFO] [stdout]    |
[INFO] [stdout]    = note: `#[warn(unused_variables)]` on by default
[INFO] [stdout] 
[INFO] [stdout] 
[INFO] [stdout] warning: unused variable: `input`
[INFO] [stdout]   --> src/day08.rs:20:14
[INFO] [stdout]    |
[INFO] [stdout] 20 | fn process_b(input: &[String]) -> i32 {
[INFO] [stdout]    |              ^^^^^ help: if this is intentional, prefix it with an underscore: `_input`
[INFO] [stdout] 
[INFO] [stdout] 
[INFO] [stdout] warning: unused variable: `higher_neighbors`
[INFO] [stdout]    --> src/day09.rs:119:9
[INFO] [stdout]     |
[INFO] [stdout] 119 |     let higher_neighbors: Vec<Point> = neighbors
[INFO] [stdout]     |         ^^^^^^^^^^^^^^^^ help: if this is intentional, prefix it with an underscore: `_higher_neighbors`
[INFO] [stdout] 
[INFO] [stdout] 
[INFO] [stdout] warning: unused variable: `low_points`
[INFO] [stdout]    --> src/day09.rs:143:9
[INFO] [stdout]     |
[INFO] [stdout] 143 |     let low_points = find_low_points(&heightmap);
[INFO] [stdout]     |         ^^^^^^^^^^ help: if this is intentional, prefix it with an underscore: `_low_points`
[INFO] [stdout] 
[INFO] [stdout] 
[INFO] [stdout] warning: unused variable: `data`
[INFO] [stdout]    --> src/day12.rs:106:9
[INFO] [stdout]     |
[INFO] [stdout] 106 |     let data = fs::read_to_string("assets/day12.txt").expect("Could not load file");
[INFO] [stdout]     |         ^^^^ help: if this is intentional, prefix it with an underscore: `_data`
[INFO] [stdout] 
[INFO] [stdout] 
[INFO] [stdout] warning: unused variable: `data`
[INFO] [stdout]    --> src/day12.rs:111:9
[INFO] [stdout]     |
[INFO] [stdout] 111 |     let data = fs::read_to_string("assets/day12.txt").expect("Could not load file");
[INFO] [stdout]     |         ^^^^ help: if this is intentional, prefix it with an underscore: `_data`
[INFO] [stdout] 
[INFO] [stdout] 
[INFO] [stdout] warning: unused variable: `data`
[INFO] [stdout]   --> src/day14.rs:15:9
[INFO] [stdout]    |
[INFO] [stdout] 15 |     let data = fs::read_to_string("assets/day14.txt").expect("Could not load file");
[INFO] [stdout]    |         ^^^^ help: if this is intentional, prefix it with an underscore: `_data`
[INFO] [stdout] 
[INFO] [stdout] 
[INFO] [stdout] warning: 1 warning emitted
[INFO] [stdout] 
[INFO] [stdout] 
[INFO] [stdout] warning: field `index` is never read
[INFO] [stdout]  --> src/day09.rs:5:5
[INFO] [stdout]   |
[INFO] [stdout] 4 | pub struct Point {
[INFO] [stdout]   |            ----- field in this struct
[INFO] [stdout] 5 |     index: usize,
[INFO] [stdout]   |     ^^^^^
[INFO] [stdout]   |
[INFO] [stdout]   = note: `Point` has derived impls for the traits `Clone` and `Debug`, but these are intentionally ignored during dead code analysis
[INFO] [stdout]   = note: `#[warn(dead_code)]` on by default
[INFO] [stdout] 
[INFO] [stdout] 
[INFO] [stdout] warning: method `traverse` is never used
[INFO] [stdout]   --> src/day12.rs:75:8
[INFO] [stdout]    |
[INFO] [stdout] 57 | impl Cave {
[INFO] [stdout]    | --------- method in this implementation
[INFO] [stdout] ...
[INFO] [stdout] 75 |     fn traverse(&mut self) {
[INFO] [stdout]    |        ^^^^^^^^
[INFO] [stdout] 
[INFO] [stdout] 
[INFO] [stdout] warning: 10 warnings emitted
[INFO] [stdout] 
[INFO] [stdout] 
[INFO] [stderr]     Finished test [unoptimized + debuginfo] target(s) in 1.05s
[INFO] running `Command { std: "docker" "inspect" "eeddd297f57d540a8cd2eb6439f9a95558544d4b3895d519434468a4e991612d", kill_on_drop: false }`
[INFO] running `Command { std: "docker" "rm" "-f" "eeddd297f57d540a8cd2eb6439f9a95558544d4b3895d519434468a4e991612d", kill_on_drop: false }`
[INFO] [stdout] eeddd297f57d540a8cd2eb6439f9a95558544d4b3895d519434468a4e991612d
[INFO] running `Command { std: "docker" "create" "-v" "/var/lib/crater-agent-workspace/builds/worker-5-tc1/target:/opt/rustwide/target:rw,Z" "-v" "/var/lib/crater-agent-workspace/builds/worker-5-tc1/source:/opt/rustwide/workdir:ro,Z" "-v" "/var/lib/crater-agent-workspace/cargo-home:/opt/rustwide/cargo-home:ro,Z" "-v" "/var/lib/crater-agent-workspace/rustup-home:/opt/rustwide/rustup-home:ro,Z" "-e" "SOURCE_DIR=/opt/rustwide/workdir" "-e" "CARGO_TARGET_DIR=/opt/rustwide/target" "-e" "CARGO_INCREMENTAL=0" "-e" "RUST_BACKTRACE=full" "-e" "RUSTFLAGS=--cap-lints=warn" "-e" "RUSTDOCFLAGS=--cap-lints=warn" "-e" "CARGO_HOME=/opt/rustwide/cargo-home" "-e" "RUSTUP_HOME=/opt/rustwide/rustup-home" "-w" "/opt/rustwide/workdir" "-m" "1610612736" "--user" "0:0" "--network" "none" "ghcr.io/rust-lang/crates-build-env/linux@sha256:2788e3201cd34a07e3172128adcd8b3090168a8e3bcc40d7c032b9dda1df7d1c" "/opt/rustwide/cargo-home/bin/cargo" "+1.75.0" "test" "--frozen", kill_on_drop: false }`
[INFO] [stdout] 1e8f3573771983ad8950aba6d449ccac7a23b4c956cae64c97e7cad6258942de
[INFO] running `Command { std: "docker" "start" "-a" "1e8f3573771983ad8950aba6d449ccac7a23b4c956cae64c97e7cad6258942de", kill_on_drop: false }`
[INFO] [stderr] warning: unused imports: `DerefMut`, `Deref`
[INFO] [stderr]   --> src/day12.rs:14:16
[INFO] [stderr]    |
[INFO] [stderr] 14 | use std::ops::{Deref, DerefMut};
[INFO] [stderr]    |                ^^^^^  ^^^^^^^^
[INFO] [stderr]    |
[INFO] [stderr]    = note: `#[warn(unused_imports)]` on by default
[INFO] [stderr] 
[INFO] [stderr] warning: unused variable: `data`
[INFO] [stderr]   --> src/day08.rs:12:9
[INFO] [stderr]    |
[INFO] [stderr] 12 |     let data = read_input_sep::<&str, i32>("assets/day08.txt", ",");
[INFO] [stderr]    |         ^^^^ help: if this is intentional, prefix it with an underscore: `_data`
[INFO] [stderr]    |
[INFO] [stderr]    = note: `#[warn(unused_variables)]` on by default
[INFO] [stderr] 
[INFO] [stderr] warning: unused variable: `input`
[INFO] [stderr]   --> src/day08.rs:20:14
[INFO] [stderr]    |
[INFO] [stderr] 20 | fn process_b(input: &[String]) -> i32 {
[INFO] [stderr]    |              ^^^^^ help: if this is intentional, prefix it with an underscore: `_input`
[INFO] [stderr] 
[INFO] [stderr] warning: unused variable: `higher_neighbors`
[INFO] [stderr]    --> src/day09.rs:119:9
[INFO] [stderr]     |
[INFO] [stderr] 119 |     let higher_neighbors: Vec<Point> = neighbors
[INFO] [stderr]     |         ^^^^^^^^^^^^^^^^ help: if this is intentional, prefix it with an underscore: `_higher_neighbors`
[INFO] [stderr] 
[INFO] [stderr] warning: unused variable: `low_points`
[INFO] [stderr]    --> src/day09.rs:143:9
[INFO] [stderr]     |
[INFO] [stderr] 143 |     let low_points = find_low_points(&heightmap);
[INFO] [stderr]     |         ^^^^^^^^^^ help: if this is intentional, prefix it with an underscore: `_low_points`
[INFO] [stderr] 
[INFO] [stderr] warning: unused variable: `data`
[INFO] [stderr]    --> src/day12.rs:106:9
[INFO] [stderr]     |
[INFO] [stderr] 106 |     let data = fs::read_to_string("assets/day12.txt").expect("Could not load file");
[INFO] [stderr]     |         ^^^^ help: if this is intentional, prefix it with an underscore: `_data`
[INFO] [stderr] 
[INFO] [stderr] warning: unused variable: `data`
[INFO] [stderr]    --> src/day12.rs:111:9
[INFO] [stderr]     |
[INFO] [stderr] 111 |     let data = fs::read_to_string("assets/day12.txt").expect("Could not load file");
[INFO] [stderr]     |         ^^^^ help: if this is intentional, prefix it with an underscore: `_data`
[INFO] [stderr] 
[INFO] [stderr] warning: unused variable: `data`
[INFO] [stderr]   --> src/day14.rs:15:9
[INFO] [stderr]    |
[INFO] [stderr] 15 |     let data = fs::read_to_string("assets/day14.txt").expect("Could not load file");
[INFO] [stderr]    |         ^^^^ help: if this is intentional, prefix it with an underscore: `_data`
[INFO] [stderr] 
[INFO] [stderr] warning: function `process_b` is never used
[INFO] [stderr]   --> src/day08.rs:20:4
[INFO] [stderr]    |
[INFO] [stderr] 20 | fn process_b(input: &[String]) -> i32 {
[INFO] [stderr]    |    ^^^^^^^^^
[INFO] [stderr]    |
[INFO] [stderr]    = note: `#[warn(dead_code)]` on by default
[INFO] [stderr] 
[INFO] [stderr] warning: field `index` is never read
[INFO] [stderr]  --> src/day09.rs:5:5
[INFO] [stderr]   |
[INFO] [stderr] 4 | pub struct Point {
[INFO] [stderr]   |            ----- field in this struct
[INFO] [stderr] 5 |     index: usize,
[INFO] [stderr]   |     ^^^^^
[INFO] [stderr]   |
[INFO] [stderr]   = note: `Point` has derived impls for the traits `Clone` and `Debug`, but these are intentionally ignored during dead code analysis
[INFO] [stderr] 
[INFO] [stderr] warning: method `traverse` is never used
[INFO] [stderr]   --> src/day12.rs:75:8
[INFO] [stderr]    |
[INFO] [stderr] 57 | impl Cave {
[INFO] [stderr]    | --------- method in this implementation
[INFO] [stderr] ...
[INFO] [stderr] 75 |     fn traverse(&mut self) {
[INFO] [stderr]    |        ^^^^^^^^
[INFO] [stderr] 
[INFO] [stderr] warning: field `index` is never read
[INFO] [stderr]  --> src/day09.rs:5:5
[INFO] [stderr]   |
[INFO] [stderr] 4 | pub struct Point {
[INFO] [stderr]   |            ----- field in this struct
[INFO] [stderr] 5 |     index: usize,
[INFO] [stderr]   |     ^^^^^
[INFO] [stderr]   |
[INFO] [stderr]   = note: `Point` has derived impls for the traits `Clone` and `Debug`, but these are intentionally ignored during dead code analysis
[INFO] [stderr]   = note: `#[warn(dead_code)]` on by default
[INFO] [stderr] 
[INFO] [stderr] warning: `aoc2021` (lib) generated 11 warnings (run `cargo fix --lib -p aoc2021` to apply 8 suggestions)
[INFO] [stderr] warning: `aoc2021` (lib test) generated 10 warnings (9 duplicates)
[INFO] [stderr] warning: unused import: `day14b`
[INFO] [stderr]   --> src/main.rs:14:30
[INFO] [stderr]    |
[INFO] [stderr] 14 | use aoc2021::day14::{day14a, day14b};
[INFO] [stderr]    |                              ^^^^^^
[INFO] [stderr]    |
[INFO] [stderr]    = note: `#[warn(unused_imports)]` on by default
[INFO] [stderr] 
[INFO] [stderr] warning: `aoc2021` (bin "aoc2021" test) generated 1 warning (run `cargo fix --bin "aoc2021" --tests` to apply 1 suggestion)
[INFO] [stderr]     Finished test [unoptimized + debuginfo] target(s) in 0.01s
[INFO] [stderr]      Running unittests src/lib.rs (/opt/rustwide/target/debug/deps/aoc2021-d969495b998037ff)
[INFO] [stdout] 
[INFO] [stdout] running 32 tests
[INFO] [stdout] test day03::tests::day_03_part_a_test ... ok
[INFO] [stdout] test day04::tests::test_bingo_card_full_column ... ok
[INFO] [stdout] test day04::tests::test_bingo_card_full_row ... ok
[INFO] [stdout] test day03::tests::day_03_part_b_test ... ok
[INFO] [stdout] test day04::tests::test_bingo_card_partial_column ... ok
[INFO] [stdout] test day04::tests::test_bingo_card_partial_row ... ok
[INFO] [stdout] test day04::tests::test_bingo_card_unmarked ... ok
[INFO] [stdout] test day04::tests::test_day04_parta ... ok
[INFO] [stdout] test day04::tests::test_day04_partb ... ok
[INFO] [stdout] test day05::test::test_day05_parta_sample ... ok
[INFO] [stdout] test day05::test::test_day05_partb_sample ... ok
[INFO] [stdout] test day07::test::test_day07_parta_sample ... ok
[INFO] [stdout] test day07::test::test_day07_partb_sample ... ok
[INFO] [stdout] test day09::test::test_day09_parta_sample ... ok
[INFO] [stdout] test day10::test::test_repair_line ... ok
[INFO] [stdout] test day08::test::test_day08_parta_sample ... ok
[INFO] [stdout] test day10::test::test_day10_parta_sample ... ok
[INFO] [stdout] test day11::test::test_day11_flashes ... ok
[INFO] [stdout] test day10::test::test_day10_partb_sample ... ok
[INFO] [stdout] test day06::test::test_day06_parta_sample ... ok
[INFO] [stdout] test day13::test::test_day13_parta_sample ... ok
[INFO] [stdout] test day06::test::test_day06_partb_sample ... ok
[INFO] [stdout] test day14::test::test_day14_parta_sample ... ok
[INFO] [stdout] test day11::test::test_day11_parta_sample ... ok
[INFO] [stdout] test day08::test::test_day08_partb_sample ... FAILED
[INFO] [stdout] test day09::test::test_day09_partb_sample ... FAILED
[INFO] [stdout] test day12::test::test_day12_partb_sample ... FAILED
[INFO] [stdout] test day13::test::test_day13_partb_sample ... FAILED
[INFO] [stdout] test day12::test::test_day12_parta_sample ... FAILED
[INFO] [stdout] test day11::test::test_day11_partb_sample ... ok
[INFO] [stdout] test day06::test::test_day06_parta ... ok
[INFO] [stdout] test day14::test::test_day14_partb_sample has been running for over 60 seconds
[INFO] [stderr] error: test failed, to rerun pass `--lib`
[INFO] [stderr] 
[INFO] [stderr] Caused by:
[INFO] [stderr]   process didn't exit successfully: `/opt/rustwide/target/debug/deps/aoc2021-d969495b998037ff` (signal: 9, SIGKILL: kill)
[INFO] running `Command { std: "docker" "inspect" "1e8f3573771983ad8950aba6d449ccac7a23b4c956cae64c97e7cad6258942de", kill_on_drop: false }`
[INFO] running `Command { std: "docker" "rm" "-f" "1e8f3573771983ad8950aba6d449ccac7a23b4c956cae64c97e7cad6258942de", kill_on_drop: false }`
[INFO] [stdout] 1e8f3573771983ad8950aba6d449ccac7a23b4c956cae64c97e7cad6258942de
[INFO] testing rgreinho/aoc2021 against beta-2023-12-22 for beta-1.76-1
[INFO] running `Command { std: "git" "clone" "/workspace/cache/git-repos/https%3A%2F%2Fgithub.com%2Frgreinho%2Faoc2021" "/workspace/builds/worker-5-tc2/source", kill_on_drop: false }`
[INFO] [stderr] Cloning into '/workspace/builds/worker-5-tc2/source'...
[INFO] [stderr] done.
[INFO] validating manifest of git repo https://github.com/rgreinho/aoc2021 on toolchain beta-2023-12-22
[INFO] running `Command { std: CARGO_HOME="/workspace/cargo-home" RUSTUP_HOME="/workspace/rustup-home" "/workspace/cargo-home/bin/cargo" "+beta-2023-12-22" "metadata" "--manifest-path" "Cargo.toml" "--no-deps", kill_on_drop: false }`
[INFO] started tweaking git repo https://github.com/rgreinho/aoc2021
[INFO] finished tweaking git repo https://github.com/rgreinho/aoc2021
[INFO] tweaked toml for git repo https://github.com/rgreinho/aoc2021 written to /workspace/builds/worker-5-tc2/source/Cargo.toml
[INFO] crate git repo https://github.com/rgreinho/aoc2021 already has a lockfile, it will not be regenerated
[INFO] running `Command { std: CARGO_HOME="/workspace/cargo-home" RUSTUP_HOME="/workspace/rustup-home" "/workspace/cargo-home/bin/cargo" "+beta-2023-12-22" "fetch" "--manifest-path" "Cargo.toml", kill_on_drop: false }`
[INFO] running `Command { std: "docker" "create" "-v" "/var/lib/crater-agent-workspace/builds/worker-5-tc2/target:/opt/rustwide/target:rw,Z" "-v" "/var/lib/crater-agent-workspace/builds/worker-5-tc2/source:/opt/rustwide/workdir:ro,Z" "-v" "/var/lib/crater-agent-workspace/cargo-home:/opt/rustwide/cargo-home:ro,Z" "-v" "/var/lib/crater-agent-workspace/rustup-home:/opt/rustwide/rustup-home:ro,Z" "-e" "SOURCE_DIR=/opt/rustwide/workdir" "-e" "CARGO_TARGET_DIR=/opt/rustwide/target" "-e" "CARGO_HOME=/opt/rustwide/cargo-home" "-e" "RUSTUP_HOME=/opt/rustwide/rustup-home" "-w" "/opt/rustwide/workdir" "-m" "1610612736" "--user" "0:0" "--network" "none" "ghcr.io/rust-lang/crates-build-env/linux@sha256:2788e3201cd34a07e3172128adcd8b3090168a8e3bcc40d7c032b9dda1df7d1c" "/opt/rustwide/cargo-home/bin/cargo" "+beta-2023-12-22" "metadata" "--no-deps" "--format-version=1", kill_on_drop: false }`
[INFO] [stdout] 761644c0d66a33762af508500875f4b959a448683a8576bbdf6e56c21e148ac7
[INFO] running `Command { std: "docker" "start" "-a" "761644c0d66a33762af508500875f4b959a448683a8576bbdf6e56c21e148ac7", kill_on_drop: false }`
[INFO] running `Command { std: "docker" "inspect" "761644c0d66a33762af508500875f4b959a448683a8576bbdf6e56c21e148ac7", kill_on_drop: false }`
[INFO] running `Command { std: "docker" "rm" "-f" "761644c0d66a33762af508500875f4b959a448683a8576bbdf6e56c21e148ac7", kill_on_drop: false }`
[INFO] [stdout] 761644c0d66a33762af508500875f4b959a448683a8576bbdf6e56c21e148ac7
[INFO] running `Command { std: "docker" "create" "-v" "/var/lib/crater-agent-workspace/builds/worker-5-tc2/target:/opt/rustwide/target:rw,Z" "-v" "/var/lib/crater-agent-workspace/builds/worker-5-tc2/source:/opt/rustwide/workdir:ro,Z" "-v" "/var/lib/crater-agent-workspace/cargo-home:/opt/rustwide/cargo-home:ro,Z" "-v" "/var/lib/crater-agent-workspace/rustup-home:/opt/rustwide/rustup-home:ro,Z" "-e" "SOURCE_DIR=/opt/rustwide/workdir" "-e" "CARGO_TARGET_DIR=/opt/rustwide/target" "-e" "CARGO_INCREMENTAL=0" "-e" "RUST_BACKTRACE=full" "-e" "RUSTFLAGS=--cap-lints=warn" "-e" "RUSTDOCFLAGS=--cap-lints=warn" "-e" "CARGO_HOME=/opt/rustwide/cargo-home" "-e" "RUSTUP_HOME=/opt/rustwide/rustup-home" "-w" "/opt/rustwide/workdir" "-m" "1610612736" "--user" "0:0" "--network" "none" "ghcr.io/rust-lang/crates-build-env/linux@sha256:2788e3201cd34a07e3172128adcd8b3090168a8e3bcc40d7c032b9dda1df7d1c" "/opt/rustwide/cargo-home/bin/cargo" "+beta-2023-12-22" "build" "--frozen" "--message-format=json", kill_on_drop: false }`
[INFO] [stdout] f93a6bf261be238961ed6749cad9995a3b47f2211cc5fbbf8d4f895ae6ea6613
[INFO] running `Command { std: "docker" "start" "-a" "f93a6bf261be238961ed6749cad9995a3b47f2211cc5fbbf8d4f895ae6ea6613", kill_on_drop: false }`
[INFO] [stderr]    Compiling memchr v2.4.1
[INFO] [stderr]    Compiling regex-syntax v0.6.25
[INFO] [stderr]    Compiling either v1.6.1
[INFO] [stderr]    Compiling itertools v0.10.3
[INFO] [stderr]    Compiling aho-corasick v0.7.18
[INFO] [stderr]    Compiling regex v1.5.4
[INFO] [stderr]    Compiling aoc2021 v0.1.0 (/opt/rustwide/workdir)
[INFO] [stdout] warning: unused imports: `DerefMut`, `Deref`
[INFO] [stdout]   --> src/day12.rs:14:16
[INFO] [stdout]    |
[INFO] [stdout] 14 | use std::ops::{Deref, DerefMut};
[INFO] [stdout]    |                ^^^^^  ^^^^^^^^
[INFO] [stdout]    |
[INFO] [stdout]    = note: `#[warn(unused_imports)]` on by default
[INFO] [stdout] 
[INFO] [stdout] 
[INFO] [stdout] warning: unused variable: `data`
[INFO] [stdout]   --> src/day08.rs:12:9
[INFO] [stdout]    |
[INFO] [stdout] 12 |     let data = read_input_sep::<&str, i32>("assets/day08.txt", ",");
[INFO] [stdout]    |         ^^^^ help: if this is intentional, prefix it with an underscore: `_data`
[INFO] [stdout]    |
[INFO] [stdout]    = note: `#[warn(unused_variables)]` on by default
[INFO] [stdout] 
[INFO] [stdout] 
[INFO] [stdout] warning: unused variable: `input`
[INFO] [stdout]   --> src/day08.rs:20:14
[INFO] [stdout]    |
[INFO] [stdout] 20 | fn process_b(input: &[String]) -> i32 {
[INFO] [stdout]    |              ^^^^^ help: if this is intentional, prefix it with an underscore: `_input`
[INFO] [stdout] 
[INFO] [stdout] 
[INFO] [stdout] warning: unused variable: `higher_neighbors`
[INFO] [stdout]    --> src/day09.rs:119:9
[INFO] [stdout]     |
[INFO] [stdout] 119 |     let higher_neighbors: Vec<Point> = neighbors
[INFO] [stdout]     |         ^^^^^^^^^^^^^^^^ help: if this is intentional, prefix it with an underscore: `_higher_neighbors`
[INFO] [stdout] 
[INFO] [stdout] 
[INFO] [stdout] warning: unused variable: `low_points`
[INFO] [stdout]    --> src/day09.rs:143:9
[INFO] [stdout]     |
[INFO] [stdout] 143 |     let low_points = find_low_points(&heightmap);
[INFO] [stdout]     |         ^^^^^^^^^^ help: if this is intentional, prefix it with an underscore: `_low_points`
[INFO] [stdout] 
[INFO] [stdout] 
[INFO] [stdout] warning: unused variable: `data`
[INFO] [stdout]    --> src/day12.rs:106:9
[INFO] [stdout]     |
[INFO] [stdout] 106 |     let data = fs::read_to_string("assets/day12.txt").expect("Could not load file");
[INFO] [stdout]     |         ^^^^ help: if this is intentional, prefix it with an underscore: `_data`
[INFO] [stdout] 
[INFO] [stdout] 
[INFO] [stdout] warning: unused variable: `data`
[INFO] [stdout]    --> src/day12.rs:111:9
[INFO] [stdout]     |
[INFO] [stdout] 111 |     let data = fs::read_to_string("assets/day12.txt").expect("Could not load file");
[INFO] [stdout]     |         ^^^^ help: if this is intentional, prefix it with an underscore: `_data`
[INFO] [stdout] 
[INFO] [stdout] 
[INFO] [stdout] warning: unused variable: `data`
[INFO] [stdout]   --> src/day14.rs:15:9
[INFO] [stdout]    |
[INFO] [stdout] 15 |     let data = fs::read_to_string("assets/day14.txt").expect("Could not load file");
[INFO] [stdout]    |         ^^^^ help: if this is intentional, prefix it with an underscore: `_data`
[INFO] [stdout] 
[INFO] [stdout] 
[INFO] [stdout] warning: function `process_b` is never used
[INFO] [stdout]   --> src/day08.rs:20:4
[INFO] [stdout]    |
[INFO] [stdout] 20 | fn process_b(input: &[String]) -> i32 {
[INFO] [stdout]    |    ^^^^^^^^^
[INFO] [stdout]    |
[INFO] [stdout]    = note: `#[warn(dead_code)]` on by default
[INFO] [stdout] 
[INFO] [stdout] 
[INFO] [stdout] warning: field `index` is never read
[INFO] [stdout]  --> src/day09.rs:5:5
[INFO] [stdout]   |
[INFO] [stdout] 4 | pub struct Point {
[INFO] [stdout]   |            ----- field in this struct
[INFO] [stdout] 5 |     index: usize,
[INFO] [stdout]   |     ^^^^^
[INFO] [stdout]   |
[INFO] [stdout]   = note: `Point` has derived impls for the traits `Clone` and `Debug`, but these are intentionally ignored during dead code analysis
[INFO] [stdout] 
[INFO] [stdout] 
[INFO] [stdout] warning: method `traverse` is never used
[INFO] [stdout]   --> src/day12.rs:75:8
[INFO] [stdout]    |
[INFO] [stdout] 57 | impl Cave {
[INFO] [stdout]    | --------- method in this implementation
[INFO] [stdout] ...
[INFO] [stdout] 75 |     fn traverse(&mut self) {
[INFO] [stdout]    |        ^^^^^^^^
[INFO] [stdout] 
[INFO] [stdout] 
[INFO] [stdout] warning: 11 warnings emitted
[INFO] [stdout] 
[INFO] [stdout] 
[INFO] [stdout] warning: unused import: `day14b`
[INFO] [stdout]   --> src/main.rs:14:30
[INFO] [stdout]    |
[INFO] [stdout] 14 | use aoc2021::day14::{day14a, day14b};
[INFO] [stdout]    |                              ^^^^^^
[INFO] [stdout]    |
[INFO] [stdout]    = note: `#[warn(unused_imports)]` on by default
[INFO] [stdout] 
[INFO] [stdout] 
[INFO] [stdout] warning: 1 warning emitted
[INFO] [stdout] 
[INFO] [stdout] 
[INFO] [stderr]     Finished dev [unoptimized + debuginfo] target(s) in 2.98s
[INFO] running `Command { std: "docker" "inspect" "f93a6bf261be238961ed6749cad9995a3b47f2211cc5fbbf8d4f895ae6ea6613", kill_on_drop: false }`
[INFO] running `Command { std: "docker" "rm" "-f" "f93a6bf261be238961ed6749cad9995a3b47f2211cc5fbbf8d4f895ae6ea6613", kill_on_drop: false }`
[INFO] [stdout] f93a6bf261be238961ed6749cad9995a3b47f2211cc5fbbf8d4f895ae6ea6613
[INFO] running `Command { std: "docker" "create" "-v" "/var/lib/crater-agent-workspace/builds/worker-5-tc2/target:/opt/rustwide/target:rw,Z" "-v" "/var/lib/crater-agent-workspace/builds/worker-5-tc2/source:/opt/rustwide/workdir:ro,Z" "-v" "/var/lib/crater-agent-workspace/cargo-home:/opt/rustwide/cargo-home:ro,Z" "-v" "/var/lib/crater-agent-workspace/rustup-home:/opt/rustwide/rustup-home:ro,Z" "-e" "SOURCE_DIR=/opt/rustwide/workdir" "-e" "CARGO_TARGET_DIR=/opt/rustwide/target" "-e" "CARGO_INCREMENTAL=0" "-e" "RUST_BACKTRACE=full" "-e" "RUSTFLAGS=--cap-lints=warn" "-e" "RUSTDOCFLAGS=--cap-lints=warn" "-e" "CARGO_HOME=/opt/rustwide/cargo-home" "-e" "RUSTUP_HOME=/opt/rustwide/rustup-home" "-w" "/opt/rustwide/workdir" "-m" "1610612736" "--user" "0:0" "--network" "none" "ghcr.io/rust-lang/crates-build-env/linux@sha256:2788e3201cd34a07e3172128adcd8b3090168a8e3bcc40d7c032b9dda1df7d1c" "/opt/rustwide/cargo-home/bin/cargo" "+beta-2023-12-22" "test" "--frozen" "--no-run" "--message-format=json", kill_on_drop: false }`
[INFO] [stdout] fd56d674647db5b4f23c8e21eb4eba046fdc06f2a6a8c7cca362eb303c606711
[INFO] running `Command { std: "docker" "start" "-a" "fd56d674647db5b4f23c8e21eb4eba046fdc06f2a6a8c7cca362eb303c606711", kill_on_drop: false }`
[INFO] [stdout] warning: unused imports: `DerefMut`, `Deref`
[INFO] [stdout]   --> src/day12.rs:14:16
[INFO] [stdout]    |
[INFO] [stdout] 14 | use std::ops::{Deref, DerefMut};
[INFO] [stdout]    |                ^^^^^  ^^^^^^^^
[INFO] [stdout]    |
[INFO] [stdout]    = note: `#[warn(unused_imports)]` on by default
[INFO] [stdout] 
[INFO] [stdout] 
[INFO] [stdout] warning: unused variable: `data`
[INFO] [stdout]   --> src/day08.rs:12:9
[INFO] [stdout]    |
[INFO] [stdout] 12 |     let data = read_input_sep::<&str, i32>("assets/day08.txt", ",");
[INFO] [stdout]    |         ^^^^ help: if this is intentional, prefix it with an underscore: `_data`
[INFO] [stdout]    |
[INFO] [stdout]    = note: `#[warn(unused_variables)]` on by default
[INFO] [stdout] 
[INFO] [stdout] 
[INFO] [stdout] warning: unused variable: `input`
[INFO] [stdout]   --> src/day08.rs:20:14
[INFO] [stdout]    |
[INFO] [stdout] 20 | fn process_b(input: &[String]) -> i32 {
[INFO] [stdout]    |              ^^^^^ help: if this is intentional, prefix it with an underscore: `_input`
[INFO] [stdout] 
[INFO] [stdout] 
[INFO] [stdout] warning: unused variable: `higher_neighbors`
[INFO] [stdout]    --> src/day09.rs:119:9
[INFO] [stdout]     |
[INFO] [stdout] 119 |     let higher_neighbors: Vec<Point> = neighbors
[INFO] [stdout]     |         ^^^^^^^^^^^^^^^^ help: if this is intentional, prefix it with an underscore: `_higher_neighbors`
[INFO] [stdout] 
[INFO] [stdout] 
[INFO] [stdout] warning: unused variable: `low_points`
[INFO] [stdout]    --> src/day09.rs:143:9
[INFO] [stdout]     |
[INFO] [stdout] 143 |     let low_points = find_low_points(&heightmap);
[INFO] [stdout]     |         ^^^^^^^^^^ help: if this is intentional, prefix it with an underscore: `_low_points`
[INFO] [stdout] 
[INFO] [stdout] 
[INFO] [stdout] warning: unused variable: `data`
[INFO] [stdout]    --> src/day12.rs:106:9
[INFO] [stdout]     |
[INFO] [stdout] 106 |     let data = fs::read_to_string("assets/day12.txt").expect("Could not load file");
[INFO] [stdout]     |         ^^^^ help: if this is intentional, prefix it with an underscore: `_data`
[INFO] [stdout] 
[INFO] [stdout] 
[INFO] [stdout] warning: unused variable: `data`
[INFO] [stdout]    --> src/day12.rs:111:9
[INFO] [stdout]     |
[INFO] [stdout] 111 |     let data = fs::read_to_string("assets/day12.txt").expect("Could not load file");
[INFO] [stdout]     |         ^^^^ help: if this is intentional, prefix it with an underscore: `_data`
[INFO] [stdout] 
[INFO] [stdout] 
[INFO] [stderr]    Compiling aoc2021 v0.1.0 (/opt/rustwide/workdir)
[INFO] [stdout] warning: unused variable: `data`
[INFO] [stdout]   --> src/day14.rs:15:9
[INFO] [stdout]    |
[INFO] [stdout] 15 |     let data = fs::read_to_string("assets/day14.txt").expect("Could not load file");
[INFO] [stdout]    |         ^^^^ help: if this is intentional, prefix it with an underscore: `_data`
[INFO] [stdout] 
[INFO] [stdout] 
[INFO] [stdout] warning: function `process_b` is never used
[INFO] [stdout]   --> src/day08.rs:20:4
[INFO] [stdout]    |
[INFO] [stdout] 20 | fn process_b(input: &[String]) -> i32 {
[INFO] [stdout]    |    ^^^^^^^^^
[INFO] [stdout]    |
[INFO] [stdout]    = note: `#[warn(dead_code)]` on by default
[INFO] [stdout] 
[INFO] [stdout] 
[INFO] [stdout] warning: field `index` is never read
[INFO] [stdout]  --> src/day09.rs:5:5
[INFO] [stdout]   |
[INFO] [stdout] 4 | pub struct Point {
[INFO] [stdout]   |            ----- field in this struct
[INFO] [stdout] 5 |     index: usize,
[INFO] [stdout]   |     ^^^^^
[INFO] [stdout]   |
[INFO] [stdout]   = note: `Point` has derived impls for the traits `Clone` and `Debug`, but these are intentionally ignored during dead code analysis
[INFO] [stdout] 
[INFO] [stdout] 
[INFO] [stdout] warning: method `traverse` is never used
[INFO] [stdout]   --> src/day12.rs:75:8
[INFO] [stdout]    |
[INFO] [stdout] 57 | impl Cave {
[INFO] [stdout]    | --------- method in this implementation
[INFO] [stdout] ...
[INFO] [stdout] 75 |     fn traverse(&mut self) {
[INFO] [stdout]    |        ^^^^^^^^
[INFO] [stdout] 
[INFO] [stdout] 
[INFO] [stdout] warning: 11 warnings emitted
[INFO] [stdout] 
[INFO] [stdout] 
[INFO] [stdout] warning: unused import: `day14b`
[INFO] [stdout]   --> src/main.rs:14:30
[INFO] [stdout]    |
[INFO] [stdout] 14 | use aoc2021::day14::{day14a, day14b};
[INFO] [stdout]    |                              ^^^^^^
[INFO] [stdout]    |
[INFO] [stdout]    = note: `#[warn(unused_imports)]` on by default
[INFO] [stdout] 
[INFO] [stdout] 
[INFO] [stdout] warning: unused imports: `DerefMut`, `Deref`
[INFO] [stdout]   --> src/day12.rs:14:16
[INFO] [stdout]    |
[INFO] [stdout] 14 | use std::ops::{Deref, DerefMut};
[INFO] [stdout]    |                ^^^^^  ^^^^^^^^
[INFO] [stdout]    |
[INFO] [stdout]    = note: `#[warn(unused_imports)]` on by default
[INFO] [stdout] 
[INFO] [stdout] 
[INFO] [stdout] warning: unused variable: `data`
[INFO] [stdout]   --> src/day08.rs:12:9
[INFO] [stdout]    |
[INFO] [stdout] 12 |     let data = read_input_sep::<&str, i32>("assets/day08.txt", ",");
[INFO] [stdout]    |         ^^^^ help: if this is intentional, prefix it with an underscore: `_data`
[INFO] [stdout]    |
[INFO] [stdout]    = note: `#[warn(unused_variables)]` on by default
[INFO] [stdout] 
[INFO] [stdout] 
[INFO] [stdout] warning: unused variable: `input`
[INFO] [stdout]   --> src/day08.rs:20:14
[INFO] [stdout]    |
[INFO] [stdout] 20 | fn process_b(input: &[String]) -> i32 {
[INFO] [stdout]    |              ^^^^^ help: if this is intentional, prefix it with an underscore: `_input`
[INFO] [stdout] 
[INFO] [stdout] 
[INFO] [stdout] warning: unused variable: `higher_neighbors`
[INFO] [stdout]    --> src/day09.rs:119:9
[INFO] [stdout]     |
[INFO] [stdout] 119 |     let higher_neighbors: Vec<Point> = neighbors
[INFO] [stdout]     |         ^^^^^^^^^^^^^^^^ help: if this is intentional, prefix it with an underscore: `_higher_neighbors`
[INFO] [stdout] 
[INFO] [stdout] 
[INFO] [stdout] warning: unused variable: `low_points`
[INFO] [stdout]    --> src/day09.rs:143:9
[INFO] [stdout]     |
[INFO] [stdout] 143 |     let low_points = find_low_points(&heightmap);
[INFO] [stdout]     |         ^^^^^^^^^^ help: if this is intentional, prefix it with an underscore: `_low_points`
[INFO] [stdout] 
[INFO] [stdout] 
[INFO] [stdout] warning: 1 warning emitted
[INFO] [stdout] 
[INFO] [stdout] 
[INFO] [stdout] warning: unused variable: `data`
[INFO] [stdout]    --> src/day12.rs:106:9
[INFO] [stdout]     |
[INFO] [stdout] 106 |     let data = fs::read_to_string("assets/day12.txt").expect("Could not load file");
[INFO] [stdout]     |         ^^^^ help: if this is intentional, prefix it with an underscore: `_data`
[INFO] [stdout] 
[INFO] [stdout] 
[INFO] [stdout] warning: unused variable: `data`
[INFO] [stdout]    --> src/day12.rs:111:9
[INFO] [stdout]     |
[INFO] [stdout] 111 |     let data = fs::read_to_string("assets/day12.txt").expect("Could not load file");
[INFO] [stdout]     |         ^^^^ help: if this is intentional, prefix it with an underscore: `_data`
[INFO] [stdout] 
[INFO] [stdout] 
[INFO] [stdout] warning: unused variable: `data`
[INFO] [stdout]   --> src/day14.rs:15:9
[INFO] [stdout]    |
[INFO] [stdout] 15 |     let data = fs::read_to_string("assets/day14.txt").expect("Could not load file");
[INFO] [stdout]    |         ^^^^ help: if this is intentional, prefix it with an underscore: `_data`
[INFO] [stdout] 
[INFO] [stdout] 
[INFO] [stdout] warning: field `index` is never read
[INFO] [stdout]  --> src/day09.rs:5:5
[INFO] [stdout]   |
[INFO] [stdout] 4 | pub struct Point {
[INFO] [stdout]   |            ----- field in this struct
[INFO] [stdout] 5 |     index: usize,
[INFO] [stdout]   |     ^^^^^
[INFO] [stdout]   |
[INFO] [stdout]   = note: `Point` has derived impls for the traits `Clone` and `Debug`, but these are intentionally ignored during dead code analysis
[INFO] [stdout]   = note: `#[warn(dead_code)]` on by default
[INFO] [stdout] 
[INFO] [stdout] 
[INFO] [stdout] warning: method `traverse` is never used
[INFO] [stdout]   --> src/day12.rs:75:8
[INFO] [stdout]    |
[INFO] [stdout] 57 | impl Cave {
[INFO] [stdout]    | --------- method in this implementation
[INFO] [stdout] ...
[INFO] [stdout] 75 |     fn traverse(&mut self) {
[INFO] [stdout]    |        ^^^^^^^^
[INFO] [stdout] 
[INFO] [stdout] 
[INFO] [stdout] warning: 10 warnings emitted
[INFO] [stdout] 
[INFO] [stdout] 
[INFO] [stderr]     Finished test [unoptimized + debuginfo] target(s) in 1.09s
[INFO] running `Command { std: "docker" "inspect" "fd56d674647db5b4f23c8e21eb4eba046fdc06f2a6a8c7cca362eb303c606711", kill_on_drop: false }`
[INFO] running `Command { std: "docker" "rm" "-f" "fd56d674647db5b4f23c8e21eb4eba046fdc06f2a6a8c7cca362eb303c606711", kill_on_drop: false }`
[INFO] [stdout] fd56d674647db5b4f23c8e21eb4eba046fdc06f2a6a8c7cca362eb303c606711
[INFO] running `Command { std: "docker" "create" "-v" "/var/lib/crater-agent-workspace/builds/worker-5-tc2/target:/opt/rustwide/target:rw,Z" "-v" "/var/lib/crater-agent-workspace/builds/worker-5-tc2/source:/opt/rustwide/workdir:ro,Z" "-v" "/var/lib/crater-agent-workspace/cargo-home:/opt/rustwide/cargo-home:ro,Z" "-v" "/var/lib/crater-agent-workspace/rustup-home:/opt/rustwide/rustup-home:ro,Z" "-e" "SOURCE_DIR=/opt/rustwide/workdir" "-e" "CARGO_TARGET_DIR=/opt/rustwide/target" "-e" "CARGO_INCREMENTAL=0" "-e" "RUST_BACKTRACE=full" "-e" "RUSTFLAGS=--cap-lints=warn" "-e" "RUSTDOCFLAGS=--cap-lints=warn" "-e" "CARGO_HOME=/opt/rustwide/cargo-home" "-e" "RUSTUP_HOME=/opt/rustwide/rustup-home" "-w" "/opt/rustwide/workdir" "-m" "1610612736" "--user" "0:0" "--network" "none" "ghcr.io/rust-lang/crates-build-env/linux@sha256:2788e3201cd34a07e3172128adcd8b3090168a8e3bcc40d7c032b9dda1df7d1c" "/opt/rustwide/cargo-home/bin/cargo" "+beta-2023-12-22" "test" "--frozen", kill_on_drop: false }`
[INFO] [stdout] 6e1ca5e84824ca1c0dfd9d0f56557e91428066e06078a2cb3653331a61bcfac5
[INFO] running `Command { std: "docker" "start" "-a" "6e1ca5e84824ca1c0dfd9d0f56557e91428066e06078a2cb3653331a61bcfac5", kill_on_drop: false }`
[INFO] [stderr] warning: unused imports: `DerefMut`, `Deref`
[INFO] [stderr]   --> src/day12.rs:14:16
[INFO] [stderr]    |
[INFO] [stderr] 14 | use std::ops::{Deref, DerefMut};
[INFO] [stderr]    |                ^^^^^  ^^^^^^^^
[INFO] [stderr]    |
[INFO] [stderr]    = note: `#[warn(unused_imports)]` on by default
[INFO] [stderr] 
[INFO] [stderr] warning: unused variable: `data`
[INFO] [stderr]   --> src/day08.rs:12:9
[INFO] [stderr]    |
[INFO] [stderr] 12 |     let data = read_input_sep::<&str, i32>("assets/day08.txt", ",");
[INFO] [stderr]    |         ^^^^ help: if this is intentional, prefix it with an underscore: `_data`
[INFO] [stderr]    |
[INFO] [stderr]    = note: `#[warn(unused_variables)]` on by default
[INFO] [stderr] 
[INFO] [stderr] warning: unused variable: `input`
[INFO] [stderr]   --> src/day08.rs:20:14
[INFO] [stderr]    |
[INFO] [stderr] 20 | fn process_b(input: &[String]) -> i32 {
[INFO] [stderr]    |              ^^^^^ help: if this is intentional, prefix it with an underscore: `_input`
[INFO] [stderr] 
[INFO] [stderr] warning: unused variable: `higher_neighbors`
[INFO] [stderr]    --> src/day09.rs:119:9
[INFO] [stderr]     |
[INFO] [stderr] 119 |     let higher_neighbors: Vec<Point> = neighbors
[INFO] [stderr]     |         ^^^^^^^^^^^^^^^^ help: if this is intentional, prefix it with an underscore: `_higher_neighbors`
[INFO] [stderr] 
[INFO] [stderr] warning: unused variable: `low_points`
[INFO] [stderr]    --> src/day09.rs:143:9
[INFO] [stderr]     |
[INFO] [stderr] 143 |     let low_points = find_low_points(&heightmap);
[INFO] [stderr]     |         ^^^^^^^^^^ help: if this is intentional, prefix it with an underscore: `_low_points`
[INFO] [stderr] 
[INFO] [stderr] warning: unused variable: `data`
[INFO] [stderr]    --> src/day12.rs:106:9
[INFO] [stderr]     |
[INFO] [stderr] 106 |     let data = fs::read_to_string("assets/day12.txt").expect("Could not load file");
[INFO] [stderr]     |         ^^^^ help: if this is intentional, prefix it with an underscore: `_data`
[INFO] [stderr] 
[INFO] [stderr] warning: unused variable: `data`
[INFO] [stderr]    --> src/day12.rs:111:9
[INFO] [stderr]     |
[INFO] [stderr] 111 |     let data = fs::read_to_string("assets/day12.txt").expect("Could not load file");
[INFO] [stderr]     |         ^^^^ help: if this is intentional, prefix it with an underscore: `_data`
[INFO] [stderr] 
[INFO] [stderr] warning: unused variable: `data`
[INFO] [stderr]   --> src/day14.rs:15:9
[INFO] [stderr]    |
[INFO] [stderr] 15 |     let data = fs::read_to_string("assets/day14.txt").expect("Could not load file");
[INFO] [stderr]    |         ^^^^ help: if this is intentional, prefix it with an underscore: `_data`
[INFO] [stderr] 
[INFO] [stderr] warning: function `process_b` is never used
[INFO] [stderr]   --> src/day08.rs:20:4
[INFO] [stderr]    |
[INFO] [stderr] 20 | fn process_b(input: &[String]) -> i32 {
[INFO] [stderr]    |    ^^^^^^^^^
[INFO] [stderr]    |
[INFO] [stderr]    = note: `#[warn(dead_code)]` on by default
[INFO] [stderr] 
[INFO] [stderr] warning: field `index` is never read
[INFO] [stderr]  --> src/day09.rs:5:5
[INFO] [stderr]   |
[INFO] [stderr] 4 | pub struct Point {
[INFO] [stderr]   |            ----- field in this struct
[INFO] [stderr] 5 |     index: usize,
[INFO] [stderr]   |     ^^^^^
[INFO] [stderr]   |
[INFO] [stderr]   = note: `Point` has derived impls for the traits `Clone` and `Debug`, but these are intentionally ignored during dead code analysis
[INFO] [stderr] 
[INFO] [stderr] warning: method `traverse` is never used
[INFO] [stderr]   --> src/day12.rs:75:8
[INFO] [stderr]    |
[INFO] [stderr] 57 | impl Cave {
[INFO] [stderr]    | --------- method in this implementation
[INFO] [stderr] ...
[INFO] [stderr] 75 |     fn traverse(&mut self) {
[INFO] [stderr]    |        ^^^^^^^^
[INFO] [stderr] 
[INFO] [stderr] warning: field `index` is never read
[INFO] [stderr]  --> src/day09.rs:5:5
[INFO] [stderr]   |
[INFO] [stderr] 4 | pub struct Point {
[INFO] [stderr]   |            ----- field in this struct
[INFO] [stderr] 5 |     index: usize,
[INFO] [stderr]   |     ^^^^^
[INFO] [stderr]   |
[INFO] [stderr]   = note: `Point` has derived impls for the traits `Clone` and `Debug`, but these are intentionally ignored during dead code analysis
[INFO] [stderr]   = note: `#[warn(dead_code)]` on by default
[INFO] [stderr] 
[INFO] [stderr] warning: `aoc2021` (lib) generated 11 warnings (run `cargo fix --lib -p aoc2021` to apply 8 suggestions)
[INFO] [stderr] warning: `aoc2021` (lib test) generated 10 warnings (9 duplicates)
[INFO] [stderr] warning: unused import: `day14b`
[INFO] [stderr]   --> src/main.rs:14:30
[INFO] [stderr]    |
[INFO] [stderr] 14 | use aoc2021::day14::{day14a, day14b};
[INFO] [stderr]    |                              ^^^^^^
[INFO] [stderr]    |
[INFO] [stderr]    = note: `#[warn(unused_imports)]` on by default
[INFO] [stderr] 
[INFO] [stderr] warning: `aoc2021` (bin "aoc2021" test) generated 1 warning (run `cargo fix --bin "aoc2021" --tests` to apply 1 suggestion)
[INFO] [stderr]     Finished test [unoptimized + debuginfo] target(s) in 0.01s
[INFO] [stderr]      Running unittests src/lib.rs (/opt/rustwide/target/debug/deps/aoc2021-be9587624f7680ee)
[INFO] [stdout] 
[INFO] [stdout] running 32 tests
[INFO] [stdout] test day04::tests::test_bingo_card_full_column ... ok
[INFO] [stdout] test day04::tests::test_bingo_card_partial_column ... ok
[INFO] [stdout] test day04::tests::test_bingo_card_partial_row ... ok
[INFO] [stdout] test day04::tests::test_bingo_card_full_row ... ok
[INFO] [stdout] test day04::tests::test_bingo_card_unmarked ... ok
[INFO] [stdout] test day03::tests::day_03_part_a_test ... ok
[INFO] [stdout] test day03::tests::day_03_part_b_test ... ok
[INFO] [stdout] test day04::tests::test_day04_parta ... ok
[INFO] [stdout] test day04::tests::test_day04_partb ... ok
[INFO] [stdout] test day05::test::test_day05_parta_sample ... ok
[INFO] [stdout] test day05::test::test_day05_partb_sample ... ok
[INFO] [stdout] test day07::test::test_day07_parta_sample ... ok
[INFO] [stdout] test day07::test::test_day07_partb_sample ... ok
[INFO] [stdout] test day09::test::test_day09_parta_sample ... ok
[INFO] [stdout] test day08::test::test_day08_parta_sample ... ok
[INFO] [stdout] test day10::test::test_day10_partb_sample ... ok
[INFO] [stdout] test day10::test::test_day10_parta_sample ... ok
[INFO] [stdout] test day10::test::test_repair_line ... ok
[INFO] [stdout] test day11::test::test_day11_flashes ... ok
[INFO] [stdout] test day06::test::test_day06_parta_sample ... ok
[INFO] [stdout] test day13::test::test_day13_parta_sample ... ok
[INFO] [stdout] test day14::test::test_day14_parta_sample ... ok
[INFO] [stdout] test day06::test::test_day06_partb_sample ... ok
[INFO] [stdout] test day11::test::test_day11_parta_sample ... ok
[INFO] [stdout] test day08::test::test_day08_partb_sample ... FAILED
[INFO] [stdout] test day09::test::test_day09_partb_sample ... FAILED
[INFO] [stdout] test day12::test::test_day12_partb_sample ... FAILED
[INFO] [stdout] test day12::test::test_day12_parta_sample ... FAILED
[INFO] [stdout] test day13::test::test_day13_partb_sample ... FAILED
[INFO] [stdout] test day11::test::test_day11_partb_sample ... ok
[INFO] [stdout] test day06::test::test_day06_parta ... ok
[INFO] [stdout] test day14::test::test_day14_partb_sample has been running for over 60 seconds
[INFO] [stderr] error: test failed, to rerun pass `--lib`
[INFO] [stderr] 
[INFO] [stderr] Caused by:
[INFO] [stderr]   process didn't exit successfully: `/opt/rustwide/target/debug/deps/aoc2021-be9587624f7680ee` (signal: 9, SIGKILL: kill)
[INFO] running `Command { std: "docker" "inspect" "6e1ca5e84824ca1c0dfd9d0f56557e91428066e06078a2cb3653331a61bcfac5", kill_on_drop: false }`
[INFO] running `Command { std: "docker" "rm" "-f" "6e1ca5e84824ca1c0dfd9d0f56557e91428066e06078a2cb3653331a61bcfac5", kill_on_drop: false }`
[INFO] [stdout] 6e1ca5e84824ca1c0dfd9d0f56557e91428066e06078a2cb3653331a61bcfac5
