[INFO] cloning repository https://github.com/rflaperuta/ssm_helper
[INFO] running `Command { std: "git" "-c" "credential.helper=" "-c" "credential.helper=/workspace/cargo-home/bin/git-credential-null" "clone" "--bare" "https://github.com/rflaperuta/ssm_helper" "/workspace/cache/git-repos/https%3A%2F%2Fgithub.com%2Frflaperuta%2Fssm_helper", kill_on_drop: false }`
[INFO] [stderr] Cloning into bare repository '/workspace/cache/git-repos/https%3A%2F%2Fgithub.com%2Frflaperuta%2Fssm_helper'...
[INFO] running `Command { std: "git" "rev-parse" "HEAD", kill_on_drop: false }`
[INFO] [stdout] 7fe7cd61cc9e3829e4a1b33a1c44b5c368e0231d
[INFO] testing rflaperuta/ssm_helper against 1.75.0 for beta-1.76-1
[INFO] running `Command { std: "git" "clone" "/workspace/cache/git-repos/https%3A%2F%2Fgithub.com%2Frflaperuta%2Fssm_helper" "/workspace/builds/worker-3-tc1/source", kill_on_drop: false }`
[INFO] [stderr] Cloning into '/workspace/builds/worker-3-tc1/source'...
[INFO] [stderr] done.
[INFO] validating manifest of git repo https://github.com/rflaperuta/ssm_helper on toolchain 1.75.0
[INFO] running `Command { std: CARGO_HOME="/workspace/cargo-home" RUSTUP_HOME="/workspace/rustup-home" "/workspace/cargo-home/bin/cargo" "+1.75.0" "metadata" "--manifest-path" "Cargo.toml" "--no-deps", kill_on_drop: false }`
[INFO] started tweaking git repo https://github.com/rflaperuta/ssm_helper
[INFO] finished tweaking git repo https://github.com/rflaperuta/ssm_helper
[INFO] tweaked toml for git repo https://github.com/rflaperuta/ssm_helper written to /workspace/builds/worker-3-tc1/source/Cargo.toml
[INFO] crate git repo https://github.com/rflaperuta/ssm_helper already has a lockfile, it will not be regenerated
[INFO] running `Command { std: CARGO_HOME="/workspace/cargo-home" RUSTUP_HOME="/workspace/rustup-home" "/workspace/cargo-home/bin/cargo" "+1.75.0" "fetch" "--manifest-path" "Cargo.toml", kill_on_drop: false }`
[INFO] [stderr]     Updating crates.io index
[INFO] [stderr]  Downloading crates ...
[INFO] [stderr]   Downloaded signal-hook v0.1.12
[INFO] [stderr]   Downloaded rusoto_ssm v0.42.0
[INFO] running `Command { std: "docker" "create" "-v" "/var/lib/crater-agent-workspace/builds/worker-3-tc1/target:/opt/rustwide/target:rw,Z" "-v" "/var/lib/crater-agent-workspace/builds/worker-3-tc1/source:/opt/rustwide/workdir:ro,Z" "-v" "/var/lib/crater-agent-workspace/cargo-home:/opt/rustwide/cargo-home:ro,Z" "-v" "/var/lib/crater-agent-workspace/rustup-home:/opt/rustwide/rustup-home:ro,Z" "-e" "SOURCE_DIR=/opt/rustwide/workdir" "-e" "CARGO_TARGET_DIR=/opt/rustwide/target" "-e" "CARGO_HOME=/opt/rustwide/cargo-home" "-e" "RUSTUP_HOME=/opt/rustwide/rustup-home" "-w" "/opt/rustwide/workdir" "-m" "1610612736" "--user" "0:0" "--network" "none" "ghcr.io/rust-lang/crates-build-env/linux@sha256:2788e3201cd34a07e3172128adcd8b3090168a8e3bcc40d7c032b9dda1df7d1c" "/opt/rustwide/cargo-home/bin/cargo" "+1.75.0" "metadata" "--no-deps" "--format-version=1", kill_on_drop: false }`
[INFO] [stdout] 68ac811172dc8a9afb7de645b067609ba21f8ee9d7aaecb31f8775199061bb25
[INFO] running `Command { std: "docker" "start" "-a" "68ac811172dc8a9afb7de645b067609ba21f8ee9d7aaecb31f8775199061bb25", kill_on_drop: false }`
[INFO] running `Command { std: "docker" "inspect" "68ac811172dc8a9afb7de645b067609ba21f8ee9d7aaecb31f8775199061bb25", kill_on_drop: false }`
[INFO] running `Command { std: "docker" "rm" "-f" "68ac811172dc8a9afb7de645b067609ba21f8ee9d7aaecb31f8775199061bb25", kill_on_drop: false }`
[INFO] [stdout] 68ac811172dc8a9afb7de645b067609ba21f8ee9d7aaecb31f8775199061bb25
[INFO] running `Command { std: "docker" "create" "-v" "/var/lib/crater-agent-workspace/builds/worker-3-tc1/target:/opt/rustwide/target:rw,Z" "-v" "/var/lib/crater-agent-workspace/builds/worker-3-tc1/source:/opt/rustwide/workdir:ro,Z" "-v" "/var/lib/crater-agent-workspace/cargo-home:/opt/rustwide/cargo-home:ro,Z" "-v" "/var/lib/crater-agent-workspace/rustup-home:/opt/rustwide/rustup-home:ro,Z" "-e" "SOURCE_DIR=/opt/rustwide/workdir" "-e" "CARGO_TARGET_DIR=/opt/rustwide/target" "-e" "CARGO_INCREMENTAL=0" "-e" "RUST_BACKTRACE=full" "-e" "RUSTFLAGS=--cap-lints=warn" "-e" "RUSTDOCFLAGS=--cap-lints=warn" "-e" "CARGO_HOME=/opt/rustwide/cargo-home" "-e" "RUSTUP_HOME=/opt/rustwide/rustup-home" "-w" "/opt/rustwide/workdir" "-m" "1610612736" "--user" "0:0" "--network" "none" "ghcr.io/rust-lang/crates-build-env/linux@sha256:2788e3201cd34a07e3172128adcd8b3090168a8e3bcc40d7c032b9dda1df7d1c" "/opt/rustwide/cargo-home/bin/cargo" "+1.75.0" "build" "--frozen" "--message-format=json", kill_on_drop: false }`
[INFO] [stdout] cd7c104733925761c70a8d02236e24aa68f67bf5bff430eed0d1c0e716ef95d1
[INFO] running `Command { std: "docker" "start" "-a" "cd7c104733925761c70a8d02236e24aa68f67bf5bff430eed0d1c0e716ef95d1", kill_on_drop: false }`
[INFO] [stderr]    Compiling libc v0.2.66
[INFO] [stderr]    Compiling cfg-if v0.1.10
[INFO] [stderr]    Compiling semver-parser v0.7.0
[INFO] [stderr]    Compiling lazy_static v1.4.0
[INFO] [stderr]    Compiling byteorder v1.3.2
[INFO] [stderr]    Compiling futures v0.1.29
[INFO] [stderr]    Compiling log v0.4.8
[INFO] [stderr]    Compiling either v1.5.3
[INFO] [stderr]    Compiling proc-macro2 v1.0.7
[INFO] [stderr]    Compiling unicode-xid v0.2.0
[INFO] [stderr]    Compiling semver v0.9.0
[INFO] [stderr]    Compiling syn v1.0.13
[INFO] [stderr]    Compiling rustc_version v0.2.3
[INFO] [stderr]    Compiling autocfg v0.1.7
[INFO] [stderr]    Compiling crossbeam-utils v0.6.6
[INFO] [stderr]    Compiling scopeguard v1.0.0
[INFO] [stderr]    Compiling slab v0.4.2
[INFO] [stderr]    Compiling maybe-uninit v2.0.0
[INFO] [stderr]    Compiling fnv v1.0.6
[INFO] [stderr]    Compiling cc v1.0.50
[INFO] [stderr]    Compiling parking_lot_core v0.6.2
[INFO] [stderr]    Compiling parking_lot v0.9.0
[INFO] [stderr]    Compiling smallvec v0.6.13
[INFO] [stderr]    Compiling quote v1.0.2
[INFO] [stderr]    Compiling iovec v0.1.4
[INFO] [stderr]    Compiling num_cpus v1.11.1
[INFO] [stderr]    Compiling bytes v0.4.12
[INFO] [stderr]    Compiling net2 v0.2.33
[INFO] [stderr]    Compiling tokio-executor v0.1.9
[INFO] [stderr]    Compiling mio v0.6.21
[INFO] [stderr]    Compiling tokio-io v0.1.12
[INFO] [stderr]    Compiling lock_api v0.3.3
[INFO] [stderr]    Compiling tokio-sync v0.1.7
[INFO] [stderr]    Compiling crossbeam-utils v0.7.0
[INFO] [stderr]    Compiling memoffset v0.5.3
[INFO] [stderr]    Compiling crossbeam-epoch v0.8.0
[INFO] [stderr]    Compiling ring v0.16.9
[INFO] [stderr]    Compiling typenum v1.11.2
[INFO] [stderr]    Compiling autocfg v1.0.0
[INFO] [stderr]    Compiling itoa v0.4.4
[INFO] [stderr]    Compiling tokio-reactor v0.1.11
[INFO] [stderr]    Compiling mio-uds v0.6.7
[INFO] [stderr]    Compiling crossbeam-queue v0.1.2
[INFO] [stderr]    Compiling spin v0.5.2
[INFO] [stderr]    Compiling serde v1.0.104
[INFO] [stderr]    Compiling untrusted v0.7.0
[INFO] [stderr]    Compiling crossbeam-deque v0.7.2
[INFO] [stderr]    Compiling tokio-codec v0.1.1
[INFO] [stderr]    Compiling indexmap v1.3.0
[INFO] [stderr]    Compiling num-traits v0.2.11
[INFO] [stderr]    Compiling tokio-threadpool v0.1.17
[INFO] [stderr]    Compiling http v0.1.21
[INFO] [stderr]    Compiling arc-swap v0.4.4
[INFO] [stderr]    Compiling memchr v2.3.0
[INFO] [stderr]    Compiling ryu v1.0.2
[INFO] [stderr]    Compiling httparse v1.3.4
[INFO] [stderr]    Compiling generic-array v0.12.3
[INFO] [stderr]    Compiling tokio-fs v0.1.6
[INFO] [stderr]    Compiling signal-hook-registry v1.2.0
[INFO] [stderr]    Compiling tokio-udp v0.1.5
[INFO] [stderr]    Compiling tokio-uds v0.2.5
[INFO] [stderr]    Compiling tokio-tcp v0.1.3
[INFO] [stderr]    Compiling num-integer v0.1.42
[INFO] [stderr]    Compiling tokio-buf v0.1.1
[INFO] [stderr]    Compiling string v0.2.1
[INFO] [stderr]    Compiling tokio-current-thread v0.1.6
[INFO] [stderr]    Compiling tokio-timer v0.2.12
[INFO] [stderr]    Compiling time v0.1.42
[INFO] [stderr]    Compiling hyper v0.12.35
[INFO] [stderr]    Compiling try-lock v0.2.2
[INFO] [stderr]    Compiling want v0.2.0
[INFO] [stderr]    Compiling tokio v0.1.22
[INFO] [stderr]    Compiling sct v0.6.0
[INFO] [stderr]    Compiling webpki v0.21.0
[INFO] [stderr]    Compiling http-body v0.1.0
[INFO] [stderr]    Compiling h2 v0.1.26
[INFO] [stderr]    Compiling signal-hook v0.1.12
[INFO] [stderr]    Compiling futures-cpupool v0.1.8
[INFO] [stderr]    Compiling byte-tools v0.3.1
[INFO] [stderr]    Compiling block-padding v0.1.5
[INFO] [stderr]    Compiling aho-corasick v0.7.6
[INFO] [stderr]    Compiling tokio-signal v0.2.7
[INFO] [stderr]    Compiling serde_json v1.0.44
[INFO] [stderr]    Compiling digest v0.8.1
[INFO] [stderr]    Compiling base64 v0.10.1
[INFO] [stderr]    Compiling thread_local v1.0.1
[INFO] [stderr]    Compiling ucd-trie v0.1.2
[INFO] [stderr]    Compiling regex-syntax v0.6.13
[INFO] [stderr]    Compiling subtle v1.0.0
[INFO] [stderr]    Compiling crypto-mac v0.7.0
[INFO] [stderr]    Compiling pest v2.1.2
[INFO] [stderr]    Compiling rustls v0.16.0
[INFO] [stderr]    Compiling rustversion v1.0.1
[INFO] [stderr]    Compiling serde_derive v1.0.104
[INFO] [stderr]    Compiling tokio-process v0.2.4
[INFO] [stderr]    Compiling chrono v0.4.10
[INFO] [stderr]    Compiling block-buffer v0.7.3
[INFO] [stderr]    Compiling syn-mid v0.4.0
[INFO] [stderr]    Compiling proc-macro-error v0.4.4
[INFO] [stderr]    Compiling backtrace-sys v0.1.32
[INFO] [stderr]    Compiling regex v1.3.3
[INFO] [stderr]    Compiling dirs v1.0.5
[INFO] [stderr]    Compiling opaque-debug v0.2.3
[INFO] [stderr]    Compiling fake-simd v0.1.2
[INFO] [stderr]    Compiling shlex v0.1.1
[INFO] [stderr]    Compiling bitflags v1.2.1
[INFO] [stderr]    Compiling maplit v1.0.2
[INFO] [stderr]    Compiling pest_meta v2.1.2
[INFO] [stderr]    Compiling sha2 v0.8.1
[INFO] [stderr]    Compiling tokio-rustls v0.10.3
[INFO] [stderr]    Compiling proc-macro-error-attr v0.4.3
[INFO] [stderr]    Compiling hmac v0.7.1
[INFO] [stderr]    Compiling webpki-roots v0.17.0
[INFO] [stderr]    Compiling ct-logs v0.6.0
[INFO] [stderr]    Compiling rusoto_core v0.42.0
[INFO] [stderr]    Compiling failure_derive v0.1.6
[INFO] [stderr]    Compiling percent-encoding v2.1.0
[INFO] [stderr]    Compiling base64 v0.11.0
[INFO] [stderr]    Compiling hex v0.4.0
[INFO] [stderr]    Compiling md5 v0.7.0
[INFO] [stderr]    Compiling unicode-width v0.1.7
[INFO] [stderr]    Compiling unicode-segmentation v1.6.0
[INFO] [stderr]    Compiling textwrap v0.11.0
[INFO] [stderr]    Compiling hyper-rustls v0.17.1
[INFO] [stderr]    Compiling pest_generator v2.1.1
[INFO] [stderr]    Compiling heck v0.3.1
[INFO] [stderr]    Compiling synstructure v0.12.3
[INFO] [stderr]    Compiling atty v0.2.14
[INFO] [stderr]    Compiling xml-rs v0.8.0
[INFO] [stderr]    Compiling same-file v1.0.6
[INFO] [stderr]    Compiling strsim v0.8.0
[INFO] [stderr]    Compiling vec_map v0.8.1
[INFO] [stderr]    Compiling ansi_term v0.11.0
[INFO] [stderr]    Compiling rustc-demangle v0.1.16
[INFO] [stderr]    Compiling clap v2.33.0
[INFO] [stderr]    Compiling backtrace v0.3.41
[INFO] [stderr]    Compiling pest_derive v2.1.0
[INFO] [stderr]    Compiling walkdir v2.3.1
[INFO] [stderr]    Compiling structopt-derive v0.4.0
[INFO] [stderr]    Compiling hashbrown v0.5.0
[INFO] [stderr]    Compiling quick-error v1.2.3
[INFO] [stderr]    Compiling handlebars v2.0.4
[INFO] [stderr]    Compiling rusoto_credential v0.42.0
[INFO] [stderr]    Compiling failure v0.1.6
[INFO] [stderr]    Compiling structopt v0.3.7
[INFO] [stderr]    Compiling rusoto_signature v0.42.0
[INFO] [stderr]    Compiling rusoto_ssm v0.42.0
[INFO] [stderr]    Compiling ssm_helper v0.2.0 (/opt/rustwide/workdir)
[INFO] [stdout] warning: unreachable pattern
[INFO] [stdout]    --> src/main.rs:149:9
[INFO] [stdout]     |
[INFO] [stdout] 149 |         _ => (),
[INFO] [stdout]     |         ^
[INFO] [stdout]     |
[INFO] [stdout]     = note: `#[warn(unreachable_patterns)]` on by default
[INFO] [stdout] 
[INFO] [stdout] 
[INFO] [stdout] warning: 1 warning emitted
[INFO] [stdout] 
[INFO] [stdout] 
[INFO] [stderr]     Finished dev [unoptimized + debuginfo] target(s) in 1m 12s
[INFO] running `Command { std: "docker" "inspect" "cd7c104733925761c70a8d02236e24aa68f67bf5bff430eed0d1c0e716ef95d1", kill_on_drop: false }`
[INFO] running `Command { std: "docker" "rm" "-f" "cd7c104733925761c70a8d02236e24aa68f67bf5bff430eed0d1c0e716ef95d1", kill_on_drop: false }`
[INFO] [stdout] cd7c104733925761c70a8d02236e24aa68f67bf5bff430eed0d1c0e716ef95d1
[INFO] running `Command { std: "docker" "create" "-v" "/var/lib/crater-agent-workspace/builds/worker-3-tc1/target:/opt/rustwide/target:rw,Z" "-v" "/var/lib/crater-agent-workspace/builds/worker-3-tc1/source:/opt/rustwide/workdir:ro,Z" "-v" "/var/lib/crater-agent-workspace/cargo-home:/opt/rustwide/cargo-home:ro,Z" "-v" "/var/lib/crater-agent-workspace/rustup-home:/opt/rustwide/rustup-home:ro,Z" "-e" "SOURCE_DIR=/opt/rustwide/workdir" "-e" "CARGO_TARGET_DIR=/opt/rustwide/target" "-e" "CARGO_INCREMENTAL=0" "-e" "RUST_BACKTRACE=full" "-e" "RUSTFLAGS=--cap-lints=warn" "-e" "RUSTDOCFLAGS=--cap-lints=warn" "-e" "CARGO_HOME=/opt/rustwide/cargo-home" "-e" "RUSTUP_HOME=/opt/rustwide/rustup-home" "-w" "/opt/rustwide/workdir" "-m" "1610612736" "--user" "0:0" "--network" "none" "ghcr.io/rust-lang/crates-build-env/linux@sha256:2788e3201cd34a07e3172128adcd8b3090168a8e3bcc40d7c032b9dda1df7d1c" "/opt/rustwide/cargo-home/bin/cargo" "+1.75.0" "test" "--frozen" "--no-run" "--message-format=json", kill_on_drop: false }`
[INFO] [stdout] be8d66c47bbb8ba55ff1668d742cd132285a0c388ca42259c7b0b1969e023438
[INFO] running `Command { std: "docker" "start" "-a" "be8d66c47bbb8ba55ff1668d742cd132285a0c388ca42259c7b0b1969e023438", kill_on_drop: false }`
[INFO] [stderr]    Compiling ssm_helper v0.2.0 (/opt/rustwide/workdir)
[INFO] [stdout] warning: unreachable pattern
[INFO] [stdout]    --> src/main.rs:149:9
[INFO] [stdout]     |
[INFO] [stdout] 149 |         _ => (),
[INFO] [stdout]     |         ^
[INFO] [stdout]     |
[INFO] [stdout]     = note: `#[warn(unreachable_patterns)]` on by default
[INFO] [stdout] 
[INFO] [stdout] 
[INFO] [stdout] warning: 1 warning emitted
[INFO] [stdout] 
[INFO] [stdout] 
[INFO] [stderr]     Finished test [unoptimized + debuginfo] target(s) in 4.47s
[INFO] running `Command { std: "docker" "inspect" "be8d66c47bbb8ba55ff1668d742cd132285a0c388ca42259c7b0b1969e023438", kill_on_drop: false }`
[INFO] running `Command { std: "docker" "rm" "-f" "be8d66c47bbb8ba55ff1668d742cd132285a0c388ca42259c7b0b1969e023438", kill_on_drop: false }`
[INFO] [stdout] be8d66c47bbb8ba55ff1668d742cd132285a0c388ca42259c7b0b1969e023438
[INFO] running `Command { std: "docker" "create" "-v" "/var/lib/crater-agent-workspace/builds/worker-3-tc1/target:/opt/rustwide/target:rw,Z" "-v" "/var/lib/crater-agent-workspace/builds/worker-3-tc1/source:/opt/rustwide/workdir:ro,Z" "-v" "/var/lib/crater-agent-workspace/cargo-home:/opt/rustwide/cargo-home:ro,Z" "-v" "/var/lib/crater-agent-workspace/rustup-home:/opt/rustwide/rustup-home:ro,Z" "-e" "SOURCE_DIR=/opt/rustwide/workdir" "-e" "CARGO_TARGET_DIR=/opt/rustwide/target" "-e" "CARGO_INCREMENTAL=0" "-e" "RUST_BACKTRACE=full" "-e" "RUSTFLAGS=--cap-lints=warn" "-e" "RUSTDOCFLAGS=--cap-lints=warn" "-e" "CARGO_HOME=/opt/rustwide/cargo-home" "-e" "RUSTUP_HOME=/opt/rustwide/rustup-home" "-w" "/opt/rustwide/workdir" "-m" "1610612736" "--user" "0:0" "--network" "none" "ghcr.io/rust-lang/crates-build-env/linux@sha256:2788e3201cd34a07e3172128adcd8b3090168a8e3bcc40d7c032b9dda1df7d1c" "/opt/rustwide/cargo-home/bin/cargo" "+1.75.0" "test" "--frozen", kill_on_drop: false }`
[INFO] [stdout] f1dbc8193737ef9f5bdc05815cc235959b7d9238da9bd3b10b4363fa088937d3
[INFO] running `Command { std: "docker" "start" "-a" "f1dbc8193737ef9f5bdc05815cc235959b7d9238da9bd3b10b4363fa088937d3", kill_on_drop: false }`
[INFO] [stderr] warning: unreachable pattern
[INFO] [stderr]    --> src/main.rs:149:9
[INFO] [stderr]     |
[INFO] [stderr] 149 |         _ => (),
[INFO] [stderr]     |         ^
[INFO] [stderr]     |
[INFO] [stderr]     = note: `#[warn(unreachable_patterns)]` on by default
[INFO] [stderr] 
[INFO] [stderr] warning: `ssm_helper` (bin "ssm_helper" test) generated 1 warning
[INFO] [stderr]     Finished test [unoptimized + debuginfo] target(s) in 0.17s
[INFO] [stderr]      Running unittests src/main.rs (/opt/rustwide/target/debug/deps/ssm_helper-121d4b2e25f6282f)
[INFO] [stdout] 
[INFO] [stdout] running 6 tests
[INFO] [stdout] test tests::it_works ... ok
[INFO] [stdout] test tests::get_parameters_by_path_error ... ok
[INFO] [stdout] test tests::get_parameter_error ... ok
[INFO] [stdout] test tests::get_parameter_and_error ... FAILED
[INFO] [stdout] test tests::get_parameters_by_path ... FAILED
[INFO] [stdout] test tests::get_parameter ... FAILED
[INFO] [stdout] 
[INFO] [stdout] failures:
[INFO] [stdout] 
[INFO] [stdout] ---- tests::get_parameter_and_error stdout ----
[INFO] [stdout] thread 'tests::get_parameter_and_error' panicked at src/main.rs:190:9:
[INFO] [stdout] assertion failed: result.is_ok()
[INFO] [stdout] stack backtrace:
[INFO] [stdout]    0:     0x56039aa110cc - std::backtrace_rs::backtrace::libunwind::trace::ha637c64ce894333a
[INFO] [stdout]                                at /rustc/82e1608dfa6e0b5569232559e3d385fea5a93112/library/std/src/../../backtrace/src/backtrace/libunwind.rs:104:5
[INFO] [stdout]    1:     0x56039aa110cc - std::backtrace_rs::backtrace::trace_unsynchronized::h47f62dea28e0c88d
[INFO] [stdout]                                at /rustc/82e1608dfa6e0b5569232559e3d385fea5a93112/library/std/src/../../backtrace/src/backtrace/mod.rs:66:5
[INFO] [stdout]    2:     0x56039aa110cc - std::sys_common::backtrace::_print_fmt::h9eef0abe20ede486
[INFO] [stdout]                                at /rustc/82e1608dfa6e0b5569232559e3d385fea5a93112/library/std/src/sys_common/backtrace.rs:67:5
[INFO] [stdout]    3:     0x56039aa110cc - <std::sys_common::backtrace::_print::DisplayBacktrace as core::fmt::Display>::fmt::hed7f999df88cc644
[INFO] [stdout]                                at /rustc/82e1608dfa6e0b5569232559e3d385fea5a93112/library/std/src/sys_common/backtrace.rs:44:22
[INFO] [stdout]    4:     0x56039aa3e4e0 - core::fmt::rt::Argument::fmt::h1539a9308b8d058d
[INFO] [stdout]                                at /rustc/82e1608dfa6e0b5569232559e3d385fea5a93112/library/core/src/fmt/rt.rs:142:9
[INFO] [stdout]    5:     0x56039aa3e4e0 - core::fmt::write::h3a39390d8560d9c9
[INFO] [stdout]                                at /rustc/82e1608dfa6e0b5569232559e3d385fea5a93112/library/core/src/fmt/mod.rs:1120:17
[INFO] [stdout]    6:     0x56039aa0e13f - std::io::Write::write_fmt::h040b369f3a0f9cbc
[INFO] [stdout]                                at /rustc/82e1608dfa6e0b5569232559e3d385fea5a93112/library/std/src/io/mod.rs:1762:15
[INFO] [stdout]    7:     0x56039aa10eb4 - std::sys_common::backtrace::_print::h894006fb5c6f3d45
[INFO] [stdout]                                at /rustc/82e1608dfa6e0b5569232559e3d385fea5a93112/library/std/src/sys_common/backtrace.rs:47:5
[INFO] [stdout]    8:     0x56039aa10eb4 - std::sys_common::backtrace::print::h23a2d212c6fff936
[INFO] [stdout]                                at /rustc/82e1608dfa6e0b5569232559e3d385fea5a93112/library/std/src/sys_common/backtrace.rs:34:9
[INFO] [stdout]    9:     0x56039aa12b77 - std::panicking::default_hook::{{closure}}::h8a1d2ee00185001a
[INFO] [stdout]   10:     0x56039aa12863 - std::panicking::default_hook::h6038f2eba384e475
[INFO] [stdout]                                at /rustc/82e1608dfa6e0b5569232559e3d385fea5a93112/library/std/src/panicking.rs:289:9
[INFO] [stdout]   11:     0x56039a309827 - <alloc::boxed::Box<F,A> as core::ops::function::Fn<Args>>::call::h0ad024c9bdc6d768
[INFO] [stdout]                                at /rustc/82e1608dfa6e0b5569232559e3d385fea5a93112/library/alloc/src/boxed.rs:2021:9
[INFO] [stdout]   12:     0x56039a309827 - test::test_main::{{closure}}::h7500b54257359db6
[INFO] [stdout]                                at /rustc/82e1608dfa6e0b5569232559e3d385fea5a93112/library/test/src/lib.rs:138:21
[INFO] [stdout]   13:     0x56039aa13188 - <alloc::boxed::Box<F,A> as core::ops::function::Fn<Args>>::call::h1f8f335eaa9cfaee
[INFO] [stdout]                                at /rustc/82e1608dfa6e0b5569232559e3d385fea5a93112/library/alloc/src/boxed.rs:2021:9
[INFO] [stdout]   14:     0x56039aa13188 - std::panicking::rust_panic_with_hook::h2b5517d590cab22e
[INFO] [stdout]                                at /rustc/82e1608dfa6e0b5569232559e3d385fea5a93112/library/std/src/panicking.rs:783:13
[INFO] [stdout]   15:     0x56039aa12ea9 - std::panicking::begin_panic_handler::{{closure}}::h233112c06e0ef43e
[INFO] [stdout]                                at /rustc/82e1608dfa6e0b5569232559e3d385fea5a93112/library/std/src/panicking.rs:649:13
[INFO] [stdout]   16:     0x56039aa11596 - std::sys_common::backtrace::__rust_end_short_backtrace::h6e893f24d7ebbff8
[INFO] [stdout]                                at /rustc/82e1608dfa6e0b5569232559e3d385fea5a93112/library/std/src/sys_common/backtrace.rs:170:18
[INFO] [stdout]   17:     0x56039aa12c42 - rust_begin_unwind
[INFO] [stdout]                                at /rustc/82e1608dfa6e0b5569232559e3d385fea5a93112/library/std/src/panicking.rs:645:5
[INFO] [stdout]   18:     0x56039a2c2585 - core::panicking::panic_fmt::hbf0e066aabfa482c
[INFO] [stdout]                                at /rustc/82e1608dfa6e0b5569232559e3d385fea5a93112/library/core/src/panicking.rs:72:14
[INFO] [stdout]   19:     0x56039a2c2623 - core::panicking::panic::h195fc2a96298d4c3
[INFO] [stdout]                                at /rustc/82e1608dfa6e0b5569232559e3d385fea5a93112/library/core/src/panicking.rs:127:5
[INFO] [stdout]   20:     0x56039a2d546e - ssm_helper::tests::get_parameter_and_error::h0976175f52708eed
[INFO] [stdout]                                at /opt/rustwide/workdir/src/main.rs:190:9
[INFO] [stdout]   21:     0x56039a2d51d7 - ssm_helper::tests::get_parameter_and_error::{{closure}}::h6c2e599a55b156ed
[INFO] [stdout]                                at /opt/rustwide/workdir/src/main.rs:179:33
[INFO] [stdout]   22:     0x56039a2cd1d6 - core::ops::function::FnOnce::call_once::h94a817b49f87f5a4
[INFO] [stdout]                                at /rustc/82e1608dfa6e0b5569232559e3d385fea5a93112/library/core/src/ops/function.rs:250:5
[INFO] [stdout]   23:     0x56039a30ee7f - core::ops::function::FnOnce::call_once::h2b5d431d5046312d
[INFO] [stdout]                                at /rustc/82e1608dfa6e0b5569232559e3d385fea5a93112/library/core/src/ops/function.rs:250:5
[INFO] [stdout]   24:     0x56039a30ee7f - test::__rust_begin_short_backtrace::h7714669af176e207
[INFO] [stdout]                                at /rustc/82e1608dfa6e0b5569232559e3d385fea5a93112/library/test/src/lib.rs:628:18
[INFO] [stdout]   25:     0x56039a30de95 - test::run_test_in_process::{{closure}}::h85218797dcbcec12
[INFO] [stdout]                                at /rustc/82e1608dfa6e0b5569232559e3d385fea5a93112/library/test/src/lib.rs:651:60
[INFO] [stdout]   26:     0x56039a30de95 - <core::panic::unwind_safe::AssertUnwindSafe<F> as core::ops::function::FnOnce<()>>::call_once::h76c106ea31c14d7b
[INFO] [stdout]                                at /rustc/82e1608dfa6e0b5569232559e3d385fea5a93112/library/core/src/panic/unwind_safe.rs:272:9
[INFO] [stdout]   27:     0x56039a30de95 - std::panicking::try::do_call::h3bd5d0f6620ee946
[INFO] [stdout]                                at /rustc/82e1608dfa6e0b5569232559e3d385fea5a93112/library/std/src/panicking.rs:552:40
[INFO] [stdout]   28:     0x56039a30de95 - std::panicking::try::h232e535e4744fe31
[INFO] [stdout]                                at /rustc/82e1608dfa6e0b5569232559e3d385fea5a93112/library/std/src/panicking.rs:516:19
[INFO] [stdout]   29:     0x56039a30de95 - std::panic::catch_unwind::h3ce3bd6ca8dbac68
[INFO] [stdout]                                at /rustc/82e1608dfa6e0b5569232559e3d385fea5a93112/library/std/src/panic.rs:142:14
[INFO] [stdout]   30:     0x56039a30de95 - test::run_test_in_process::hc97b257c9621286a
[INFO] [stdout]                                at /rustc/82e1608dfa6e0b5569232559e3d385fea5a93112/library/test/src/lib.rs:651:27
[INFO] [stdout]   31:     0x56039a30de95 - test::run_test::{{closure}}::h2aa798823a438d38
[INFO] [stdout]                                at /rustc/82e1608dfa6e0b5569232559e3d385fea5a93112/library/test/src/lib.rs:574:43
[INFO] [stdout]   32:     0x56039a2d6156 - test::run_test::{{closure}}::h87d231c78fb59832
[INFO] [stdout]                                at /rustc/82e1608dfa6e0b5569232559e3d385fea5a93112/library/test/src/lib.rs:602:41
[INFO] [stdout]   33:     0x56039a2d6156 - std::sys_common::backtrace::__rust_begin_short_backtrace::he6df152596625789
[INFO] [stdout]                                at /rustc/82e1608dfa6e0b5569232559e3d385fea5a93112/library/std/src/sys_common/backtrace.rs:154:18
[INFO] [stdout]   34:     0x56039a2db207 - std::thread::Builder::spawn_unchecked_::{{closure}}::{{closure}}::ha94be15d1e0acf36
[INFO] [stdout]                                at /rustc/82e1608dfa6e0b5569232559e3d385fea5a93112/library/std/src/thread/mod.rs:529:17
[INFO] [stdout]   35:     0x56039a2db207 - <core::panic::unwind_safe::AssertUnwindSafe<F> as core::ops::function::FnOnce<()>>::call_once::h9dc6bd6372f16606
[INFO] [stdout]                                at /rustc/82e1608dfa6e0b5569232559e3d385fea5a93112/library/core/src/panic/unwind_safe.rs:272:9
[INFO] [stdout]   36:     0x56039a2db207 - std::panicking::try::do_call::h9057517f80303cd4
[INFO] [stdout]                                at /rustc/82e1608dfa6e0b5569232559e3d385fea5a93112/library/std/src/panicking.rs:552:40
[INFO] [stdout]   37:     0x56039a2db207 - std::panicking::try::he3a30b11ee45340c
[INFO] [stdout]                                at /rustc/82e1608dfa6e0b5569232559e3d385fea5a93112/library/std/src/panicking.rs:516:19
[INFO] [stdout]   38:     0x56039a2db207 - std::panic::catch_unwind::h410458cfd3528b8b
[INFO] [stdout]                                at /rustc/82e1608dfa6e0b5569232559e3d385fea5a93112/library/std/src/panic.rs:142:14
[INFO] [stdout]   39:     0x56039a2db207 - std::thread::Builder::spawn_unchecked_::{{closure}}::h72ac3bdb567b737b
[INFO] [stdout]                                at /rustc/82e1608dfa6e0b5569232559e3d385fea5a93112/library/std/src/thread/mod.rs:528:30
[INFO] [stdout]   40:     0x56039a2db207 - core::ops::function::FnOnce::call_once{{vtable.shim}}::h38f34da3654a8344
[INFO] [stdout]                                at /rustc/82e1608dfa6e0b5569232559e3d385fea5a93112/library/core/src/ops/function.rs:250:5
[INFO] [stdout]   41:     0x56039aa17eb5 - <alloc::boxed::Box<F,A> as core::ops::function::FnOnce<Args>>::call_once::hc7eafaff61e32df9
[INFO] [stdout]                                at /rustc/82e1608dfa6e0b5569232559e3d385fea5a93112/library/alloc/src/boxed.rs:2007:9
[INFO] [stdout]   42:     0x56039aa17eb5 - <alloc::boxed::Box<F,A> as core::ops::function::FnOnce<Args>>::call_once::h6ba4a5de48dd2304
[INFO] [stdout]                                at /rustc/82e1608dfa6e0b5569232559e3d385fea5a93112/library/alloc/src/boxed.rs:2007:9
[INFO] [stdout]   43:     0x56039aa17eb5 - std::sys::unix::thread::Thread::new::thread_start::he469335aef763e45
[INFO] [stdout]                                at /rustc/82e1608dfa6e0b5569232559e3d385fea5a93112/library/std/src/sys/unix/thread.rs:108:17
[INFO] [stdout]   44:     0x7f8a3459bac3 - <unknown>
[INFO] [stdout]   45:     0x7f8a3462cbf4 - __clone
[INFO] [stdout]   46:                0x0 - <unknown>
[INFO] [stdout] 
[INFO] [stdout] ---- tests::get_parameters_by_path stdout ----
[INFO] [stdout] thread 'tests::get_parameters_by_path' panicked at src/main.rs:219:9:
[INFO] [stdout] assertion failed: result.is_ok()
[INFO] [stdout] stack backtrace:
[INFO] [stdout]    0:     0x56039aa110cc - std::backtrace_rs::backtrace::libunwind::trace::ha637c64ce894333a
[INFO] [stdout]                                at /rustc/82e1608dfa6e0b5569232559e3d385fea5a93112/library/std/src/../../backtrace/src/backtrace/libunwind.rs:104:5
[INFO] [stdout]    1:     0x56039aa110cc - std::backtrace_rs::backtrace::trace_unsynchronized::h47f62dea28e0c88d
[INFO] [stdout]                                at /rustc/82e1608dfa6e0b5569232559e3d385fea5a93112/library/std/src/../../backtrace/src/backtrace/mod.rs:66:5
[INFO] [stdout]    2:     0x56039aa110cc - std::sys_common::backtrace::_print_fmt::h9eef0abe20ede486
[INFO] [stdout]                                at /rustc/82e1608dfa6e0b5569232559e3d385fea5a93112/library/std/src/sys_common/backtrace.rs:67:5
[INFO] [stdout]    3:     0x56039aa110cc - <std::sys_common::backtrace::_print::DisplayBacktrace as core::fmt::Display>::fmt::hed7f999df88cc644
[INFO] [stdout]                                at /rustc/82e1608dfa6e0b5569232559e3d385fea5a93112/library/std/src/sys_common/backtrace.rs:44:22
[INFO] [stdout]    4:     0x56039aa3e4e0 - core::fmt::rt::Argument::fmt::h1539a9308b8d058d
[INFO] [stdout]                                at /rustc/82e1608dfa6e0b5569232559e3d385fea5a93112/library/core/src/fmt/rt.rs:142:9
[INFO] [stdout]    5:     0x56039aa3e4e0 - core::fmt::write::h3a39390d8560d9c9
[INFO] [stdout]                                at /rustc/82e1608dfa6e0b5569232559e3d385fea5a93112/library/core/src/fmt/mod.rs:1120:17
[INFO] [stdout]    6:     0x56039aa0e13f - std::io::Write::write_fmt::h040b369f3a0f9cbc
[INFO] [stdout]                                at /rustc/82e1608dfa6e0b5569232559e3d385fea5a93112/library/std/src/io/mod.rs:1762:15
[INFO] [stdout]    7:     0x56039aa10eb4 - std::sys_common::backtrace::_print::h894006fb5c6f3d45
[INFO] [stdout]                                at /rustc/82e1608dfa6e0b5569232559e3d385fea5a93112/library/std/src/sys_common/backtrace.rs:47:5
[INFO] [stdout]    8:     0x56039aa10eb4 - std::sys_common::backtrace::print::h23a2d212c6fff936
[INFO] [stdout]                                at /rustc/82e1608dfa6e0b5569232559e3d385fea5a93112/library/std/src/sys_common/backtrace.rs:34:9
[INFO] [stdout]    9:     0x56039aa12b77 - std::panicking::default_hook::{{closure}}::h8a1d2ee00185001a
[INFO] [stdout]   10:     0x56039aa12863 - std::panicking::default_hook::h6038f2eba384e475
[INFO] [stdout]                                at /rustc/82e1608dfa6e0b5569232559e3d385fea5a93112/library/std/src/panicking.rs:289:9
[INFO] [stdout]   11:     0x56039a309827 - <alloc::boxed::Box<F,A> as core::ops::function::Fn<Args>>::call::h0ad024c9bdc6d768
[INFO] [stdout]                                at /rustc/82e1608dfa6e0b5569232559e3d385fea5a93112/library/alloc/src/boxed.rs:2021:9
[INFO] [stdout]   12:     0x56039a309827 - test::test_main::{{closure}}::h7500b54257359db6
[INFO] [stdout]                                at /rustc/82e1608dfa6e0b5569232559e3d385fea5a93112/library/test/src/lib.rs:138:21
[INFO] [stdout]   13:     0x56039aa13188 - <alloc::boxed::Box<F,A> as core::ops::function::Fn<Args>>::call::h1f8f335eaa9cfaee
[INFO] [stdout]                                at /rustc/82e1608dfa6e0b5569232559e3d385fea5a93112/library/alloc/src/boxed.rs:2021:9
[INFO] [stdout]   14:     0x56039aa13188 - std::panicking::rust_panic_with_hook::h2b5517d590cab22e
[INFO] [stdout]                                at /rustc/82e1608dfa6e0b5569232559e3d385fea5a93112/library/std/src/panicking.rs:783:13
[INFO] [stdout]   15:     0x56039aa12ea9 - std::panicking::begin_panic_handler::{{closure}}::h233112c06e0ef43e
[INFO] [stdout]                                at /rustc/82e1608dfa6e0b5569232559e3d385fea5a93112/library/std/src/panicking.rs:649:13
[INFO] [stdout]   16:     0x56039aa11596 - std::sys_common::backtrace::__rust_end_short_backtrace::h6e893f24d7ebbff8
[INFO] [stdout]                                at /rustc/82e1608dfa6e0b5569232559e3d385fea5a93112/library/std/src/sys_common/backtrace.rs:170:18
[INFO] [stdout]   17:     0x56039aa12c42 - rust_begin_unwind
[INFO] [stdout]                                at /rustc/82e1608dfa6e0b5569232559e3d385fea5a93112/library/std/src/panicking.rs:645:5
[INFO] [stdout]   18:     0x56039a2c2585 - core::panicking::panic_fmt::hbf0e066aabfa482c
[INFO] [stdout]                                at /rustc/82e1608dfa6e0b5569232559e3d385fea5a93112/library/core/src/panicking.rs:72:14
[INFO] [stdout]   19:     0x56039a2c2623 - core::panicking::panic::h195fc2a96298d4c3
[INFO] [stdout]                                at /rustc/82e1608dfa6e0b5569232559e3d385fea5a93112/library/core/src/panicking.rs:127:5
[INFO] [stdout]   20:     0x56039a2d5af8 - ssm_helper::tests::get_parameters_by_path::hdf280c4a481fd1d9
[INFO] [stdout]                                at /opt/rustwide/workdir/src/main.rs:219:9
[INFO] [stdout]   21:     0x56039a2d5967 - ssm_helper::tests::get_parameters_by_path::{{closure}}::h6d0413a055d15ae8
[INFO] [stdout]                                at /opt/rustwide/workdir/src/main.rs:209:32
[INFO] [stdout]   22:     0x56039a2cd036 - core::ops::function::FnOnce::call_once::h1eb302bd5e44f5d5
[INFO] [stdout]                                at /rustc/82e1608dfa6e0b5569232559e3d385fea5a93112/library/core/src/ops/function.rs:250:5
[INFO] [stdout]   23:     0x56039a30ee7f - core::ops::function::FnOnce::call_once::h2b5d431d5046312d
[INFO] [stdout]                                at /rustc/82e1608dfa6e0b5569232559e3d385fea5a93112/library/core/src/ops/function.rs:250:5
[INFO] [stdout]   24:     0x56039a30ee7f - test::__rust_begin_short_backtrace::h7714669af176e207
[INFO] [stdout]                                at /rustc/82e1608dfa6e0b5569232559e3d385fea5a93112/library/test/src/lib.rs:628:18
[INFO] [stdout]   25:     0x56039a30de95 - test::run_test_in_process::{{closure}}::h85218797dcbcec12
[INFO] [stdout]                                at /rustc/82e1608dfa6e0b5569232559e3d385fea5a93112/library/test/src/lib.rs:651:60
[INFO] [stdout]   26:     0x56039a30de95 - <core::panic::unwind_safe::AssertUnwindSafe<F> as core::ops::function::FnOnce<()>>::call_once::h76c106ea31c14d7b
[INFO] [stdout]                                at /rustc/82e1608dfa6e0b5569232559e3d385fea5a93112/library/core/src/panic/unwind_safe.rs:272:9
[INFO] [stdout]   27:     0x56039a30de95 - std::panicking::try::do_call::h3bd5d0f6620ee946
[INFO] [stdout]                                at /rustc/82e1608dfa6e0b5569232559e3d385fea5a93112/library/std/src/panicking.rs:552:40
[INFO] [stdout]   28:     0x56039a30de95 - std::panicking::try::h232e535e4744fe31
[INFO] [stdout]                                at /rustc/82e1608dfa6e0b5569232559e3d385fea5a93112/library/std/src/panicking.rs:516:19
[INFO] [stdout]   29:     0x56039a30de95 - std::panic::catch_unwind::h3ce3bd6ca8dbac68
[INFO] [stdout]                                at /rustc/82e1608dfa6e0b5569232559e3d385fea5a93112/library/std/src/panic.rs:142:14
[INFO] [stdout]   30:     0x56039a30de95 - test::run_test_in_process::hc97b257c9621286a
[INFO] [stdout]                                at /rustc/82e1608dfa6e0b5569232559e3d385fea5a93112/library/test/src/lib.rs:651:27
[INFO] [stdout]   31:     0x56039a30de95 - test::run_test::{{closure}}::h2aa798823a438d38
[INFO] [stdout]                                at /rustc/82e1608dfa6e0b5569232559e3d385fea5a93112/library/test/src/lib.rs:574:43
[INFO] [stdout]   32:     0x56039a2d6156 - test::run_test::{{closure}}::h87d231c78fb59832
[INFO] [stdout]                                at /rustc/82e1608dfa6e0b5569232559e3d385fea5a93112/library/test/src/lib.rs:602:41
[INFO] [stdout]   33:     0x56039a2d6156 - std::sys_common::backtrace::__rust_begin_short_backtrace::he6df152596625789
[INFO] [stdout]                                at /rustc/82e1608dfa6e0b5569232559e3d385fea5a93112/library/std/src/sys_common/backtrace.rs:154:18
[INFO] [stdout]   34:     0x56039a2db207 - std::thread::Builder::spawn_unchecked_::{{closure}}::{{closure}}::ha94be15d1e0acf36
[INFO] [stdout]                                at /rustc/82e1608dfa6e0b5569232559e3d385fea5a93112/library/std/src/thread/mod.rs:529:17
[INFO] [stdout]   35:     0x56039a2db207 - <core::panic::unwind_safe::AssertUnwindSafe<F> as core::ops::function::FnOnce<()>>::call_once::h9dc6bd6372f16606
[INFO] [stdout]                                at /rustc/82e1608dfa6e0b5569232559e3d385fea5a93112/library/core/src/panic/unwind_safe.rs:272:9
[INFO] [stdout]   36:     0x56039a2db207 - std::panicking::try::do_call::h9057517f80303cd4
[INFO] [stdout]                                at /rustc/82e1608dfa6e0b5569232559e3d385fea5a93112/library/std/src/panicking.rs:552:40
[INFO] [stdout]   37:     0x56039a2db207 - std::panicking::try::he3a30b11ee45340c
[INFO] [stdout]                                at /rustc/82e1608dfa6e0b5569232559e3d385fea5a93112/library/std/src/panicking.rs:516:19
[INFO] [stdout]   38:     0x56039a2db207 - std::panic::catch_unwind::h410458cfd3528b8b
[INFO] [stdout]                                at /rustc/82e1608dfa6e0b5569232559e3d385fea5a93112/library/std/src/panic.rs:142:14
[INFO] [stdout]   39:     0x56039a2db207 - std::thread::Builder::spawn_unchecked_::{{closure}}::h72ac3bdb567b737b
[INFO] [stdout]                                at /rustc/82e1608dfa6e0b5569232559e3d385fea5a93112/library/std/src/thread/mod.rs:528:30
[INFO] [stdout]   40:     0x56039a2db207 - core::ops::function::FnOnce::call_once{{vtable.shim}}::h38f34da3654a8344
[INFO] [stdout]                                at /rustc/82e1608dfa6e0b5569232559e3d385fea5a93112/library/core/src/ops/function.rs:250:5
[INFO] [stdout]   41:     0x56039aa17eb5 - <alloc::boxed::Box<F,A> as core::ops::function::FnOnce<Args>>::call_once::hc7eafaff61e32df9
[INFO] [stdout]                                at /rustc/82e1608dfa6e0b5569232559e3d385fea5a93112/library/alloc/src/boxed.rs:2007:9
[INFO] [stdout]   42:     0x56039aa17eb5 - <alloc::boxed::Box<F,A> as core::ops::function::FnOnce<Args>>::call_once::h6ba4a5de48dd2304
[INFO] [stdout]                                at /rustc/82e1608dfa6e0b5569232559e3d385fea5a93112/library/alloc/src/boxed.rs:2007:9
[INFO] [stdout]   43:     0x56039aa17eb5 - std::sys::unix::thread::Thread::new::thread_start::he469335aef763e45
[INFO] [stdout]                                at /rustc/82e1608dfa6e0b5569232559e3d385fea5a93112/library/std/src/sys/unix/thread.rs:108:17
[INFO] [stdout]   44:     0x7f8a3459bac3 - <unknown>
[INFO] [stdout]   45:     0x7f8a3462cbf4 - __clone
[INFO] [stdout]   46:                0x0 - <unknown>
[INFO] [stdout] 
[INFO] [stdout] ---- tests::get_parameter stdout ----
[INFO] [stdout] thread 'tests::get_parameter' panicked at src/main.rs:172:9:
[INFO] [stdout] assertion failed: result.is_ok()
[INFO] [stdout] stack backtrace:
[INFO] [stdout]    0:     0x56039aa110cc - std::backtrace_rs::backtrace::libunwind::trace::ha637c64ce894333a
[INFO] [stdout]                                at /rustc/82e1608dfa6e0b5569232559e3d385fea5a93112/library/std/src/../../backtrace/src/backtrace/libunwind.rs:104:5
[INFO] [stdout]    1:     0x56039aa110cc - std::backtrace_rs::backtrace::trace_unsynchronized::h47f62dea28e0c88d
[INFO] [stdout]                                at /rustc/82e1608dfa6e0b5569232559e3d385fea5a93112/library/std/src/../../backtrace/src/backtrace/mod.rs:66:5
[INFO] [stdout]    2:     0x56039aa110cc - std::sys_common::backtrace::_print_fmt::h9eef0abe20ede486
[INFO] [stdout]                                at /rustc/82e1608dfa6e0b5569232559e3d385fea5a93112/library/std/src/sys_common/backtrace.rs:67:5
[INFO] [stdout]    3:     0x56039aa110cc - <std::sys_common::backtrace::_print::DisplayBacktrace as core::fmt::Display>::fmt::hed7f999df88cc644
[INFO] [stdout]                                at /rustc/82e1608dfa6e0b5569232559e3d385fea5a93112/library/std/src/sys_common/backtrace.rs:44:22
[INFO] [stdout]    4:     0x56039aa3e4e0 - core::fmt::rt::Argument::fmt::h1539a9308b8d058d
[INFO] [stdout]                                at /rustc/82e1608dfa6e0b5569232559e3d385fea5a93112/library/core/src/fmt/rt.rs:142:9
[INFO] [stdout]    5:     0x56039aa3e4e0 - core::fmt::write::h3a39390d8560d9c9
[INFO] [stdout]                                at /rustc/82e1608dfa6e0b5569232559e3d385fea5a93112/library/core/src/fmt/mod.rs:1120:17
[INFO] [stdout]    6:     0x56039aa0e13f - std::io::Write::write_fmt::h040b369f3a0f9cbc
[INFO] [stdout]                                at /rustc/82e1608dfa6e0b5569232559e3d385fea5a93112/library/std/src/io/mod.rs:1762:15
[INFO] [stdout]    7:     0x56039aa10eb4 - std::sys_common::backtrace::_print::h894006fb5c6f3d45
[INFO] [stdout]                                at /rustc/82e1608dfa6e0b5569232559e3d385fea5a93112/library/std/src/sys_common/backtrace.rs:47:5
[INFO] [stdout]    8:     0x56039aa10eb4 - std::sys_common::backtrace::print::h23a2d212c6fff936
[INFO] [stdout]                                at /rustc/82e1608dfa6e0b5569232559e3d385fea5a93112/library/std/src/sys_common/backtrace.rs:34:9
[INFO] [stdout]    9:     0x56039aa12b77 - std::panicking::default_hook::{{closure}}::h8a1d2ee00185001a
[INFO] [stdout]   10:     0x56039aa12863 - std::panicking::default_hook::h6038f2eba384e475
[INFO] [stdout]                                at /rustc/82e1608dfa6e0b5569232559e3d385fea5a93112/library/std/src/panicking.rs:289:9
[INFO] [stdout]   11:     0x56039a309827 - <alloc::boxed::Box<F,A> as core::ops::function::Fn<Args>>::call::h0ad024c9bdc6d768
[INFO] [stdout]                                at /rustc/82e1608dfa6e0b5569232559e3d385fea5a93112/library/alloc/src/boxed.rs:2021:9
[INFO] [stdout]   12:     0x56039a309827 - test::test_main::{{closure}}::h7500b54257359db6
[INFO] [stdout]                                at /rustc/82e1608dfa6e0b5569232559e3d385fea5a93112/library/test/src/lib.rs:138:21
[INFO] [stdout]   13:     0x56039aa13188 - <alloc::boxed::Box<F,A> as core::ops::function::Fn<Args>>::call::h1f8f335eaa9cfaee
[INFO] [stdout]                                at /rustc/82e1608dfa6e0b5569232559e3d385fea5a93112/library/alloc/src/boxed.rs:2021:9
[INFO] [stdout]   14:     0x56039aa13188 - std::panicking::rust_panic_with_hook::h2b5517d590cab22e
[INFO] [stdout]                                at /rustc/82e1608dfa6e0b5569232559e3d385fea5a93112/library/std/src/panicking.rs:783:13
[INFO] [stdout]   15:     0x56039aa12ea9 - std::panicking::begin_panic_handler::{{closure}}::h233112c06e0ef43e
[INFO] [stdout]                                at /rustc/82e1608dfa6e0b5569232559e3d385fea5a93112/library/std/src/panicking.rs:649:13
[INFO] [stdout]   16:     0x56039aa11596 - std::sys_common::backtrace::__rust_end_short_backtrace::h6e893f24d7ebbff8
[INFO] [stdout]                                at /rustc/82e1608dfa6e0b5569232559e3d385fea5a93112/library/std/src/sys_common/backtrace.rs:170:18
[INFO] [stdout]   17:     0x56039aa12c42 - rust_begin_unwind
[INFO] [stdout]                                at /rustc/82e1608dfa6e0b5569232559e3d385fea5a93112/library/std/src/panicking.rs:645:5
[INFO] [stdout]   18:     0x56039a2c2585 - core::panicking::panic_fmt::hbf0e066aabfa482c
[INFO] [stdout]                                at /rustc/82e1608dfa6e0b5569232559e3d385fea5a93112/library/core/src/panicking.rs:72:14
[INFO] [stdout]   19:     0x56039a2c2623 - core::panicking::panic::h195fc2a96298d4c3
[INFO] [stdout]                                at /rustc/82e1608dfa6e0b5569232559e3d385fea5a93112/library/core/src/panicking.rs:127:5
[INFO] [stdout]   20:     0x56039a2d4fe2 - ssm_helper::tests::get_parameter::h5dcde63ec33b5f40
[INFO] [stdout]                                at /opt/rustwide/workdir/src/main.rs:172:9
[INFO] [stdout]   21:     0x56039a2d4da7 - ssm_helper::tests::get_parameter::{{closure}}::h2b2cbe54de7a52c8
[INFO] [stdout]                                at /opt/rustwide/workdir/src/main.rs:164:23
[INFO] [stdout]   22:     0x56039a2cd076 - core::ops::function::FnOnce::call_once::h229f505886489b80
[INFO] [stdout]                                at /rustc/82e1608dfa6e0b5569232559e3d385fea5a93112/library/core/src/ops/function.rs:250:5
[INFO] [stdout]   23:     0x56039a30ee7f - core::ops::function::FnOnce::call_once::h2b5d431d5046312d
[INFO] [stdout]                                at /rustc/82e1608dfa6e0b5569232559e3d385fea5a93112/library/core/src/ops/function.rs:250:5
[INFO] [stdout]   24:     0x56039a30ee7f - test::__rust_begin_short_backtrace::h7714669af176e207
[INFO] [stdout]                                at /rustc/82e1608dfa6e0b5569232559e3d385fea5a93112/library/test/src/lib.rs:628:18
[INFO] [stdout]   25:     0x56039a30de95 - test::run_test_in_process::{{closure}}::h85218797dcbcec12
[INFO] [stdout]                                at /rustc/82e1608dfa6e0b5569232559e3d385fea5a93112/library/test/src/lib.rs:651:60
[INFO] [stdout]   26:     0x56039a30de95 - <core::panic::unwind_safe::AssertUnwindSafe<F> as core::ops::function::FnOnce<()>>::call_once::h76c106ea31c14d7b
[INFO] [stdout]                                at /rustc/82e1608dfa6e0b5569232559e3d385fea5a93112/library/core/src/panic/unwind_safe.rs:272:9
[INFO] [stdout]   27:     0x56039a30de95 - std::panicking::try::do_call::h3bd5d0f6620ee946
[INFO] [stdout]                                at /rustc/82e1608dfa6e0b5569232559e3d385fea5a93112/library/std/src/panicking.rs:552:40
[INFO] [stdout]   28:     0x56039a30de95 - std::panicking::try::h232e535e4744fe31
[INFO] [stdout]                                at /rustc/82e1608dfa6e0b5569232559e3d385fea5a93112/library/std/src/panicking.rs:516:19
[INFO] [stdout]   29:     0x56039a30de95 - std::panic::catch_unwind::h3ce3bd6ca8dbac68
[INFO] [stdout]                                at /rustc/82e1608dfa6e0b5569232559e3d385fea5a93112/library/std/src/panic.rs:142:14
[INFO] [stdout]   30:     0x56039a30de95 - test::run_test_in_process::hc97b257c9621286a
[INFO] [stdout]                                at /rustc/82e1608dfa6e0b5569232559e3d385fea5a93112/library/test/src/lib.rs:651:27
[INFO] [stdout]   31:     0x56039a30de95 - test::run_test::{{closure}}::h2aa798823a438d38
[INFO] [stdout]                                at /rustc/82e1608dfa6e0b5569232559e3d385fea5a93112/library/test/src/lib.rs:574:43
[INFO] [stdout]   32:     0x56039a2d6156 - test::run_test::{{closure}}::h87d231c78fb59832
[INFO] [stdout]                                at /rustc/82e1608dfa6e0b5569232559e3d385fea5a93112/library/test/src/lib.rs:602:41
[INFO] [stdout]   33:     0x56039a2d6156 - std::sys_common::backtrace::__rust_begin_short_backtrace::he6df152596625789
[INFO] [stdout]                                at /rustc/82e1608dfa6e0b5569232559e3d385fea5a93112/library/std/src/sys_common/backtrace.rs:154:18
[INFO] [stdout]   34:     0x56039a2db207 - std::thread::Builder::spawn_unchecked_::{{closure}}::{{closure}}::ha94be15d1e0acf36
[INFO] [stdout]                                at /rustc/82e1608dfa6e0b5569232559e3d385fea5a93112/library/std/src/thread/mod.rs:529:17
[INFO] [stdout]   35:     0x56039a2db207 - <core::panic::unwind_safe::AssertUnwindSafe<F> as core::ops::function::FnOnce<()>>::call_once::h9dc6bd6372f16606
[INFO] [stdout]                                at /rustc/82e1608dfa6e0b5569232559e3d385fea5a93112/library/core/src/panic/unwind_safe.rs:272:9
[INFO] [stdout]   36:     0x56039a2db207 - std::panicking::try::do_call::h9057517f80303cd4
[INFO] [stdout]                                at /rustc/82e1608dfa6e0b5569232559e3d385fea5a93112/library/std/src/panicking.rs:552:40
[INFO] [stdout]   37:     0x56039a2db207 - std::panicking::try::he3a30b11ee45340c
[INFO] [stdout]                                at /rustc/82e1608dfa6e0b5569232559e3d385fea5a93112/library/std/src/panicking.rs:516:19
[INFO] [stdout]   38:     0x56039a2db207 - std::panic::catch_unwind::h410458cfd3528b8b
[INFO] [stdout]                                at /rustc/82e1608dfa6e0b5569232559e3d385fea5a93112/library/std/src/panic.rs:142:14
[INFO] [stdout]   39:     0x56039a2db207 - std::thread::Builder::spawn_unchecked_::{{closure}}::h72ac3bdb567b737b
[INFO] [stdout]                                at /rustc/82e1608dfa6e0b5569232559e3d385fea5a93112/library/std/src/thread/mod.rs:528:30
[INFO] [stdout]   40:     0x56039a2db207 - core::ops::function::FnOnce::call_once{{vtable.shim}}::h38f34da3654a8344
[INFO] [stdout]                                at /rustc/82e1608dfa6e0b5569232559e3d385fea5a93112/library/core/src/ops/function.rs:250:5
[INFO] [stdout]   41:     0x56039aa17eb5 - <alloc::boxed::Box<F,A> as core::ops::function::FnOnce<Args>>::call_once::hc7eafaff61e32df9
[INFO] [stdout]                                at /rustc/82e1608dfa6e0b5569232559e3d385fea5a93112/library/alloc/src/boxed.rs:2007:9
[INFO] [stdout]   42:     0x56039aa17eb5 - <alloc::boxed::Box<F,A> as core::ops::function::FnOnce<Args>>::call_once::h6ba4a5de48dd2304
[INFO] [stdout]                                at /rustc/82e1608dfa6e0b5569232559e3d385fea5a93112/library/alloc/src/boxed.rs:2007:9
[INFO] [stdout]   43:     0x56039aa17eb5 - std::sys::unix::thread::Thread::new::thread_start::he469335aef763e45
[INFO] [stdout]                                at /rustc/82e1608dfa6e0b5569232559e3d385fea5a93112/library/std/src/sys/unix/thread.rs:108:17
[INFO] [stdout]   44:     0x7f8a3459bac3 - <unknown>
[INFO] [stdout]   45:     0x7f8a3462cbf4 - __clone
[INFO] [stdout]   46:                0x0 - <unknown>
[INFO] [stdout] 
[INFO] [stdout] 
[INFO] [stdout] failures:
[INFO] [stdout]     tests::get_parameter
[INFO] [stdout]     tests::get_parameter_and_error
[INFO] [stdout]     tests::get_parameters_by_path
[INFO] [stdout] 
[INFO] [stdout] test result: FAILED. 3 passed; 3 failed; 0 ignored; 0 measured; 0 filtered out; finished in 0.10s
[INFO] [stdout] 
[INFO] [stderr] error: test failed, to rerun pass `--bin ssm_helper`
[INFO] running `Command { std: "docker" "inspect" "f1dbc8193737ef9f5bdc05815cc235959b7d9238da9bd3b10b4363fa088937d3", kill_on_drop: false }`
[INFO] running `Command { std: "docker" "rm" "-f" "f1dbc8193737ef9f5bdc05815cc235959b7d9238da9bd3b10b4363fa088937d3", kill_on_drop: false }`
[INFO] [stdout] f1dbc8193737ef9f5bdc05815cc235959b7d9238da9bd3b10b4363fa088937d3
[INFO] testing rflaperuta/ssm_helper against beta-2023-12-22 for beta-1.76-1
[INFO] running `Command { std: "git" "clone" "/workspace/cache/git-repos/https%3A%2F%2Fgithub.com%2Frflaperuta%2Fssm_helper" "/workspace/builds/worker-3-tc2/source", kill_on_drop: false }`
[INFO] [stderr] Cloning into '/workspace/builds/worker-3-tc2/source'...
[INFO] [stderr] done.
[INFO] validating manifest of git repo https://github.com/rflaperuta/ssm_helper on toolchain beta-2023-12-22
[INFO] running `Command { std: CARGO_HOME="/workspace/cargo-home" RUSTUP_HOME="/workspace/rustup-home" "/workspace/cargo-home/bin/cargo" "+beta-2023-12-22" "metadata" "--manifest-path" "Cargo.toml" "--no-deps", kill_on_drop: false }`
[INFO] started tweaking git repo https://github.com/rflaperuta/ssm_helper
[INFO] finished tweaking git repo https://github.com/rflaperuta/ssm_helper
[INFO] tweaked toml for git repo https://github.com/rflaperuta/ssm_helper written to /workspace/builds/worker-3-tc2/source/Cargo.toml
[INFO] crate git repo https://github.com/rflaperuta/ssm_helper already has a lockfile, it will not be regenerated
[INFO] running `Command { std: CARGO_HOME="/workspace/cargo-home" RUSTUP_HOME="/workspace/rustup-home" "/workspace/cargo-home/bin/cargo" "+beta-2023-12-22" "fetch" "--manifest-path" "Cargo.toml", kill_on_drop: false }`
[INFO] running `Command { std: "docker" "create" "-v" "/var/lib/crater-agent-workspace/builds/worker-3-tc2/target:/opt/rustwide/target:rw,Z" "-v" "/var/lib/crater-agent-workspace/builds/worker-3-tc2/source:/opt/rustwide/workdir:ro,Z" "-v" "/var/lib/crater-agent-workspace/cargo-home:/opt/rustwide/cargo-home:ro,Z" "-v" "/var/lib/crater-agent-workspace/rustup-home:/opt/rustwide/rustup-home:ro,Z" "-e" "SOURCE_DIR=/opt/rustwide/workdir" "-e" "CARGO_TARGET_DIR=/opt/rustwide/target" "-e" "CARGO_HOME=/opt/rustwide/cargo-home" "-e" "RUSTUP_HOME=/opt/rustwide/rustup-home" "-w" "/opt/rustwide/workdir" "-m" "1610612736" "--user" "0:0" "--network" "none" "ghcr.io/rust-lang/crates-build-env/linux@sha256:2788e3201cd34a07e3172128adcd8b3090168a8e3bcc40d7c032b9dda1df7d1c" "/opt/rustwide/cargo-home/bin/cargo" "+beta-2023-12-22" "metadata" "--no-deps" "--format-version=1", kill_on_drop: false }`
[INFO] [stdout] aff2f0589969e3f4c42bc138dd8f20bdf294bde8de3d06d307caf7b5ac08f705
[INFO] running `Command { std: "docker" "start" "-a" "aff2f0589969e3f4c42bc138dd8f20bdf294bde8de3d06d307caf7b5ac08f705", kill_on_drop: false }`
[INFO] running `Command { std: "docker" "inspect" "aff2f0589969e3f4c42bc138dd8f20bdf294bde8de3d06d307caf7b5ac08f705", kill_on_drop: false }`
[INFO] running `Command { std: "docker" "rm" "-f" "aff2f0589969e3f4c42bc138dd8f20bdf294bde8de3d06d307caf7b5ac08f705", kill_on_drop: false }`
[INFO] [stdout] aff2f0589969e3f4c42bc138dd8f20bdf294bde8de3d06d307caf7b5ac08f705
[INFO] running `Command { std: "docker" "create" "-v" "/var/lib/crater-agent-workspace/builds/worker-3-tc2/target:/opt/rustwide/target:rw,Z" "-v" "/var/lib/crater-agent-workspace/builds/worker-3-tc2/source:/opt/rustwide/workdir:ro,Z" "-v" "/var/lib/crater-agent-workspace/cargo-home:/opt/rustwide/cargo-home:ro,Z" "-v" "/var/lib/crater-agent-workspace/rustup-home:/opt/rustwide/rustup-home:ro,Z" "-e" "SOURCE_DIR=/opt/rustwide/workdir" "-e" "CARGO_TARGET_DIR=/opt/rustwide/target" "-e" "CARGO_INCREMENTAL=0" "-e" "RUST_BACKTRACE=full" "-e" "RUSTFLAGS=--cap-lints=warn" "-e" "RUSTDOCFLAGS=--cap-lints=warn" "-e" "CARGO_HOME=/opt/rustwide/cargo-home" "-e" "RUSTUP_HOME=/opt/rustwide/rustup-home" "-w" "/opt/rustwide/workdir" "-m" "1610612736" "--user" "0:0" "--network" "none" "ghcr.io/rust-lang/crates-build-env/linux@sha256:2788e3201cd34a07e3172128adcd8b3090168a8e3bcc40d7c032b9dda1df7d1c" "/opt/rustwide/cargo-home/bin/cargo" "+beta-2023-12-22" "build" "--frozen" "--message-format=json", kill_on_drop: false }`
[INFO] [stdout] 440fc8bf93ce830f823edb82723e88ded45b9201cd340ffa4b60bdb0c9e859d9
[INFO] running `Command { std: "docker" "start" "-a" "440fc8bf93ce830f823edb82723e88ded45b9201cd340ffa4b60bdb0c9e859d9", kill_on_drop: false }`
[INFO] [stderr]    Compiling libc v0.2.66
[INFO] [stderr]    Compiling cfg-if v0.1.10
[INFO] [stderr]    Compiling semver-parser v0.7.0
[INFO] [stderr]    Compiling lazy_static v1.4.0
[INFO] [stderr]    Compiling byteorder v1.3.2
[INFO] [stderr]    Compiling futures v0.1.29
[INFO] [stderr]    Compiling log v0.4.8
[INFO] [stderr]    Compiling proc-macro2 v1.0.7
[INFO] [stderr]    Compiling either v1.5.3
[INFO] [stderr]    Compiling semver v0.9.0
[INFO] [stderr]    Compiling unicode-xid v0.2.0
[INFO] [stderr]    Compiling syn v1.0.13
[INFO] [stderr]    Compiling autocfg v0.1.7
[INFO] [stderr]    Compiling rustc_version v0.2.3
[INFO] [stderr]    Compiling crossbeam-utils v0.6.6
[INFO] [stderr]    Compiling scopeguard v1.0.0
[INFO] [stderr]    Compiling slab v0.4.2
[INFO] [stderr]    Compiling maybe-uninit v2.0.0
[INFO] [stderr]    Compiling cc v1.0.50
[INFO] [stderr]    Compiling fnv v1.0.6
[INFO] [stderr]    Compiling parking_lot_core v0.6.2
[INFO] [stderr]    Compiling parking_lot v0.9.0
[INFO] [stderr]    Compiling iovec v0.1.4
[INFO] [stderr]    Compiling quote v1.0.2
[INFO] [stderr]    Compiling bytes v0.4.12
[INFO] [stderr]    Compiling num_cpus v1.11.1
[INFO] [stderr]    Compiling smallvec v0.6.13
[INFO] [stderr]    Compiling tokio-executor v0.1.9
[INFO] [stderr]    Compiling net2 v0.2.33
[INFO] [stderr]    Compiling tokio-io v0.1.12
[INFO] [stderr]    Compiling lock_api v0.3.3
[INFO] [stderr]    Compiling tokio-sync v0.1.7
[INFO] [stderr]    Compiling mio v0.6.21
[INFO] [stderr]    Compiling memoffset v0.5.3
[INFO] [stderr]    Compiling crossbeam-utils v0.7.0
[INFO] [stderr]    Compiling crossbeam-epoch v0.8.0
[INFO] [stderr]    Compiling itoa v0.4.4
[INFO] [stderr]    Compiling typenum v1.11.2
[INFO] [stderr]    Compiling autocfg v1.0.0
[INFO] [stderr]    Compiling ring v0.16.9
[INFO] [stderr]    Compiling tokio-reactor v0.1.11
[INFO] [stderr]    Compiling mio-uds v0.6.7
[INFO] [stderr]    Compiling crossbeam-queue v0.1.2
[INFO] [stderr]    Compiling untrusted v0.7.0
[INFO] [stderr]    Compiling spin v0.5.2
[INFO] [stderr]    Compiling serde v1.0.104
[INFO] [stderr]    Compiling crossbeam-deque v0.7.2
[INFO] [stderr]    Compiling tokio-codec v0.1.1
[INFO] [stderr]    Compiling indexmap v1.3.0
[INFO] [stderr]    Compiling tokio-threadpool v0.1.17
[INFO] [stderr]    Compiling num-traits v0.2.11
[INFO] [stderr]    Compiling http v0.1.21
[INFO] [stderr]    Compiling ryu v1.0.2
[INFO] [stderr]    Compiling memchr v2.3.0
[INFO] [stderr]    Compiling generic-array v0.12.3
[INFO] [stderr]    Compiling httparse v1.3.4
[INFO] [stderr]    Compiling arc-swap v0.4.4
[INFO] [stderr]    Compiling tokio-fs v0.1.6
[INFO] [stderr]    Compiling signal-hook-registry v1.2.0
[INFO] [stderr]    Compiling tokio-uds v0.2.5
[INFO] [stderr]    Compiling tokio-udp v0.1.5
[INFO] [stderr]    Compiling tokio-tcp v0.1.3
[INFO] [stderr]    Compiling num-integer v0.1.42
[INFO] [stderr]    Compiling tokio-current-thread v0.1.6
[INFO] [stderr]    Compiling tokio-timer v0.2.12
[INFO] [stderr]    Compiling string v0.2.1
[INFO] [stderr]    Compiling tokio-buf v0.1.1
[INFO] [stderr]    Compiling time v0.1.42
[INFO] [stderr]    Compiling hyper v0.12.35
[INFO] [stderr]    Compiling try-lock v0.2.2
[INFO] [stderr]    Compiling want v0.2.0
[INFO] [stderr]    Compiling tokio v0.1.22
[INFO] [stderr]    Compiling http-body v0.1.0
[INFO] [stderr]    Compiling h2 v0.1.26
[INFO] [stderr]    Compiling webpki v0.21.0
[INFO] [stderr]    Compiling sct v0.6.0
[INFO] [stderr]    Compiling signal-hook v0.1.12
[INFO] [stderr]    Compiling futures-cpupool v0.1.8
[INFO] [stderr]    Compiling byte-tools v0.3.1
[INFO] [stderr]    Compiling block-padding v0.1.5
[INFO] [stderr]    Compiling aho-corasick v0.7.6
[INFO] [stderr]    Compiling serde_json v1.0.44
[INFO] [stderr]    Compiling tokio-signal v0.2.7
[INFO] [stderr]    Compiling digest v0.8.1
[INFO] [stderr]    Compiling base64 v0.10.1
[INFO] [stderr]    Compiling thread_local v1.0.1
[INFO] [stderr]    Compiling subtle v1.0.0
[INFO] [stderr]    Compiling regex-syntax v0.6.13
[INFO] [stderr]    Compiling ucd-trie v0.1.2
[INFO] [stderr]    Compiling crypto-mac v0.7.0
[INFO] [stderr]    Compiling rustls v0.16.0
[INFO] [stderr]    Compiling rustversion v1.0.1
[INFO] [stderr]    Compiling serde_derive v1.0.104
[INFO] [stderr]    Compiling pest v2.1.2
[INFO] [stderr]    Compiling chrono v0.4.10
[INFO] [stderr]    Compiling tokio-process v0.2.4
[INFO] [stderr]    Compiling proc-macro-error v0.4.4
[INFO] [stderr]    Compiling block-buffer v0.7.3
[INFO] [stderr]    Compiling syn-mid v0.4.0
[INFO] [stderr]    Compiling regex v1.3.3
[INFO] [stderr]    Compiling backtrace-sys v0.1.32
[INFO] [stderr]    Compiling dirs v1.0.5
[INFO] [stderr]    Compiling opaque-debug v0.2.3
[INFO] [stderr]    Compiling shlex v0.1.1
[INFO] [stderr]    Compiling maplit v1.0.2
[INFO] [stderr]    Compiling bitflags v1.2.1
[INFO] [stderr]    Compiling fake-simd v0.1.2
[INFO] [stderr]    Compiling sha2 v0.8.1
[INFO] [stderr]    Compiling pest_meta v2.1.2
[INFO] [stderr]    Compiling proc-macro-error-attr v0.4.3
[INFO] [stderr]    Compiling tokio-rustls v0.10.3
[INFO] [stderr]    Compiling hmac v0.7.1
[INFO] [stderr]    Compiling webpki-roots v0.17.0
[INFO] [stderr]    Compiling ct-logs v0.6.0
[INFO] [stderr]    Compiling rusoto_core v0.42.0
[INFO] [stderr]    Compiling base64 v0.11.0
[INFO] [stderr]    Compiling failure_derive v0.1.6
[INFO] [stderr]    Compiling unicode-width v0.1.7
[INFO] [stderr]    Compiling unicode-segmentation v1.6.0
[INFO] [stderr]    Compiling hex v0.4.0
[INFO] [stderr]    Compiling percent-encoding v2.1.0
[INFO] [stderr]    Compiling md5 v0.7.0
[INFO] [stderr]    Compiling textwrap v0.11.0
[INFO] [stderr]    Compiling heck v0.3.1
[INFO] [stderr]    Compiling hyper-rustls v0.17.1
[INFO] [stderr]    Compiling pest_generator v2.1.1
[INFO] [stderr]    Compiling synstructure v0.12.3
[INFO] [stderr]    Compiling atty v0.2.14
[INFO] [stderr]    Compiling strsim v0.8.0
[INFO] [stderr]    Compiling rustc-demangle v0.1.16
[INFO] [stderr]    Compiling xml-rs v0.8.0
[INFO] [stderr]    Compiling vec_map v0.8.1
[INFO] [stderr]    Compiling ansi_term v0.11.0
[INFO] [stderr]    Compiling same-file v1.0.6
[INFO] [stderr]    Compiling walkdir v2.3.1
[INFO] [stderr]    Compiling clap v2.33.0
[INFO] [stderr]    Compiling backtrace v0.3.41
[INFO] [stderr]    Compiling structopt-derive v0.4.0
[INFO] [stderr]    Compiling hashbrown v0.5.0
[INFO] [stderr]    Compiling pest_derive v2.1.0
[INFO] [stderr]    Compiling quick-error v1.2.3
[INFO] [stderr]    Compiling failure v0.1.6
[INFO] [stderr]    Compiling rusoto_credential v0.42.0
[INFO] [stderr]    Compiling handlebars v2.0.4
[INFO] [stderr]    Compiling rusoto_signature v0.42.0
[INFO] [stderr]    Compiling structopt v0.3.7
[INFO] [stderr]    Compiling rusoto_ssm v0.42.0
[INFO] [stderr]    Compiling ssm_helper v0.2.0 (/opt/rustwide/workdir)
[INFO] [stdout] warning: unreachable pattern
[INFO] [stdout]    --> src/main.rs:149:9
[INFO] [stdout]     |
[INFO] [stdout] 149 |         _ => (),
[INFO] [stdout]     |         ^
[INFO] [stdout]     |
[INFO] [stdout]     = note: `#[warn(unreachable_patterns)]` on by default
[INFO] [stdout] 
[INFO] [stdout] 
[INFO] [stdout] warning: 1 warning emitted
[INFO] [stdout] 
[INFO] [stdout] 
[INFO] [stderr]     Finished dev [unoptimized + debuginfo] target(s) in 50.70s
[INFO] running `Command { std: "docker" "inspect" "440fc8bf93ce830f823edb82723e88ded45b9201cd340ffa4b60bdb0c9e859d9", kill_on_drop: false }`
[INFO] running `Command { std: "docker" "rm" "-f" "440fc8bf93ce830f823edb82723e88ded45b9201cd340ffa4b60bdb0c9e859d9", kill_on_drop: false }`
[INFO] [stdout] 440fc8bf93ce830f823edb82723e88ded45b9201cd340ffa4b60bdb0c9e859d9
[INFO] running `Command { std: "docker" "create" "-v" "/var/lib/crater-agent-workspace/builds/worker-3-tc2/target:/opt/rustwide/target:rw,Z" "-v" "/var/lib/crater-agent-workspace/builds/worker-3-tc2/source:/opt/rustwide/workdir:ro,Z" "-v" "/var/lib/crater-agent-workspace/cargo-home:/opt/rustwide/cargo-home:ro,Z" "-v" "/var/lib/crater-agent-workspace/rustup-home:/opt/rustwide/rustup-home:ro,Z" "-e" "SOURCE_DIR=/opt/rustwide/workdir" "-e" "CARGO_TARGET_DIR=/opt/rustwide/target" "-e" "CARGO_INCREMENTAL=0" "-e" "RUST_BACKTRACE=full" "-e" "RUSTFLAGS=--cap-lints=warn" "-e" "RUSTDOCFLAGS=--cap-lints=warn" "-e" "CARGO_HOME=/opt/rustwide/cargo-home" "-e" "RUSTUP_HOME=/opt/rustwide/rustup-home" "-w" "/opt/rustwide/workdir" "-m" "1610612736" "--user" "0:0" "--network" "none" "ghcr.io/rust-lang/crates-build-env/linux@sha256:2788e3201cd34a07e3172128adcd8b3090168a8e3bcc40d7c032b9dda1df7d1c" "/opt/rustwide/cargo-home/bin/cargo" "+beta-2023-12-22" "test" "--frozen" "--no-run" "--message-format=json", kill_on_drop: false }`
[INFO] [stdout] 5c24a9fc2c2fcf756faae5e3375dbe3579c2ae5fd63caaaecd06bda16e83c1e4
[INFO] running `Command { std: "docker" "start" "-a" "5c24a9fc2c2fcf756faae5e3375dbe3579c2ae5fd63caaaecd06bda16e83c1e4", kill_on_drop: false }`
[INFO] [stderr]    Compiling ssm_helper v0.2.0 (/opt/rustwide/workdir)
[INFO] [stdout] warning: unreachable pattern
[INFO] [stdout]    --> src/main.rs:149:9
[INFO] [stdout]     |
[INFO] [stdout] 149 |         _ => (),
[INFO] [stdout]     |         ^
[INFO] [stdout]     |
[INFO] [stdout]     = note: `#[warn(unreachable_patterns)]` on by default
[INFO] [stdout] 
[INFO] [stdout] 
[INFO] [stdout] warning: 1 warning emitted
[INFO] [stdout] 
[INFO] [stdout] 
[INFO] [stderr]     Finished test [unoptimized + debuginfo] target(s) in 4.45s
[INFO] running `Command { std: "docker" "inspect" "5c24a9fc2c2fcf756faae5e3375dbe3579c2ae5fd63caaaecd06bda16e83c1e4", kill_on_drop: false }`
[INFO] running `Command { std: "docker" "rm" "-f" "5c24a9fc2c2fcf756faae5e3375dbe3579c2ae5fd63caaaecd06bda16e83c1e4", kill_on_drop: false }`
[INFO] [stdout] 5c24a9fc2c2fcf756faae5e3375dbe3579c2ae5fd63caaaecd06bda16e83c1e4
[INFO] running `Command { std: "docker" "create" "-v" "/var/lib/crater-agent-workspace/builds/worker-3-tc2/target:/opt/rustwide/target:rw,Z" "-v" "/var/lib/crater-agent-workspace/builds/worker-3-tc2/source:/opt/rustwide/workdir:ro,Z" "-v" "/var/lib/crater-agent-workspace/cargo-home:/opt/rustwide/cargo-home:ro,Z" "-v" "/var/lib/crater-agent-workspace/rustup-home:/opt/rustwide/rustup-home:ro,Z" "-e" "SOURCE_DIR=/opt/rustwide/workdir" "-e" "CARGO_TARGET_DIR=/opt/rustwide/target" "-e" "CARGO_INCREMENTAL=0" "-e" "RUST_BACKTRACE=full" "-e" "RUSTFLAGS=--cap-lints=warn" "-e" "RUSTDOCFLAGS=--cap-lints=warn" "-e" "CARGO_HOME=/opt/rustwide/cargo-home" "-e" "RUSTUP_HOME=/opt/rustwide/rustup-home" "-w" "/opt/rustwide/workdir" "-m" "1610612736" "--user" "0:0" "--network" "none" "ghcr.io/rust-lang/crates-build-env/linux@sha256:2788e3201cd34a07e3172128adcd8b3090168a8e3bcc40d7c032b9dda1df7d1c" "/opt/rustwide/cargo-home/bin/cargo" "+beta-2023-12-22" "test" "--frozen", kill_on_drop: false }`
[INFO] [stdout] 8e5b19bf559be0759aff30e5e80694cd152b838a217ce00afa819e049ed1361d
[INFO] running `Command { std: "docker" "start" "-a" "8e5b19bf559be0759aff30e5e80694cd152b838a217ce00afa819e049ed1361d", kill_on_drop: false }`
[INFO] [stderr] warning: unreachable pattern
[INFO] [stderr]    --> src/main.rs:149:9
[INFO] [stderr]     |
[INFO] [stderr] 149 |         _ => (),
[INFO] [stderr]     |         ^
[INFO] [stderr]     |
[INFO] [stderr]     = note: `#[warn(unreachable_patterns)]` on by default
[INFO] [stderr] 
[INFO] [stderr] warning: `ssm_helper` (bin "ssm_helper" test) generated 1 warning
[INFO] [stderr]     Finished test [unoptimized + debuginfo] target(s) in 0.16s
[INFO] [stderr]      Running unittests src/main.rs (/opt/rustwide/target/debug/deps/ssm_helper-c0229ce727b7fc2d)
[INFO] [stdout] 
[INFO] [stdout] running 6 tests
[INFO] [stdout] test tests::it_works ... ok
[INFO] [stdout] test tests::get_parameters_by_path_error ... ok
[INFO] [stdout] test tests::get_parameter_error ... ok
[INFO] [stdout] test tests::get_parameters_by_path ... FAILED
[INFO] [stdout] test tests::get_parameter_and_error ... FAILED
[INFO] [stdout] test tests::get_parameter ... FAILED
[INFO] [stdout] 
[INFO] [stdout] failures:
[INFO] [stdout] 
[INFO] [stdout] ---- tests::get_parameters_by_path stdout ----
[INFO] [stdout] thread 'tests::get_parameters_by_path' panicked at src/main.rs:219:9:
[INFO] [stdout] assertion failed: result.is_ok()
[INFO] [stdout] stack backtrace:
[INFO] [stdout]    0:     0x560877590e66 - std::backtrace_rs::backtrace::libunwind::trace::h261606ad26a499c1
[INFO] [stdout]                                at /rustc/0e09125c6c3c2fd70d7de961bcf0e51575235fad/library/std/src/../../backtrace/src/backtrace/libunwind.rs:104:5
[INFO] [stdout]    1:     0x560877590e66 - std::backtrace_rs::backtrace::trace_unsynchronized::hd183f0625477fb28
[INFO] [stdout]                                at /rustc/0e09125c6c3c2fd70d7de961bcf0e51575235fad/library/std/src/../../backtrace/src/backtrace/mod.rs:66:5
[INFO] [stdout]    2:     0x560877590e66 - std::sys_common::backtrace::_print_fmt::hd7f8fef21b4eda67
[INFO] [stdout]                                at /rustc/0e09125c6c3c2fd70d7de961bcf0e51575235fad/library/std/src/sys_common/backtrace.rs:68:5
[INFO] [stdout]    3:     0x560877590e66 - <std::sys_common::backtrace::_print::DisplayBacktrace as core::fmt::Display>::fmt::h623d9b51f2f453f1
[INFO] [stdout]                                at /rustc/0e09125c6c3c2fd70d7de961bcf0e51575235fad/library/std/src/sys_common/backtrace.rs:44:22
[INFO] [stdout]    4:     0x5608775bd530 - core::fmt::rt::Argument::fmt::h9f417ac76a86f368
[INFO] [stdout]                                at /rustc/0e09125c6c3c2fd70d7de961bcf0e51575235fad/library/core/src/fmt/rt.rs:142:9
[INFO] [stdout]    5:     0x5608775bd530 - core::fmt::write::hc9b6faf4ac2aeff7
[INFO] [stdout]                                at /rustc/0e09125c6c3c2fd70d7de961bcf0e51575235fad/library/core/src/fmt/mod.rs:1120:17
[INFO] [stdout]    6:     0x56087758de6f - std::io::Write::write_fmt::he04625a3a989fec3
[INFO] [stdout]                                at /rustc/0e09125c6c3c2fd70d7de961bcf0e51575235fad/library/std/src/io/mod.rs:1810:15
[INFO] [stdout]    7:     0x560877590c44 - std::sys_common::backtrace::_print::hd5d66399c7df88a2
[INFO] [stdout]                                at /rustc/0e09125c6c3c2fd70d7de961bcf0e51575235fad/library/std/src/sys_common/backtrace.rs:47:5
[INFO] [stdout]    8:     0x560877590c44 - std::sys_common::backtrace::print::he81ed2da642d37e5
[INFO] [stdout]                                at /rustc/0e09125c6c3c2fd70d7de961bcf0e51575235fad/library/std/src/sys_common/backtrace.rs:34:9
[INFO] [stdout]    9:     0x5608775929b7 - std::panicking::default_hook::{{closure}}::h85773f4fa117163d
[INFO] [stdout]   10:     0x56087759269d - std::panicking::default_hook::h6a1694a91d09b278
[INFO] [stdout]                                at /rustc/0e09125c6c3c2fd70d7de961bcf0e51575235fad/library/std/src/panicking.rs:289:9
[INFO] [stdout]   11:     0x560876e85047 - <alloc::boxed::Box<F,A> as core::ops::function::Fn<Args>>::call::h616ac37fa3cd6c8f
[INFO] [stdout]                                at /rustc/0e09125c6c3c2fd70d7de961bcf0e51575235fad/library/alloc/src/boxed.rs:2029:9
[INFO] [stdout]   12:     0x560876e85047 - test::test_main::{{closure}}::h00d84697cefdcbb6
[INFO] [stdout]                                at /rustc/0e09125c6c3c2fd70d7de961bcf0e51575235fad/library/test/src/lib.rs:138:21
[INFO] [stdout]   13:     0x560877592fd6 - <alloc::boxed::Box<F,A> as core::ops::function::Fn<Args>>::call::hcb3fe3b9bb537ba8
[INFO] [stdout]                                at /rustc/0e09125c6c3c2fd70d7de961bcf0e51575235fad/library/alloc/src/boxed.rs:2029:9
[INFO] [stdout]   14:     0x560877592fd6 - std::panicking::rust_panic_with_hook::h0a7ad96e90f7145b
[INFO] [stdout]                                at /rustc/0e09125c6c3c2fd70d7de961bcf0e51575235fad/library/std/src/panicking.rs:783:13
[INFO] [stdout]   15:     0x560877592ce9 - std::panicking::begin_panic_handler::{{closure}}::h7919090525c6485e
[INFO] [stdout]                                at /rustc/0e09125c6c3c2fd70d7de961bcf0e51575235fad/library/std/src/panicking.rs:649:13
[INFO] [stdout]   16:     0x560877591366 - std::sys_common::backtrace::__rust_end_short_backtrace::hf3289479464f7dfe
[INFO] [stdout]                                at /rustc/0e09125c6c3c2fd70d7de961bcf0e51575235fad/library/std/src/sys_common/backtrace.rs:171:18
[INFO] [stdout]   17:     0x560877592a80 - rust_begin_unwind
[INFO] [stdout]                                at /rustc/0e09125c6c3c2fd70d7de961bcf0e51575235fad/library/std/src/panicking.rs:645:5
[INFO] [stdout]   18:     0x560876e3c565 - core::panicking::panic_fmt::hcc9f77c5c132af55
[INFO] [stdout]                                at /rustc/0e09125c6c3c2fd70d7de961bcf0e51575235fad/library/core/src/panicking.rs:72:14
[INFO] [stdout]   19:     0x560876e3c623 - core::panicking::panic::h5a1259c1164bd480
[INFO] [stdout]                                at /rustc/0e09125c6c3c2fd70d7de961bcf0e51575235fad/library/core/src/panicking.rs:144:5
[INFO] [stdout]   20:     0x560876e4b1c8 - ssm_helper::tests::get_parameters_by_path::h31264ebcf24d5f37
[INFO] [stdout]                                at /opt/rustwide/workdir/src/main.rs:219:9
[INFO] [stdout]   21:     0x560876e4b037 - ssm_helper::tests::get_parameters_by_path::{{closure}}::h156e962806d9dc27
[INFO] [stdout]                                at /opt/rustwide/workdir/src/main.rs:209:32
[INFO] [stdout]   22:     0x560876e4c736 - core::ops::function::FnOnce::call_once::had9e7bce5032bfbb
[INFO] [stdout]                                at /rustc/0e09125c6c3c2fd70d7de961bcf0e51575235fad/library/core/src/ops/function.rs:250:5
[INFO] [stdout]   23:     0x560876e8a91f - core::ops::function::FnOnce::call_once::hd64d26f405258157
[INFO] [stdout]                                at /rustc/0e09125c6c3c2fd70d7de961bcf0e51575235fad/library/core/src/ops/function.rs:250:5
[INFO] [stdout]   24:     0x560876e8a91f - test::__rust_begin_short_backtrace::he21b0b7a6d731bf9
[INFO] [stdout]                                at /rustc/0e09125c6c3c2fd70d7de961bcf0e51575235fad/library/test/src/lib.rs:627:18
[INFO] [stdout]   25:     0x560876e896a1 - test::run_test_in_process::{{closure}}::hf5c73986d7bdfde2
[INFO] [stdout]                                at /rustc/0e09125c6c3c2fd70d7de961bcf0e51575235fad/library/test/src/lib.rs:650:60
[INFO] [stdout]   26:     0x560876e896a1 - <core::panic::unwind_safe::AssertUnwindSafe<F> as core::ops::function::FnOnce<()>>::call_once::h330011ad032aadc0
[INFO] [stdout]                                at /rustc/0e09125c6c3c2fd70d7de961bcf0e51575235fad/library/core/src/panic/unwind_safe.rs:272:9
[INFO] [stdout]   27:     0x560876e896a1 - std::panicking::try::do_call::he61b0a958b795a41
[INFO] [stdout]                                at /rustc/0e09125c6c3c2fd70d7de961bcf0e51575235fad/library/std/src/panicking.rs:552:40
[INFO] [stdout]   28:     0x560876e896a1 - std::panicking::try::h7309da130f906eb7
[INFO] [stdout]                                at /rustc/0e09125c6c3c2fd70d7de961bcf0e51575235fad/library/std/src/panicking.rs:516:19
[INFO] [stdout]   29:     0x560876e896a1 - std::panic::catch_unwind::hc5c3a06fdaf0a92a
[INFO] [stdout]                                at /rustc/0e09125c6c3c2fd70d7de961bcf0e51575235fad/library/std/src/panic.rs:142:14
[INFO] [stdout]   30:     0x560876e896a1 - test::run_test_in_process::h7e7b7c71c3324e0f
[INFO] [stdout]                                at /rustc/0e09125c6c3c2fd70d7de961bcf0e51575235fad/library/test/src/lib.rs:650:27
[INFO] [stdout]   31:     0x560876e896a1 - test::run_test::{{closure}}::h1f509f28f5cf20b1
[INFO] [stdout]                                at /rustc/0e09125c6c3c2fd70d7de961bcf0e51575235fad/library/test/src/lib.rs:573:43
[INFO] [stdout]   32:     0x560876e509d6 - test::run_test::{{closure}}::h1754218abf443f6d
[INFO] [stdout]                                at /rustc/0e09125c6c3c2fd70d7de961bcf0e51575235fad/library/test/src/lib.rs:601:41
[INFO] [stdout]   33:     0x560876e509d6 - std::sys_common::backtrace::__rust_begin_short_backtrace::h2ee174b9d5954948
[INFO] [stdout]                                at /rustc/0e09125c6c3c2fd70d7de961bcf0e51575235fad/library/std/src/sys_common/backtrace.rs:155:18
[INFO] [stdout]   34:     0x560876e55a37 - std::thread::Builder::spawn_unchecked_::{{closure}}::{{closure}}::hf60bee9c1a17ef09
[INFO] [stdout]                                at /rustc/0e09125c6c3c2fd70d7de961bcf0e51575235fad/library/std/src/thread/mod.rs:529:17
[INFO] [stdout]   35:     0x560876e55a37 - <core::panic::unwind_safe::AssertUnwindSafe<F> as core::ops::function::FnOnce<()>>::call_once::h33d0dddec5216160
[INFO] [stdout]                                at /rustc/0e09125c6c3c2fd70d7de961bcf0e51575235fad/library/core/src/panic/unwind_safe.rs:272:9
[INFO] [stdout]   36:     0x560876e55a37 - std::panicking::try::do_call::h144b3048b546f835
[INFO] [stdout]                                at /rustc/0e09125c6c3c2fd70d7de961bcf0e51575235fad/library/std/src/panicking.rs:552:40
[INFO] [stdout]   37:     0x560876e55a37 - std::panicking::try::h978244d04646189f
[INFO] [stdout]                                at /rustc/0e09125c6c3c2fd70d7de961bcf0e51575235fad/library/std/src/panicking.rs:516:19
[INFO] [stdout]   38:     0x560876e55a37 - std::panic::catch_unwind::hdf436369d188fe86
[INFO] [stdout]                                at /rustc/0e09125c6c3c2fd70d7de961bcf0e51575235fad/library/std/src/panic.rs:142:14
[INFO] [stdout]   39:     0x560876e55a37 - std::thread::Builder::spawn_unchecked_::{{closure}}::h87329cbdd33c79ec
[INFO] [stdout]                                at /rustc/0e09125c6c3c2fd70d7de961bcf0e51575235fad/library/std/src/thread/mod.rs:528:30
[INFO] [stdout]   40:     0x560876e55a37 - core::ops::function::FnOnce::call_once{{vtable.shim}}::h401abbe67897d450
[INFO] [stdout]                                at /rustc/0e09125c6c3c2fd70d7de961bcf0e51575235fad/library/core/src/ops/function.rs:250:5
[INFO] [stdout]   41:     0x560877597d15 - <alloc::boxed::Box<F,A> as core::ops::function::FnOnce<Args>>::call_once::h5d7c8f150ab9c84c
[INFO] [stdout]                                at /rustc/0e09125c6c3c2fd70d7de961bcf0e51575235fad/library/alloc/src/boxed.rs:2015:9
[INFO] [stdout]   42:     0x560877597d15 - <alloc::boxed::Box<F,A> as core::ops::function::FnOnce<Args>>::call_once::h570d5b005c242c15
[INFO] [stdout]                                at /rustc/0e09125c6c3c2fd70d7de961bcf0e51575235fad/library/alloc/src/boxed.rs:2015:9
[INFO] [stdout]   43:     0x560877597d15 - std::sys::unix::thread::Thread::new::thread_start::h36b0a20c0b2361ad
[INFO] [stdout]                                at /rustc/0e09125c6c3c2fd70d7de961bcf0e51575235fad/library/std/src/sys/unix/thread.rs:108:17
[INFO] [stdout]   44:     0x7f3af592cac3 - <unknown>
[INFO] [stdout]   45:     0x7f3af59bdbf4 - __clone
[INFO] [stdout]   46:                0x0 - <unknown>
[INFO] [stdout] 
[INFO] [stdout] ---- tests::get_parameter_and_error stdout ----
[INFO] [stdout] thread 'tests::get_parameter_and_error' panicked at src/main.rs:190:9:
[INFO] [stdout] assertion failed: result.is_ok()
[INFO] [stdout] stack backtrace:
[INFO] [stdout]    0:     0x560877590e66 - std::backtrace_rs::backtrace::libunwind::trace::h261606ad26a499c1
[INFO] [stdout]                                at /rustc/0e09125c6c3c2fd70d7de961bcf0e51575235fad/library/std/src/../../backtrace/src/backtrace/libunwind.rs:104:5
[INFO] [stdout]    1:     0x560877590e66 - std::backtrace_rs::backtrace::trace_unsynchronized::hd183f0625477fb28
[INFO] [stdout]                                at /rustc/0e09125c6c3c2fd70d7de961bcf0e51575235fad/library/std/src/../../backtrace/src/backtrace/mod.rs:66:5
[INFO] [stdout]    2:     0x560877590e66 - std::sys_common::backtrace::_print_fmt::hd7f8fef21b4eda67
[INFO] [stdout]                                at /rustc/0e09125c6c3c2fd70d7de961bcf0e51575235fad/library/std/src/sys_common/backtrace.rs:68:5
[INFO] [stdout]    3:     0x560877590e66 - <std::sys_common::backtrace::_print::DisplayBacktrace as core::fmt::Display>::fmt::h623d9b51f2f453f1
[INFO] [stdout]                                at /rustc/0e09125c6c3c2fd70d7de961bcf0e51575235fad/library/std/src/sys_common/backtrace.rs:44:22
[INFO] [stdout]    4:     0x5608775bd530 - core::fmt::rt::Argument::fmt::h9f417ac76a86f368
[INFO] [stdout]                                at /rustc/0e09125c6c3c2fd70d7de961bcf0e51575235fad/library/core/src/fmt/rt.rs:142:9
[INFO] [stdout]    5:     0x5608775bd530 - core::fmt::write::hc9b6faf4ac2aeff7
[INFO] [stdout]                                at /rustc/0e09125c6c3c2fd70d7de961bcf0e51575235fad/library/core/src/fmt/mod.rs:1120:17
[INFO] [stdout]    6:     0x56087758de6f - std::io::Write::write_fmt::he04625a3a989fec3
[INFO] [stdout]                                at /rustc/0e09125c6c3c2fd70d7de961bcf0e51575235fad/library/std/src/io/mod.rs:1810:15
[INFO] [stdout]    7:     0x560877590c44 - std::sys_common::backtrace::_print::hd5d66399c7df88a2
[INFO] [stdout]                                at /rustc/0e09125c6c3c2fd70d7de961bcf0e51575235fad/library/std/src/sys_common/backtrace.rs:47:5
[INFO] [stdout]    8:     0x560877590c44 - std::sys_common::backtrace::print::he81ed2da642d37e5
[INFO] [stdout]                                at /rustc/0e09125c6c3c2fd70d7de961bcf0e51575235fad/library/std/src/sys_common/backtrace.rs:34:9
[INFO] [stdout]    9:     0x5608775929b7 - std::panicking::default_hook::{{closure}}::h85773f4fa117163d
[INFO] [stdout]   10:     0x56087759269d - std::panicking::default_hook::h6a1694a91d09b278
[INFO] [stdout]                                at /rustc/0e09125c6c3c2fd70d7de961bcf0e51575235fad/library/std/src/panicking.rs:289:9
[INFO] [stdout]   11:     0x560876e85047 - <alloc::boxed::Box<F,A> as core::ops::function::Fn<Args>>::call::h616ac37fa3cd6c8f
[INFO] [stdout]                                at /rustc/0e09125c6c3c2fd70d7de961bcf0e51575235fad/library/alloc/src/boxed.rs:2029:9
[INFO] [stdout]   12:     0x560876e85047 - test::test_main::{{closure}}::h00d84697cefdcbb6
[INFO] [stdout]                                at /rustc/0e09125c6c3c2fd70d7de961bcf0e51575235fad/library/test/src/lib.rs:138:21
[INFO] [stdout]   13:     0x560877592fd6 - <alloc::boxed::Box<F,A> as core::ops::function::Fn<Args>>::call::hcb3fe3b9bb537ba8
[INFO] [stdout]                                at /rustc/0e09125c6c3c2fd70d7de961bcf0e51575235fad/library/alloc/src/boxed.rs:2029:9
[INFO] [stdout]   14:     0x560877592fd6 - std::panicking::rust_panic_with_hook::h0a7ad96e90f7145b
[INFO] [stdout]                                at /rustc/0e09125c6c3c2fd70d7de961bcf0e51575235fad/library/std/src/panicking.rs:783:13
[INFO] [stdout]   15:     0x560877592ce9 - std::panicking::begin_panic_handler::{{closure}}::h7919090525c6485e
[INFO] [stdout]                                at /rustc/0e09125c6c3c2fd70d7de961bcf0e51575235fad/library/std/src/panicking.rs:649:13
[INFO] [stdout]   16:     0x560877591366 - std::sys_common::backtrace::__rust_end_short_backtrace::hf3289479464f7dfe
[INFO] [stdout]                                at /rustc/0e09125c6c3c2fd70d7de961bcf0e51575235fad/library/std/src/sys_common/backtrace.rs:171:18
[INFO] [stdout]   17:     0x560877592a80 - rust_begin_unwind
[INFO] [stdout]                                at /rustc/0e09125c6c3c2fd70d7de961bcf0e51575235fad/library/std/src/panicking.rs:645:5
[INFO] [stdout]   18:     0x560876e3c565 - core::panicking::panic_fmt::hcc9f77c5c132af55
[INFO] [stdout]                                at /rustc/0e09125c6c3c2fd70d7de961bcf0e51575235fad/library/core/src/panicking.rs:72:14
[INFO] [stdout]   19:     0x560876e3c623 - core::panicking::panic::h5a1259c1164bd480
[INFO] [stdout]                                at /rustc/0e09125c6c3c2fd70d7de961bcf0e51575235fad/library/core/src/panicking.rs:144:5
[INFO] [stdout]   20:     0x560876e4ab4c - ssm_helper::tests::get_parameter_and_error::hc3cc9520eecff754
[INFO] [stdout]                                at /opt/rustwide/workdir/src/main.rs:190:9
[INFO] [stdout]   21:     0x560876e4a8b7 - ssm_helper::tests::get_parameter_and_error::{{closure}}::he3b2a4b002fb0b54
[INFO] [stdout]                                at /opt/rustwide/workdir/src/main.rs:179:33
[INFO] [stdout]   22:     0x560876e4c5a6 - core::ops::function::FnOnce::call_once::h33fd5dad45756d98
[INFO] [stdout]                                at /rustc/0e09125c6c3c2fd70d7de961bcf0e51575235fad/library/core/src/ops/function.rs:250:5
[INFO] [stdout]   23:     0x560876e8a91f - core::ops::function::FnOnce::call_once::hd64d26f405258157
[INFO] [stdout]                                at /rustc/0e09125c6c3c2fd70d7de961bcf0e51575235fad/library/core/src/ops/function.rs:250:5
[INFO] [stdout]   24:     0x560876e8a91f - test::__rust_begin_short_backtrace::he21b0b7a6d731bf9
[INFO] [stdout]                                at /rustc/0e09125c6c3c2fd70d7de961bcf0e51575235fad/library/test/src/lib.rs:627:18
[INFO] [stdout]   25:     0x560876e896a1 - test::run_test_in_process::{{closure}}::hf5c73986d7bdfde2
[INFO] [stdout]                                at /rustc/0e09125c6c3c2fd70d7de961bcf0e51575235fad/library/test/src/lib.rs:650:60
[INFO] [stdout]   26:     0x560876e896a1 - <core::panic::unwind_safe::AssertUnwindSafe<F> as core::ops::function::FnOnce<()>>::call_once::h330011ad032aadc0
[INFO] [stdout]                                at /rustc/0e09125c6c3c2fd70d7de961bcf0e51575235fad/library/core/src/panic/unwind_safe.rs:272:9
[INFO] [stdout]   27:     0x560876e896a1 - std::panicking::try::do_call::he61b0a958b795a41
[INFO] [stdout]                                at /rustc/0e09125c6c3c2fd70d7de961bcf0e51575235fad/library/std/src/panicking.rs:552:40
[INFO] [stdout]   28:     0x560876e896a1 - std::panicking::try::h7309da130f906eb7
[INFO] [stdout]                                at /rustc/0e09125c6c3c2fd70d7de961bcf0e51575235fad/library/std/src/panicking.rs:516:19
[INFO] [stdout]   29:     0x560876e896a1 - std::panic::catch_unwind::hc5c3a06fdaf0a92a
[INFO] [stdout]                                at /rustc/0e09125c6c3c2fd70d7de961bcf0e51575235fad/library/std/src/panic.rs:142:14
[INFO] [stdout]   30:     0x560876e896a1 - test::run_test_in_process::h7e7b7c71c3324e0f
[INFO] [stdout]                                at /rustc/0e09125c6c3c2fd70d7de961bcf0e51575235fad/library/test/src/lib.rs:650:27
[INFO] [stdout]   31:     0x560876e896a1 - test::run_test::{{closure}}::h1f509f28f5cf20b1
[INFO] [stdout]                                at /rustc/0e09125c6c3c2fd70d7de961bcf0e51575235fad/library/test/src/lib.rs:573:43
[INFO] [stdout]   32:     0x560876e509d6 - test::run_test::{{closure}}::h1754218abf443f6d
[INFO] [stdout]                                at /rustc/0e09125c6c3c2fd70d7de961bcf0e51575235fad/library/test/src/lib.rs:601:41
[INFO] [stdout]   33:     0x560876e509d6 - std::sys_common::backtrace::__rust_begin_short_backtrace::h2ee174b9d5954948
[INFO] [stdout]                                at /rustc/0e09125c6c3c2fd70d7de961bcf0e51575235fad/library/std/src/sys_common/backtrace.rs:155:18
[INFO] [stdout]   34:     0x560876e55a37 - std::thread::Builder::spawn_unchecked_::{{closure}}::{{closure}}::hf60bee9c1a17ef09
[INFO] [stdout]                                at /rustc/0e09125c6c3c2fd70d7de961bcf0e51575235fad/library/std/src/thread/mod.rs:529:17
[INFO] [stdout]   35:     0x560876e55a37 - <core::panic::unwind_safe::AssertUnwindSafe<F> as core::ops::function::FnOnce<()>>::call_once::h33d0dddec5216160
[INFO] [stdout]                                at /rustc/0e09125c6c3c2fd70d7de961bcf0e51575235fad/library/core/src/panic/unwind_safe.rs:272:9
[INFO] [stdout]   36:     0x560876e55a37 - std::panicking::try::do_call::h144b3048b546f835
[INFO] [stdout]                                at /rustc/0e09125c6c3c2fd70d7de961bcf0e51575235fad/library/std/src/panicking.rs:552:40
[INFO] [stdout]   37:     0x560876e55a37 - std::panicking::try::h978244d04646189f
[INFO] [stdout]                                at /rustc/0e09125c6c3c2fd70d7de961bcf0e51575235fad/library/std/src/panicking.rs:516:19
[INFO] [stdout]   38:     0x560876e55a37 - std::panic::catch_unwind::hdf436369d188fe86
[INFO] [stdout]                                at /rustc/0e09125c6c3c2fd70d7de961bcf0e51575235fad/library/std/src/panic.rs:142:14
[INFO] [stdout]   39:     0x560876e55a37 - std::thread::Builder::spawn_unchecked_::{{closure}}::h87329cbdd33c79ec
[INFO] [stdout]                                at /rustc/0e09125c6c3c2fd70d7de961bcf0e51575235fad/library/std/src/thread/mod.rs:528:30
[INFO] [stdout]   40:     0x560876e55a37 - core::ops::function::FnOnce::call_once{{vtable.shim}}::h401abbe67897d450
[INFO] [stdout]                                at /rustc/0e09125c6c3c2fd70d7de961bcf0e51575235fad/library/core/src/ops/function.rs:250:5
[INFO] [stdout]   41:     0x560877597d15 - <alloc::boxed::Box<F,A> as core::ops::function::FnOnce<Args>>::call_once::h5d7c8f150ab9c84c
[INFO] [stdout]                                at /rustc/0e09125c6c3c2fd70d7de961bcf0e51575235fad/library/alloc/src/boxed.rs:2015:9
[INFO] [stdout]   42:     0x560877597d15 - <alloc::boxed::Box<F,A> as core::ops::function::FnOnce<Args>>::call_once::h570d5b005c242c15
[INFO] [stdout]                                at /rustc/0e09125c6c3c2fd70d7de961bcf0e51575235fad/library/alloc/src/boxed.rs:2015:9
[INFO] [stdout]   43:     0x560877597d15 - std::sys::unix::thread::Thread::new::thread_start::h36b0a20c0b2361ad
[INFO] [stdout]                                at /rustc/0e09125c6c3c2fd70d7de961bcf0e51575235fad/library/std/src/sys/unix/thread.rs:108:17
[INFO] [stdout]   44:     0x7f3af592cac3 - <unknown>
[INFO] [stdout]   45:     0x7f3af59bdbf4 - __clone
[INFO] [stdout]   46:                0x0 - <unknown>
[INFO] [stdout] 
[INFO] [stdout] ---- tests::get_parameter stdout ----
[INFO] [stdout] thread 'tests::get_parameter' panicked at src/main.rs:172:9:
[INFO] [stdout] assertion failed: result.is_ok()
[INFO] [stdout] stack backtrace:
[INFO] [stdout]    0:     0x560877590e66 - std::backtrace_rs::backtrace::libunwind::trace::h261606ad26a499c1
[INFO] [stdout]                                at /rustc/0e09125c6c3c2fd70d7de961bcf0e51575235fad/library/std/src/../../backtrace/src/backtrace/libunwind.rs:104:5
[INFO] [stdout]    1:     0x560877590e66 - std::backtrace_rs::backtrace::trace_unsynchronized::hd183f0625477fb28
[INFO] [stdout]                                at /rustc/0e09125c6c3c2fd70d7de961bcf0e51575235fad/library/std/src/../../backtrace/src/backtrace/mod.rs:66:5
[INFO] [stdout]    2:     0x560877590e66 - std::sys_common::backtrace::_print_fmt::hd7f8fef21b4eda67
[INFO] [stdout]                                at /rustc/0e09125c6c3c2fd70d7de961bcf0e51575235fad/library/std/src/sys_common/backtrace.rs:68:5
[INFO] [stdout]    3:     0x560877590e66 - <std::sys_common::backtrace::_print::DisplayBacktrace as core::fmt::Display>::fmt::h623d9b51f2f453f1
[INFO] [stdout]                                at /rustc/0e09125c6c3c2fd70d7de961bcf0e51575235fad/library/std/src/sys_common/backtrace.rs:44:22
[INFO] [stdout]    4:     0x5608775bd530 - core::fmt::rt::Argument::fmt::h9f417ac76a86f368
[INFO] [stdout]                                at /rustc/0e09125c6c3c2fd70d7de961bcf0e51575235fad/library/core/src/fmt/rt.rs:142:9
[INFO] [stdout]    5:     0x5608775bd530 - core::fmt::write::hc9b6faf4ac2aeff7
[INFO] [stdout]                                at /rustc/0e09125c6c3c2fd70d7de961bcf0e51575235fad/library/core/src/fmt/mod.rs:1120:17
[INFO] [stdout]    6:     0x56087758de6f - std::io::Write::write_fmt::he04625a3a989fec3
[INFO] [stdout]                                at /rustc/0e09125c6c3c2fd70d7de961bcf0e51575235fad/library/std/src/io/mod.rs:1810:15
[INFO] [stdout]    7:     0x560877590c44 - std::sys_common::backtrace::_print::hd5d66399c7df88a2
[INFO] [stdout]                                at /rustc/0e09125c6c3c2fd70d7de961bcf0e51575235fad/library/std/src/sys_common/backtrace.rs:47:5
[INFO] [stdout]    8:     0x560877590c44 - std::sys_common::backtrace::print::he81ed2da642d37e5
[INFO] [stdout]                                at /rustc/0e09125c6c3c2fd70d7de961bcf0e51575235fad/library/std/src/sys_common/backtrace.rs:34:9
[INFO] [stdout]    9:     0x5608775929b7 - std::panicking::default_hook::{{closure}}::h85773f4fa117163d
[INFO] [stdout]   10:     0x56087759269d - std::panicking::default_hook::h6a1694a91d09b278
[INFO] [stdout]                                at /rustc/0e09125c6c3c2fd70d7de961bcf0e51575235fad/library/std/src/panicking.rs:289:9
[INFO] [stdout]   11:     0x560876e85047 - <alloc::boxed::Box<F,A> as core::ops::function::Fn<Args>>::call::h616ac37fa3cd6c8f
[INFO] [stdout]                                at /rustc/0e09125c6c3c2fd70d7de961bcf0e51575235fad/library/alloc/src/boxed.rs:2029:9
[INFO] [stdout]   12:     0x560876e85047 - test::test_main::{{closure}}::h00d84697cefdcbb6
[INFO] [stdout]                                at /rustc/0e09125c6c3c2fd70d7de961bcf0e51575235fad/library/test/src/lib.rs:138:21
[INFO] [stdout]   13:     0x560877592fd6 - <alloc::boxed::Box<F,A> as core::ops::function::Fn<Args>>::call::hcb3fe3b9bb537ba8
[INFO] [stdout]                                at /rustc/0e09125c6c3c2fd70d7de961bcf0e51575235fad/library/alloc/src/boxed.rs:2029:9
[INFO] [stdout]   14:     0x560877592fd6 - std::panicking::rust_panic_with_hook::h0a7ad96e90f7145b
[INFO] [stdout]                                at /rustc/0e09125c6c3c2fd70d7de961bcf0e51575235fad/library/std/src/panicking.rs:783:13
[INFO] [stdout]   15:     0x560877592ce9 - std::panicking::begin_panic_handler::{{closure}}::h7919090525c6485e
[INFO] [stdout]                                at /rustc/0e09125c6c3c2fd70d7de961bcf0e51575235fad/library/std/src/panicking.rs:649:13
[INFO] [stdout]   16:     0x560877591366 - std::sys_common::backtrace::__rust_end_short_backtrace::hf3289479464f7dfe
[INFO] [stdout]                                at /rustc/0e09125c6c3c2fd70d7de961bcf0e51575235fad/library/std/src/sys_common/backtrace.rs:171:18
[INFO] [stdout]   17:     0x560877592a80 - rust_begin_unwind
[INFO] [stdout]                                at /rustc/0e09125c6c3c2fd70d7de961bcf0e51575235fad/library/std/src/panicking.rs:645:5
[INFO] [stdout]   18:     0x560876e3c565 - core::panicking::panic_fmt::hcc9f77c5c132af55
[INFO] [stdout]                                at /rustc/0e09125c6c3c2fd70d7de961bcf0e51575235fad/library/core/src/panicking.rs:72:14
[INFO] [stdout]   19:     0x560876e3c623 - core::panicking::panic::h5a1259c1164bd480
[INFO] [stdout]                                at /rustc/0e09125c6c3c2fd70d7de961bcf0e51575235fad/library/core/src/panicking.rs:144:5
[INFO] [stdout]   20:     0x560876e4a6d0 - ssm_helper::tests::get_parameter::he9d20b07313e761c
[INFO] [stdout]                                at /opt/rustwide/workdir/src/main.rs:172:9
[INFO] [stdout]   21:     0x560876e4a497 - ssm_helper::tests::get_parameter::{{closure}}::hebc68583c7a16835
[INFO] [stdout]                                at /opt/rustwide/workdir/src/main.rs:164:23
[INFO] [stdout]   22:     0x560876e4c6b6 - core::ops::function::FnOnce::call_once::h850a3dfe78865213
[INFO] [stdout]                                at /rustc/0e09125c6c3c2fd70d7de961bcf0e51575235fad/library/core/src/ops/function.rs:250:5
[INFO] [stdout]   23:     0x560876e8a91f - core::ops::function::FnOnce::call_once::hd64d26f405258157
[INFO] [stdout]                                at /rustc/0e09125c6c3c2fd70d7de961bcf0e51575235fad/library/core/src/ops/function.rs:250:5
[INFO] [stdout]   24:     0x560876e8a91f - test::__rust_begin_short_backtrace::he21b0b7a6d731bf9
[INFO] [stdout]                                at /rustc/0e09125c6c3c2fd70d7de961bcf0e51575235fad/library/test/src/lib.rs:627:18
[INFO] [stdout]   25:     0x560876e896a1 - test::run_test_in_process::{{closure}}::hf5c73986d7bdfde2
[INFO] [stdout]                                at /rustc/0e09125c6c3c2fd70d7de961bcf0e51575235fad/library/test/src/lib.rs:650:60
[INFO] [stdout]   26:     0x560876e896a1 - <core::panic::unwind_safe::AssertUnwindSafe<F> as core::ops::function::FnOnce<()>>::call_once::h330011ad032aadc0
[INFO] [stdout]                                at /rustc/0e09125c6c3c2fd70d7de961bcf0e51575235fad/library/core/src/panic/unwind_safe.rs:272:9
[INFO] [stdout]   27:     0x560876e896a1 - std::panicking::try::do_call::he61b0a958b795a41
[INFO] [stdout]                                at /rustc/0e09125c6c3c2fd70d7de961bcf0e51575235fad/library/std/src/panicking.rs:552:40
[INFO] [stdout]   28:     0x560876e896a1 - std::panicking::try::h7309da130f906eb7
[INFO] [stdout]                                at /rustc/0e09125c6c3c2fd70d7de961bcf0e51575235fad/library/std/src/panicking.rs:516:19
[INFO] [stdout]   29:     0x560876e896a1 - std::panic::catch_unwind::hc5c3a06fdaf0a92a
[INFO] [stdout]                                at /rustc/0e09125c6c3c2fd70d7de961bcf0e51575235fad/library/std/src/panic.rs:142:14
[INFO] [stdout]   30:     0x560876e896a1 - test::run_test_in_process::h7e7b7c71c3324e0f
[INFO] [stdout]                                at /rustc/0e09125c6c3c2fd70d7de961bcf0e51575235fad/library/test/src/lib.rs:650:27
[INFO] [stdout]   31:     0x560876e896a1 - test::run_test::{{closure}}::h1f509f28f5cf20b1
[INFO] [stdout]                                at /rustc/0e09125c6c3c2fd70d7de961bcf0e51575235fad/library/test/src/lib.rs:573:43
[INFO] [stdout]   32:     0x560876e509d6 - test::run_test::{{closure}}::h1754218abf443f6d
[INFO] [stdout]                                at /rustc/0e09125c6c3c2fd70d7de961bcf0e51575235fad/library/test/src/lib.rs:601:41
[INFO] [stdout]   33:     0x560876e509d6 - std::sys_common::backtrace::__rust_begin_short_backtrace::h2ee174b9d5954948
[INFO] [stdout]                                at /rustc/0e09125c6c3c2fd70d7de961bcf0e51575235fad/library/std/src/sys_common/backtrace.rs:155:18
[INFO] [stdout]   34:     0x560876e55a37 - std::thread::Builder::spawn_unchecked_::{{closure}}::{{closure}}::hf60bee9c1a17ef09
[INFO] [stdout]                                at /rustc/0e09125c6c3c2fd70d7de961bcf0e51575235fad/library/std/src/thread/mod.rs:529:17
[INFO] [stdout]   35:     0x560876e55a37 - <core::panic::unwind_safe::AssertUnwindSafe<F> as core::ops::function::FnOnce<()>>::call_once::h33d0dddec5216160
[INFO] [stdout]                                at /rustc/0e09125c6c3c2fd70d7de961bcf0e51575235fad/library/core/src/panic/unwind_safe.rs:272:9
[INFO] [stdout]   36:     0x560876e55a37 - std::panicking::try::do_call::h144b3048b546f835
[INFO] [stdout]                                at /rustc/0e09125c6c3c2fd70d7de961bcf0e51575235fad/library/std/src/panicking.rs:552:40
[INFO] [stdout]   37:     0x560876e55a37 - std::panicking::try::h978244d04646189f
[INFO] [stdout]                                at /rustc/0e09125c6c3c2fd70d7de961bcf0e51575235fad/library/std/src/panicking.rs:516:19
[INFO] [stdout]   38:     0x560876e55a37 - std::panic::catch_unwind::hdf436369d188fe86
[INFO] [stdout]                                at /rustc/0e09125c6c3c2fd70d7de961bcf0e51575235fad/library/std/src/panic.rs:142:14
[INFO] [stdout]   39:     0x560876e55a37 - std::thread::Builder::spawn_unchecked_::{{closure}}::h87329cbdd33c79ec
[INFO] [stdout]                                at /rustc/0e09125c6c3c2fd70d7de961bcf0e51575235fad/library/std/src/thread/mod.rs:528:30
[INFO] [stdout]   40:     0x560876e55a37 - core::ops::function::FnOnce::call_once{{vtable.shim}}::h401abbe67897d450
[INFO] [stdout]                                at /rustc/0e09125c6c3c2fd70d7de961bcf0e51575235fad/library/core/src/ops/function.rs:250:5
[INFO] [stdout]   41:     0x560877597d15 - <alloc::boxed::Box<F,A> as core::ops::function::FnOnce<Args>>::call_once::h5d7c8f150ab9c84c
[INFO] [stdout]                                at /rustc/0e09125c6c3c2fd70d7de961bcf0e51575235fad/library/alloc/src/boxed.rs:2015:9
[INFO] [stdout]   42:     0x560877597d15 - <alloc::boxed::Box<F,A> as core::ops::function::FnOnce<Args>>::call_once::h570d5b005c242c15
[INFO] [stdout]                                at /rustc/0e09125c6c3c2fd70d7de961bcf0e51575235fad/library/alloc/src/boxed.rs:2015:9
[INFO] [stdout]   43:     0x560877597d15 - std::sys::unix::thread::Thread::new::thread_start::h36b0a20c0b2361ad
[INFO] [stdout]                                at /rustc/0e09125c6c3c2fd70d7de961bcf0e51575235fad/library/std/src/sys/unix/thread.rs:108:17
[INFO] [stdout]   44:     0x7f3af592cac3 - <unknown>
[INFO] [stdout]   45:     0x7f3af59bdbf4 - __clone
[INFO] [stdout]   46:                0x0 - <unknown>
[INFO] [stdout] 
[INFO] [stdout] 
[INFO] [stdout] failures:
[INFO] [stdout]     tests::get_parameter
[INFO] [stdout]     tests::get_parameter_and_error
[INFO] [stdout]     tests::get_parameters_by_path
[INFO] [stdout] 
[INFO] [stdout] test result: FAILED. 3 passed; 3 failed; 0 ignored; 0 measured; 0 filtered out; finished in 0.13s
[INFO] [stdout] 
[INFO] [stderr] error: test failed, to rerun pass `--bin ssm_helper`
[INFO] running `Command { std: "docker" "inspect" "8e5b19bf559be0759aff30e5e80694cd152b838a217ce00afa819e049ed1361d", kill_on_drop: false }`
[INFO] running `Command { std: "docker" "rm" "-f" "8e5b19bf559be0759aff30e5e80694cd152b838a217ce00afa819e049ed1361d", kill_on_drop: false }`
[INFO] [stdout] 8e5b19bf559be0759aff30e5e80694cd152b838a217ce00afa819e049ed1361d
