[INFO] cloning repository https://github.com/rethab/rab
[INFO] running `Command { std: "git" "-c" "credential.helper=" "-c" "credential.helper=/workspace/cargo-home/bin/git-credential-null" "clone" "--bare" "https://github.com/rethab/rab" "/workspace/cache/git-repos/https%3A%2F%2Fgithub.com%2Frethab%2Frab", kill_on_drop: false }`
[INFO] [stderr] Cloning into bare repository '/workspace/cache/git-repos/https%3A%2F%2Fgithub.com%2Frethab%2Frab'...
[INFO] running `Command { std: "git" "rev-parse" "HEAD", kill_on_drop: false }`
[INFO] [stdout] d84e6b332330ebeac8d3785757ad1efc4de979a4
[INFO] testing rethab/rab against 1.75.0 for beta-1.76-1
[INFO] running `Command { std: "git" "clone" "/workspace/cache/git-repos/https%3A%2F%2Fgithub.com%2Frethab%2Frab" "/workspace/builds/worker-1-tc1/source", kill_on_drop: false }`
[INFO] [stderr] Cloning into '/workspace/builds/worker-1-tc1/source'...
[INFO] [stderr] done.
[INFO] validating manifest of git repo https://github.com/rethab/rab on toolchain 1.75.0
[INFO] running `Command { std: CARGO_HOME="/workspace/cargo-home" RUSTUP_HOME="/workspace/rustup-home" "/workspace/cargo-home/bin/cargo" "+1.75.0" "metadata" "--manifest-path" "Cargo.toml" "--no-deps", kill_on_drop: false }`
[INFO] started tweaking git repo https://github.com/rethab/rab
[INFO] finished tweaking git repo https://github.com/rethab/rab
[INFO] tweaked toml for git repo https://github.com/rethab/rab written to /workspace/builds/worker-1-tc1/source/Cargo.toml
[INFO] crate git repo https://github.com/rethab/rab already has a lockfile, it will not be regenerated
[INFO] running `Command { std: CARGO_HOME="/workspace/cargo-home" RUSTUP_HOME="/workspace/rustup-home" "/workspace/cargo-home/bin/cargo" "+1.75.0" "fetch" "--manifest-path" "Cargo.toml", kill_on_drop: false }`
[INFO] running `Command { std: "docker" "create" "-v" "/var/lib/crater-agent-workspace/builds/worker-1-tc1/target:/opt/rustwide/target:rw,Z" "-v" "/var/lib/crater-agent-workspace/builds/worker-1-tc1/source:/opt/rustwide/workdir:ro,Z" "-v" "/var/lib/crater-agent-workspace/cargo-home:/opt/rustwide/cargo-home:ro,Z" "-v" "/var/lib/crater-agent-workspace/rustup-home:/opt/rustwide/rustup-home:ro,Z" "-e" "SOURCE_DIR=/opt/rustwide/workdir" "-e" "CARGO_TARGET_DIR=/opt/rustwide/target" "-e" "CARGO_HOME=/opt/rustwide/cargo-home" "-e" "RUSTUP_HOME=/opt/rustwide/rustup-home" "-w" "/opt/rustwide/workdir" "-m" "1610612736" "--user" "0:0" "--network" "none" "ghcr.io/rust-lang/crates-build-env/linux@sha256:2788e3201cd34a07e3172128adcd8b3090168a8e3bcc40d7c032b9dda1df7d1c" "/opt/rustwide/cargo-home/bin/cargo" "+1.75.0" "metadata" "--no-deps" "--format-version=1", kill_on_drop: false }`
[INFO] [stdout] a6f9d40fd50c0f1dff4ca5fb56e2a18d7b2acb86ba05219b162caf77bc7374da
[INFO] running `Command { std: "docker" "start" "-a" "a6f9d40fd50c0f1dff4ca5fb56e2a18d7b2acb86ba05219b162caf77bc7374da", kill_on_drop: false }`
[INFO] running `Command { std: "docker" "inspect" "a6f9d40fd50c0f1dff4ca5fb56e2a18d7b2acb86ba05219b162caf77bc7374da", kill_on_drop: false }`
[INFO] running `Command { std: "docker" "rm" "-f" "a6f9d40fd50c0f1dff4ca5fb56e2a18d7b2acb86ba05219b162caf77bc7374da", kill_on_drop: false }`
[INFO] [stdout] a6f9d40fd50c0f1dff4ca5fb56e2a18d7b2acb86ba05219b162caf77bc7374da
[INFO] running `Command { std: "docker" "create" "-v" "/var/lib/crater-agent-workspace/builds/worker-1-tc1/target:/opt/rustwide/target:rw,Z" "-v" "/var/lib/crater-agent-workspace/builds/worker-1-tc1/source:/opt/rustwide/workdir:ro,Z" "-v" "/var/lib/crater-agent-workspace/cargo-home:/opt/rustwide/cargo-home:ro,Z" "-v" "/var/lib/crater-agent-workspace/rustup-home:/opt/rustwide/rustup-home:ro,Z" "-e" "SOURCE_DIR=/opt/rustwide/workdir" "-e" "CARGO_TARGET_DIR=/opt/rustwide/target" "-e" "CARGO_INCREMENTAL=0" "-e" "RUST_BACKTRACE=full" "-e" "RUSTFLAGS=--cap-lints=warn" "-e" "RUSTDOCFLAGS=--cap-lints=warn" "-e" "CARGO_HOME=/opt/rustwide/cargo-home" "-e" "RUSTUP_HOME=/opt/rustwide/rustup-home" "-w" "/opt/rustwide/workdir" "-m" "1610612736" "--user" "0:0" "--network" "none" "ghcr.io/rust-lang/crates-build-env/linux@sha256:2788e3201cd34a07e3172128adcd8b3090168a8e3bcc40d7c032b9dda1df7d1c" "/opt/rustwide/cargo-home/bin/cargo" "+1.75.0" "build" "--frozen" "--message-format=json", kill_on_drop: false }`
[INFO] [stdout] 6cf2b5891ff4511b153d8f03f39a3686f5d8650b27ce6f3c71906ea56d1149b2
[INFO] running `Command { std: "docker" "start" "-a" "6cf2b5891ff4511b153d8f03f39a3686f5d8650b27ce6f3c71906ea56d1149b2", kill_on_drop: false }`
[INFO] [stderr]    Compiling proc-macro2 v1.0.24
[INFO] [stderr]    Compiling version_check v0.9.2
[INFO] [stderr]    Compiling unicode-xid v0.2.1
[INFO] [stderr]    Compiling libc v0.2.88
[INFO] [stderr]    Compiling syn v1.0.63
[INFO] [stderr]    Compiling matches v0.1.8
[INFO] [stderr]    Compiling bitflags v1.2.1
[INFO] [stderr]    Compiling tinyvec_macros v0.1.0
[INFO] [stderr]    Compiling tinyvec v1.1.1
[INFO] [stderr]    Compiling unicode-width v0.1.8
[INFO] [stderr]    Compiling unicode-segmentation v1.7.1
[INFO] [stderr]    Compiling log v0.4.14
[INFO] [stderr]    Compiling proc-macro-error-attr v1.0.4
[INFO] [stderr]    Compiling proc-macro-error v1.0.4
[INFO] [stderr]    Compiling textwrap v0.11.0
[INFO] [stderr]    Compiling heck v0.3.2
[INFO] [stderr]    Compiling unicode-bidi v0.3.4
[INFO] [stderr]    Compiling percent-encoding v2.1.0
[INFO] [stderr]    Compiling vec_map v0.8.2
[INFO] [stderr]    Compiling cfg-if v1.0.0
[INFO] [stderr]    Compiling strsim v0.8.0
[INFO] [stderr]    Compiling quote v1.0.9
[INFO] [stderr]    Compiling ansi_term v0.11.0
[INFO] [stderr]    Compiling form_urlencoded v1.0.1
[INFO] [stderr]    Compiling lazy_static v1.4.0
[INFO] [stderr]    Compiling unicode-normalization v0.1.17
[INFO] [stderr]    Compiling atty v0.2.14
[INFO] [stderr]    Compiling mio v0.7.9
[INFO] [stderr]    Compiling clap v2.33.3
[INFO] [stderr]    Compiling idna v0.2.2
[INFO] [stderr]    Compiling url v2.2.1
[INFO] [stderr]    Compiling structopt-derive v0.4.14
[INFO] [stderr]    Compiling structopt v0.3.21
[INFO] [stderr]    Compiling rab v0.1.0 (/opt/rustwide/workdir)
[INFO] [stderr]     Finished dev [unoptimized + debuginfo] target(s) in 15.55s
[INFO] running `Command { std: "docker" "inspect" "6cf2b5891ff4511b153d8f03f39a3686f5d8650b27ce6f3c71906ea56d1149b2", kill_on_drop: false }`
[INFO] running `Command { std: "docker" "rm" "-f" "6cf2b5891ff4511b153d8f03f39a3686f5d8650b27ce6f3c71906ea56d1149b2", kill_on_drop: false }`
[INFO] [stdout] 6cf2b5891ff4511b153d8f03f39a3686f5d8650b27ce6f3c71906ea56d1149b2
[INFO] running `Command { std: "docker" "create" "-v" "/var/lib/crater-agent-workspace/builds/worker-1-tc1/target:/opt/rustwide/target:rw,Z" "-v" "/var/lib/crater-agent-workspace/builds/worker-1-tc1/source:/opt/rustwide/workdir:ro,Z" "-v" "/var/lib/crater-agent-workspace/cargo-home:/opt/rustwide/cargo-home:ro,Z" "-v" "/var/lib/crater-agent-workspace/rustup-home:/opt/rustwide/rustup-home:ro,Z" "-e" "SOURCE_DIR=/opt/rustwide/workdir" "-e" "CARGO_TARGET_DIR=/opt/rustwide/target" "-e" "CARGO_INCREMENTAL=0" "-e" "RUST_BACKTRACE=full" "-e" "RUSTFLAGS=--cap-lints=warn" "-e" "RUSTDOCFLAGS=--cap-lints=warn" "-e" "CARGO_HOME=/opt/rustwide/cargo-home" "-e" "RUSTUP_HOME=/opt/rustwide/rustup-home" "-w" "/opt/rustwide/workdir" "-m" "1610612736" "--user" "0:0" "--network" "none" "ghcr.io/rust-lang/crates-build-env/linux@sha256:2788e3201cd34a07e3172128adcd8b3090168a8e3bcc40d7c032b9dda1df7d1c" "/opt/rustwide/cargo-home/bin/cargo" "+1.75.0" "test" "--frozen" "--no-run" "--message-format=json", kill_on_drop: false }`
[INFO] [stdout] 0c39cd98362e40d1fcb0a36fc0a8d57f049ccd87d2de86217fc2d5534b481719
[INFO] running `Command { std: "docker" "start" "-a" "0c39cd98362e40d1fcb0a36fc0a8d57f049ccd87d2de86217fc2d5534b481719", kill_on_drop: false }`
[INFO] [stderr]    Compiling autocfg v1.0.1
[INFO] [stderr]    Compiling instant v0.1.9
[INFO] [stderr]    Compiling scopeguard v1.1.0
[INFO] [stderr]    Compiling smallvec v1.6.1
[INFO] [stderr]    Compiling pin-project-lite v0.2.6
[INFO] [stderr]    Compiling bytes v1.0.1
[INFO] [stderr]    Compiling memchr v2.3.4
[INFO] [stderr]    Compiling futures-core v0.3.13
[INFO] [stderr]    Compiling tokio-macros v1.1.0
[INFO] [stderr]    Compiling lock_api v0.4.2
[INFO] [stderr]    Compiling num_cpus v1.13.0
[INFO] [stderr]    Compiling parking_lot_core v0.8.3
[INFO] [stderr]    Compiling signal-hook-registry v1.3.0
[INFO] [stderr]    Compiling fnv v1.0.7
[INFO] [stderr]    Compiling itoa v0.4.7
[INFO] [stderr]    Compiling tokio v1.4.0
[INFO] [stderr]    Compiling parking_lot v0.11.1
[INFO] [stderr]    Compiling indexmap v1.6.2
[INFO] [stderr]    Compiling once_cell v1.7.2
[INFO] [stderr]    Compiling http v0.2.3
[INFO] [stderr]    Compiling tracing-core v0.1.17
[INFO] [stderr]    Compiling futures-sink v0.3.13
[INFO] [stderr]    Compiling futures-task v0.3.13
[INFO] [stderr]    Compiling pin-utils v0.1.0
[INFO] [stderr]    Compiling hashbrown v0.9.1
[INFO] [stderr]    Compiling httparse v1.3.5
[INFO] [stderr]    Compiling futures-util v0.3.13
[INFO] [stderr]    Compiling pin-project-internal v1.0.5
[INFO] [stderr]    Compiling tracing v0.1.25
[INFO] [stderr]    Compiling slab v0.4.2
[INFO] [stderr]    Compiling try-lock v0.2.3
[INFO] [stderr]    Compiling want v0.3.0
[INFO] [stderr]    Compiling futures-channel v0.3.13
[INFO] [stderr]    Compiling serial_test_derive v0.5.1
[INFO] [stderr]    Compiling socket2 v0.3.19
[INFO] [stderr]    Compiling httpdate v0.3.2
[INFO] [stderr]    Compiling tower-service v0.3.1
[INFO] [stderr]    Compiling serial_test v0.5.1
[INFO] [stderr]    Compiling http-body v0.4.1
[INFO] [stderr]    Compiling pin-project v1.0.5
[INFO] [stderr]    Compiling tokio-util v0.6.5
[INFO] [stderr]    Compiling h2 v0.3.1
[INFO] [stderr]    Compiling hyper v0.14.4
[INFO] [stderr]    Compiling rab v0.1.0 (/opt/rustwide/workdir)
[INFO] [stderr]     Finished test [unoptimized + debuginfo] target(s) in 30.18s
[INFO] running `Command { std: "docker" "inspect" "0c39cd98362e40d1fcb0a36fc0a8d57f049ccd87d2de86217fc2d5534b481719", kill_on_drop: false }`
[INFO] running `Command { std: "docker" "rm" "-f" "0c39cd98362e40d1fcb0a36fc0a8d57f049ccd87d2de86217fc2d5534b481719", kill_on_drop: false }`
[INFO] [stdout] 0c39cd98362e40d1fcb0a36fc0a8d57f049ccd87d2de86217fc2d5534b481719
[INFO] running `Command { std: "docker" "create" "-v" "/var/lib/crater-agent-workspace/builds/worker-1-tc1/target:/opt/rustwide/target:rw,Z" "-v" "/var/lib/crater-agent-workspace/builds/worker-1-tc1/source:/opt/rustwide/workdir:ro,Z" "-v" "/var/lib/crater-agent-workspace/cargo-home:/opt/rustwide/cargo-home:ro,Z" "-v" "/var/lib/crater-agent-workspace/rustup-home:/opt/rustwide/rustup-home:ro,Z" "-e" "SOURCE_DIR=/opt/rustwide/workdir" "-e" "CARGO_TARGET_DIR=/opt/rustwide/target" "-e" "CARGO_INCREMENTAL=0" "-e" "RUST_BACKTRACE=full" "-e" "RUSTFLAGS=--cap-lints=warn" "-e" "RUSTDOCFLAGS=--cap-lints=warn" "-e" "CARGO_HOME=/opt/rustwide/cargo-home" "-e" "RUSTUP_HOME=/opt/rustwide/rustup-home" "-w" "/opt/rustwide/workdir" "-m" "1610612736" "--user" "0:0" "--network" "none" "ghcr.io/rust-lang/crates-build-env/linux@sha256:2788e3201cd34a07e3172128adcd8b3090168a8e3bcc40d7c032b9dda1df7d1c" "/opt/rustwide/cargo-home/bin/cargo" "+1.75.0" "test" "--frozen", kill_on_drop: false }`
[INFO] [stdout] e77abc97bfda0cef17a867d5bd5e9372d0fa04429921a32cd9ead994cf66e22e
[INFO] running `Command { std: "docker" "start" "-a" "e77abc97bfda0cef17a867d5bd5e9372d0fa04429921a32cd9ead994cf66e22e", kill_on_drop: false }`
[INFO] [stderr]     Finished test [unoptimized + debuginfo] target(s) in 0.15s
[INFO] [stderr]      Running unittests src/lib.rs (/opt/rustwide/target/debug/deps/rab-9443586afb15a360)
[INFO] [stdout] 
[INFO] [stdout] running 7 tests
[INFO] [stdout] test http::test::test_parse_status_code ... ok
[INFO] [stdout] test reporting::tests::test_mean ... ok
[INFO] [stdout] test reporting::tests::test_median ... ok
[INFO] [stdout] test reporting::tests::test_max ... ok
[INFO] [stdout] test reporting::tests::test_min ... ok
[INFO] [stdout] test http::test::test_parse_server ... ok
[INFO] [stderr]      Running unittests src/main.rs (/opt/rustwide/target/debug/deps/rab-b1dcab688ebc24ed)
[INFO] [stdout] test reporting::tests::test_std_dev ... ok
[INFO] [stdout] 
[INFO] [stdout] test result: ok. 7 passed; 0 failed; 0 ignored; 0 measured; 0 filtered out; finished in 0.01s
[INFO] [stdout] 
[INFO] [stdout] 
[INFO] [stdout] running 2 tests
[INFO] [stdout] test test::test_lenient_url_from_str ... ok
[INFO] [stdout] test test::test_create_socket_addr ... FAILED
[INFO] [stdout] 
[INFO] [stdout] failures:
[INFO] [stdout] 
[INFO] [stdout] ---- test::test_create_socket_addr stdout ----
[INFO] [stdout] thread 'test::test_create_socket_addr' panicked at src/main.rs:145:9:
[INFO] [stdout] assertion `left == right` failed
[INFO] [stdout]   left: [::1]:8080
[INFO] [stdout]  right: 127.0.0.1:8080
[INFO] [stdout] stack backtrace:
[INFO] [stdout]    0:     0x557826d3843c - std::backtrace_rs::backtrace::libunwind::trace::ha637c64ce894333a
[INFO] [stdout]                                at /rustc/82e1608dfa6e0b5569232559e3d385fea5a93112/library/std/src/../../backtrace/src/backtrace/libunwind.rs:104:5
[INFO] [stdout]    1:     0x557826d3843c - std::backtrace_rs::backtrace::trace_unsynchronized::h47f62dea28e0c88d
[INFO] [stdout]                                at /rustc/82e1608dfa6e0b5569232559e3d385fea5a93112/library/std/src/../../backtrace/src/backtrace/mod.rs:66:5
[INFO] [stdout]    2:     0x557826d3843c - std::sys_common::backtrace::_print_fmt::h9eef0abe20ede486
[INFO] [stdout]                                at /rustc/82e1608dfa6e0b5569232559e3d385fea5a93112/library/std/src/sys_common/backtrace.rs:67:5
[INFO] [stdout]    3:     0x557826d3843c - <std::sys_common::backtrace::_print::DisplayBacktrace as core::fmt::Display>::fmt::hed7f999df88cc644
[INFO] [stdout]                                at /rustc/82e1608dfa6e0b5569232559e3d385fea5a93112/library/std/src/sys_common/backtrace.rs:44:22
[INFO] [stdout]    4:     0x557826d64bc0 - core::fmt::rt::Argument::fmt::h1539a9308b8d058d
[INFO] [stdout]                                at /rustc/82e1608dfa6e0b5569232559e3d385fea5a93112/library/core/src/fmt/rt.rs:142:9
[INFO] [stdout]    5:     0x557826d64bc0 - core::fmt::write::h3a39390d8560d9c9
[INFO] [stdout]                                at /rustc/82e1608dfa6e0b5569232559e3d385fea5a93112/library/core/src/fmt/mod.rs:1120:17
[INFO] [stdout]    6:     0x557826d3592f - std::io::Write::write_fmt::h040b369f3a0f9cbc
[INFO] [stdout]                                at /rustc/82e1608dfa6e0b5569232559e3d385fea5a93112/library/std/src/io/mod.rs:1762:15
[INFO] [stdout]    7:     0x557826d38224 - std::sys_common::backtrace::_print::h894006fb5c6f3d45
[INFO] [stdout]                                at /rustc/82e1608dfa6e0b5569232559e3d385fea5a93112/library/std/src/sys_common/backtrace.rs:47:5
[INFO] [stdout]    8:     0x557826d38224 - std::sys_common::backtrace::print::h23a2d212c6fff936
[INFO] [stdout]                                at /rustc/82e1608dfa6e0b5569232559e3d385fea5a93112/library/std/src/sys_common/backtrace.rs:34:9
[INFO] [stdout]    9:     0x557826d39ee7 - std::panicking::default_hook::{{closure}}::h8a1d2ee00185001a
[INFO] [stdout]   10:     0x557826d39bd3 - std::panicking::default_hook::h6038f2eba384e475
[INFO] [stdout]                                at /rustc/82e1608dfa6e0b5569232559e3d385fea5a93112/library/std/src/panicking.rs:289:9
[INFO] [stdout]   11:     0x557826cc5a47 - <alloc::boxed::Box<F,A> as core::ops::function::Fn<Args>>::call::h0ad024c9bdc6d768
[INFO] [stdout]                                at /rustc/82e1608dfa6e0b5569232559e3d385fea5a93112/library/alloc/src/boxed.rs:2021:9
[INFO] [stdout]   12:     0x557826cc5a47 - test::test_main::{{closure}}::h7500b54257359db6
[INFO] [stdout]                                at /rustc/82e1608dfa6e0b5569232559e3d385fea5a93112/library/test/src/lib.rs:138:21
[INFO] [stdout]   13:     0x557826d3a4f8 - <alloc::boxed::Box<F,A> as core::ops::function::Fn<Args>>::call::h1f8f335eaa9cfaee
[INFO] [stdout]                                at /rustc/82e1608dfa6e0b5569232559e3d385fea5a93112/library/alloc/src/boxed.rs:2021:9
[INFO] [stdout]   14:     0x557826d3a4f8 - std::panicking::rust_panic_with_hook::h2b5517d590cab22e
[INFO] [stdout]                                at /rustc/82e1608dfa6e0b5569232559e3d385fea5a93112/library/std/src/panicking.rs:783:13
[INFO] [stdout]   15:     0x557826d3a24e - std::panicking::begin_panic_handler::{{closure}}::h233112c06e0ef43e
[INFO] [stdout]                                at /rustc/82e1608dfa6e0b5569232559e3d385fea5a93112/library/std/src/panicking.rs:657:13
[INFO] [stdout]   16:     0x557826d38906 - std::sys_common::backtrace::__rust_end_short_backtrace::h6e893f24d7ebbff8
[INFO] [stdout]                                at /rustc/82e1608dfa6e0b5569232559e3d385fea5a93112/library/std/src/sys_common/backtrace.rs:170:18
[INFO] [stdout]   17:     0x557826d39fb2 - rust_begin_unwind
[INFO] [stdout]                                at /rustc/82e1608dfa6e0b5569232559e3d385fea5a93112/library/std/src/panicking.rs:645:5
[INFO] [stdout]   18:     0x557826c8cf05 - core::panicking::panic_fmt::hbf0e066aabfa482c
[INFO] [stdout]                                at /rustc/82e1608dfa6e0b5569232559e3d385fea5a93112/library/core/src/panicking.rs:72:14
[INFO] [stdout]   19:     0x557826c8d31b - core::panicking::assert_failed_inner::h0bba8b7c26ee4492
[INFO] [stdout]   20:     0x557826c8f57e - core::panicking::assert_failed::ha5a92276469b053e
[INFO] [stdout]                                at /rustc/82e1608dfa6e0b5569232559e3d385fea5a93112/library/core/src/panicking.rs:279:5
[INFO] [stdout]   21:     0x557826c91777 - rab::test::test_create_socket_addr::hc3184239e039a4c2
[INFO] [stdout]                                at /opt/rustwide/workdir/src/main.rs:145:9
[INFO] [stdout]   22:     0x557826c91577 - rab::test::test_create_socket_addr::{{closure}}::h91bd198a5048b905
[INFO] [stdout]                                at /opt/rustwide/workdir/src/main.rs:141:33
[INFO] [stdout]   23:     0x557826c8e8f6 - core::ops::function::FnOnce::call_once::h05be75c837b7ce65
[INFO] [stdout]                                at /rustc/82e1608dfa6e0b5569232559e3d385fea5a93112/library/core/src/ops/function.rs:250:5
[INFO] [stdout]   24:     0x557826ccb09f - core::ops::function::FnOnce::call_once::h2b5d431d5046312d
[INFO] [stdout]                                at /rustc/82e1608dfa6e0b5569232559e3d385fea5a93112/library/core/src/ops/function.rs:250:5
[INFO] [stdout]   25:     0x557826ccb09f - test::__rust_begin_short_backtrace::h7714669af176e207
[INFO] [stdout]                                at /rustc/82e1608dfa6e0b5569232559e3d385fea5a93112/library/test/src/lib.rs:628:18
[INFO] [stdout]   26:     0x557826cca0b5 - test::run_test_in_process::{{closure}}::h85218797dcbcec12
[INFO] [stdout]                                at /rustc/82e1608dfa6e0b5569232559e3d385fea5a93112/library/test/src/lib.rs:651:60
[INFO] [stdout]   27:     0x557826cca0b5 - <core::panic::unwind_safe::AssertUnwindSafe<F> as core::ops::function::FnOnce<()>>::call_once::h76c106ea31c14d7b
[INFO] [stdout]                                at /rustc/82e1608dfa6e0b5569232559e3d385fea5a93112/library/core/src/panic/unwind_safe.rs:272:9
[INFO] [stdout]   28:     0x557826cca0b5 - std::panicking::try::do_call::h3bd5d0f6620ee946
[INFO] [stdout]                                at /rustc/82e1608dfa6e0b5569232559e3d385fea5a93112/library/std/src/panicking.rs:552:40
[INFO] [stdout]   29:     0x557826cca0b5 - std::panicking::try::h232e535e4744fe31
[INFO] [stdout]                                at /rustc/82e1608dfa6e0b5569232559e3d385fea5a93112/library/std/src/panicking.rs:516:19
[INFO] [stdout]   30:     0x557826cca0b5 - std::panic::catch_unwind::h3ce3bd6ca8dbac68
[INFO] [stdout]                                at /rustc/82e1608dfa6e0b5569232559e3d385fea5a93112/library/std/src/panic.rs:142:14
[INFO] [stdout]   31:     0x557826cca0b5 - test::run_test_in_process::hc97b257c9621286a
[INFO] [stdout]                                at /rustc/82e1608dfa6e0b5569232559e3d385fea5a93112/library/test/src/lib.rs:651:27
[INFO] [stdout]   32:     0x557826cca0b5 - test::run_test::{{closure}}::h2aa798823a438d38
[INFO] [stdout]                                at /rustc/82e1608dfa6e0b5569232559e3d385fea5a93112/library/test/src/lib.rs:574:43
[INFO] [stdout]   33:     0x557826c92376 - test::run_test::{{closure}}::h87d231c78fb59832
[INFO] [stdout]                                at /rustc/82e1608dfa6e0b5569232559e3d385fea5a93112/library/test/src/lib.rs:602:41
[INFO] [stdout]   34:     0x557826c92376 - std::sys_common::backtrace::__rust_begin_short_backtrace::he6df152596625789
[INFO] [stdout]                                at /rustc/82e1608dfa6e0b5569232559e3d385fea5a93112/library/std/src/sys_common/backtrace.rs:154:18
[INFO] [stdout]   35:     0x557826c97427 - std::thread::Builder::spawn_unchecked_::{{closure}}::{{closure}}::ha94be15d1e0acf36
[INFO] [stdout]                                at /rustc/82e1608dfa6e0b5569232559e3d385fea5a93112/library/std/src/thread/mod.rs:529:17
[INFO] [stdout]   36:     0x557826c97427 - <core::panic::unwind_safe::AssertUnwindSafe<F> as core::ops::function::FnOnce<()>>::call_once::h9dc6bd6372f16606
[INFO] [stdout]                                at /rustc/82e1608dfa6e0b5569232559e3d385fea5a93112/library/core/src/panic/unwind_safe.rs:272:9
[INFO] [stdout]   37:     0x557826c97427 - std::panicking::try::do_call::h9057517f80303cd4
[INFO] [stdout]                                at /rustc/82e1608dfa6e0b5569232559e3d385fea5a93112/library/std/src/panicking.rs:552:40
[INFO] [stdout]   38:     0x557826c97427 - std::panicking::try::he3a30b11ee45340c
[INFO] [stdout]                                at /rustc/82e1608dfa6e0b5569232559e3d385fea5a93112/library/std/src/panicking.rs:516:19
[INFO] [stdout]   39:     0x557826c97427 - std::panic::catch_unwind::h410458cfd3528b8b
[INFO] [stdout]                                at /rustc/82e1608dfa6e0b5569232559e3d385fea5a93112/library/std/src/panic.rs:142:14
[INFO] [stdout]   40:     0x557826c97427 - std::thread::Builder::spawn_unchecked_::{{closure}}::h72ac3bdb567b737b
[INFO] [stdout]                                at /rustc/82e1608dfa6e0b5569232559e3d385fea5a93112/library/std/src/thread/mod.rs:528:30
[INFO] [stdout]   41:     0x557826c97427 - core::ops::function::FnOnce::call_once{{vtable.shim}}::h38f34da3654a8344
[INFO] [stdout]                                at /rustc/82e1608dfa6e0b5569232559e3d385fea5a93112/library/core/src/ops/function.rs:250:5
[INFO] [stdout]   42:     0x557826d3ef85 - <alloc::boxed::Box<F,A> as core::ops::function::FnOnce<Args>>::call_once::hc7eafaff61e32df9
[INFO] [stdout]                                at /rustc/82e1608dfa6e0b5569232559e3d385fea5a93112/library/alloc/src/boxed.rs:2007:9
[INFO] [stdout]   43:     0x557826d3ef85 - <alloc::boxed::Box<F,A> as core::ops::function::FnOnce<Args>>::call_once::h6ba4a5de48dd2304
[INFO] [stdout]                                at /rustc/82e1608dfa6e0b5569232559e3d385fea5a93112/library/alloc/src/boxed.rs:2007:9
[INFO] [stdout]   44:     0x557826d3ef85 - std::sys::unix::thread::Thread::new::thread_start::he469335aef763e45
[INFO] [stdout]                                at /rustc/82e1608dfa6e0b5569232559e3d385fea5a93112/library/std/src/sys/unix/thread.rs:108:17
[INFO] [stdout]   45:     0x7ff7d9cd8ac3 - <unknown>
[INFO] [stdout]   46:     0x7ff7d9d69bf4 - __clone
[INFO] [stdout]   47:                0x0 - <unknown>
[INFO] [stdout] 
[INFO] [stdout] 
[INFO] [stdout] failures:
[INFO] [stdout]     test::test_create_socket_addr
[INFO] [stdout] 
[INFO] [stdout] test result: FAILED. 1 passed; 1 failed; 0 ignored; 0 measured; 0 filtered out; finished in 0.07s
[INFO] [stdout] 
[INFO] [stderr] error: test failed, to rerun pass `--bin rab`
[INFO] running `Command { std: "docker" "inspect" "e77abc97bfda0cef17a867d5bd5e9372d0fa04429921a32cd9ead994cf66e22e", kill_on_drop: false }`
[INFO] running `Command { std: "docker" "rm" "-f" "e77abc97bfda0cef17a867d5bd5e9372d0fa04429921a32cd9ead994cf66e22e", kill_on_drop: false }`
[INFO] [stdout] e77abc97bfda0cef17a867d5bd5e9372d0fa04429921a32cd9ead994cf66e22e
[INFO] testing rethab/rab against beta-2023-12-22 for beta-1.76-1
[INFO] running `Command { std: "git" "clone" "/workspace/cache/git-repos/https%3A%2F%2Fgithub.com%2Frethab%2Frab" "/workspace/builds/worker-1-tc2/source", kill_on_drop: false }`
[INFO] [stderr] Cloning into '/workspace/builds/worker-1-tc2/source'...
[INFO] [stderr] done.
[INFO] validating manifest of git repo https://github.com/rethab/rab on toolchain beta-2023-12-22
[INFO] running `Command { std: CARGO_HOME="/workspace/cargo-home" RUSTUP_HOME="/workspace/rustup-home" "/workspace/cargo-home/bin/cargo" "+beta-2023-12-22" "metadata" "--manifest-path" "Cargo.toml" "--no-deps", kill_on_drop: false }`
[INFO] started tweaking git repo https://github.com/rethab/rab
[INFO] finished tweaking git repo https://github.com/rethab/rab
[INFO] tweaked toml for git repo https://github.com/rethab/rab written to /workspace/builds/worker-1-tc2/source/Cargo.toml
[INFO] crate git repo https://github.com/rethab/rab already has a lockfile, it will not be regenerated
[INFO] running `Command { std: CARGO_HOME="/workspace/cargo-home" RUSTUP_HOME="/workspace/rustup-home" "/workspace/cargo-home/bin/cargo" "+beta-2023-12-22" "fetch" "--manifest-path" "Cargo.toml", kill_on_drop: false }`
[INFO] running `Command { std: "docker" "create" "-v" "/var/lib/crater-agent-workspace/builds/worker-1-tc2/target:/opt/rustwide/target:rw,Z" "-v" "/var/lib/crater-agent-workspace/builds/worker-1-tc2/source:/opt/rustwide/workdir:ro,Z" "-v" "/var/lib/crater-agent-workspace/cargo-home:/opt/rustwide/cargo-home:ro,Z" "-v" "/var/lib/crater-agent-workspace/rustup-home:/opt/rustwide/rustup-home:ro,Z" "-e" "SOURCE_DIR=/opt/rustwide/workdir" "-e" "CARGO_TARGET_DIR=/opt/rustwide/target" "-e" "CARGO_HOME=/opt/rustwide/cargo-home" "-e" "RUSTUP_HOME=/opt/rustwide/rustup-home" "-w" "/opt/rustwide/workdir" "-m" "1610612736" "--user" "0:0" "--network" "none" "ghcr.io/rust-lang/crates-build-env/linux@sha256:2788e3201cd34a07e3172128adcd8b3090168a8e3bcc40d7c032b9dda1df7d1c" "/opt/rustwide/cargo-home/bin/cargo" "+beta-2023-12-22" "metadata" "--no-deps" "--format-version=1", kill_on_drop: false }`
[INFO] [stdout] 9d482989c413da85f7722d1378ca2970a238228c0812822f4fe680b36263ffa1
[INFO] running `Command { std: "docker" "start" "-a" "9d482989c413da85f7722d1378ca2970a238228c0812822f4fe680b36263ffa1", kill_on_drop: false }`
[INFO] running `Command { std: "docker" "inspect" "9d482989c413da85f7722d1378ca2970a238228c0812822f4fe680b36263ffa1", kill_on_drop: false }`
[INFO] running `Command { std: "docker" "rm" "-f" "9d482989c413da85f7722d1378ca2970a238228c0812822f4fe680b36263ffa1", kill_on_drop: false }`
[INFO] [stdout] 9d482989c413da85f7722d1378ca2970a238228c0812822f4fe680b36263ffa1
[INFO] running `Command { std: "docker" "create" "-v" "/var/lib/crater-agent-workspace/builds/worker-1-tc2/target:/opt/rustwide/target:rw,Z" "-v" "/var/lib/crater-agent-workspace/builds/worker-1-tc2/source:/opt/rustwide/workdir:ro,Z" "-v" "/var/lib/crater-agent-workspace/cargo-home:/opt/rustwide/cargo-home:ro,Z" "-v" "/var/lib/crater-agent-workspace/rustup-home:/opt/rustwide/rustup-home:ro,Z" "-e" "SOURCE_DIR=/opt/rustwide/workdir" "-e" "CARGO_TARGET_DIR=/opt/rustwide/target" "-e" "CARGO_INCREMENTAL=0" "-e" "RUST_BACKTRACE=full" "-e" "RUSTFLAGS=--cap-lints=warn" "-e" "RUSTDOCFLAGS=--cap-lints=warn" "-e" "CARGO_HOME=/opt/rustwide/cargo-home" "-e" "RUSTUP_HOME=/opt/rustwide/rustup-home" "-w" "/opt/rustwide/workdir" "-m" "1610612736" "--user" "0:0" "--network" "none" "ghcr.io/rust-lang/crates-build-env/linux@sha256:2788e3201cd34a07e3172128adcd8b3090168a8e3bcc40d7c032b9dda1df7d1c" "/opt/rustwide/cargo-home/bin/cargo" "+beta-2023-12-22" "build" "--frozen" "--message-format=json", kill_on_drop: false }`
[INFO] [stdout] 2cf2bd51704ace3f470395f415e961466a2e12da6cbf95c526eb9230a218595c
[INFO] running `Command { std: "docker" "start" "-a" "2cf2bd51704ace3f470395f415e961466a2e12da6cbf95c526eb9230a218595c", kill_on_drop: false }`
[INFO] [stderr]    Compiling version_check v0.9.2
[INFO] [stderr]    Compiling proc-macro2 v1.0.24
[INFO] [stderr]    Compiling unicode-xid v0.2.1
[INFO] [stderr]    Compiling libc v0.2.88
[INFO] [stderr]    Compiling syn v1.0.63
[INFO] [stderr]    Compiling tinyvec_macros v0.1.0
[INFO] [stderr]    Compiling bitflags v1.2.1
[INFO] [stderr]    Compiling matches v0.1.8
[INFO] [stderr]    Compiling unicode-segmentation v1.7.1
[INFO] [stderr]    Compiling log v0.4.14
[INFO] [stderr]    Compiling tinyvec v1.1.1
[INFO] [stderr]    Compiling unicode-width v0.1.8
[INFO] [stderr]    Compiling textwrap v0.11.0
[INFO] [stderr]    Compiling proc-macro-error-attr v1.0.4
[INFO] [stderr]    Compiling proc-macro-error v1.0.4
[INFO] [stderr]    Compiling heck v0.3.2
[INFO] [stderr]    Compiling unicode-bidi v0.3.4
[INFO] [stderr]    Compiling percent-encoding v2.1.0
[INFO] [stderr]    Compiling strsim v0.8.0
[INFO] [stderr]    Compiling vec_map v0.8.2
[INFO] [stderr]    Compiling ansi_term v0.11.0
[INFO] [stderr]    Compiling cfg-if v1.0.0
[INFO] [stderr]    Compiling atty v0.2.14
[INFO] [stderr]    Compiling quote v1.0.9
[INFO] [stderr]    Compiling clap v2.33.3
[INFO] [stderr]    Compiling form_urlencoded v1.0.1
[INFO] [stderr]    Compiling lazy_static v1.4.0
[INFO] [stderr]    Compiling mio v0.7.9
[INFO] [stderr]    Compiling unicode-normalization v0.1.17
[INFO] [stderr]    Compiling idna v0.2.2
[INFO] [stderr]    Compiling url v2.2.1
[INFO] [stderr]    Compiling structopt-derive v0.4.14
[INFO] [stderr]    Compiling structopt v0.3.21
[INFO] [stderr]    Compiling rab v0.1.0 (/opt/rustwide/workdir)
[INFO] [stderr]     Finished dev [unoptimized + debuginfo] target(s) in 22.30s
[INFO] running `Command { std: "docker" "inspect" "2cf2bd51704ace3f470395f415e961466a2e12da6cbf95c526eb9230a218595c", kill_on_drop: false }`
[INFO] running `Command { std: "docker" "rm" "-f" "2cf2bd51704ace3f470395f415e961466a2e12da6cbf95c526eb9230a218595c", kill_on_drop: false }`
[INFO] [stdout] 2cf2bd51704ace3f470395f415e961466a2e12da6cbf95c526eb9230a218595c
[INFO] running `Command { std: "docker" "create" "-v" "/var/lib/crater-agent-workspace/builds/worker-1-tc2/target:/opt/rustwide/target:rw,Z" "-v" "/var/lib/crater-agent-workspace/builds/worker-1-tc2/source:/opt/rustwide/workdir:ro,Z" "-v" "/var/lib/crater-agent-workspace/cargo-home:/opt/rustwide/cargo-home:ro,Z" "-v" "/var/lib/crater-agent-workspace/rustup-home:/opt/rustwide/rustup-home:ro,Z" "-e" "SOURCE_DIR=/opt/rustwide/workdir" "-e" "CARGO_TARGET_DIR=/opt/rustwide/target" "-e" "CARGO_INCREMENTAL=0" "-e" "RUST_BACKTRACE=full" "-e" "RUSTFLAGS=--cap-lints=warn" "-e" "RUSTDOCFLAGS=--cap-lints=warn" "-e" "CARGO_HOME=/opt/rustwide/cargo-home" "-e" "RUSTUP_HOME=/opt/rustwide/rustup-home" "-w" "/opt/rustwide/workdir" "-m" "1610612736" "--user" "0:0" "--network" "none" "ghcr.io/rust-lang/crates-build-env/linux@sha256:2788e3201cd34a07e3172128adcd8b3090168a8e3bcc40d7c032b9dda1df7d1c" "/opt/rustwide/cargo-home/bin/cargo" "+beta-2023-12-22" "test" "--frozen" "--no-run" "--message-format=json", kill_on_drop: false }`
[INFO] [stdout] a1abbd73e3f37407015c7e6e609c71b4cc66ee227dc02eda28a68b82c89c1b57
[INFO] running `Command { std: "docker" "start" "-a" "a1abbd73e3f37407015c7e6e609c71b4cc66ee227dc02eda28a68b82c89c1b57", kill_on_drop: false }`
[INFO] [stderr]    Compiling autocfg v1.0.1
[INFO] [stderr]    Compiling instant v0.1.9
[INFO] [stderr]    Compiling smallvec v1.6.1
[INFO] [stderr]    Compiling pin-project-lite v0.2.6
[INFO] [stderr]    Compiling scopeguard v1.1.0
[INFO] [stderr]    Compiling memchr v2.3.4
[INFO] [stderr]    Compiling bytes v1.0.1
[INFO] [stderr]    Compiling futures-core v0.3.13
[INFO] [stderr]    Compiling lock_api v0.4.2
[INFO] [stderr]    Compiling tokio-macros v1.1.0
[INFO] [stderr]    Compiling num_cpus v1.13.0
[INFO] [stderr]    Compiling signal-hook-registry v1.3.0
[INFO] [stderr]    Compiling parking_lot_core v0.8.3
[INFO] [stderr]    Compiling fnv v1.0.7
[INFO] [stderr]    Compiling itoa v0.4.7
[INFO] [stderr]    Compiling tokio v1.4.0
[INFO] [stderr]    Compiling indexmap v1.6.2
[INFO] [stderr]    Compiling parking_lot v0.11.1
[INFO] [stderr]    Compiling once_cell v1.7.2
[INFO] [stderr]    Compiling http v0.2.3
[INFO] [stderr]    Compiling tracing-core v0.1.17
[INFO] [stderr]    Compiling hashbrown v0.9.1
[INFO] [stderr]    Compiling futures-task v0.3.13
[INFO] [stderr]    Compiling pin-utils v0.1.0
[INFO] [stderr]    Compiling httparse v1.3.5
[INFO] [stderr]    Compiling futures-sink v0.3.13
[INFO] [stderr]    Compiling futures-util v0.3.13
[INFO] [stderr]    Compiling pin-project-internal v1.0.5
[INFO] [stderr]    Compiling tracing v0.1.25
[INFO] [stderr]    Compiling slab v0.4.2
[INFO] [stderr]    Compiling try-lock v0.2.3
[INFO] [stderr]    Compiling want v0.3.0
[INFO] [stderr]    Compiling futures-channel v0.3.13
[INFO] [stderr]    Compiling serial_test_derive v0.5.1
[INFO] [stderr]    Compiling socket2 v0.3.19
[INFO] [stderr]    Compiling tower-service v0.3.1
[INFO] [stderr]    Compiling httpdate v0.3.2
[INFO] [stderr]    Compiling serial_test v0.5.1
[INFO] [stderr]    Compiling http-body v0.4.1
[INFO] [stderr]    Compiling pin-project v1.0.5
[INFO] [stderr]    Compiling tokio-util v0.6.5
[INFO] [stderr]    Compiling h2 v0.3.1
[INFO] [stderr]    Compiling hyper v0.14.4
[INFO] [stderr]    Compiling rab v0.1.0 (/opt/rustwide/workdir)
[INFO] [stderr]     Finished test [unoptimized + debuginfo] target(s) in 32.04s
[INFO] running `Command { std: "docker" "inspect" "a1abbd73e3f37407015c7e6e609c71b4cc66ee227dc02eda28a68b82c89c1b57", kill_on_drop: false }`
[INFO] running `Command { std: "docker" "rm" "-f" "a1abbd73e3f37407015c7e6e609c71b4cc66ee227dc02eda28a68b82c89c1b57", kill_on_drop: false }`
[INFO] [stdout] a1abbd73e3f37407015c7e6e609c71b4cc66ee227dc02eda28a68b82c89c1b57
[INFO] running `Command { std: "docker" "create" "-v" "/var/lib/crater-agent-workspace/builds/worker-1-tc2/target:/opt/rustwide/target:rw,Z" "-v" "/var/lib/crater-agent-workspace/builds/worker-1-tc2/source:/opt/rustwide/workdir:ro,Z" "-v" "/var/lib/crater-agent-workspace/cargo-home:/opt/rustwide/cargo-home:ro,Z" "-v" "/var/lib/crater-agent-workspace/rustup-home:/opt/rustwide/rustup-home:ro,Z" "-e" "SOURCE_DIR=/opt/rustwide/workdir" "-e" "CARGO_TARGET_DIR=/opt/rustwide/target" "-e" "CARGO_INCREMENTAL=0" "-e" "RUST_BACKTRACE=full" "-e" "RUSTFLAGS=--cap-lints=warn" "-e" "RUSTDOCFLAGS=--cap-lints=warn" "-e" "CARGO_HOME=/opt/rustwide/cargo-home" "-e" "RUSTUP_HOME=/opt/rustwide/rustup-home" "-w" "/opt/rustwide/workdir" "-m" "1610612736" "--user" "0:0" "--network" "none" "ghcr.io/rust-lang/crates-build-env/linux@sha256:2788e3201cd34a07e3172128adcd8b3090168a8e3bcc40d7c032b9dda1df7d1c" "/opt/rustwide/cargo-home/bin/cargo" "+beta-2023-12-22" "test" "--frozen", kill_on_drop: false }`
[INFO] [stdout] 20cc27fb775af85faa226f7e7badb7a03d97147b06438223581ebb285a824b1c
[INFO] running `Command { std: "docker" "start" "-a" "20cc27fb775af85faa226f7e7badb7a03d97147b06438223581ebb285a824b1c", kill_on_drop: false }`
[INFO] [stderr]     Finished test [unoptimized + debuginfo] target(s) in 0.08s
[INFO] [stderr]      Running unittests src/lib.rs (/opt/rustwide/target/debug/deps/rab-b7401b5a42c1ecb3)
[INFO] [stdout] 
[INFO] [stdout] running 7 tests
[INFO] [stdout] test http::test::test_parse_server ... ok
[INFO] [stdout] test reporting::tests::test_max ... ok
[INFO] [stdout] test reporting::tests::test_mean ... ok
[INFO] [stdout] test http::test::test_parse_status_code ... ok
[INFO] [stdout] test reporting::tests::test_median ... ok
[INFO] [stdout] test reporting::tests::test_min ... ok
[INFO] [stdout] test reporting::tests::test_std_dev ... ok
[INFO] [stdout] 
[INFO] [stdout] test result: ok. 7 passed; 0 failed; 0 ignored; 0 measured; 0 filtered out; finished in 0.04s
[INFO] [stdout] 
[INFO] [stderr]      Running unittests src/main.rs (/opt/rustwide/target/debug/deps/rab-fb404be0edb0ec20)
[INFO] [stdout] 
[INFO] [stdout] running 2 tests
[INFO] [stdout] test test::test_lenient_url_from_str ... ok
[INFO] [stderr] error: test failed, to rerun pass `--bin rab`
[INFO] [stdout] test test::test_create_socket_addr ... FAILED
[INFO] [stdout] 
[INFO] [stdout] failures:
[INFO] [stdout] 
[INFO] [stdout] ---- test::test_create_socket_addr stdout ----
[INFO] [stdout] thread 'test::test_create_socket_addr' panicked at src/main.rs:145:9:
[INFO] [stdout] assertion `left == right` failed
[INFO] [stdout]   left: [::1]:8080
[INFO] [stdout]  right: 127.0.0.1:8080
[INFO] [stdout] stack backtrace:
[INFO] [stdout]    0:     0x555ba111f516 - std::backtrace_rs::backtrace::libunwind::trace::h261606ad26a499c1
[INFO] [stdout]                                at /rustc/0e09125c6c3c2fd70d7de961bcf0e51575235fad/library/std/src/../../backtrace/src/backtrace/libunwind.rs:104:5
[INFO] [stdout]    1:     0x555ba111f516 - std::backtrace_rs::backtrace::trace_unsynchronized::hd183f0625477fb28
[INFO] [stdout]                                at /rustc/0e09125c6c3c2fd70d7de961bcf0e51575235fad/library/std/src/../../backtrace/src/backtrace/mod.rs:66:5
[INFO] [stdout]    2:     0x555ba111f516 - std::sys_common::backtrace::_print_fmt::hd7f8fef21b4eda67
[INFO] [stdout]                                at /rustc/0e09125c6c3c2fd70d7de961bcf0e51575235fad/library/std/src/sys_common/backtrace.rs:68:5
[INFO] [stdout]    3:     0x555ba111f516 - <std::sys_common::backtrace::_print::DisplayBacktrace as core::fmt::Display>::fmt::h623d9b51f2f453f1
[INFO] [stdout]                                at /rustc/0e09125c6c3c2fd70d7de961bcf0e51575235fad/library/std/src/sys_common/backtrace.rs:44:22
[INFO] [stdout]    4:     0x555ba114af60 - core::fmt::rt::Argument::fmt::h9f417ac76a86f368
[INFO] [stdout]                                at /rustc/0e09125c6c3c2fd70d7de961bcf0e51575235fad/library/core/src/fmt/rt.rs:142:9
[INFO] [stdout]    5:     0x555ba114af60 - core::fmt::write::hc9b6faf4ac2aeff7
[INFO] [stdout]                                at /rustc/0e09125c6c3c2fd70d7de961bcf0e51575235fad/library/core/src/fmt/mod.rs:1120:17
[INFO] [stdout]    6:     0x555ba111cacf - std::io::Write::write_fmt::he04625a3a989fec3
[INFO] [stdout]                                at /rustc/0e09125c6c3c2fd70d7de961bcf0e51575235fad/library/std/src/io/mod.rs:1810:15
[INFO] [stdout]    7:     0x555ba111f2f4 - std::sys_common::backtrace::_print::hd5d66399c7df88a2
[INFO] [stdout]                                at /rustc/0e09125c6c3c2fd70d7de961bcf0e51575235fad/library/std/src/sys_common/backtrace.rs:47:5
[INFO] [stdout]    8:     0x555ba111f2f4 - std::sys_common::backtrace::print::he81ed2da642d37e5
[INFO] [stdout]                                at /rustc/0e09125c6c3c2fd70d7de961bcf0e51575235fad/library/std/src/sys_common/backtrace.rs:34:9
[INFO] [stdout]    9:     0x555ba1121067 - std::panicking::default_hook::{{closure}}::h85773f4fa117163d
[INFO] [stdout]   10:     0x555ba1120d4d - std::panicking::default_hook::h6a1694a91d09b278
[INFO] [stdout]                                at /rustc/0e09125c6c3c2fd70d7de961bcf0e51575235fad/library/std/src/panicking.rs:289:9
[INFO] [stdout]   11:     0x555ba10acae7 - <alloc::boxed::Box<F,A> as core::ops::function::Fn<Args>>::call::h616ac37fa3cd6c8f
[INFO] [stdout]                                at /rustc/0e09125c6c3c2fd70d7de961bcf0e51575235fad/library/alloc/src/boxed.rs:2029:9
[INFO] [stdout]   12:     0x555ba10acae7 - test::test_main::{{closure}}::h00d84697cefdcbb6
[INFO] [stdout]                                at /rustc/0e09125c6c3c2fd70d7de961bcf0e51575235fad/library/test/src/lib.rs:138:21
[INFO] [stdout]   13:     0x555ba1121686 - <alloc::boxed::Box<F,A> as core::ops::function::Fn<Args>>::call::hcb3fe3b9bb537ba8
[INFO] [stdout]                                at /rustc/0e09125c6c3c2fd70d7de961bcf0e51575235fad/library/alloc/src/boxed.rs:2029:9
[INFO] [stdout]   14:     0x555ba1121686 - std::panicking::rust_panic_with_hook::h0a7ad96e90f7145b
[INFO] [stdout]                                at /rustc/0e09125c6c3c2fd70d7de961bcf0e51575235fad/library/std/src/panicking.rs:783:13
[INFO] [stdout]   15:     0x555ba11213d2 - std::panicking::begin_panic_handler::{{closure}}::h7919090525c6485e
[INFO] [stdout]                                at /rustc/0e09125c6c3c2fd70d7de961bcf0e51575235fad/library/std/src/panicking.rs:657:13
[INFO] [stdout]   16:     0x555ba111fa16 - std::sys_common::backtrace::__rust_end_short_backtrace::hf3289479464f7dfe
[INFO] [stdout]                                at /rustc/0e09125c6c3c2fd70d7de961bcf0e51575235fad/library/std/src/sys_common/backtrace.rs:171:18
[INFO] [stdout]   17:     0x555ba1121130 - rust_begin_unwind
[INFO] [stdout]                                at /rustc/0e09125c6c3c2fd70d7de961bcf0e51575235fad/library/std/src/panicking.rs:645:5
[INFO] [stdout]   18:     0x555ba1072ee5 - core::panicking::panic_fmt::hcc9f77c5c132af55
[INFO] [stdout]                                at /rustc/0e09125c6c3c2fd70d7de961bcf0e51575235fad/library/core/src/panicking.rs:72:14
[INFO] [stdout]   19:     0x555ba107331b - core::panicking::assert_failed_inner::h9f13e27dd63c3a08
[INFO] [stdout]                                at /rustc/0e09125c6c3c2fd70d7de961bcf0e51575235fad/library/core/src/panicking.rs:342:17
[INFO] [stdout]   20:     0x555ba10755ae - core::panicking::assert_failed::h0c831d64071f52eb
[INFO] [stdout]                                at /rustc/0e09125c6c3c2fd70d7de961bcf0e51575235fad/library/core/src/panicking.rs:297:5
[INFO] [stdout]   21:     0x555ba1077877 - rab::test::test_create_socket_addr::ha9aa809d84638869
[INFO] [stdout]                                at /opt/rustwide/workdir/src/main.rs:145:9
[INFO] [stdout]   22:     0x555ba1077677 - rab::test::test_create_socket_addr::{{closure}}::h3782e269bcadf315
[INFO] [stdout]                                at /opt/rustwide/workdir/src/main.rs:141:33
[INFO] [stdout]   23:     0x555ba1074986 - core::ops::function::FnOnce::call_once::h2e231dd543523c47
[INFO] [stdout]                                at /rustc/0e09125c6c3c2fd70d7de961bcf0e51575235fad/library/core/src/ops/function.rs:250:5
[INFO] [stdout]   24:     0x555ba10b23bf - core::ops::function::FnOnce::call_once::hd64d26f405258157
[INFO] [stdout]                                at /rustc/0e09125c6c3c2fd70d7de961bcf0e51575235fad/library/core/src/ops/function.rs:250:5
[INFO] [stdout]   25:     0x555ba10b23bf - test::__rust_begin_short_backtrace::he21b0b7a6d731bf9
[INFO] [stdout]                                at /rustc/0e09125c6c3c2fd70d7de961bcf0e51575235fad/library/test/src/lib.rs:627:18
[INFO] [stdout]   26:     0x555ba10b1141 - test::run_test_in_process::{{closure}}::hf5c73986d7bdfde2
[INFO] [stdout]                                at /rustc/0e09125c6c3c2fd70d7de961bcf0e51575235fad/library/test/src/lib.rs:650:60
[INFO] [stdout]   27:     0x555ba10b1141 - <core::panic::unwind_safe::AssertUnwindSafe<F> as core::ops::function::FnOnce<()>>::call_once::h330011ad032aadc0
[INFO] [stdout]                                at /rustc/0e09125c6c3c2fd70d7de961bcf0e51575235fad/library/core/src/panic/unwind_safe.rs:272:9
[INFO] [stdout]   28:     0x555ba10b1141 - std::panicking::try::do_call::he61b0a958b795a41
[INFO] [stdout]                                at /rustc/0e09125c6c3c2fd70d7de961bcf0e51575235fad/library/std/src/panicking.rs:552:40
[INFO] [stdout]   29:     0x555ba10b1141 - std::panicking::try::h7309da130f906eb7
[INFO] [stdout]                                at /rustc/0e09125c6c3c2fd70d7de961bcf0e51575235fad/library/std/src/panicking.rs:516:19
[INFO] [stdout]   30:     0x555ba10b1141 - std::panic::catch_unwind::hc5c3a06fdaf0a92a
[INFO] [stdout]                                at /rustc/0e09125c6c3c2fd70d7de961bcf0e51575235fad/library/std/src/panic.rs:142:14
[INFO] [stdout]   31:     0x555ba10b1141 - test::run_test_in_process::h7e7b7c71c3324e0f
[INFO] [stdout]                                at /rustc/0e09125c6c3c2fd70d7de961bcf0e51575235fad/library/test/src/lib.rs:650:27
[INFO] [stdout]   32:     0x555ba10b1141 - test::run_test::{{closure}}::h1f509f28f5cf20b1
[INFO] [stdout]                                at /rustc/0e09125c6c3c2fd70d7de961bcf0e51575235fad/library/test/src/lib.rs:573:43
[INFO] [stdout]   33:     0x555ba1078476 - test::run_test::{{closure}}::h1754218abf443f6d
[INFO] [stdout]                                at /rustc/0e09125c6c3c2fd70d7de961bcf0e51575235fad/library/test/src/lib.rs:601:41
[INFO] [stdout]   34:     0x555ba1078476 - std::sys_common::backtrace::__rust_begin_short_backtrace::h2ee174b9d5954948
[INFO] [stdout]                                at /rustc/0e09125c6c3c2fd70d7de961bcf0e51575235fad/library/std/src/sys_common/backtrace.rs:155:18
[INFO] [stdout]   35:     0x555ba107d4d7 - std::thread::Builder::spawn_unchecked_::{{closure}}::{{closure}}::hf60bee9c1a17ef09
[INFO] [stdout]                                at /rustc/0e09125c6c3c2fd70d7de961bcf0e51575235fad/library/std/src/thread/mod.rs:529:17
[INFO] [stdout]   36:     0x555ba107d4d7 - <core::panic::unwind_safe::AssertUnwindSafe<F> as core::ops::function::FnOnce<()>>::call_once::h33d0dddec5216160
[INFO] [stdout]                                at /rustc/0e09125c6c3c2fd70d7de961bcf0e51575235fad/library/core/src/panic/unwind_safe.rs:272:9
[INFO] [stdout]   37:     0x555ba107d4d7 - std::panicking::try::do_call::h144b3048b546f835
[INFO] [stdout]                                at /rustc/0e09125c6c3c2fd70d7de961bcf0e51575235fad/library/std/src/panicking.rs:552:40
[INFO] [stdout]   38:     0x555ba107d4d7 - std::panicking::try::h978244d04646189f
[INFO] [stdout]                                at /rustc/0e09125c6c3c2fd70d7de961bcf0e51575235fad/library/std/src/panicking.rs:516:19
[INFO] [stdout]   39:     0x555ba107d4d7 - std::panic::catch_unwind::hdf436369d188fe86
[INFO] [stdout]                                at /rustc/0e09125c6c3c2fd70d7de961bcf0e51575235fad/library/std/src/panic.rs:142:14
[INFO] [stdout]   40:     0x555ba107d4d7 - std::thread::Builder::spawn_unchecked_::{{closure}}::h87329cbdd33c79ec
[INFO] [stdout]                                at /rustc/0e09125c6c3c2fd70d7de961bcf0e51575235fad/library/std/src/thread/mod.rs:528:30
[INFO] [stdout]   41:     0x555ba107d4d7 - core::ops::function::FnOnce::call_once{{vtable.shim}}::h401abbe67897d450
[INFO] [stdout]                                at /rustc/0e09125c6c3c2fd70d7de961bcf0e51575235fad/library/core/src/ops/function.rs:250:5
[INFO] [stdout]   42:     0x555ba1126135 - <alloc::boxed::Box<F,A> as core::ops::function::FnOnce<Args>>::call_once::h5d7c8f150ab9c84c
[INFO] [stdout]                                at /rustc/0e09125c6c3c2fd70d7de961bcf0e51575235fad/library/alloc/src/boxed.rs:2015:9
[INFO] [stdout]   43:     0x555ba1126135 - <alloc::boxed::Box<F,A> as core::ops::function::FnOnce<Args>>::call_once::h570d5b005c242c15
[INFO] [stdout]                                at /rustc/0e09125c6c3c2fd70d7de961bcf0e51575235fad/library/alloc/src/boxed.rs:2015:9
[INFO] [stdout]   44:     0x555ba1126135 - std::sys::unix::thread::Thread::new::thread_start::h36b0a20c0b2361ad
[INFO] [stdout]                                at /rustc/0e09125c6c3c2fd70d7de961bcf0e51575235fad/library/std/src/sys/unix/thread.rs:108:17
[INFO] [stdout]   45:     0x7fc7981c6ac3 - <unknown>
[INFO] [stdout]   46:     0x7fc798257bf4 - __clone
[INFO] [stdout]   47:                0x0 - <unknown>
[INFO] [stdout] 
[INFO] [stdout] 
[INFO] [stdout] failures:
[INFO] [stdout]     test::test_create_socket_addr
[INFO] [stdout] 
[INFO] [stdout] test result: FAILED. 1 passed; 1 failed; 0 ignored; 0 measured; 0 filtered out; finished in 0.07s
[INFO] [stdout] 
[INFO] running `Command { std: "docker" "inspect" "20cc27fb775af85faa226f7e7badb7a03d97147b06438223581ebb285a824b1c", kill_on_drop: false }`
[INFO] running `Command { std: "docker" "rm" "-f" "20cc27fb775af85faa226f7e7badb7a03d97147b06438223581ebb285a824b1c", kill_on_drop: false }`
[INFO] [stdout] 20cc27fb775af85faa226f7e7badb7a03d97147b06438223581ebb285a824b1c
