[INFO] cloning repository https://github.com/redfoo22/BankersParty
[INFO] running `Command { std: "git" "-c" "credential.helper=" "-c" "credential.helper=/workspace/cargo-home/bin/git-credential-null" "clone" "--bare" "https://github.com/redfoo22/BankersParty" "/workspace/cache/git-repos/https%3A%2F%2Fgithub.com%2Fredfoo22%2FBankersParty", kill_on_drop: false }`
[INFO] [stderr] Cloning into bare repository '/workspace/cache/git-repos/https%3A%2F%2Fgithub.com%2Fredfoo22%2FBankersParty'...
[INFO] running `Command { std: "git" "rev-parse" "HEAD", kill_on_drop: false }`
[INFO] [stdout] c9f1803b0ae8be14ab5e48232d4622ab22342d26
[INFO] testing redfoo22/BankersParty against 1.75.0 for beta-1.76-1
[INFO] running `Command { std: "git" "clone" "/workspace/cache/git-repos/https%3A%2F%2Fgithub.com%2Fredfoo22%2FBankersParty" "/workspace/builds/worker-6-tc1/source", kill_on_drop: false }`
[INFO] [stderr] Cloning into '/workspace/builds/worker-6-tc1/source'...
[INFO] [stderr] done.
[INFO] [stderr] Updating files:  77% (1317/1692)
Updating files:  78% (1320/1692)
Updating files:  79% (1337/1692)
Updating files:  80% (1354/1692)
Updating files:  81% (1371/1692)
Updating files:  82% (1388/1692)
Updating files:  83% (1405/1692)
Updating files:  84% (1422/1692)
Updating files:  85% (1439/1692)
Updating files:  86% (1456/1692)
Updating files:  87% (1473/1692)
Updating files:  88% (1489/1692)
Updating files:  89% (1506/1692)
Updating files:  90% (1523/1692)
Updating files:  91% (1540/1692)
Updating files:  92% (1557/1692)
Updating files:  93% (1574/1692)
Updating files:  94% (1591/1692)
Updating files:  95% (1608/1692)
Updating files:  96% (1625/1692)
Updating files:  97% (1642/1692)
Updating files:  98% (1659/1692)
Updating files:  99% (1676/1692)
Updating files: 100% (1692/1692)
Updating files: 100% (1692/1692), done.
[INFO] validating manifest of git repo https://github.com/redfoo22/BankersParty on toolchain 1.75.0
[INFO] running `Command { std: CARGO_HOME="/workspace/cargo-home" RUSTUP_HOME="/workspace/rustup-home" "/workspace/cargo-home/bin/cargo" "+1.75.0" "metadata" "--manifest-path" "Cargo.toml" "--no-deps", kill_on_drop: false }`
[INFO] started tweaking git repo https://github.com/redfoo22/BankersParty
[INFO] finished tweaking git repo https://github.com/redfoo22/BankersParty
[INFO] tweaked toml for git repo https://github.com/redfoo22/BankersParty written to /workspace/builds/worker-6-tc1/source/Cargo.toml
[INFO] crate git repo https://github.com/redfoo22/BankersParty already has a lockfile, it will not be regenerated
[INFO] running `Command { std: CARGO_HOME="/workspace/cargo-home" RUSTUP_HOME="/workspace/rustup-home" "/workspace/cargo-home/bin/cargo" "+1.75.0" "fetch" "--manifest-path" "Cargo.toml", kill_on_drop: false }`
[INFO] [stderr]     Updating git repository `https://github.com/radixdlt/radixdlt-scrypto`
[INFO] [stderr]     Updating git repository `https://github.com/radixdlt/elliptic-curves`
[INFO] [stderr]     Updating git repository `https://github.com/bluss/indexmap`
[INFO] [stderr]     Updating git repository `https://github.com/radixdlt/wasmi`
[INFO] [stderr]     Updating git submodule `https://github.com/robbepop/wasm_kernel.git`
[INFO] [stderr]     Updating git submodule `https://github.com/WebAssembly/testsuite.git`
[INFO] [stderr]     Updating git submodule `https://github.com/WebAssembly/testsuite.git`
[INFO] [stderr]  Downloading crates ...
[INFO] [stderr]   Downloaded cargo_toml v0.10.3
[INFO] [stderr]   Downloaded rfc6979 v0.2.0-pre.0
[INFO] [stderr]   Downloaded ecdsa v0.14.0-pre.2
[INFO] [stderr]   Downloaded elliptic-curve v0.12.0-pre.1
[INFO] [stderr]   Downloaded crypto-bigint v0.4.0-pre.0
[INFO] running `Command { std: "docker" "create" "-v" "/var/lib/crater-agent-workspace/builds/worker-6-tc1/target:/opt/rustwide/target:rw,Z" "-v" "/var/lib/crater-agent-workspace/builds/worker-6-tc1/source:/opt/rustwide/workdir:ro,Z" "-v" "/var/lib/crater-agent-workspace/cargo-home:/opt/rustwide/cargo-home:ro,Z" "-v" "/var/lib/crater-agent-workspace/rustup-home:/opt/rustwide/rustup-home:ro,Z" "-e" "SOURCE_DIR=/opt/rustwide/workdir" "-e" "CARGO_TARGET_DIR=/opt/rustwide/target" "-e" "CARGO_HOME=/opt/rustwide/cargo-home" "-e" "RUSTUP_HOME=/opt/rustwide/rustup-home" "-w" "/opt/rustwide/workdir" "-m" "1610612736" "--user" "0:0" "--network" "none" "ghcr.io/rust-lang/crates-build-env/linux@sha256:2788e3201cd34a07e3172128adcd8b3090168a8e3bcc40d7c032b9dda1df7d1c" "/opt/rustwide/cargo-home/bin/cargo" "+1.75.0" "metadata" "--no-deps" "--format-version=1", kill_on_drop: false }`
[INFO] [stdout] aa7a4377a2321b1997ec6344a41faf151a5241cf4ff6b34a95f00618629a8c96
[INFO] running `Command { std: "docker" "start" "-a" "aa7a4377a2321b1997ec6344a41faf151a5241cf4ff6b34a95f00618629a8c96", kill_on_drop: false }`
[INFO] running `Command { std: "docker" "inspect" "aa7a4377a2321b1997ec6344a41faf151a5241cf4ff6b34a95f00618629a8c96", kill_on_drop: false }`
[INFO] running `Command { std: "docker" "rm" "-f" "aa7a4377a2321b1997ec6344a41faf151a5241cf4ff6b34a95f00618629a8c96", kill_on_drop: false }`
[INFO] [stdout] aa7a4377a2321b1997ec6344a41faf151a5241cf4ff6b34a95f00618629a8c96
[INFO] running `Command { std: "docker" "create" "-v" "/var/lib/crater-agent-workspace/builds/worker-6-tc1/target:/opt/rustwide/target:rw,Z" "-v" "/var/lib/crater-agent-workspace/builds/worker-6-tc1/source:/opt/rustwide/workdir:ro,Z" "-v" "/var/lib/crater-agent-workspace/cargo-home:/opt/rustwide/cargo-home:ro,Z" "-v" "/var/lib/crater-agent-workspace/rustup-home:/opt/rustwide/rustup-home:ro,Z" "-e" "SOURCE_DIR=/opt/rustwide/workdir" "-e" "CARGO_TARGET_DIR=/opt/rustwide/target" "-e" "CARGO_INCREMENTAL=0" "-e" "RUST_BACKTRACE=full" "-e" "RUSTFLAGS=--cap-lints=warn" "-e" "RUSTDOCFLAGS=--cap-lints=warn" "-e" "CARGO_HOME=/opt/rustwide/cargo-home" "-e" "RUSTUP_HOME=/opt/rustwide/rustup-home" "-w" "/opt/rustwide/workdir" "-m" "1610612736" "--user" "0:0" "--network" "none" "ghcr.io/rust-lang/crates-build-env/linux@sha256:2788e3201cd34a07e3172128adcd8b3090168a8e3bcc40d7c032b9dda1df7d1c" "/opt/rustwide/cargo-home/bin/cargo" "+1.75.0" "build" "--frozen" "--message-format=json", kill_on_drop: false }`
[INFO] [stdout] ca77862d617c11aa5e99f018cdcff1744d6e9f90efbfc2f5c966cf9307bf1fc1
[INFO] running `Command { std: "docker" "start" "-a" "ca77862d617c11aa5e99f018cdcff1744d6e9f90efbfc2f5c966cf9307bf1fc1", kill_on_drop: false }`
[INFO] [stderr]    Compiling version_check v0.9.4
[INFO] [stderr]    Compiling typenum v1.15.0
[INFO] [stderr]    Compiling proc-macro2 v1.0.40
[INFO] [stderr]    Compiling quote v1.0.20
[INFO] [stderr]    Compiling unicode-ident v1.0.1
[INFO] [stderr]    Compiling subtle v2.4.1
[INFO] [stderr]    Compiling syn v1.0.98
[INFO] [stderr]    Compiling cfg-if v1.0.0
[INFO] [stderr]    Compiling libc v0.2.126
[INFO] [stderr]    Compiling autocfg v1.1.0
[INFO] [stderr]    Compiling serde_derive v1.0.137
[INFO] [stderr]    Compiling rand_core v0.6.3
[INFO] [stderr]    Compiling serde v1.0.137
[INFO] [stderr]    Compiling generic-array v0.14.5
[INFO] [stderr]    Compiling zeroize v1.5.5
[INFO] [stderr]    Compiling const-oid v0.7.1
[INFO] [stderr]    Compiling num-traits v0.2.15
[INFO] [stderr]    Compiling ff v0.11.1
[INFO] [stderr]    Compiling der v0.5.1
[INFO] [stderr]    Compiling group v0.11.0
[INFO] [stderr]    Compiling num-integer v0.1.45
[INFO] [stderr]    Compiling base16ct v0.1.1
[INFO] [stderr]    Compiling serde_json v1.0.81
[INFO] [stderr]    Compiling cpufeatures v0.2.2
[INFO] [stderr]    Compiling num-bigint v0.4.3
[INFO] [stderr]    Compiling itoa v1.0.2
[INFO] [stderr]    Compiling ryu v1.0.10
[INFO] [stderr]    Compiling getrandom v0.2.7
[INFO] [stderr]    Compiling opaque-debug v0.3.0
[INFO] [stderr]    Compiling keccak v0.1.2
[INFO] [stderr]    Compiling uuid v0.8.2
[INFO] [stderr]    Compiling hex v0.4.3
[INFO] [stderr]    Compiling block-buffer v0.10.2
[INFO] [stderr]    Compiling crypto-common v0.1.3
[INFO] [stderr]    Compiling crypto-bigint v0.4.0-pre.0
[INFO] [stderr]    Compiling sec1 v0.2.1
[INFO] [stderr]    Compiling digest v0.10.3
[INFO] [stderr]    Compiling digest v0.9.0
[INFO] [stderr]    Compiling block-buffer v0.9.0
[INFO] [stderr]    Compiling hmac v0.12.1
[INFO] [stderr]    Compiling signature v1.5.0
[INFO] [stderr]    Compiling sha2 v0.10.2
[INFO] [stderr]    Compiling sha2 v0.9.9
[INFO] [stderr]    Compiling sha3 v0.10.1
[INFO] [stderr]    Compiling elliptic-curve v0.12.0-pre.1
[INFO] [stderr]    Compiling rfc6979 v0.2.0-pre.0
[INFO] [stderr]    Compiling ecdsa v0.14.0-pre.2
[INFO] [stderr]    Compiling p256 v0.11.0-pre.0 (https://github.com/radixdlt/elliptic-curves?branch=alloc#130c8039)
[INFO] [stderr]    Compiling toml v0.5.9
[INFO] [stderr]    Compiling sbor-derive v0.4.1 (https://github.com/radixdlt/radixdlt-scrypto?tag=v0.4.1#8c176b71)
[INFO] [stderr]    Compiling sbor v0.4.1 (https://github.com/radixdlt/radixdlt-scrypto?tag=v0.4.1#8c176b71)
[INFO] [stderr]    Compiling scrypto-abi v0.4.1 (https://github.com/radixdlt/radixdlt-scrypto?tag=v0.4.1#8c176b71)
[INFO] [stderr]    Compiling cargo_toml v0.10.3
[INFO] [stderr]    Compiling scrypto-derive v0.4.1 (https://github.com/radixdlt/radixdlt-scrypto?tag=v0.4.1#8c176b71)
[INFO] [stderr]    Compiling scrypto v0.4.1 (https://github.com/radixdlt/radixdlt-scrypto?tag=v0.4.1#8c176b71)
[INFO] [stderr]    Compiling stanking v0.1.0 (/opt/rustwide/workdir)
[INFO] [stdout] warning: unused variable: `data`
[INFO] [stdout]    --> src/lib.rs:172:17
[INFO] [stdout]     |
[INFO] [stdout] 172 |             let data: BankerTicketData = ticket.non_fungible().data();
[INFO] [stdout]     |                 ^^^^ help: if this is intentional, prefix it with an underscore: `_data`
[INFO] [stdout]     |
[INFO] [stdout]     = note: `#[warn(unused_variables)]` on by default
[INFO] [stdout] 
[INFO] [stdout] 
[INFO] [stdout] warning: 1 warning emitted
[INFO] [stdout] 
[INFO] [stdout] 
[INFO] [stderr]     Finished dev [unoptimized + debuginfo] target(s) in 25.50s
[INFO] running `Command { std: "docker" "inspect" "ca77862d617c11aa5e99f018cdcff1744d6e9f90efbfc2f5c966cf9307bf1fc1", kill_on_drop: false }`
[INFO] running `Command { std: "docker" "rm" "-f" "ca77862d617c11aa5e99f018cdcff1744d6e9f90efbfc2f5c966cf9307bf1fc1", kill_on_drop: false }`
[INFO] [stdout] ca77862d617c11aa5e99f018cdcff1744d6e9f90efbfc2f5c966cf9307bf1fc1
[INFO] running `Command { std: "docker" "create" "-v" "/var/lib/crater-agent-workspace/builds/worker-6-tc1/target:/opt/rustwide/target:rw,Z" "-v" "/var/lib/crater-agent-workspace/builds/worker-6-tc1/source:/opt/rustwide/workdir:ro,Z" "-v" "/var/lib/crater-agent-workspace/cargo-home:/opt/rustwide/cargo-home:ro,Z" "-v" "/var/lib/crater-agent-workspace/rustup-home:/opt/rustwide/rustup-home:ro,Z" "-e" "SOURCE_DIR=/opt/rustwide/workdir" "-e" "CARGO_TARGET_DIR=/opt/rustwide/target" "-e" "CARGO_INCREMENTAL=0" "-e" "RUST_BACKTRACE=full" "-e" "RUSTFLAGS=--cap-lints=warn" "-e" "RUSTDOCFLAGS=--cap-lints=warn" "-e" "CARGO_HOME=/opt/rustwide/cargo-home" "-e" "RUSTUP_HOME=/opt/rustwide/rustup-home" "-w" "/opt/rustwide/workdir" "-m" "1610612736" "--user" "0:0" "--network" "none" "ghcr.io/rust-lang/crates-build-env/linux@sha256:2788e3201cd34a07e3172128adcd8b3090168a8e3bcc40d7c032b9dda1df7d1c" "/opt/rustwide/cargo-home/bin/cargo" "+1.75.0" "test" "--frozen" "--no-run" "--message-format=json", kill_on_drop: false }`
[INFO] [stdout] a1c202a4c27908c089cff608d2e75501c5686f0a55b943459354c3a7004a759a
[INFO] running `Command { std: "docker" "start" "-a" "a1c202a4c27908c089cff608d2e75501c5686f0a55b943459354c3a7004a759a", kill_on_drop: false }`
[INFO] [stderr]    Compiling libc v0.2.126
[INFO] [stderr]    Compiling ahash v0.7.6
[INFO] [stderr]    Compiling num-rational v0.4.0
[INFO] [stderr]    Compiling once_cell v1.12.0
[INFO] [stderr]    Compiling libm v0.2.2
[INFO] [stderr]    Compiling parity-wasm v0.42.2
[INFO] [stderr]    Compiling indexmap v1.8.1 (https://github.com/bluss/indexmap?tag=1.8.1#275379c4)
[INFO] [stderr]    Compiling downcast-rs v1.2.0
[INFO] [stderr]    Compiling memory_units v0.4.0
[INFO] [stderr]    Compiling lazy_static v1.4.0
[INFO] [stderr]    Compiling bencher v0.1.5
[INFO] [stderr]    Compiling getrandom v0.2.7
[INFO] [stderr]    Compiling atty v0.2.14
[INFO] [stderr]    Compiling colored v2.0.0
[INFO] [stderr]    Compiling uuid v0.8.2
[INFO] [stderr]    Compiling hashbrown v0.11.2
[INFO] [stderr]    Compiling wasmi-validation v0.4.1 (https://github.com/radixdlt/wasmi?branch=expose-exports#e331fa3d)
[INFO] [stderr]    Compiling wasmi_core v0.1.0 (https://github.com/radixdlt/wasmi?branch=expose-exports#e331fa3d)
[INFO] [stderr]    Compiling sbor-derive v0.4.1 (https://github.com/radixdlt/radixdlt-scrypto?tag=v0.4.1#8c176b71)
[INFO] [stderr]    Compiling lru v0.7.7
[INFO] [stderr]    Compiling wasmi v0.11.0 (https://github.com/radixdlt/wasmi?branch=expose-exports#e331fa3d)
[INFO] [stderr]    Compiling sbor v0.4.1 (https://github.com/radixdlt/radixdlt-scrypto?tag=v0.4.1#8c176b71)
[INFO] [stderr]    Compiling scrypto-abi v0.4.1 (https://github.com/radixdlt/radixdlt-scrypto?tag=v0.4.1#8c176b71)
[INFO] [stderr]    Compiling scrypto-derive v0.4.1 (https://github.com/radixdlt/radixdlt-scrypto?tag=v0.4.1#8c176b71)
[INFO] [stderr]    Compiling scrypto v0.4.1 (https://github.com/radixdlt/radixdlt-scrypto?tag=v0.4.1#8c176b71)
[INFO] [stderr]    Compiling radix-engine v0.4.1 (https://github.com/radixdlt/radixdlt-scrypto?tag=v0.4.1#8c176b71)
[INFO] [stderr]    Compiling stanking v0.1.0 (/opt/rustwide/workdir)
[INFO] [stdout] warning: unused variable: `data`
[INFO] [stdout]    --> src/lib.rs:172:17
[INFO] [stdout]     |
[INFO] [stdout] 172 |             let data: BankerTicketData = ticket.non_fungible().data();
[INFO] [stdout]     |                 ^^^^ help: if this is intentional, prefix it with an underscore: `_data`
[INFO] [stdout]     |
[INFO] [stdout]     = note: `#[warn(unused_variables)]` on by default
[INFO] [stdout] 
[INFO] [stdout] 
[INFO] [stdout] warning: 1 warning emitted
[INFO] [stdout] 
[INFO] [stdout] 
[INFO] [stdout] warning: unused variable: `data`
[INFO] [stdout]    --> src/lib.rs:172:17
[INFO] [stdout]     |
[INFO] [stdout] 172 |             let data: BankerTicketData = ticket.non_fungible().data();
[INFO] [stdout]     |                 ^^^^ help: if this is intentional, prefix it with an underscore: `_data`
[INFO] [stdout]     |
[INFO] [stdout]     = note: `#[warn(unused_variables)]` on by default
[INFO] [stdout] 
[INFO] [stdout] 
[INFO] [stdout] warning: 1 warning emitted
[INFO] [stdout] 
[INFO] [stdout] 
[INFO] [stderr]     Finished test [unoptimized + debuginfo] target(s) in 11.31s
[INFO] running `Command { std: "docker" "inspect" "a1c202a4c27908c089cff608d2e75501c5686f0a55b943459354c3a7004a759a", kill_on_drop: false }`
[INFO] running `Command { std: "docker" "rm" "-f" "a1c202a4c27908c089cff608d2e75501c5686f0a55b943459354c3a7004a759a", kill_on_drop: false }`
[INFO] [stdout] a1c202a4c27908c089cff608d2e75501c5686f0a55b943459354c3a7004a759a
[INFO] running `Command { std: "docker" "create" "-v" "/var/lib/crater-agent-workspace/builds/worker-6-tc1/target:/opt/rustwide/target:rw,Z" "-v" "/var/lib/crater-agent-workspace/builds/worker-6-tc1/source:/opt/rustwide/workdir:ro,Z" "-v" "/var/lib/crater-agent-workspace/cargo-home:/opt/rustwide/cargo-home:ro,Z" "-v" "/var/lib/crater-agent-workspace/rustup-home:/opt/rustwide/rustup-home:ro,Z" "-e" "SOURCE_DIR=/opt/rustwide/workdir" "-e" "CARGO_TARGET_DIR=/opt/rustwide/target" "-e" "CARGO_INCREMENTAL=0" "-e" "RUST_BACKTRACE=full" "-e" "RUSTFLAGS=--cap-lints=warn" "-e" "RUSTDOCFLAGS=--cap-lints=warn" "-e" "CARGO_HOME=/opt/rustwide/cargo-home" "-e" "RUSTUP_HOME=/opt/rustwide/rustup-home" "-w" "/opt/rustwide/workdir" "-m" "1610612736" "--user" "0:0" "--network" "none" "ghcr.io/rust-lang/crates-build-env/linux@sha256:2788e3201cd34a07e3172128adcd8b3090168a8e3bcc40d7c032b9dda1df7d1c" "/opt/rustwide/cargo-home/bin/cargo" "+1.75.0" "test" "--frozen", kill_on_drop: false }`
[INFO] [stdout] 9cb7c5dd354d3d14bcac3034f503480de78d1fd7cbc7726fb743cffeda327f27
[INFO] running `Command { std: "docker" "start" "-a" "9cb7c5dd354d3d14bcac3034f503480de78d1fd7cbc7726fb743cffeda327f27", kill_on_drop: false }`
[INFO] [stderr] warning: unused variable: `data`
[INFO] [stderr]    --> src/lib.rs:172:17
[INFO] [stderr]     |
[INFO] [stderr] 172 |             let data: BankerTicketData = ticket.non_fungible().data();
[INFO] [stderr]     |                 ^^^^ help: if this is intentional, prefix it with an underscore: `_data`
[INFO] [stderr]     |
[INFO] [stderr]     = note: `#[warn(unused_variables)]` on by default
[INFO] [stderr] 
[INFO] [stderr] warning: `stanking` (lib) generated 1 warning (run `cargo fix --lib -p stanking` to apply 1 suggestion)
[INFO] [stderr] warning: `stanking` (lib test) generated 1 warning (1 duplicate)
[INFO] [stderr]     Finished test [unoptimized + debuginfo] target(s) in 0.05s
[INFO] [stderr]      Running unittests src/lib.rs (/opt/rustwide/target/debug/deps/stanking-8752a14b5276a401)
[INFO] [stdout] 
[INFO] [stdout] running 0 tests
[INFO] [stdout] 
[INFO] [stdout] test result: ok. 0 passed; 0 failed; 0 ignored; 0 measured; 0 filtered out; finished in 0.00s
[INFO] [stdout] 
[INFO] [stderr]      Running tests/lib.rs (/opt/rustwide/target/debug/deps/lib-dd1e58bab24f577e)
[INFO] [stdout] 
[INFO] [stdout] running 1 test
[INFO] [stderr]    Compiling typenum v1.15.0
[INFO] [stderr]    Compiling version_check v0.9.4
[INFO] [stderr]    Compiling proc-macro2 v1.0.40
[INFO] [stderr]    Compiling quote v1.0.20
[INFO] [stderr]    Compiling unicode-ident v1.0.1
[INFO] [stderr]    Compiling subtle v2.4.1
[INFO] [stderr]    Compiling syn v1.0.98
[INFO] [stderr]    Compiling libc v0.2.126
[INFO] [stderr] error[E0463]: can't find crate for `core`
[INFO] [stderr]   |
[INFO] [stderr]   = note: the `wasm32-unknown-unknown` target may not be installed
[INFO] [stderr]   = help: consider downloading the target with `rustup target add wasm32-unknown-unknown`
[INFO] [stderr] 
[INFO] [stderr] error[E0463]: can't find crate for `compiler_builtins`
[INFO] [stderr] 
[INFO] [stderr] error: cannot find attribute `derive` in this scope
[INFO] [stderr]    --> /opt/rustwide/cargo-home/registry/src/index.crates.io-6f17d22bba15001f/subtle-2.4.1/src/lib.rs:110:3
[INFO] [stderr]     |
[INFO] [stderr] 110 | #[derive(Copy, Clone, Debug)]
[INFO] [stderr]     |   ^^^^^^
[INFO] [stderr] 
[INFO] [stderr] error: cannot find macro `debug_assert` in this scope
[INFO] [stderr]    --> /opt/rustwide/cargo-home/registry/src/index.crates.io-6f17d22bba15001f/subtle-2.4.1/src/lib.rs:145:9
[INFO] [stderr]     |
[INFO] [stderr] 145 |         debug_assert!((source.0 == 0u8) | (source.0 == 1u8));
[INFO] [stderr]     |         ^^^^^^^^^^^^
[INFO] [stderr] 
[INFO] [stderr] error: cannot find macro `debug_assert` in this scope
[INFO] [stderr]    --> /opt/rustwide/cargo-home/registry/src/index.crates.io-6f17d22bba15001f/subtle-2.4.1/src/lib.rs:215:5
[INFO] [stderr]     |
[INFO] [stderr] 215 |     debug_assert!((input == 0u8) | (input == 1u8));
[INFO] [stderr]     |     ^^^^^^^^^^^^
[INFO] [stderr] 
[INFO] [stderr] error: cannot find attribute `derive` in this scope
[INFO] [stderr]    --> /opt/rustwide/cargo-home/registry/src/index.crates.io-6f17d22bba15001f/subtle-2.4.1/src/lib.rs:569:3
[INFO] [stderr]     |
[INFO] [stderr] 569 | #[derive(Clone, Copy, Debug)]
[INFO] [stderr]     |   ^^^^^^
[INFO] [stderr] 
[INFO] [stderr] error: cannot find macro `assert_eq` in this scope
[INFO] [stderr]    --> /opt/rustwide/cargo-home/registry/src/index.crates.io-6f17d22bba15001f/subtle-2.4.1/src/lib.rs:612:9
[INFO] [stderr]     |
[INFO] [stderr] 612 |         assert_eq!(self.is_some.unwrap_u8(), 1);
[INFO] [stderr]     |         ^^^^^^^^^
[INFO] [stderr] 
[INFO] [stderr] error[E0405]: cannot find trait `From` in this scope
[INFO] [stderr]    --> /opt/rustwide/cargo-home/registry/src/index.crates.io-6f17d22bba15001f/subtle-2.4.1/src/lib.rs:129:6
[INFO] [stderr]     |
[INFO] [stderr] 129 | impl From<Choice> for bool {
[INFO] [stderr]     |      ^^^^ not found in this scope
[INFO] [stderr] 
[INFO] [stderr] error[E0405]: cannot find trait `From` in this scope
[INFO] [stderr]    --> /opt/rustwide/cargo-home/registry/src/index.crates.io-6f17d22bba15001f/subtle-2.4.1/src/lib.rs:230:6
[INFO] [stderr]     |
[INFO] [stderr] 230 | impl From<u8> for Choice {
[INFO] [stderr]     |      ^^^^ not found in this scope
[INFO] [stderr] 
[INFO] [stderr] error[E0405]: cannot find trait `Copy` in this scope
[INFO] [stderr]    --> /opt/rustwide/cargo-home/registry/src/index.crates.io-6f17d22bba15001f/subtle-2.4.1/src/lib.rs:357:36
[INFO] [stderr]     |
[INFO] [stderr] 357 | pub trait ConditionallySelectable: Copy {
[INFO] [stderr]     |                                    ^^^^ not found in this scope
[INFO] [stderr] 
[INFO] [stderr] error[E0405]: cannot find trait `From` in this scope
[INFO] [stderr]    --> /opt/rustwide/cargo-home/registry/src/index.crates.io-6f17d22bba15001f/subtle-2.4.1/src/lib.rs:575:9
[INFO] [stderr]     |
[INFO] [stderr] 575 | impl<T> From<CtOption<T>> for Option<T> {
[INFO] [stderr]     |         ^^^^ not found in this scope
[INFO] [stderr] 
[INFO] [stderr] error[E0425]: cannot find value `None` in this scope
[INFO] [stderr]    --> /opt/rustwide/cargo-home/registry/src/index.crates.io-6f17d22bba15001f/subtle-2.4.1/src/lib.rs:589:13
[INFO] [stderr]     |
[INFO] [stderr] 589 |             None
[INFO] [stderr]     |             ^^^^ not found in this scope
[INFO] [stderr] 
[INFO] [stderr] error[E0405]: cannot find trait `FnOnce` in this scope
[INFO] [stderr]    --> /opt/rustwide/cargo-home/registry/src/index.crates.io-6f17d22bba15001f/subtle-2.4.1/src/lib.rs:633:12
[INFO] [stderr]     |
[INFO] [stderr] 633 |         F: FnOnce() -> T,
[INFO] [stderr]     |            ^^^^^^ not found in this scope
[INFO] [stderr] 
[INFO] [stderr] error[E0405]: cannot find trait `Default` in this scope
[INFO] [stderr]    --> /opt/rustwide/cargo-home/registry/src/index.crates.io-6f17d22bba15001f/subtle-2.4.1/src/lib.rs:661:12
[INFO] [stderr]     |
[INFO] [stderr] 661 |         T: Default + ConditionallySelectable,
[INFO] [stderr]     |            ^^^^^^^ not found in this scope
[INFO] [stderr] 
[INFO] [stderr] error[E0405]: cannot find trait `FnOnce` in this scope
[INFO] [stderr]    --> /opt/rustwide/cargo-home/registry/src/index.crates.io-6f17d22bba15001f/subtle-2.4.1/src/lib.rs:662:12
[INFO] [stderr]     |
[INFO] [stderr] 662 |         F: FnOnce(T) -> U,
[INFO] [stderr]     |            ^^^^^^ not found in this scope
[INFO] [stderr] 
[INFO] [stderr] error[E0405]: cannot find trait `Default` in this scope
[INFO] [stderr]    --> /opt/rustwide/cargo-home/registry/src/index.crates.io-6f17d22bba15001f/subtle-2.4.1/src/lib.rs:684:12
[INFO] [stderr]     |
[INFO] [stderr] 684 |         T: Default + ConditionallySelectable,
[INFO] [stderr]     |            ^^^^^^^ not found in this scope
[INFO] [stderr] 
[INFO] [stderr] error[E0405]: cannot find trait `FnOnce` in this scope
[INFO] [stderr]    --> /opt/rustwide/cargo-home/registry/src/index.crates.io-6f17d22bba15001f/subtle-2.4.1/src/lib.rs:685:12
[INFO] [stderr]     |
[INFO] [stderr] 685 |         F: FnOnce(T) -> CtOption<U>,
[INFO] [stderr]     |            ^^^^^^ not found in this scope
[INFO] [stderr] 
[INFO] [stderr] error[E0405]: cannot find trait `FnOnce` in this scope
[INFO] [stderr]    --> /opt/rustwide/cargo-home/registry/src/index.crates.io-6f17d22bba15001f/subtle-2.4.1/src/lib.rs:703:12
[INFO] [stderr]     |
[INFO] [stderr] 703 |         F: FnOnce() -> CtOption<T>,
[INFO] [stderr]     |            ^^^^^^ not found in this scope
[INFO] [stderr] 
[INFO] [stderr] Some errors have detailed explanations: E0405, E0425, E0463.
[INFO] [stderr] For more information about an error, try `rustc --explain E0405`.
[INFO] [stderr]    Compiling serde_derive v1.0.137
[INFO] [stderr] error: could not compile `subtle` (lib) due to 18 previous errors
[INFO] [stderr] warning: build failed, waiting for other jobs to finish...
[INFO] [stdout] test test_hello ... FAILED
[INFO] [stdout] 
[INFO] [stdout] failures:
[INFO] [stdout] 
[INFO] [stdout] ---- test_hello stdout ----
[INFO] [stdout] thread 'test_hello' panicked at /opt/rustwide/cargo-home/git/checkouts/radixdlt-scrypto-1833d92590086ce0/8c176b7/scrypto/src/misc/cargo.rs:15:9:
[INFO] [stdout] Failed to compile package: "/opt/rustwide/workdir"
[INFO] [stdout] stack backtrace:
[INFO] [stdout]    0:     0x559b7020740c - std::backtrace_rs::backtrace::libunwind::trace::ha637c64ce894333a
[INFO] [stdout]                                at /rustc/82e1608dfa6e0b5569232559e3d385fea5a93112/library/std/src/../../backtrace/src/backtrace/libunwind.rs:104:5
[INFO] [stdout]    1:     0x559b7020740c - std::backtrace_rs::backtrace::trace_unsynchronized::h47f62dea28e0c88d
[INFO] [stdout]                                at /rustc/82e1608dfa6e0b5569232559e3d385fea5a93112/library/std/src/../../backtrace/src/backtrace/mod.rs:66:5
[INFO] [stdout]    2:     0x559b7020740c - std::sys_common::backtrace::_print_fmt::h9eef0abe20ede486
[INFO] [stdout]                                at /rustc/82e1608dfa6e0b5569232559e3d385fea5a93112/library/std/src/sys_common/backtrace.rs:67:5
[INFO] [stdout]    3:     0x559b7020740c - <std::sys_common::backtrace::_print::DisplayBacktrace as core::fmt::Display>::fmt::hed7f999df88cc644
[INFO] [stdout]                                at /rustc/82e1608dfa6e0b5569232559e3d385fea5a93112/library/std/src/sys_common/backtrace.rs:44:22
[INFO] [stdout]    4:     0x559b70233910 - core::fmt::rt::Argument::fmt::h1539a9308b8d058d
[INFO] [stdout]                                at /rustc/82e1608dfa6e0b5569232559e3d385fea5a93112/library/core/src/fmt/rt.rs:142:9
[INFO] [stdout]    5:     0x559b70233910 - core::fmt::write::h3a39390d8560d9c9
[INFO] [stdout]                                at /rustc/82e1608dfa6e0b5569232559e3d385fea5a93112/library/core/src/fmt/mod.rs:1120:17
[INFO] [stdout]    6:     0x559b7020495f - std::io::Write::write_fmt::h040b369f3a0f9cbc
[INFO] [stdout]                                at /rustc/82e1608dfa6e0b5569232559e3d385fea5a93112/library/std/src/io/mod.rs:1762:15
[INFO] [stdout]    7:     0x559b702071f4 - std::sys_common::backtrace::_print::h894006fb5c6f3d45
[INFO] [stdout]                                at /rustc/82e1608dfa6e0b5569232559e3d385fea5a93112/library/std/src/sys_common/backtrace.rs:47:5
[INFO] [stdout]    8:     0x559b702071f4 - std::sys_common::backtrace::print::h23a2d212c6fff936
[INFO] [stdout]                                at /rustc/82e1608dfa6e0b5569232559e3d385fea5a93112/library/std/src/sys_common/backtrace.rs:34:9
[INFO] [stdout]    9:     0x559b70208eb7 - std::panicking::default_hook::{{closure}}::h8a1d2ee00185001a
[INFO] [stdout]   10:     0x559b70208ba3 - std::panicking::default_hook::h6038f2eba384e475
[INFO] [stdout]                                at /rustc/82e1608dfa6e0b5569232559e3d385fea5a93112/library/std/src/panicking.rs:289:9
[INFO] [stdout]   11:     0x559b6fcf6477 - <alloc::boxed::Box<F,A> as core::ops::function::Fn<Args>>::call::h0ad024c9bdc6d768
[INFO] [stdout]                                at /rustc/82e1608dfa6e0b5569232559e3d385fea5a93112/library/alloc/src/boxed.rs:2021:9
[INFO] [stdout]   12:     0x559b6fcf6477 - test::test_main::{{closure}}::h7500b54257359db6
[INFO] [stdout]                                at /rustc/82e1608dfa6e0b5569232559e3d385fea5a93112/library/test/src/lib.rs:138:21
[INFO] [stdout]   13:     0x559b702094c8 - <alloc::boxed::Box<F,A> as core::ops::function::Fn<Args>>::call::h1f8f335eaa9cfaee
[INFO] [stdout]                                at /rustc/82e1608dfa6e0b5569232559e3d385fea5a93112/library/alloc/src/boxed.rs:2021:9
[INFO] [stdout]   14:     0x559b702094c8 - std::panicking::rust_panic_with_hook::h2b5517d590cab22e
[INFO] [stdout]                                at /rustc/82e1608dfa6e0b5569232559e3d385fea5a93112/library/std/src/panicking.rs:783:13
[INFO] [stdout]   15:     0x559b7020921e - std::panicking::begin_panic_handler::{{closure}}::h233112c06e0ef43e
[INFO] [stdout]                                at /rustc/82e1608dfa6e0b5569232559e3d385fea5a93112/library/std/src/panicking.rs:657:13
[INFO] [stdout]   16:     0x559b702078d6 - std::sys_common::backtrace::__rust_end_short_backtrace::h6e893f24d7ebbff8
[INFO] [stdout]                                at /rustc/82e1608dfa6e0b5569232559e3d385fea5a93112/library/std/src/sys_common/backtrace.rs:170:18
[INFO] [stdout]   17:     0x559b70208f82 - rust_begin_unwind
[INFO] [stdout]                                at /rustc/82e1608dfa6e0b5569232559e3d385fea5a93112/library/std/src/panicking.rs:645:5
[INFO] [stdout]   18:     0x559b6fca1ee5 - core::panicking::panic_fmt::hbf0e066aabfa482c
[INFO] [stdout]                                at /rustc/82e1608dfa6e0b5569232559e3d385fea5a93112/library/core/src/panicking.rs:72:14
[INFO] [stdout]   19:     0x559b6fcc0a73 - scrypto::misc::cargo::compile_package::h7b68cab43086f3d8
[INFO] [stdout]                                at /opt/rustwide/cargo-home/git/checkouts/radixdlt-scrypto-1833d92590086ce0/8c176b7/scrypto/src/misc/cargo.rs:15:9
[INFO] [stdout]   20:     0x559b6fcc2388 - lib::test_hello::hf756fd4e8fe732b1
[INFO] [stdout]                                at /opt/rustwide/workdir/tests/lib.rs:11:44
[INFO] [stdout]   21:     0x559b6fcc2237 - lib::test_hello::{{closure}}::ha1200ac1f12883c1
[INFO] [stdout]                                at /opt/rustwide/workdir/tests/lib.rs:6:16
[INFO] [stdout]   22:     0x559b6fcb5fa6 - core::ops::function::FnOnce::call_once::h9a8e08d6d5d0d749
[INFO] [stdout]                                at /rustc/82e1608dfa6e0b5569232559e3d385fea5a93112/library/core/src/ops/function.rs:250:5
[INFO] [stdout]   23:     0x559b6fcfbacf - core::ops::function::FnOnce::call_once::h2b5d431d5046312d
[INFO] [stdout]                                at /rustc/82e1608dfa6e0b5569232559e3d385fea5a93112/library/core/src/ops/function.rs:250:5
[INFO] [stdout]   24:     0x559b6fcfbacf - test::__rust_begin_short_backtrace::h7714669af176e207
[INFO] [stdout]                                at /rustc/82e1608dfa6e0b5569232559e3d385fea5a93112/library/test/src/lib.rs:628:18
[INFO] [stdout]   25:     0x559b6fcfaae5 - test::run_test_in_process::{{closure}}::h85218797dcbcec12
[INFO] [stdout]                                at /rustc/82e1608dfa6e0b5569232559e3d385fea5a93112/library/test/src/lib.rs:651:60
[INFO] [stdout]   26:     0x559b6fcfaae5 - <core::panic::unwind_safe::AssertUnwindSafe<F> as core::ops::function::FnOnce<()>>::call_once::h76c106ea31c14d7b
[INFO] [stdout]                                at /rustc/82e1608dfa6e0b5569232559e3d385fea5a93112/library/core/src/panic/unwind_safe.rs:272:9
[INFO] [stdout]   27:     0x559b6fcfaae5 - std::panicking::try::do_call::h3bd5d0f6620ee946
[INFO] [stdout]                                at /rustc/82e1608dfa6e0b5569232559e3d385fea5a93112/library/std/src/panicking.rs:552:40
[INFO] [stdout]   28:     0x559b6fcfaae5 - std::panicking::try::h232e535e4744fe31
[INFO] [stdout]                                at /rustc/82e1608dfa6e0b5569232559e3d385fea5a93112/library/std/src/panicking.rs:516:19
[INFO] [stdout]   29:     0x559b6fcfaae5 - std::panic::catch_unwind::h3ce3bd6ca8dbac68
[INFO] [stdout]                                at /rustc/82e1608dfa6e0b5569232559e3d385fea5a93112/library/std/src/panic.rs:142:14
[INFO] [stdout]   30:     0x559b6fcfaae5 - test::run_test_in_process::hc97b257c9621286a
[INFO] [stdout]                                at /rustc/82e1608dfa6e0b5569232559e3d385fea5a93112/library/test/src/lib.rs:651:27
[INFO] [stdout]   31:     0x559b6fcfaae5 - test::run_test::{{closure}}::h2aa798823a438d38
[INFO] [stdout]                                at /rustc/82e1608dfa6e0b5569232559e3d385fea5a93112/library/test/src/lib.rs:574:43
[INFO] [stdout]   32:     0x559b6fcc2da6 - test::run_test::{{closure}}::h87d231c78fb59832
[INFO] [stdout]                                at /rustc/82e1608dfa6e0b5569232559e3d385fea5a93112/library/test/src/lib.rs:602:41
[INFO] [stdout]   33:     0x559b6fcc2da6 - std::sys_common::backtrace::__rust_begin_short_backtrace::he6df152596625789
[INFO] [stdout]                                at /rustc/82e1608dfa6e0b5569232559e3d385fea5a93112/library/std/src/sys_common/backtrace.rs:154:18
[INFO] [stdout]   34:     0x559b6fcc7e57 - std::thread::Builder::spawn_unchecked_::{{closure}}::{{closure}}::ha94be15d1e0acf36
[INFO] [stdout]                                at /rustc/82e1608dfa6e0b5569232559e3d385fea5a93112/library/std/src/thread/mod.rs:529:17
[INFO] [stdout]   35:     0x559b6fcc7e57 - <core::panic::unwind_safe::AssertUnwindSafe<F> as core::ops::function::FnOnce<()>>::call_once::h9dc6bd6372f16606
[INFO] [stdout]                                at /rustc/82e1608dfa6e0b5569232559e3d385fea5a93112/library/core/src/panic/unwind_safe.rs:272:9
[INFO] [stdout]   36:     0x559b6fcc7e57 - std::panicking::try::do_call::h9057517f80303cd4
[INFO] [stdout]                                at /rustc/82e1608dfa6e0b5569232559e3d385fea5a93112/library/std/src/panicking.rs:552:40
[INFO] [stdout]   37:     0x559b6fcc7e57 - std::panicking::try::he3a30b11ee45340c
[INFO] [stdout]                                at /rustc/82e1608dfa6e0b5569232559e3d385fea5a93112/library/std/src/panicking.rs:516:19
[INFO] [stdout]   38:     0x559b6fcc7e57 - std::panic::catch_unwind::h410458cfd3528b8b
[INFO] [stdout]                                at /rustc/82e1608dfa6e0b5569232559e3d385fea5a93112/library/std/src/panic.rs:142:14
[INFO] [stdout]   39:     0x559b6fcc7e57 - std::thread::Builder::spawn_unchecked_::{{closure}}::h72ac3bdb567b737b
[INFO] [stdout]                                at /rustc/82e1608dfa6e0b5569232559e3d385fea5a93112/library/std/src/thread/mod.rs:528:30
[INFO] [stdout]   40:     0x559b6fcc7e57 - core::ops::function::FnOnce::call_once{{vtable.shim}}::h38f34da3654a8344
[INFO] [stdout]                                at /rustc/82e1608dfa6e0b5569232559e3d385fea5a93112/library/core/src/ops/function.rs:250:5
[INFO] [stdout]   41:     0x559b7020e5b5 - <alloc::boxed::Box<F,A> as core::ops::function::FnOnce<Args>>::call_once::hc7eafaff61e32df9
[INFO] [stdout]                                at /rustc/82e1608dfa6e0b5569232559e3d385fea5a93112/library/alloc/src/boxed.rs:2007:9
[INFO] [stdout]   42:     0x559b7020e5b5 - <alloc::boxed::Box<F,A> as core::ops::function::FnOnce<Args>>::call_once::h6ba4a5de48dd2304
[INFO] [stdout]                                at /rustc/82e1608dfa6e0b5569232559e3d385fea5a93112/library/alloc/src/boxed.rs:2007:9
[INFO] [stdout]   43:     0x559b7020e5b5 - std::sys::unix::thread::Thread::new::thread_start::he469335aef763e45
[INFO] [stdout]                                at /rustc/82e1608dfa6e0b5569232559e3d385fea5a93112/library/std/src/sys/unix/thread.rs:108:17
[INFO] [stdout]   44:     0x7f3e659c2ac3 - <unknown>
[INFO] [stdout]   45:     0x7f3e65a53bf4 - __clone
[INFO] [stdout]   46:                0x0 - <unknown>
[INFO] [stdout] 
[INFO] [stdout] 
[INFO] [stdout] failures:
[INFO] [stdout]     test_hello
[INFO] [stdout] 
[INFO] [stdout] test result: FAILED. 0 passed; 1 failed; 0 ignored; 0 measured; 0 filtered out; finished in 0.82s
[INFO] [stdout] 
[INFO] [stderr] error: test failed, to rerun pass `--test lib`
[INFO] running `Command { std: "docker" "inspect" "9cb7c5dd354d3d14bcac3034f503480de78d1fd7cbc7726fb743cffeda327f27", kill_on_drop: false }`
[INFO] running `Command { std: "docker" "rm" "-f" "9cb7c5dd354d3d14bcac3034f503480de78d1fd7cbc7726fb743cffeda327f27", kill_on_drop: false }`
[INFO] [stdout] 9cb7c5dd354d3d14bcac3034f503480de78d1fd7cbc7726fb743cffeda327f27
[INFO] testing redfoo22/BankersParty against beta-2023-12-22 for beta-1.76-1
[INFO] running `Command { std: "git" "clone" "/workspace/cache/git-repos/https%3A%2F%2Fgithub.com%2Fredfoo22%2FBankersParty" "/workspace/builds/worker-6-tc2/source", kill_on_drop: false }`
[INFO] [stderr] Cloning into '/workspace/builds/worker-6-tc2/source'...
[INFO] [stderr] done.
[INFO] [stderr] Updating files:  94% (1599/1692)
Updating files:  95% (1608/1692)
Updating files:  96% (1625/1692)
Updating files:  97% (1642/1692)
Updating files:  98% (1659/1692)
Updating files:  99% (1676/1692)
Updating files: 100% (1692/1692)
Updating files: 100% (1692/1692), done.
[INFO] validating manifest of git repo https://github.com/redfoo22/BankersParty on toolchain beta-2023-12-22
[INFO] running `Command { std: CARGO_HOME="/workspace/cargo-home" RUSTUP_HOME="/workspace/rustup-home" "/workspace/cargo-home/bin/cargo" "+beta-2023-12-22" "metadata" "--manifest-path" "Cargo.toml" "--no-deps", kill_on_drop: false }`
[INFO] started tweaking git repo https://github.com/redfoo22/BankersParty
[INFO] finished tweaking git repo https://github.com/redfoo22/BankersParty
[INFO] tweaked toml for git repo https://github.com/redfoo22/BankersParty written to /workspace/builds/worker-6-tc2/source/Cargo.toml
[INFO] crate git repo https://github.com/redfoo22/BankersParty already has a lockfile, it will not be regenerated
[INFO] running `Command { std: CARGO_HOME="/workspace/cargo-home" RUSTUP_HOME="/workspace/rustup-home" "/workspace/cargo-home/bin/cargo" "+beta-2023-12-22" "fetch" "--manifest-path" "Cargo.toml", kill_on_drop: false }`
[INFO] [stderr]     Blocking waiting for file lock on package cache
[ERROR] error running command: no output for 300 seconds
[INFO] testing redfoo22/BankersParty against beta-2023-12-22 for beta-1.76-1
[INFO] running `Command { std: "git" "clone" "/workspace/cache/git-repos/https%3A%2F%2Fgithub.com%2Fredfoo22%2FBankersParty" "/workspace/builds/worker-6-tc2/source", kill_on_drop: false }`
[INFO] [stderr] Cloning into '/workspace/builds/worker-6-tc2/source'...
[INFO] [stderr] done.
[INFO] [stderr] Updating files:  94% (1601/1692)
Updating files:  95% (1608/1692)
Updating files:  96% (1625/1692)
Updating files:  97% (1642/1692)
Updating files:  98% (1659/1692)
Updating files:  99% (1676/1692)
Updating files: 100% (1692/1692)
Updating files: 100% (1692/1692), done.
[INFO] validating manifest of git repo https://github.com/redfoo22/BankersParty on toolchain beta-2023-12-22
[INFO] running `Command { std: CARGO_HOME="/workspace/cargo-home" RUSTUP_HOME="/workspace/rustup-home" "/workspace/cargo-home/bin/cargo" "+beta-2023-12-22" "metadata" "--manifest-path" "Cargo.toml" "--no-deps", kill_on_drop: false }`
[INFO] started tweaking git repo https://github.com/redfoo22/BankersParty
[INFO] finished tweaking git repo https://github.com/redfoo22/BankersParty
[INFO] tweaked toml for git repo https://github.com/redfoo22/BankersParty written to /workspace/builds/worker-6-tc2/source/Cargo.toml
[INFO] crate git repo https://github.com/redfoo22/BankersParty already has a lockfile, it will not be regenerated
[INFO] running `Command { std: CARGO_HOME="/workspace/cargo-home" RUSTUP_HOME="/workspace/rustup-home" "/workspace/cargo-home/bin/cargo" "+beta-2023-12-22" "fetch" "--manifest-path" "Cargo.toml", kill_on_drop: false }`
[INFO] [stderr]     Blocking waiting for file lock on package cache
[INFO] [stderr]     Blocking waiting for file lock on package cache
[INFO] running `Command { std: "docker" "create" "-v" "/var/lib/crater-agent-workspace/builds/worker-6-tc2/target:/opt/rustwide/target:rw,Z" "-v" "/var/lib/crater-agent-workspace/builds/worker-6-tc2/source:/opt/rustwide/workdir:ro,Z" "-v" "/var/lib/crater-agent-workspace/cargo-home:/opt/rustwide/cargo-home:ro,Z" "-v" "/var/lib/crater-agent-workspace/rustup-home:/opt/rustwide/rustup-home:ro,Z" "-e" "SOURCE_DIR=/opt/rustwide/workdir" "-e" "CARGO_TARGET_DIR=/opt/rustwide/target" "-e" "CARGO_HOME=/opt/rustwide/cargo-home" "-e" "RUSTUP_HOME=/opt/rustwide/rustup-home" "-w" "/opt/rustwide/workdir" "-m" "1610612736" "--user" "0:0" "--network" "none" "ghcr.io/rust-lang/crates-build-env/linux@sha256:2788e3201cd34a07e3172128adcd8b3090168a8e3bcc40d7c032b9dda1df7d1c" "/opt/rustwide/cargo-home/bin/cargo" "+beta-2023-12-22" "metadata" "--no-deps" "--format-version=1", kill_on_drop: false }`
[INFO] [stdout] f0b9d5248e6298b7c13a4e28e2e94c81fcdcd18328f4fadfd2b31b8fe6603d82
[INFO] running `Command { std: "docker" "start" "-a" "f0b9d5248e6298b7c13a4e28e2e94c81fcdcd18328f4fadfd2b31b8fe6603d82", kill_on_drop: false }`
[INFO] running `Command { std: "docker" "inspect" "f0b9d5248e6298b7c13a4e28e2e94c81fcdcd18328f4fadfd2b31b8fe6603d82", kill_on_drop: false }`
[INFO] running `Command { std: "docker" "rm" "-f" "f0b9d5248e6298b7c13a4e28e2e94c81fcdcd18328f4fadfd2b31b8fe6603d82", kill_on_drop: false }`
[INFO] [stdout] f0b9d5248e6298b7c13a4e28e2e94c81fcdcd18328f4fadfd2b31b8fe6603d82
[INFO] running `Command { std: "docker" "create" "-v" "/var/lib/crater-agent-workspace/builds/worker-6-tc2/target:/opt/rustwide/target:rw,Z" "-v" "/var/lib/crater-agent-workspace/builds/worker-6-tc2/source:/opt/rustwide/workdir:ro,Z" "-v" "/var/lib/crater-agent-workspace/cargo-home:/opt/rustwide/cargo-home:ro,Z" "-v" "/var/lib/crater-agent-workspace/rustup-home:/opt/rustwide/rustup-home:ro,Z" "-e" "SOURCE_DIR=/opt/rustwide/workdir" "-e" "CARGO_TARGET_DIR=/opt/rustwide/target" "-e" "CARGO_INCREMENTAL=0" "-e" "RUST_BACKTRACE=full" "-e" "RUSTFLAGS=--cap-lints=warn" "-e" "RUSTDOCFLAGS=--cap-lints=warn" "-e" "CARGO_HOME=/opt/rustwide/cargo-home" "-e" "RUSTUP_HOME=/opt/rustwide/rustup-home" "-w" "/opt/rustwide/workdir" "-m" "1610612736" "--user" "0:0" "--network" "none" "ghcr.io/rust-lang/crates-build-env/linux@sha256:2788e3201cd34a07e3172128adcd8b3090168a8e3bcc40d7c032b9dda1df7d1c" "/opt/rustwide/cargo-home/bin/cargo" "+beta-2023-12-22" "build" "--frozen" "--message-format=json", kill_on_drop: false }`
[INFO] [stdout] e82a29232145500fa63c044f0fdea311bd7ba582e7b14f4f38848d29fd065a94
[INFO] running `Command { std: "docker" "start" "-a" "e82a29232145500fa63c044f0fdea311bd7ba582e7b14f4f38848d29fd065a94", kill_on_drop: false }`
[INFO] [stderr]    Compiling typenum v1.15.0
[INFO] [stderr]    Compiling version_check v0.9.4
[INFO] [stderr]    Compiling proc-macro2 v1.0.40
[INFO] [stderr]    Compiling unicode-ident v1.0.1
[INFO] [stderr]    Compiling quote v1.0.20
[INFO] [stderr]    Compiling subtle v2.4.1
[INFO] [stderr]    Compiling syn v1.0.98
[INFO] [stderr]    Compiling cfg-if v1.0.0
[INFO] [stderr]    Compiling libc v0.2.126
[INFO] [stderr]    Compiling serde_derive v1.0.137
[INFO] [stderr]    Compiling autocfg v1.1.0
[INFO] [stderr]    Compiling rand_core v0.6.3
[INFO] [stderr]    Compiling generic-array v0.14.5
[INFO] [stderr]    Compiling serde v1.0.137
[INFO] [stderr]    Compiling zeroize v1.5.5
[INFO] [stderr]    Compiling const-oid v0.7.1
[INFO] [stderr]    Compiling num-traits v0.2.15
[INFO] [stderr]    Compiling ff v0.11.1
[INFO] [stderr]    Compiling der v0.5.1
[INFO] [stderr]    Compiling group v0.11.0
[INFO] [stderr]    Compiling num-integer v0.1.45
[INFO] [stderr]    Compiling base16ct v0.1.1
[INFO] [stderr]    Compiling cpufeatures v0.2.2
[INFO] [stderr]    Compiling serde_json v1.0.81
[INFO] [stderr]    Compiling getrandom v0.2.7
[INFO] [stderr]    Compiling uuid v0.8.2
[INFO] [stderr]    Compiling num-bigint v0.4.3
[INFO] [stderr]    Compiling itoa v1.0.2
[INFO] [stderr]    Compiling ryu v1.0.10
[INFO] [stderr]    Compiling opaque-debug v0.3.0
[INFO] [stderr]    Compiling keccak v0.1.2
[INFO] [stderr]    Compiling hex v0.4.3
[INFO] [stderr]    Compiling block-buffer v0.10.2
[INFO] [stderr]    Compiling crypto-common v0.1.3
[INFO] [stderr]    Compiling crypto-bigint v0.4.0-pre.0
[INFO] [stderr]    Compiling sec1 v0.2.1
[INFO] [stderr]    Compiling block-buffer v0.9.0
[INFO] [stderr]    Compiling digest v0.9.0
[INFO] [stderr]    Compiling digest v0.10.3
[INFO] [stderr]    Compiling sha2 v0.9.9
[INFO] [stderr]    Compiling hmac v0.12.1
[INFO] [stderr]    Compiling signature v1.5.0
[INFO] [stderr]    Compiling sha2 v0.10.2
[INFO] [stderr]    Compiling sha3 v0.10.1
[INFO] [stderr]    Compiling elliptic-curve v0.12.0-pre.1
[INFO] [stderr]    Compiling rfc6979 v0.2.0-pre.0
[INFO] [stderr]    Compiling ecdsa v0.14.0-pre.2
[INFO] [stderr]    Compiling p256 v0.11.0-pre.0 (https://github.com/radixdlt/elliptic-curves?branch=alloc#130c8039)
[INFO] [stderr]    Compiling toml v0.5.9
[INFO] [stderr]    Compiling sbor-derive v0.4.1 (https://github.com/radixdlt/radixdlt-scrypto?tag=v0.4.1#8c176b71)
[INFO] [stderr]    Compiling sbor v0.4.1 (https://github.com/radixdlt/radixdlt-scrypto?tag=v0.4.1#8c176b71)
[INFO] [stderr]    Compiling scrypto-abi v0.4.1 (https://github.com/radixdlt/radixdlt-scrypto?tag=v0.4.1#8c176b71)
[INFO] [stderr]    Compiling cargo_toml v0.10.3
[INFO] [stderr]    Compiling scrypto-derive v0.4.1 (https://github.com/radixdlt/radixdlt-scrypto?tag=v0.4.1#8c176b71)
[INFO] [stderr]    Compiling scrypto v0.4.1 (https://github.com/radixdlt/radixdlt-scrypto?tag=v0.4.1#8c176b71)
[INFO] [stderr]    Compiling stanking v0.1.0 (/opt/rustwide/workdir)
[INFO] [stdout] warning: unused variable: `data`
[INFO] [stdout]    --> src/lib.rs:172:17
[INFO] [stdout]     |
[INFO] [stdout] 172 |             let data: BankerTicketData = ticket.non_fungible().data();
[INFO] [stdout]     |                 ^^^^ help: if this is intentional, prefix it with an underscore: `_data`
[INFO] [stdout]     |
[INFO] [stdout]     = note: `#[warn(unused_variables)]` on by default
[INFO] [stdout] 
[INFO] [stdout] 
[INFO] [stdout] warning: 1 warning emitted
[INFO] [stdout] 
[INFO] [stdout] 
[INFO] [stderr]     Finished dev [unoptimized + debuginfo] target(s) in 10.61s
[INFO] running `Command { std: "docker" "inspect" "e82a29232145500fa63c044f0fdea311bd7ba582e7b14f4f38848d29fd065a94", kill_on_drop: false }`
[INFO] running `Command { std: "docker" "rm" "-f" "e82a29232145500fa63c044f0fdea311bd7ba582e7b14f4f38848d29fd065a94", kill_on_drop: false }`
[INFO] [stdout] e82a29232145500fa63c044f0fdea311bd7ba582e7b14f4f38848d29fd065a94
[INFO] running `Command { std: "docker" "create" "-v" "/var/lib/crater-agent-workspace/builds/worker-6-tc2/target:/opt/rustwide/target:rw,Z" "-v" "/var/lib/crater-agent-workspace/builds/worker-6-tc2/source:/opt/rustwide/workdir:ro,Z" "-v" "/var/lib/crater-agent-workspace/cargo-home:/opt/rustwide/cargo-home:ro,Z" "-v" "/var/lib/crater-agent-workspace/rustup-home:/opt/rustwide/rustup-home:ro,Z" "-e" "SOURCE_DIR=/opt/rustwide/workdir" "-e" "CARGO_TARGET_DIR=/opt/rustwide/target" "-e" "CARGO_INCREMENTAL=0" "-e" "RUST_BACKTRACE=full" "-e" "RUSTFLAGS=--cap-lints=warn" "-e" "RUSTDOCFLAGS=--cap-lints=warn" "-e" "CARGO_HOME=/opt/rustwide/cargo-home" "-e" "RUSTUP_HOME=/opt/rustwide/rustup-home" "-w" "/opt/rustwide/workdir" "-m" "1610612736" "--user" "0:0" "--network" "none" "ghcr.io/rust-lang/crates-build-env/linux@sha256:2788e3201cd34a07e3172128adcd8b3090168a8e3bcc40d7c032b9dda1df7d1c" "/opt/rustwide/cargo-home/bin/cargo" "+beta-2023-12-22" "test" "--frozen" "--no-run" "--message-format=json", kill_on_drop: false }`
[INFO] [stdout] 4a986e1f0a3998eaab87d98eb05faea23297a3429e3ec62a7dcb6bd94462bee9
[INFO] running `Command { std: "docker" "start" "-a" "4a986e1f0a3998eaab87d98eb05faea23297a3429e3ec62a7dcb6bd94462bee9", kill_on_drop: false }`
[INFO] [stderr]    Compiling libc v0.2.126
[INFO] [stderr]    Compiling ahash v0.7.6
[INFO] [stderr]    Compiling num-rational v0.4.0
[INFO] [stderr]    Compiling once_cell v1.12.0
[INFO] [stderr]    Compiling libm v0.2.2
[INFO] [stderr]    Compiling parity-wasm v0.42.2
[INFO] [stderr]    Compiling indexmap v1.8.1 (https://github.com/bluss/indexmap?tag=1.8.1#275379c4)
[INFO] [stderr]    Compiling downcast-rs v1.2.0
[INFO] [stderr]    Compiling memory_units v0.4.0
[INFO] [stderr]    Compiling lazy_static v1.4.0
[INFO] [stderr]    Compiling bencher v0.1.5
[INFO] [stderr]    Compiling getrandom v0.2.7
[INFO] [stderr]    Compiling atty v0.2.14
[INFO] [stderr]    Compiling colored v2.0.0
[INFO] [stderr]    Compiling uuid v0.8.2
[INFO] [stderr]    Compiling hashbrown v0.11.2
[INFO] [stderr]    Compiling sbor-derive v0.4.1 (https://github.com/radixdlt/radixdlt-scrypto?tag=v0.4.1#8c176b71)
[INFO] [stderr]    Compiling wasmi_core v0.1.0 (https://github.com/radixdlt/wasmi?branch=expose-exports#e331fa3d)
[INFO] [stderr]    Compiling wasmi-validation v0.4.1 (https://github.com/radixdlt/wasmi?branch=expose-exports#e331fa3d)
[INFO] [stderr]    Compiling lru v0.7.7
[INFO] [stderr]    Compiling wasmi v0.11.0 (https://github.com/radixdlt/wasmi?branch=expose-exports#e331fa3d)
[INFO] [stderr]    Compiling sbor v0.4.1 (https://github.com/radixdlt/radixdlt-scrypto?tag=v0.4.1#8c176b71)
[INFO] [stderr]    Compiling scrypto-abi v0.4.1 (https://github.com/radixdlt/radixdlt-scrypto?tag=v0.4.1#8c176b71)
[INFO] [stderr]    Compiling scrypto-derive v0.4.1 (https://github.com/radixdlt/radixdlt-scrypto?tag=v0.4.1#8c176b71)
[INFO] [stderr]    Compiling scrypto v0.4.1 (https://github.com/radixdlt/radixdlt-scrypto?tag=v0.4.1#8c176b71)
[INFO] [stderr]    Compiling radix-engine v0.4.1 (https://github.com/radixdlt/radixdlt-scrypto?tag=v0.4.1#8c176b71)
[INFO] [stderr]    Compiling stanking v0.1.0 (/opt/rustwide/workdir)
[INFO] [stdout] warning: unused variable: `data`
[INFO] [stdout]    --> src/lib.rs:172:17
[INFO] [stdout]     |
[INFO] [stdout] 172 |             let data: BankerTicketData = ticket.non_fungible().data();
[INFO] [stdout]     |                 ^^^^ help: if this is intentional, prefix it with an underscore: `_data`
[INFO] [stdout]     |
[INFO] [stdout]     = note: `#[warn(unused_variables)]` on by default
[INFO] [stdout] 
[INFO] [stdout] 
[INFO] [stdout] warning: 1 warning emitted
[INFO] [stdout] 
[INFO] [stdout] 
[INFO] [stdout] warning: unused variable: `data`
[INFO] [stdout]    --> src/lib.rs:172:17
[INFO] [stdout]     |
[INFO] [stdout] 172 |             let data: BankerTicketData = ticket.non_fungible().data();
[INFO] [stdout]     |                 ^^^^ help: if this is intentional, prefix it with an underscore: `_data`
[INFO] [stdout]     |
[INFO] [stdout]     = note: `#[warn(unused_variables)]` on by default
[INFO] [stdout] 
[INFO] [stdout] 
[INFO] [stdout] warning: 1 warning emitted
[INFO] [stdout] 
[INFO] [stdout] 
[INFO] [stderr]     Finished test [unoptimized + debuginfo] target(s) in 6.75s
[INFO] running `Command { std: "docker" "inspect" "4a986e1f0a3998eaab87d98eb05faea23297a3429e3ec62a7dcb6bd94462bee9", kill_on_drop: false }`
[INFO] running `Command { std: "docker" "rm" "-f" "4a986e1f0a3998eaab87d98eb05faea23297a3429e3ec62a7dcb6bd94462bee9", kill_on_drop: false }`
[INFO] [stdout] 4a986e1f0a3998eaab87d98eb05faea23297a3429e3ec62a7dcb6bd94462bee9
[INFO] running `Command { std: "docker" "create" "-v" "/var/lib/crater-agent-workspace/builds/worker-6-tc2/target:/opt/rustwide/target:rw,Z" "-v" "/var/lib/crater-agent-workspace/builds/worker-6-tc2/source:/opt/rustwide/workdir:ro,Z" "-v" "/var/lib/crater-agent-workspace/cargo-home:/opt/rustwide/cargo-home:ro,Z" "-v" "/var/lib/crater-agent-workspace/rustup-home:/opt/rustwide/rustup-home:ro,Z" "-e" "SOURCE_DIR=/opt/rustwide/workdir" "-e" "CARGO_TARGET_DIR=/opt/rustwide/target" "-e" "CARGO_INCREMENTAL=0" "-e" "RUST_BACKTRACE=full" "-e" "RUSTFLAGS=--cap-lints=warn" "-e" "RUSTDOCFLAGS=--cap-lints=warn" "-e" "CARGO_HOME=/opt/rustwide/cargo-home" "-e" "RUSTUP_HOME=/opt/rustwide/rustup-home" "-w" "/opt/rustwide/workdir" "-m" "1610612736" "--user" "0:0" "--network" "none" "ghcr.io/rust-lang/crates-build-env/linux@sha256:2788e3201cd34a07e3172128adcd8b3090168a8e3bcc40d7c032b9dda1df7d1c" "/opt/rustwide/cargo-home/bin/cargo" "+beta-2023-12-22" "test" "--frozen", kill_on_drop: false }`
[INFO] [stdout] 38a6c9cc1b16284c7e7db31f3e5a058c02d8e90fb5a1f919a83f82d466eb16a9
[INFO] running `Command { std: "docker" "start" "-a" "38a6c9cc1b16284c7e7db31f3e5a058c02d8e90fb5a1f919a83f82d466eb16a9", kill_on_drop: false }`
[INFO] [stderr] warning: unused variable: `data`
[INFO] [stderr]    --> src/lib.rs:172:17
[INFO] [stderr]     |
[INFO] [stderr] 172 |             let data: BankerTicketData = ticket.non_fungible().data();
[INFO] [stderr]     |                 ^^^^ help: if this is intentional, prefix it with an underscore: `_data`
[INFO] [stderr]     |
[INFO] [stderr]     = note: `#[warn(unused_variables)]` on by default
[INFO] [stderr] 
[INFO] [stderr] warning: `stanking` (lib) generated 1 warning (run `cargo fix --lib -p stanking` to apply 1 suggestion)
[INFO] [stderr] warning: `stanking` (lib test) generated 1 warning (1 duplicate)
[INFO] [stderr]     Finished test [unoptimized + debuginfo] target(s) in 0.06s
[INFO] [stderr]      Running unittests src/lib.rs (/opt/rustwide/target/debug/deps/stanking-46bf6925b46ac282)
[INFO] [stdout] 
[INFO] [stdout] running 0 tests
[INFO] [stdout] 
[INFO] [stdout] test result: ok. 0 passed; 0 failed; 0 ignored; 0 measured; 0 filtered out; finished in 0.00s
[INFO] [stdout] 
[INFO] [stderr]      Running tests/lib.rs (/opt/rustwide/target/debug/deps/lib-247c5df2b0fd8fc5)
[INFO] [stdout] 
[INFO] [stdout] running 1 test
[INFO] [stderr]    Compiling version_check v0.9.4
[INFO] [stderr]    Compiling typenum v1.15.0
[INFO] [stderr]    Compiling proc-macro2 v1.0.40
[INFO] [stderr]    Compiling quote v1.0.20
[INFO] [stderr]    Compiling unicode-ident v1.0.1
[INFO] [stderr]    Compiling subtle v2.4.1
[INFO] [stderr]    Compiling syn v1.0.98
[INFO] [stderr]    Compiling libc v0.2.126
[INFO] [stderr] error[E0463]: can't find crate for `core`
[INFO] [stderr]   |
[INFO] [stderr]   = note: the `wasm32-unknown-unknown` target may not be installed
[INFO] [stderr]   = help: consider downloading the target with `rustup target add wasm32-unknown-unknown`
[INFO] [stderr] 
[INFO] [stderr] error[E0463]: can't find crate for `compiler_builtins`
[INFO] [stderr] 
[INFO] [stderr] error: cannot find attribute `derive` in this scope
[INFO] [stderr]    --> /opt/rustwide/cargo-home/registry/src/index.crates.io-6f17d22bba15001f/subtle-2.4.1/src/lib.rs:110:3
[INFO] [stderr]     |
[INFO] [stderr] 110 | #[derive(Copy, Clone, Debug)]
[INFO] [stderr]     |   ^^^^^^
[INFO] [stderr] 
[INFO] [stderr] error: cannot find macro `debug_assert` in this scope
[INFO] [stderr]    --> /opt/rustwide/cargo-home/registry/src/index.crates.io-6f17d22bba15001f/subtle-2.4.1/src/lib.rs:145:9
[INFO] [stderr]     |
[INFO] [stderr] 145 |         debug_assert!((source.0 == 0u8) | (source.0 == 1u8));
[INFO] [stderr]     |         ^^^^^^^^^^^^
[INFO] [stderr] 
[INFO] [stderr] error: cannot find macro `debug_assert` in this scope
[INFO] [stderr]    --> /opt/rustwide/cargo-home/registry/src/index.crates.io-6f17d22bba15001f/subtle-2.4.1/src/lib.rs:215:5
[INFO] [stderr]     |
[INFO] [stderr] 215 |     debug_assert!((input == 0u8) | (input == 1u8));
[INFO] [stderr]     |     ^^^^^^^^^^^^
[INFO] [stderr] 
[INFO] [stderr] error: cannot find attribute `derive` in this scope
[INFO] [stderr]    --> /opt/rustwide/cargo-home/registry/src/index.crates.io-6f17d22bba15001f/subtle-2.4.1/src/lib.rs:569:3
[INFO] [stderr]     |
[INFO] [stderr] 569 | #[derive(Clone, Copy, Debug)]
[INFO] [stderr]     |   ^^^^^^
[INFO] [stderr] 
[INFO] [stderr] error: cannot find macro `assert_eq` in this scope
[INFO] [stderr]    --> /opt/rustwide/cargo-home/registry/src/index.crates.io-6f17d22bba15001f/subtle-2.4.1/src/lib.rs:612:9
[INFO] [stderr]     |
[INFO] [stderr] 612 |         assert_eq!(self.is_some.unwrap_u8(), 1);
[INFO] [stderr]     |         ^^^^^^^^^
[INFO] [stderr] 
[INFO] [stderr] error[E0405]: cannot find trait `From` in this scope
[INFO] [stderr]    --> /opt/rustwide/cargo-home/registry/src/index.crates.io-6f17d22bba15001f/subtle-2.4.1/src/lib.rs:129:6
[INFO] [stderr]     |
[INFO] [stderr] 129 | impl From<Choice> for bool {
[INFO] [stderr]     |      ^^^^ not found in this scope
[INFO] [stderr] 
[INFO] [stderr] error[E0405]: cannot find trait `From` in this scope
[INFO] [stderr]    --> /opt/rustwide/cargo-home/registry/src/index.crates.io-6f17d22bba15001f/subtle-2.4.1/src/lib.rs:230:6
[INFO] [stderr]     |
[INFO] [stderr] 230 | impl From<u8> for Choice {
[INFO] [stderr]     |      ^^^^ not found in this scope
[INFO] [stderr] 
[INFO] [stderr] error[E0405]: cannot find trait `Copy` in this scope
[INFO] [stderr]    --> /opt/rustwide/cargo-home/registry/src/index.crates.io-6f17d22bba15001f/subtle-2.4.1/src/lib.rs:357:36
[INFO] [stderr]     |
[INFO] [stderr] 357 | pub trait ConditionallySelectable: Copy {
[INFO] [stderr]     |                                    ^^^^ not found in this scope
[INFO] [stderr] 
[INFO] [stderr] error[E0405]: cannot find trait `From` in this scope
[INFO] [stderr]    --> /opt/rustwide/cargo-home/registry/src/index.crates.io-6f17d22bba15001f/subtle-2.4.1/src/lib.rs:575:9
[INFO] [stderr]     |
[INFO] [stderr] 575 | impl<T> From<CtOption<T>> for Option<T> {
[INFO] [stderr]     |         ^^^^ not found in this scope
[INFO] [stderr] 
[INFO] [stderr] error[E0425]: cannot find value `None` in this scope
[INFO] [stderr]    --> /opt/rustwide/cargo-home/registry/src/index.crates.io-6f17d22bba15001f/subtle-2.4.1/src/lib.rs:589:13
[INFO] [stderr]     |
[INFO] [stderr] 589 |             None
[INFO] [stderr]     |             ^^^^ not found in this scope
[INFO] [stderr] 
[INFO] [stderr] error[E0405]: cannot find trait `FnOnce` in this scope
[INFO] [stderr]    --> /opt/rustwide/cargo-home/registry/src/index.crates.io-6f17d22bba15001f/subtle-2.4.1/src/lib.rs:633:12
[INFO] [stderr]     |
[INFO] [stderr] 633 |         F: FnOnce() -> T,
[INFO] [stderr]     |            ^^^^^^ not found in this scope
[INFO] [stderr] 
[INFO] [stderr] error[E0405]: cannot find trait `Default` in this scope
[INFO] [stderr]    --> /opt/rustwide/cargo-home/registry/src/index.crates.io-6f17d22bba15001f/subtle-2.4.1/src/lib.rs:661:12
[INFO] [stderr]     |
[INFO] [stderr] 661 |         T: Default + ConditionallySelectable,
[INFO] [stderr]     |            ^^^^^^^ not found in this scope
[INFO] [stderr] 
[INFO] [stderr] error[E0405]: cannot find trait `FnOnce` in this scope
[INFO] [stderr]    --> /opt/rustwide/cargo-home/registry/src/index.crates.io-6f17d22bba15001f/subtle-2.4.1/src/lib.rs:662:12
[INFO] [stderr]     |
[INFO] [stderr] 662 |         F: FnOnce(T) -> U,
[INFO] [stderr]     |            ^^^^^^ not found in this scope
[INFO] [stderr] 
[INFO] [stderr] error[E0405]: cannot find trait `Default` in this scope
[INFO] [stderr]    --> /opt/rustwide/cargo-home/registry/src/index.crates.io-6f17d22bba15001f/subtle-2.4.1/src/lib.rs:684:12
[INFO] [stderr]     |
[INFO] [stderr] 684 |         T: Default + ConditionallySelectable,
[INFO] [stderr]     |            ^^^^^^^ not found in this scope
[INFO] [stderr] 
[INFO] [stderr] error[E0405]: cannot find trait `FnOnce` in this scope
[INFO] [stderr]    --> /opt/rustwide/cargo-home/registry/src/index.crates.io-6f17d22bba15001f/subtle-2.4.1/src/lib.rs:685:12
[INFO] [stderr]     |
[INFO] [stderr] 685 |         F: FnOnce(T) -> CtOption<U>,
[INFO] [stderr]     |            ^^^^^^ not found in this scope
[INFO] [stderr] 
[INFO] [stderr] error[E0405]: cannot find trait `FnOnce` in this scope
[INFO] [stderr]    --> /opt/rustwide/cargo-home/registry/src/index.crates.io-6f17d22bba15001f/subtle-2.4.1/src/lib.rs:703:12
[INFO] [stderr]     |
[INFO] [stderr] 703 |         F: FnOnce() -> CtOption<T>,
[INFO] [stderr]     |            ^^^^^^ not found in this scope
[INFO] [stderr] 
[INFO] [stderr] Some errors have detailed explanations: E0405, E0425, E0463.
[INFO] [stderr] For more information about an error, try `rustc --explain E0405`.
[INFO] [stderr] error: could not compile `subtle` (lib) due to 18 previous errors
[INFO] [stderr] warning: build failed, waiting for other jobs to finish...
[INFO] [stdout] test test_hello ... FAILED
[INFO] [stdout] 
[INFO] [stdout] failures:
[INFO] [stdout] 
[INFO] [stdout] ---- test_hello stdout ----
[INFO] [stdout] thread 'test_hello' panicked at /opt/rustwide/cargo-home/git/checkouts/radixdlt-scrypto-1833d92590086ce0/8c176b7/scrypto/src/misc/cargo.rs:15:9:
[INFO] [stdout] Failed to compile package: "/opt/rustwide/workdir"
[INFO] [stdout] stack backtrace:
[INFO] [stdout]    0:     0x558aa63484d6 - std::backtrace_rs::backtrace::libunwind::trace::h261606ad26a499c1
[INFO] [stdout]                                at /rustc/0e09125c6c3c2fd70d7de961bcf0e51575235fad/library/std/src/../../backtrace/src/backtrace/libunwind.rs:104:5
[INFO] [stdout]    1:     0x558aa63484d6 - std::backtrace_rs::backtrace::trace_unsynchronized::hd183f0625477fb28
[INFO] [stdout]                                at /rustc/0e09125c6c3c2fd70d7de961bcf0e51575235fad/library/std/src/../../backtrace/src/backtrace/mod.rs:66:5
[INFO] [stdout]    2:     0x558aa63484d6 - std::sys_common::backtrace::_print_fmt::hd7f8fef21b4eda67
[INFO] [stdout]                                at /rustc/0e09125c6c3c2fd70d7de961bcf0e51575235fad/library/std/src/sys_common/backtrace.rs:68:5
[INFO] [stdout]    3:     0x558aa63484d6 - <std::sys_common::backtrace::_print::DisplayBacktrace as core::fmt::Display>::fmt::h623d9b51f2f453f1
[INFO] [stdout]                                at /rustc/0e09125c6c3c2fd70d7de961bcf0e51575235fad/library/std/src/sys_common/backtrace.rs:44:22
[INFO] [stdout]    4:     0x558aa6373cb0 - core::fmt::rt::Argument::fmt::h9f417ac76a86f368
[INFO] [stdout]                                at /rustc/0e09125c6c3c2fd70d7de961bcf0e51575235fad/library/core/src/fmt/rt.rs:142:9
[INFO] [stdout]    5:     0x558aa6373cb0 - core::fmt::write::hc9b6faf4ac2aeff7
[INFO] [stdout]                                at /rustc/0e09125c6c3c2fd70d7de961bcf0e51575235fad/library/core/src/fmt/mod.rs:1120:17
[INFO] [stdout]    6:     0x558aa6345b6f - std::io::Write::write_fmt::he04625a3a989fec3
[INFO] [stdout]                                at /rustc/0e09125c6c3c2fd70d7de961bcf0e51575235fad/library/std/src/io/mod.rs:1810:15
[INFO] [stdout]    7:     0x558aa63482b4 - std::sys_common::backtrace::_print::hd5d66399c7df88a2
[INFO] [stdout]                                at /rustc/0e09125c6c3c2fd70d7de961bcf0e51575235fad/library/std/src/sys_common/backtrace.rs:47:5
[INFO] [stdout]    8:     0x558aa63482b4 - std::sys_common::backtrace::print::he81ed2da642d37e5
[INFO] [stdout]                                at /rustc/0e09125c6c3c2fd70d7de961bcf0e51575235fad/library/std/src/sys_common/backtrace.rs:34:9
[INFO] [stdout]    9:     0x558aa634a027 - std::panicking::default_hook::{{closure}}::h85773f4fa117163d
[INFO] [stdout]   10:     0x558aa6349d0d - std::panicking::default_hook::h6a1694a91d09b278
[INFO] [stdout]                                at /rustc/0e09125c6c3c2fd70d7de961bcf0e51575235fad/library/std/src/panicking.rs:289:9
[INFO] [stdout]   11:     0x558aa5e2c697 - <alloc::boxed::Box<F,A> as core::ops::function::Fn<Args>>::call::h616ac37fa3cd6c8f
[INFO] [stdout]                                at /rustc/0e09125c6c3c2fd70d7de961bcf0e51575235fad/library/alloc/src/boxed.rs:2029:9
[INFO] [stdout]   12:     0x558aa5e2c697 - test::test_main::{{closure}}::h00d84697cefdcbb6
[INFO] [stdout]                                at /rustc/0e09125c6c3c2fd70d7de961bcf0e51575235fad/library/test/src/lib.rs:138:21
[INFO] [stdout]   13:     0x558aa634a646 - <alloc::boxed::Box<F,A> as core::ops::function::Fn<Args>>::call::hcb3fe3b9bb537ba8
[INFO] [stdout]                                at /rustc/0e09125c6c3c2fd70d7de961bcf0e51575235fad/library/alloc/src/boxed.rs:2029:9
[INFO] [stdout]   14:     0x558aa634a646 - std::panicking::rust_panic_with_hook::h0a7ad96e90f7145b
[INFO] [stdout]                                at /rustc/0e09125c6c3c2fd70d7de961bcf0e51575235fad/library/std/src/panicking.rs:783:13
[INFO] [stdout]   15:     0x558aa634a392 - std::panicking::begin_panic_handler::{{closure}}::h7919090525c6485e
[INFO] [stdout]                                at /rustc/0e09125c6c3c2fd70d7de961bcf0e51575235fad/library/std/src/panicking.rs:657:13
[INFO] [stdout]   16:     0x558aa63489d6 - std::sys_common::backtrace::__rust_end_short_backtrace::hf3289479464f7dfe
[INFO] [stdout]                                at /rustc/0e09125c6c3c2fd70d7de961bcf0e51575235fad/library/std/src/sys_common/backtrace.rs:171:18
[INFO] [stdout]   17:     0x558aa634a0f0 - rust_begin_unwind
[INFO] [stdout]                                at /rustc/0e09125c6c3c2fd70d7de961bcf0e51575235fad/library/std/src/panicking.rs:645:5
[INFO] [stdout]   18:     0x558aa5dd6ed5 - core::panicking::panic_fmt::hcc9f77c5c132af55
[INFO] [stdout]                                at /rustc/0e09125c6c3c2fd70d7de961bcf0e51575235fad/library/core/src/panicking.rs:72:14
[INFO] [stdout]   19:     0x558aa5defa91 - scrypto::misc::cargo::compile_package::h6dd2d2e78cb50024
[INFO] [stdout]                                at /opt/rustwide/cargo-home/git/checkouts/radixdlt-scrypto-1833d92590086ce0/8c176b7/scrypto/src/misc/cargo.rs:15:9
[INFO] [stdout]   20:     0x558aa5df7608 - lib::test_hello::ha9ebe76c1cff0b2f
[INFO] [stdout]                                at /opt/rustwide/workdir/tests/lib.rs:11:44
[INFO] [stdout]   21:     0x558aa5df74b7 - lib::test_hello::{{closure}}::h2417dfa5bf362cac
[INFO] [stdout]                                at /opt/rustwide/workdir/tests/lib.rs:6:16
[INFO] [stdout]   22:     0x558aa5de5f06 - core::ops::function::FnOnce::call_once::h3b887faea6650fd6
[INFO] [stdout]                                at /rustc/0e09125c6c3c2fd70d7de961bcf0e51575235fad/library/core/src/ops/function.rs:250:5
[INFO] [stdout]   23:     0x558aa5e31f6f - core::ops::function::FnOnce::call_once::hd64d26f405258157
[INFO] [stdout]                                at /rustc/0e09125c6c3c2fd70d7de961bcf0e51575235fad/library/core/src/ops/function.rs:250:5
[INFO] [stdout]   24:     0x558aa5e31f6f - test::__rust_begin_short_backtrace::he21b0b7a6d731bf9
[INFO] [stdout]                                at /rustc/0e09125c6c3c2fd70d7de961bcf0e51575235fad/library/test/src/lib.rs:627:18
[INFO] [stdout]   25:     0x558aa5e30cf1 - test::run_test_in_process::{{closure}}::hf5c73986d7bdfde2
[INFO] [stdout]                                at /rustc/0e09125c6c3c2fd70d7de961bcf0e51575235fad/library/test/src/lib.rs:650:60
[INFO] [stdout]   26:     0x558aa5e30cf1 - <core::panic::unwind_safe::AssertUnwindSafe<F> as core::ops::function::FnOnce<()>>::call_once::h330011ad032aadc0
[INFO] [stdout]                                at /rustc/0e09125c6c3c2fd70d7de961bcf0e51575235fad/library/core/src/panic/unwind_safe.rs:272:9
[INFO] [stdout]   27:     0x558aa5e30cf1 - std::panicking::try::do_call::he61b0a958b795a41
[INFO] [stdout]                                at /rustc/0e09125c6c3c2fd70d7de961bcf0e51575235fad/library/std/src/panicking.rs:552:40
[INFO] [stdout]   28:     0x558aa5e30cf1 - std::panicking::try::h7309da130f906eb7
[INFO] [stdout]                                at /rustc/0e09125c6c3c2fd70d7de961bcf0e51575235fad/library/std/src/panicking.rs:516:19
[INFO] [stdout]   29:     0x558aa5e30cf1 - std::panic::catch_unwind::hc5c3a06fdaf0a92a
[INFO] [stdout]                                at /rustc/0e09125c6c3c2fd70d7de961bcf0e51575235fad/library/std/src/panic.rs:142:14
[INFO] [stdout]   30:     0x558aa5e30cf1 - test::run_test_in_process::h7e7b7c71c3324e0f
[INFO] [stdout]                                at /rustc/0e09125c6c3c2fd70d7de961bcf0e51575235fad/library/test/src/lib.rs:650:27
[INFO] [stdout]   31:     0x558aa5e30cf1 - test::run_test::{{closure}}::h1f509f28f5cf20b1
[INFO] [stdout]                                at /rustc/0e09125c6c3c2fd70d7de961bcf0e51575235fad/library/test/src/lib.rs:573:43
[INFO] [stdout]   32:     0x558aa5df8026 - test::run_test::{{closure}}::h1754218abf443f6d
[INFO] [stdout]                                at /rustc/0e09125c6c3c2fd70d7de961bcf0e51575235fad/library/test/src/lib.rs:601:41
[INFO] [stdout]   33:     0x558aa5df8026 - std::sys_common::backtrace::__rust_begin_short_backtrace::h2ee174b9d5954948
[INFO] [stdout]                                at /rustc/0e09125c6c3c2fd70d7de961bcf0e51575235fad/library/std/src/sys_common/backtrace.rs:155:18
[INFO] [stdout]   34:     0x558aa5dfd087 - std::thread::Builder::spawn_unchecked_::{{closure}}::{{closure}}::hf60bee9c1a17ef09
[INFO] [stdout]                                at /rustc/0e09125c6c3c2fd70d7de961bcf0e51575235fad/library/std/src/thread/mod.rs:529:17
[INFO] [stdout]   35:     0x558aa5dfd087 - <core::panic::unwind_safe::AssertUnwindSafe<F> as core::ops::function::FnOnce<()>>::call_once::h33d0dddec5216160
[INFO] [stdout]                                at /rustc/0e09125c6c3c2fd70d7de961bcf0e51575235fad/library/core/src/panic/unwind_safe.rs:272:9
[INFO] [stdout]   36:     0x558aa5dfd087 - std::panicking::try::do_call::h144b3048b546f835
[INFO] [stdout]                                at /rustc/0e09125c6c3c2fd70d7de961bcf0e51575235fad/library/std/src/panicking.rs:552:40
[INFO] [stdout]   37:     0x558aa5dfd087 - std::panicking::try::h978244d04646189f
[INFO] [stdout]                                at /rustc/0e09125c6c3c2fd70d7de961bcf0e51575235fad/library/std/src/panicking.rs:516:19
[INFO] [stdout]   38:     0x558aa5dfd087 - std::panic::catch_unwind::hdf436369d188fe86
[INFO] [stdout]                                at /rustc/0e09125c6c3c2fd70d7de961bcf0e51575235fad/library/std/src/panic.rs:142:14
[INFO] [stdout]   39:     0x558aa5dfd087 - std::thread::Builder::spawn_unchecked_::{{closure}}::h87329cbdd33c79ec
[INFO] [stdout]                                at /rustc/0e09125c6c3c2fd70d7de961bcf0e51575235fad/library/std/src/thread/mod.rs:528:30
[INFO] [stdout]   40:     0x558aa5dfd087 - core::ops::function::FnOnce::call_once{{vtable.shim}}::h401abbe67897d450
[INFO] [stdout]                                at /rustc/0e09125c6c3c2fd70d7de961bcf0e51575235fad/library/core/src/ops/function.rs:250:5
[INFO] [stdout]   41:     0x558aa634f745 - <alloc::boxed::Box<F,A> as core::ops::function::FnOnce<Args>>::call_once::h5d7c8f150ab9c84c
[INFO] [stdout]                                at /rustc/0e09125c6c3c2fd70d7de961bcf0e51575235fad/library/alloc/src/boxed.rs:2015:9
[INFO] [stdout]   42:     0x558aa634f745 - <alloc::boxed::Box<F,A> as core::ops::function::FnOnce<Args>>::call_once::h570d5b005c242c15
[INFO] [stdout]                                at /rustc/0e09125c6c3c2fd70d7de961bcf0e51575235fad/library/alloc/src/boxed.rs:2015:9
[INFO] [stdout]   43:     0x558aa634f745 - std::sys::unix::thread::Thread::new::thread_start::h36b0a20c0b2361ad
[INFO] [stdout]                                at /rustc/0e09125c6c3c2fd70d7de961bcf0e51575235fad/library/std/src/sys/unix/thread.rs:108:17
[INFO] [stdout]   44:     0x7f5f6a72cac3 - <unknown>
[INFO] [stdout]   45:     0x7f5f6a7bdbf4 - __clone
[INFO] [stdout]   46:                0x0 - <unknown>
[INFO] [stdout] 
[INFO] [stdout] 
[INFO] [stdout] failures:
[INFO] [stdout]     test_hello
[INFO] [stdout] 
[INFO] [stdout] test result: FAILED. 0 passed; 1 failed; 0 ignored; 0 measured; 0 filtered out; finished in 0.75s
[INFO] [stdout] 
[INFO] [stderr] error: test failed, to rerun pass `--test lib`
[INFO] running `Command { std: "docker" "inspect" "38a6c9cc1b16284c7e7db31f3e5a058c02d8e90fb5a1f919a83f82d466eb16a9", kill_on_drop: false }`
[INFO] running `Command { std: "docker" "rm" "-f" "38a6c9cc1b16284c7e7db31f3e5a058c02d8e90fb5a1f919a83f82d466eb16a9", kill_on_drop: false }`
[INFO] [stdout] 38a6c9cc1b16284c7e7db31f3e5a058c02d8e90fb5a1f919a83f82d466eb16a9
