[INFO] cloning repository https://github.com/realaravinth/athena
[INFO] running `Command { std: "git" "-c" "credential.helper=" "-c" "credential.helper=/workspace/cargo-home/bin/git-credential-null" "clone" "--bare" "https://github.com/realaravinth/athena" "/workspace/cache/git-repos/https%3A%2F%2Fgithub.com%2Frealaravinth%2Fathena", kill_on_drop: false }`
[INFO] [stderr] Cloning into bare repository '/workspace/cache/git-repos/https%3A%2F%2Fgithub.com%2Frealaravinth%2Fathena'...
[INFO] running `Command { std: "git" "rev-parse" "HEAD", kill_on_drop: false }`
[INFO] [stdout] f5adc9d0ba73831fab23a095215b40c69c46479a
[INFO] testing realaravinth/athena against 1.75.0 for beta-1.76-1
[INFO] running `Command { std: "git" "clone" "/workspace/cache/git-repos/https%3A%2F%2Fgithub.com%2Frealaravinth%2Fathena" "/workspace/builds/worker-1-tc1/source", kill_on_drop: false }`
[INFO] [stderr] Cloning into '/workspace/builds/worker-1-tc1/source'...
[INFO] [stderr] done.
[INFO] validating manifest of git repo https://github.com/realaravinth/athena on toolchain 1.75.0
[INFO] running `Command { std: CARGO_HOME="/workspace/cargo-home" RUSTUP_HOME="/workspace/rustup-home" "/workspace/cargo-home/bin/cargo" "+1.75.0" "metadata" "--manifest-path" "Cargo.toml" "--no-deps", kill_on_drop: false }`
[INFO] started tweaking git repo https://github.com/realaravinth/athena
[INFO] finished tweaking git repo https://github.com/realaravinth/athena
[INFO] tweaked toml for git repo https://github.com/realaravinth/athena written to /workspace/builds/worker-1-tc1/source/Cargo.toml
[INFO] crate git repo https://github.com/realaravinth/athena already has a lockfile, it will not be regenerated
[INFO] running `Command { std: CARGO_HOME="/workspace/cargo-home" RUSTUP_HOME="/workspace/rustup-home" "/workspace/cargo-home/bin/cargo" "+1.75.0" "fetch" "--manifest-path" "Cargo.toml", kill_on_drop: false }`
[INFO] [stderr]     Updating git repository `https://github.com/realaravinth/actix-web`
[INFO] [stderr]  Downloading crates ...
[INFO] [stderr]   Downloaded actix-web-codegen v0.5.0-beta.3
[INFO] [stderr]   Downloaded actix-identity v0.4.0-beta.2
[INFO] [stderr]   Downloaded actix-cors v0.6.0-beta.2
[INFO] [stderr]   Downloaded actix-web v4.0.0-beta.8
[INFO] [stderr]   Downloaded actix-http v3.0.0-beta.8
[INFO] running `Command { std: "docker" "create" "-v" "/var/lib/crater-agent-workspace/builds/worker-1-tc1/target:/opt/rustwide/target:rw,Z" "-v" "/var/lib/crater-agent-workspace/builds/worker-1-tc1/source:/opt/rustwide/workdir:ro,Z" "-v" "/var/lib/crater-agent-workspace/cargo-home:/opt/rustwide/cargo-home:ro,Z" "-v" "/var/lib/crater-agent-workspace/rustup-home:/opt/rustwide/rustup-home:ro,Z" "-e" "SOURCE_DIR=/opt/rustwide/workdir" "-e" "CARGO_TARGET_DIR=/opt/rustwide/target" "-e" "CARGO_HOME=/opt/rustwide/cargo-home" "-e" "RUSTUP_HOME=/opt/rustwide/rustup-home" "-w" "/opt/rustwide/workdir" "-m" "1610612736" "--user" "0:0" "--network" "none" "ghcr.io/rust-lang/crates-build-env/linux@sha256:2788e3201cd34a07e3172128adcd8b3090168a8e3bcc40d7c032b9dda1df7d1c" "/opt/rustwide/cargo-home/bin/cargo" "+1.75.0" "metadata" "--no-deps" "--format-version=1", kill_on_drop: false }`
[INFO] [stdout] e1e49e69f7c94ada8bca6a6422ace6a3561b504dc7504f679101eafa935a3dd0
[INFO] running `Command { std: "docker" "start" "-a" "e1e49e69f7c94ada8bca6a6422ace6a3561b504dc7504f679101eafa935a3dd0", kill_on_drop: false }`
[INFO] running `Command { std: "docker" "inspect" "e1e49e69f7c94ada8bca6a6422ace6a3561b504dc7504f679101eafa935a3dd0", kill_on_drop: false }`
[INFO] running `Command { std: "docker" "rm" "-f" "e1e49e69f7c94ada8bca6a6422ace6a3561b504dc7504f679101eafa935a3dd0", kill_on_drop: false }`
[INFO] [stdout] e1e49e69f7c94ada8bca6a6422ace6a3561b504dc7504f679101eafa935a3dd0
[INFO] running `Command { std: "docker" "create" "-v" "/var/lib/crater-agent-workspace/builds/worker-1-tc1/target:/opt/rustwide/target:rw,Z" "-v" "/var/lib/crater-agent-workspace/builds/worker-1-tc1/source:/opt/rustwide/workdir:ro,Z" "-v" "/var/lib/crater-agent-workspace/cargo-home:/opt/rustwide/cargo-home:ro,Z" "-v" "/var/lib/crater-agent-workspace/rustup-home:/opt/rustwide/rustup-home:ro,Z" "-e" "SOURCE_DIR=/opt/rustwide/workdir" "-e" "CARGO_TARGET_DIR=/opt/rustwide/target" "-e" "CARGO_INCREMENTAL=0" "-e" "RUST_BACKTRACE=full" "-e" "RUSTFLAGS=--cap-lints=warn" "-e" "RUSTDOCFLAGS=--cap-lints=warn" "-e" "CARGO_HOME=/opt/rustwide/cargo-home" "-e" "RUSTUP_HOME=/opt/rustwide/rustup-home" "-w" "/opt/rustwide/workdir" "-m" "1610612736" "--user" "0:0" "--network" "none" "ghcr.io/rust-lang/crates-build-env/linux@sha256:2788e3201cd34a07e3172128adcd8b3090168a8e3bcc40d7c032b9dda1df7d1c" "/opt/rustwide/cargo-home/bin/cargo" "+1.75.0" "build" "--frozen" "--message-format=json", kill_on_drop: false }`
[INFO] [stdout] 77ce8a7588477bfb3e67e588e2939ff4432028acb7509db48edf585fe610879c
[INFO] running `Command { std: "docker" "start" "-a" "77ce8a7588477bfb3e67e588e2939ff4432028acb7509db48edf585fe610879c", kill_on_drop: false }`
[INFO] [stderr]    Compiling libc v0.2.98
[INFO] [stderr]    Compiling version_check v0.9.3
[INFO] [stderr]    Compiling cfg-if v1.0.0
[INFO] [stderr]    Compiling autocfg v1.0.1
[INFO] [stderr]    Compiling proc-macro2 v1.0.28
[INFO] [stderr]    Compiling unicode-xid v0.2.2
[INFO] [stderr]    Compiling syn v1.0.74
[INFO] [stderr]    Compiling memchr v2.4.0
[INFO] [stderr]    Compiling once_cell v1.8.0
[INFO] [stderr]    Compiling log v0.4.14
[INFO] [stderr]    Compiling pin-project-lite v0.2.7
[INFO] [stderr]    Compiling typenum v1.13.0
[INFO] [stderr]    Compiling futures-core v0.3.16
[INFO] [stderr]    Compiling bytes v1.0.1
[INFO] [stderr]    Compiling proc-macro-hack v0.5.19
[INFO] [stderr]    Compiling scopeguard v1.1.0
[INFO] [stderr]    Compiling instant v0.1.10
[INFO] [stderr]    Compiling smallvec v1.6.1
[INFO] [stderr]    Compiling lock_api v0.4.4
[INFO] [stderr]    Compiling bitflags v1.2.1
[INFO] [stderr]    Compiling lazy_static v1.4.0
[INFO] [stderr]    Compiling futures-sink v0.3.16
[INFO] [stderr]    Compiling itoa v0.4.7
[INFO] [stderr]    Compiling serde_derive v1.0.126
[INFO] [stderr]    Compiling futures-task v0.3.16
[INFO] [stderr]    Compiling proc-macro-nested v0.1.7
[INFO] [stderr]    Compiling futures-channel v0.3.16
[INFO] [stderr]    Compiling generic-array v0.14.4
[INFO] [stderr]    Compiling ahash v0.7.4
[INFO] [stderr]    Compiling tokio v1.9.0
[INFO] [stderr]    Compiling futures-macro v0.3.16
[INFO] [stderr]    Compiling futures-util v0.3.16
[INFO] [stderr]    Compiling indexmap v1.7.0
[INFO] [stderr]    Compiling serde v1.0.126
[INFO] [stderr]    Compiling fnv v1.0.7
[INFO] [stderr]    Compiling slab v0.4.3
[INFO] [stderr]    Compiling ryu v1.0.5
[INFO] [stderr]    Compiling standback v0.2.17
[INFO] [stderr]    Compiling futures-io v0.3.16
[INFO] [stderr]    Compiling pin-utils v0.1.0
[INFO] [stderr]    Compiling matches v0.1.8
[INFO] [stderr]    Compiling percent-encoding v2.1.0
[INFO] [stderr]    Compiling opaque-debug v0.3.0
[INFO] [stderr]    Compiling tinyvec_macros v0.1.0
[INFO] [stderr]    Compiling const_fn v0.4.8
[INFO] [stderr]    Compiling aho-corasick v0.7.18
[INFO] [stderr]    Compiling tinyvec v1.3.1
[INFO] [stderr]    Compiling quote v1.0.9
[INFO] [stderr]    Compiling time v0.2.27
[INFO] [stderr]    Compiling regex-syntax v0.6.25
[INFO] [stderr]    Compiling subtle v2.4.1
[INFO] [stderr]    Compiling jobserver v0.1.22
[INFO] [stderr]    Compiling parking_lot_core v0.8.3
[INFO] [stderr]    Compiling getrandom v0.2.3
[INFO] [stderr]    Compiling signal-hook-registry v1.4.0
[INFO] [stderr]    Compiling num_cpus v1.13.0
[INFO] [stderr]    Compiling mio v0.7.13
[INFO] [stderr]    Compiling cc v1.0.69
[INFO] [stderr]    Compiling parking_lot v0.11.1
[INFO] [stderr]    Compiling base64 v0.13.0
[INFO] [stderr]    Compiling unicode-bidi v0.3.5
[INFO] [stderr]    Compiling untrusted v0.7.1
[INFO] [stderr]    Compiling hashbrown v0.11.2
[INFO] [stderr]    Compiling spin v0.5.2
[INFO] [stderr]    Compiling form_urlencoded v1.0.1
[INFO] [stderr]    Compiling serde_json v1.0.64
[INFO] [stderr]    Compiling http v0.2.4
[INFO] [stderr]    Compiling rand_core v0.6.3
[INFO] [stderr]    Compiling ppv-lite86 v0.2.10
[INFO] [stderr]    Compiling cpufeatures v0.1.5
[INFO] [stderr]    Compiling unicode-normalization v0.1.19
[INFO] [stderr]    Compiling openssl-src v111.15.0+1.1.1k
[INFO] [stderr]    Compiling digest v0.9.0
[INFO] [stderr]    Compiling block-buffer v0.9.0
[INFO] [stderr]    Compiling crypto-mac v0.10.1
[INFO] [stderr]    Compiling num-traits v0.2.14
[INFO] [stderr]    Compiling tracing-core v0.1.18
[INFO] [stderr]    Compiling pkg-config v0.3.19
[INFO] [stderr]    Compiling lexical-core v0.7.6
[INFO] [stderr]    Compiling httparse v1.4.1
[INFO] [stderr]    Compiling hmac v0.10.1
[INFO] [stderr]    Compiling rand_chacha v0.3.1
[INFO] [stderr]    Compiling radium v0.5.3
[INFO] [stderr]    Compiling arrayvec v0.5.2
[INFO] [stderr]    Compiling tracing v0.1.26
[INFO] [stderr]    Compiling rand v0.8.4
[INFO] [stderr]    Compiling static_assertions v1.1.0
[INFO] [stderr]    Compiling ring v0.16.20
[INFO] [stderr]    Compiling zstd-sys v1.5.0+zstd.1.4.9
[INFO] [stderr]    Compiling openssl-sys v0.9.65
[INFO] [stderr]    Compiling sha-1 v0.9.7
[INFO] [stderr]    Compiling sha2 v0.9.5
[INFO] [stderr]    Compiling idna v0.2.3
[INFO] [stderr]    Compiling crossbeam-utils v0.8.5
[INFO] [stderr]    Compiling regex v1.5.4
[INFO] [stderr]    Compiling cipher v0.2.5
[INFO] [stderr]    Compiling socket2 v0.4.0
[INFO] [stderr]    Compiling nom v6.1.2
[INFO] [stderr]    Compiling build_const v0.2.2
[INFO] [stderr]    Compiling encoding_rs v0.8.28
[INFO] [stderr]    Compiling tap v1.0.1
[INFO] [stderr]    Compiling funty v1.1.0
[INFO] [stderr]    Compiling url v2.2.2
[INFO] [stderr]    Compiling local-waker v0.1.1
[INFO] [stderr]    Compiling wyz v0.2.0
[INFO] [stderr]    Compiling crc v1.8.1
[INFO] [stderr]    Compiling brotli-sys v0.3.2
[INFO] [stderr]    Compiling universal-hash v0.4.1
[INFO] [stderr]    Compiling miniz_oxide v0.4.4
[INFO] [stderr]    Compiling convert_case v0.4.0
[INFO] [stderr]    Compiling crc32fast v1.2.1
[INFO] [stderr]    Compiling strsim v0.10.0
[INFO] [stderr]    Compiling bitvec v0.19.5
[INFO] [stderr]    Compiling ident_case v1.0.1
[INFO] [stderr]    Compiling openssl v0.10.35
[INFO] [stderr]    Compiling cpuid-bool v0.2.0
[INFO] [stderr]    Compiling crossbeam-queue v0.3.2
[INFO] [stderr]    Compiling paste v1.0.5
[INFO] [stderr]    Compiling foreign-types-shared v0.1.1
[INFO] [stderr]    Compiling whoami v1.1.2
[INFO] [stderr]    Compiling zstd-safe v3.1.0+zstd.1.4.9
[INFO] [stderr]    Compiling foreign-types v0.3.2
[INFO] [stderr]    Compiling polyval v0.4.5
[INFO] [stderr]    Compiling actix-utils v3.0.0
[INFO] [stderr]    Compiling aes-soft v0.6.4
[INFO] [stderr]    Compiling dirs-sys v0.3.6
[INFO] [stderr]    Compiling try-lock v0.2.3
[INFO] [stderr]    Compiling unicode_categories v0.1.1
[INFO] [stderr]    Compiling native-tls v0.2.7
[INFO] [stderr]    Compiling mime v0.3.16
[INFO] [stderr]    Compiling adler v1.0.2
[INFO] [stderr]    Compiling maplit v1.0.2
[INFO] [stderr]    Compiling aes v0.6.0
[INFO] [stderr]    Compiling dirs v3.0.2
[INFO] [stderr]    Compiling want v0.3.0
[INFO] [stderr]    Compiling ghash v0.3.1
[INFO] [stderr]    Compiling actix-service v2.0.0
[INFO] [stderr]    Compiling crossbeam-channel v0.5.1
[INFO] [stderr]    Compiling http-body v0.4.2
[INFO] [stderr]    Compiling atoi v0.4.0
[INFO] [stderr]    Compiling ctr v0.6.0
[INFO] [stderr]    Compiling stringprep v0.1.2
[INFO] [stderr]    Compiling md-5 v0.9.1
[INFO] [stderr]    Compiling hashlink v0.7.0
[INFO] [stderr]    Compiling aead v0.3.2
[INFO] [stderr]    Compiling bytestring v1.0.0
[INFO] [stderr]    Compiling darling_core v0.12.4
[INFO] [stderr]    Compiling cookie v0.14.4
[INFO] [stderr]    Compiling cookie v0.15.1
[INFO] [stderr]    Compiling openssl-probe v0.1.4
[INFO] [stderr]    Compiling httpdate v1.0.1
[INFO] [stderr]    Compiling tower-service v0.3.1
[INFO] [stderr]    Compiling unicode-segmentation v1.8.0
[INFO] [stderr]    Compiling byteorder v1.4.3
[INFO] [stderr]    Compiling hex v0.4.3
[INFO] [stderr]    Compiling aes-gcm v0.8.0
[INFO] [stderr]    Compiling flate2 v1.0.20
[INFO] [stderr]    Compiling hkdf v0.10.0
[INFO] [stderr]    Compiling language-tags v0.3.2
[INFO] [stderr]    Compiling dotenv v0.15.0
[INFO] [stderr]    Compiling publicsuffix v1.5.6
[INFO] [stderr]    Compiling nom v5.1.2
[INFO] [stderr]    Compiling tokio-util v0.6.7
[INFO] [stderr]    Compiling tokio-stream v0.1.7
[INFO] [stderr]    Compiling heck v0.3.3
[INFO] [stderr]    Compiling quick-error v1.2.3
[INFO] [stderr]    Compiling num-traits v0.1.43
[INFO] [stderr]    Compiling humantime v1.3.0
[INFO] [stderr]    Compiling atty v0.2.14
[INFO] [stderr]    Compiling linked-hash-map v0.5.4
[INFO] [stderr]    Compiling ipnet v2.3.1
[INFO] [stderr]    Compiling serde v0.8.23
[INFO] [stderr]    Compiling actix-codec v0.4.0
[INFO] [stderr]    Compiling termcolor v1.1.2
[INFO] [stderr]    Compiling yaml-rust v0.4.5
[INFO] [stderr]    Compiling env_logger v0.7.1
[INFO] [stderr]    Compiling rust-ini v0.13.0
[INFO] [stderr]    Compiling webpki v0.21.4
[INFO] [stderr]    Compiling sct v0.6.1
[INFO] [stderr]    Compiling pretty_env_logger v0.4.0
[INFO] [stderr]    Compiling rustls v0.19.1
[INFO] [stderr]    Compiling webpki-roots v0.21.1
[INFO] [stderr]    Compiling sqlformat v0.1.6
[INFO] [stderr]    Compiling serde-hjson v0.9.1
[INFO] [stderr]    Compiling time-macros-impl v0.1.2
[INFO] [stderr]    Compiling actix-macros v0.2.1
[INFO] [stderr]    Compiling thiserror-impl v1.0.26
[INFO] [stderr]    Compiling tokio-rustls v0.22.0
[INFO] [stderr]    Compiling actix-rt v2.2.0
[INFO] [stderr]    Compiling derive_more v0.99.16
[INFO] [stderr]    Compiling time-macros v0.1.1
[INFO] [stderr]    Compiling pin-project-internal v1.0.8
[INFO] [stderr]    Compiling sqlx-rt v0.5.5
[INFO] [stderr]    Compiling darling_macro v0.12.4
[INFO] [stderr]    Compiling actix-server v2.0.0-beta.5
[INFO] [stderr]    Compiling actix-web-codegen v0.5.0-beta.3
[INFO] [stderr]    Compiling actix-web-codegen v0.5.0-beta.3 (https://github.com/realaravinth/actix-web#4a157472)
[INFO] [stderr]    Compiling thiserror v1.0.26
[INFO] [stderr]    Compiling darling v0.12.4
[INFO] [stderr]    Compiling derive_builder_core v0.10.2
[INFO] [stderr]    Compiling pin-project v1.0.8
[INFO] [stderr]    Compiling derive_builder_macro v0.10.2
[INFO] [stderr]    Compiling derive_builder v0.10.2
[INFO] [stderr]    Compiling h2 v0.3.3
[INFO] [stderr]    Compiling futures-executor v0.3.16
[INFO] [stderr]    Compiling futures v0.3.16
[INFO] [stderr]    Compiling local-channel v0.1.2
[INFO] [stderr]    Compiling actix-tls v3.0.0-beta.5
[INFO] [stderr]    Compiling brotli2 v0.3.2
[INFO] [stderr]    Compiling either v1.6.1
[INFO] [stderr]    Compiling serde_urlencoded v0.7.0
[INFO] [stderr]    Compiling actix-router v0.2.7
[INFO] [stderr]    Compiling toml v0.5.8
[INFO] [stderr]    Compiling hyper v0.14.11
[INFO] [stderr]    Compiling sqlx-core v0.5.5
[INFO] [stderr]    Compiling cookie_store v0.12.0
[INFO] [stderr]    Compiling config v0.11.0
[INFO] [stderr]    Compiling hyper-rustls v0.22.1
[INFO] [stderr]    Compiling sqlx-macros v0.5.5
[INFO] [stderr]    Compiling zstd v0.7.0+zstd.1.4.9
[INFO] [stderr]    Compiling actix-http v3.0.0-beta.8
[INFO] [stderr]    Compiling actix-web v4.0.0-beta.8
[INFO] [stderr]    Compiling sqlx v0.5.5
[INFO] [stderr]    Compiling athena v0.1.0 (/opt/rustwide/workdir)
[INFO] [stderr]    Compiling actix-identity v0.4.0-beta.2
[INFO] [stderr]    Compiling actix-cors v0.6.0-beta.2
[INFO] [stderr]    Compiling tokio-native-tls v0.3.0
[INFO] [stderr]    Compiling hyper-tls v0.5.0
[INFO] [stderr]    Compiling reqwest v0.11.4
[INFO] [stderr]    Compiling libathena v0.1.0 (/opt/rustwide/workdir/libathena)
[INFO] [stdout] warning: field `url` is never read
[INFO] [stdout]   --> src/settings.rs:47:9
[INFO] [stdout]    |
[INFO] [stdout] 41 | struct DatabaseBuilder {
[INFO] [stdout]    |        --------------- field in this struct
[INFO] [stdout] ...
[INFO] [stdout] 47 |     pub url: String,
[INFO] [stdout]    |         ^^^
[INFO] [stdout]    |
[INFO] [stdout]    = note: `DatabaseBuilder` has derived impls for the traits `Clone` and `Debug`, but these are intentionally ignored during dead code analysis
[INFO] [stdout]    = note: `#[warn(dead_code)]` on by default
[INFO] [stdout] 
[INFO] [stdout] 
[INFO] [stdout] warning: field `url` is never read
[INFO] [stdout]   --> src/settings.rs:47:9
[INFO] [stdout]    |
[INFO] [stdout] 41 | struct DatabaseBuilder {
[INFO] [stdout]    |        --------------- field in this struct
[INFO] [stdout] ...
[INFO] [stdout] 47 |     pub url: String,
[INFO] [stdout]    |         ^^^
[INFO] [stdout]    |
[INFO] [stdout]    = note: `DatabaseBuilder` has derived impls for the traits `Clone` and `Debug`, but these are intentionally ignored during dead code analysis
[INFO] [stdout]    = note: `#[warn(dead_code)]` on by default
[INFO] [stdout] 
[INFO] [stdout] 
[INFO] [stdout] warning: 1 warning emitted
[INFO] [stdout] 
[INFO] [stdout] 
[INFO] [stdout] warning: 1 warning emitted
[INFO] [stdout] 
[INFO] [stdout] 
[INFO] [stderr]     Finished dev [unoptimized + debuginfo] target(s) in 38.50s
[INFO] [stderr] warning: the following packages contain code that will be rejected by a future version of Rust: nom v5.1.2, nom v6.1.2, sqlx-macros v0.5.5
[INFO] [stderr] note: to see what the problems were, use the option `--future-incompat-report`, or run `cargo report future-incompatibilities --id 2`
[INFO] running `Command { std: "docker" "inspect" "77ce8a7588477bfb3e67e588e2939ff4432028acb7509db48edf585fe610879c", kill_on_drop: false }`
[INFO] running `Command { std: "docker" "rm" "-f" "77ce8a7588477bfb3e67e588e2939ff4432028acb7509db48edf585fe610879c", kill_on_drop: false }`
[INFO] [stdout] 77ce8a7588477bfb3e67e588e2939ff4432028acb7509db48edf585fe610879c
[INFO] running `Command { std: "docker" "create" "-v" "/var/lib/crater-agent-workspace/builds/worker-1-tc1/target:/opt/rustwide/target:rw,Z" "-v" "/var/lib/crater-agent-workspace/builds/worker-1-tc1/source:/opt/rustwide/workdir:ro,Z" "-v" "/var/lib/crater-agent-workspace/cargo-home:/opt/rustwide/cargo-home:ro,Z" "-v" "/var/lib/crater-agent-workspace/rustup-home:/opt/rustwide/rustup-home:ro,Z" "-e" "SOURCE_DIR=/opt/rustwide/workdir" "-e" "CARGO_TARGET_DIR=/opt/rustwide/target" "-e" "CARGO_INCREMENTAL=0" "-e" "RUST_BACKTRACE=full" "-e" "RUSTFLAGS=--cap-lints=warn" "-e" "RUSTDOCFLAGS=--cap-lints=warn" "-e" "CARGO_HOME=/opt/rustwide/cargo-home" "-e" "RUSTUP_HOME=/opt/rustwide/rustup-home" "-w" "/opt/rustwide/workdir" "-m" "1610612736" "--user" "0:0" "--network" "none" "ghcr.io/rust-lang/crates-build-env/linux@sha256:2788e3201cd34a07e3172128adcd8b3090168a8e3bcc40d7c032b9dda1df7d1c" "/opt/rustwide/cargo-home/bin/cargo" "+1.75.0" "test" "--frozen" "--no-run" "--message-format=json", kill_on_drop: false }`
[INFO] [stdout] 2dbc26d9b42bff0a50870f52002006c80923b72c5b5fb3fcea4db07d88969cad
[INFO] running `Command { std: "docker" "start" "-a" "2dbc26d9b42bff0a50870f52002006c80923b72c5b5fb3fcea4db07d88969cad", kill_on_drop: false }`
[INFO] [stderr]    Compiling athena v0.1.0 (/opt/rustwide/workdir)
[INFO] [stdout] warning: field `url` is never read
[INFO] [stdout]   --> src/settings.rs:47:9
[INFO] [stdout]    |
[INFO] [stdout] 41 | struct DatabaseBuilder {
[INFO] [stdout]    |        --------------- field in this struct
[INFO] [stdout] ...
[INFO] [stdout] 47 |     pub url: String,
[INFO] [stdout]    |         ^^^
[INFO] [stdout]    |
[INFO] [stdout]    = note: `DatabaseBuilder` has derived impls for the traits `Clone` and `Debug`, but these are intentionally ignored during dead code analysis
[INFO] [stdout]    = note: `#[warn(dead_code)]` on by default
[INFO] [stdout] 
[INFO] [stdout] 
[INFO] [stdout] warning: 1 warning emitted
[INFO] [stdout] 
[INFO] [stdout] 
[INFO] [stdout] warning: field `url` is never read
[INFO] [stdout]   --> src/settings.rs:47:9
[INFO] [stdout]    |
[INFO] [stdout] 41 | struct DatabaseBuilder {
[INFO] [stdout]    |        --------------- field in this struct
[INFO] [stdout] ...
[INFO] [stdout] 47 |     pub url: String,
[INFO] [stdout]    |         ^^^
[INFO] [stdout]    |
[INFO] [stdout]    = note: `DatabaseBuilder` has derived impls for the traits `Clone` and `Debug`, but these are intentionally ignored during dead code analysis
[INFO] [stdout]    = note: `#[warn(dead_code)]` on by default
[INFO] [stdout] 
[INFO] [stdout] 
[INFO] [stdout] warning: 1 warning emitted
[INFO] [stdout] 
[INFO] [stdout] 
[INFO] [stderr]     Finished test [unoptimized + debuginfo] target(s) in 7.24s
[INFO] [stderr] warning: the following packages contain code that will be rejected by a future version of Rust: nom v5.1.2, nom v6.1.2, sqlx-macros v0.5.5
[INFO] [stderr] note: to see what the problems were, use the option `--future-incompat-report`, or run `cargo report future-incompatibilities --id 2`
[INFO] running `Command { std: "docker" "inspect" "2dbc26d9b42bff0a50870f52002006c80923b72c5b5fb3fcea4db07d88969cad", kill_on_drop: false }`
[INFO] running `Command { std: "docker" "rm" "-f" "2dbc26d9b42bff0a50870f52002006c80923b72c5b5fb3fcea4db07d88969cad", kill_on_drop: false }`
[INFO] [stdout] 2dbc26d9b42bff0a50870f52002006c80923b72c5b5fb3fcea4db07d88969cad
[INFO] running `Command { std: "docker" "create" "-v" "/var/lib/crater-agent-workspace/builds/worker-1-tc1/target:/opt/rustwide/target:rw,Z" "-v" "/var/lib/crater-agent-workspace/builds/worker-1-tc1/source:/opt/rustwide/workdir:ro,Z" "-v" "/var/lib/crater-agent-workspace/cargo-home:/opt/rustwide/cargo-home:ro,Z" "-v" "/var/lib/crater-agent-workspace/rustup-home:/opt/rustwide/rustup-home:ro,Z" "-e" "SOURCE_DIR=/opt/rustwide/workdir" "-e" "CARGO_TARGET_DIR=/opt/rustwide/target" "-e" "CARGO_INCREMENTAL=0" "-e" "RUST_BACKTRACE=full" "-e" "RUSTFLAGS=--cap-lints=warn" "-e" "RUSTDOCFLAGS=--cap-lints=warn" "-e" "CARGO_HOME=/opt/rustwide/cargo-home" "-e" "RUSTUP_HOME=/opt/rustwide/rustup-home" "-w" "/opt/rustwide/workdir" "-m" "1610612736" "--user" "0:0" "--network" "none" "ghcr.io/rust-lang/crates-build-env/linux@sha256:2788e3201cd34a07e3172128adcd8b3090168a8e3bcc40d7c032b9dda1df7d1c" "/opt/rustwide/cargo-home/bin/cargo" "+1.75.0" "test" "--frozen", kill_on_drop: false }`
[INFO] [stdout] e57858ade6d3b41e6fddbdd491e156483169cd3a5e434d7bac9e923d398f0341
[INFO] running `Command { std: "docker" "start" "-a" "e57858ade6d3b41e6fddbdd491e156483169cd3a5e434d7bac9e923d398f0341", kill_on_drop: false }`
[INFO] [stderr] warning: field `url` is never read
[INFO] [stderr]   --> src/settings.rs:47:9
[INFO] [stderr]    |
[INFO] [stderr] 41 | struct DatabaseBuilder {
[INFO] [stderr]    |        --------------- field in this struct
[INFO] [stderr] ...
[INFO] [stderr] 47 |     pub url: String,
[INFO] [stderr]    |         ^^^
[INFO] [stderr]    |
[INFO] [stderr]    = note: `DatabaseBuilder` has derived impls for the traits `Clone` and `Debug`, but these are intentionally ignored during dead code analysis
[INFO] [stderr]    = note: `#[warn(dead_code)]` on by default
[INFO] [stderr] 
[INFO] [stderr] warning: `athena` (bin "tests-migrate" test) generated 1 warning
[INFO] [stderr] warning: `athena` (bin "athena-c2" test) generated 1 warning (1 duplicate)
[INFO] [stderr]     Finished test [unoptimized + debuginfo] target(s) in 0.17s
[INFO] [stderr] warning: the following packages contain code that will be rejected by a future version of Rust: nom v5.1.2, nom v6.1.2, sqlx-macros v0.5.5
[INFO] [stderr] note: to see what the problems were, use the option `--future-incompat-report`, or run `cargo report future-incompatibilities --id 2`
[INFO] [stderr]      Running unittests src/main.rs (/opt/rustwide/target/debug/deps/athena_c2-af54006730a140ad)
[INFO] [stdout] 
[INFO] [stdout] running 2 tests
[INFO] [stdout] test test::everything_works ... FAILED
[INFO] [stdout] test api::v1::ships::tests::get_name_works ... FAILED
[INFO] [stdout] 
[INFO] [stdout] failures:
[INFO] [stdout] 
[INFO] [stdout] ---- test::everything_works stdout ----
[INFO] [stdout] thread 'test::everything_works' panicked at src/data.rs:39:14:
[INFO] [stdout] Unable to form database pool: Io(Os { code: 99, kind: AddrNotAvailable, message: "Cannot assign requested address" })
[INFO] [stdout] stack backtrace:
[INFO] [stdout]    0:     0x55f153cfdbbc - std::backtrace_rs::backtrace::libunwind::trace::ha637c64ce894333a
[INFO] [stdout]                                at /rustc/82e1608dfa6e0b5569232559e3d385fea5a93112/library/std/src/../../backtrace/src/backtrace/libunwind.rs:104:5
[INFO] [stdout]    1:     0x55f153cfdbbc - std::backtrace_rs::backtrace::trace_unsynchronized::h47f62dea28e0c88d
[INFO] [stdout]                                at /rustc/82e1608dfa6e0b5569232559e3d385fea5a93112/library/std/src/../../backtrace/src/backtrace/mod.rs:66:5
[INFO] [stdout]    2:     0x55f153cfdbbc - std::sys_common::backtrace::_print_fmt::h9eef0abe20ede486
[INFO] [stdout]                                at /rustc/82e1608dfa6e0b5569232559e3d385fea5a93112/library/std/src/sys_common/backtrace.rs:67:5
[INFO] [stdout]    3:     0x55f153cfdbbc - <std::sys_common::backtrace::_print::DisplayBacktrace as core::fmt::Display>::fmt::hed7f999df88cc644
[INFO] [stdout]                                at /rustc/82e1608dfa6e0b5569232559e3d385fea5a93112/library/std/src/sys_common/backtrace.rs:44:22
[INFO] [stdout]    4:     0x55f153d2d440 - core::fmt::rt::Argument::fmt::h1539a9308b8d058d
[INFO] [stdout]                                at /rustc/82e1608dfa6e0b5569232559e3d385fea5a93112/library/core/src/fmt/rt.rs:142:9
[INFO] [stdout]    5:     0x55f153d2d440 - core::fmt::write::h3a39390d8560d9c9
[INFO] [stdout]                                at /rustc/82e1608dfa6e0b5569232559e3d385fea5a93112/library/core/src/fmt/mod.rs:1120:17
[INFO] [stdout]    6:     0x55f153cfa96f - std::io::Write::write_fmt::h040b369f3a0f9cbc
[INFO] [stdout]                                at /rustc/82e1608dfa6e0b5569232559e3d385fea5a93112/library/std/src/io/mod.rs:1762:15
[INFO] [stdout]    7:     0x55f153cfd9a4 - std::sys_common::backtrace::_print::h894006fb5c6f3d45
[INFO] [stdout]                                at /rustc/82e1608dfa6e0b5569232559e3d385fea5a93112/library/std/src/sys_common/backtrace.rs:47:5
[INFO] [stdout]    8:     0x55f153cfd9a4 - std::sys_common::backtrace::print::h23a2d212c6fff936
[INFO] [stdout]                                at /rustc/82e1608dfa6e0b5569232559e3d385fea5a93112/library/std/src/sys_common/backtrace.rs:34:9
[INFO] [stdout]    9:     0x55f153cff667 - std::panicking::default_hook::{{closure}}::h8a1d2ee00185001a
[INFO] [stdout]   10:     0x55f153cff353 - std::panicking::default_hook::h6038f2eba384e475
[INFO] [stdout]                                at /rustc/82e1608dfa6e0b5569232559e3d385fea5a93112/library/std/src/panicking.rs:289:9
[INFO] [stdout]   11:     0x55f152dc5c87 - <alloc::boxed::Box<F,A> as core::ops::function::Fn<Args>>::call::h0ad024c9bdc6d768
[INFO] [stdout]                                at /rustc/82e1608dfa6e0b5569232559e3d385fea5a93112/library/alloc/src/boxed.rs:2021:9
[INFO] [stdout]   12:     0x55f152dc5c87 - test::test_main::{{closure}}::h7500b54257359db6
[INFO] [stdout]                                at /rustc/82e1608dfa6e0b5569232559e3d385fea5a93112/library/test/src/lib.rs:138:21
[INFO] [stdout]   13:     0x55f153cffc78 - <alloc::boxed::Box<F,A> as core::ops::function::Fn<Args>>::call::h1f8f335eaa9cfaee
[INFO] [stdout]                                at /rustc/82e1608dfa6e0b5569232559e3d385fea5a93112/library/alloc/src/boxed.rs:2021:9
[INFO] [stdout]   14:     0x55f153cffc78 - std::panicking::rust_panic_with_hook::h2b5517d590cab22e
[INFO] [stdout]                                at /rustc/82e1608dfa6e0b5569232559e3d385fea5a93112/library/std/src/panicking.rs:783:13
[INFO] [stdout]   15:     0x55f153cff9ce - std::panicking::begin_panic_handler::{{closure}}::h233112c06e0ef43e
[INFO] [stdout]                                at /rustc/82e1608dfa6e0b5569232559e3d385fea5a93112/library/std/src/panicking.rs:657:13
[INFO] [stdout]   16:     0x55f153cfe086 - std::sys_common::backtrace::__rust_end_short_backtrace::h6e893f24d7ebbff8
[INFO] [stdout]                                at /rustc/82e1608dfa6e0b5569232559e3d385fea5a93112/library/std/src/sys_common/backtrace.rs:170:18
[INFO] [stdout]   17:     0x55f153cff732 - rust_begin_unwind
[INFO] [stdout]                                at /rustc/82e1608dfa6e0b5569232559e3d385fea5a93112/library/std/src/panicking.rs:645:5
[INFO] [stdout]   18:     0x55f152c28745 - core::panicking::panic_fmt::hbf0e066aabfa482c
[INFO] [stdout]                                at /rustc/82e1608dfa6e0b5569232559e3d385fea5a93112/library/core/src/panicking.rs:72:14
[INFO] [stdout]   19:     0x55f152c28d13 - core::result::unwrap_failed::hddb4fea594200c52
[INFO] [stdout]                                at /rustc/82e1608dfa6e0b5569232559e3d385fea5a93112/library/core/src/result.rs:1653:5
[INFO] [stdout]   20:     0x55f152d060ba - core::result::Result<T,E>::expect::h65bcbcb1b1bf2f2b
[INFO] [stdout]                                at /rustc/82e1608dfa6e0b5569232559e3d385fea5a93112/library/core/src/result.rs:1034:23
[INFO] [stdout]   21:     0x55f152cb3f9d - athena_c2::data::Data::new::{{closure}}::h493e720fc450c578
[INFO] [stdout]                                at /opt/rustwide/workdir/src/data.rs:35:18
[INFO] [stdout]   22:     0x55f152cbf1f5 - athena_c2::test::everything_works::{{closure}}::he95037ad64fe5c93
[INFO] [stdout]                                at /opt/rustwide/workdir/src/test.rs:63:39
[INFO] [stdout]   23:     0x55f152d365c0 - <tokio::task::local::RunUntil<T> as core::future::future::Future>::poll::{{closure}}::{{closure}}::h594521f3c21e9561
[INFO] [stdout]                                at /opt/rustwide/cargo-home/registry/src/index.crates.io-6f17d22bba15001f/tokio-1.9.0/src/task/local.rs:668:65
[INFO] [stdout]   24:     0x55f152d0b580 - tokio::coop::with_budget::{{closure}}::h95bcb895c3db16af
[INFO] [stdout]                                at /opt/rustwide/cargo-home/registry/src/index.crates.io-6f17d22bba15001f/tokio-1.9.0/src/coop.rs:106:9
[INFO] [stdout]   25:     0x55f152c948ae - std::thread::local::LocalKey<T>::try_with::h0db7726ce848444e
[INFO] [stdout]                                at /rustc/82e1608dfa6e0b5569232559e3d385fea5a93112/library/std/src/thread/local.rs:270:16
[INFO] [stdout]   26:     0x55f152c940ca - std::thread::local::LocalKey<T>::with::h2a05d2b0fe9b5ef3
[INFO] [stdout]                                at /rustc/82e1608dfa6e0b5569232559e3d385fea5a93112/library/std/src/thread/local.rs:246:9
[INFO] [stdout]   27:     0x55f152d35f5b - tokio::coop::with_budget::h0d276ec8da9201e5
[INFO] [stdout]                                at /opt/rustwide/cargo-home/registry/src/index.crates.io-6f17d22bba15001f/tokio-1.9.0/src/coop.rs:99:5
[INFO] [stdout]   28:     0x55f152d35f5b - tokio::coop::budget::h910e1a865dcee4d6
[INFO] [stdout]                                at /opt/rustwide/cargo-home/registry/src/index.crates.io-6f17d22bba15001f/tokio-1.9.0/src/coop.rs:76:5
[INFO] [stdout]   29:     0x55f152d35f5b - <tokio::task::local::RunUntil<T> as core::future::future::Future>::poll::{{closure}}::h63bc5000230c8ae4
[INFO] [stdout]                                at /opt/rustwide/cargo-home/registry/src/index.crates.io-6f17d22bba15001f/tokio-1.9.0/src/task/local.rs:668:42
[INFO] [stdout]   30:     0x55f152c45447 - tokio::macros::scoped_tls::ScopedKey<T>::set::h5ef927c31db77a25
[INFO] [stdout]                                at /opt/rustwide/cargo-home/registry/src/index.crates.io-6f17d22bba15001f/tokio-1.9.0/src/macros/scoped_tls.rs:61:9
[INFO] [stdout]   31:     0x55f152d32ea7 - tokio::task::local::LocalSet::with::h8ec02475583cf14d
[INFO] [stdout]                                at /opt/rustwide/cargo-home/registry/src/index.crates.io-6f17d22bba15001f/tokio-1.9.0/src/task/local.rs:573:9
[INFO] [stdout]   32:     0x55f152d35d4a - <tokio::task::local::RunUntil<T> as core::future::future::Future>::poll::hcc1c5db5e3173475
[INFO] [stdout]                                at /opt/rustwide/cargo-home/registry/src/index.crates.io-6f17d22bba15001f/tokio-1.9.0/src/task/local.rs:658:9
[INFO] [stdout]   33:     0x55f152d3355e - tokio::task::local::LocalSet::run_until::{{closure}}::hab75aa6d8248b7d7
[INFO] [stdout]                                at /opt/rustwide/cargo-home/registry/src/index.crates.io-6f17d22bba15001f/tokio-1.9.0/src/task/local.rs:516:19
[INFO] [stdout]   34:     0x55f152c9be6b - <core::pin::Pin<P> as core::future::future::Future>::poll::h04a5df74bd3df0a3
[INFO] [stdout]                                at /rustc/82e1608dfa6e0b5569232559e3d385fea5a93112/library/core/src/future/future.rs:125:9
[INFO] [stdout]   35:     0x55f152cf8ea4 - tokio::runtime::basic_scheduler::Inner<P>::block_on::{{closure}}::{{closure}}::h8e79bffd07013892
[INFO] [stdout]                                at /opt/rustwide/cargo-home/registry/src/index.crates.io-6f17d22bba15001f/tokio-1.9.0/src/runtime/basic_scheduler.rs:208:62
[INFO] [stdout]   36:     0x55f152d0b6b0 - tokio::coop::with_budget::{{closure}}::h9cbafd150bcd93a5
[INFO] [stdout]                                at /opt/rustwide/cargo-home/registry/src/index.crates.io-6f17d22bba15001f/tokio-1.9.0/src/coop.rs:106:9
[INFO] [stdout]   37:     0x55f152c95f1e - std::thread::local::LocalKey<T>::try_with::hb99ab03cb90f9c0f
[INFO] [stdout]                                at /rustc/82e1608dfa6e0b5569232559e3d385fea5a93112/library/std/src/thread/local.rs:270:16
[INFO] [stdout]   38:     0x55f152c9409a - std::thread::local::LocalKey<T>::with::h24d0f74f30d0692e
[INFO] [stdout]                                at /rustc/82e1608dfa6e0b5569232559e3d385fea5a93112/library/std/src/thread/local.rs:246:9
[INFO] [stdout]   39:     0x55f152cf7762 - tokio::coop::with_budget::hd8ff71ddd29bc686
[INFO] [stdout]                                at /opt/rustwide/cargo-home/registry/src/index.crates.io-6f17d22bba15001f/tokio-1.9.0/src/coop.rs:99:5
[INFO] [stdout]   40:     0x55f152cf7762 - tokio::coop::budget::h4e0691ca076aeb06
[INFO] [stdout]                                at /opt/rustwide/cargo-home/registry/src/index.crates.io-6f17d22bba15001f/tokio-1.9.0/src/coop.rs:76:5
[INFO] [stdout]   41:     0x55f152cf7762 - tokio::runtime::basic_scheduler::Inner<P>::block_on::{{closure}}::h0854955f83b321fb
[INFO] [stdout]                                at /opt/rustwide/cargo-home/registry/src/index.crates.io-6f17d22bba15001f/tokio-1.9.0/src/runtime/basic_scheduler.rs:208:39
[INFO] [stdout]   42:     0x55f152cfab21 - tokio::runtime::basic_scheduler::enter::{{closure}}::h8147114825a8f904
[INFO] [stdout]                                at /opt/rustwide/cargo-home/registry/src/index.crates.io-6f17d22bba15001f/tokio-1.9.0/src/runtime/basic_scheduler.rs:299:29
[INFO] [stdout]   43:     0x55f152c45557 - tokio::macros::scoped_tls::ScopedKey<T>::set::h8ddb44c1f3687929
[INFO] [stdout]                                at /opt/rustwide/cargo-home/registry/src/index.crates.io-6f17d22bba15001f/tokio-1.9.0/src/macros/scoped_tls.rs:61:9
[INFO] [stdout]   44:     0x55f152cfa40a - tokio::runtime::basic_scheduler::enter::h0664fddbdebe662e
[INFO] [stdout]                                at /opt/rustwide/cargo-home/registry/src/index.crates.io-6f17d22bba15001f/tokio-1.9.0/src/runtime/basic_scheduler.rs:299:5
[INFO] [stdout]   45:     0x55f152cf73eb - tokio::runtime::basic_scheduler::Inner<P>::block_on::h401968939195f6f2
[INFO] [stdout]                                at /opt/rustwide/cargo-home/registry/src/index.crates.io-6f17d22bba15001f/tokio-1.9.0/src/runtime/basic_scheduler.rs:197:9
[INFO] [stdout]   46:     0x55f152cf91ca - tokio::runtime::basic_scheduler::InnerGuard<P>::block_on::h9dc1b349a3cc9eb6
[INFO] [stdout]                                at /opt/rustwide/cargo-home/registry/src/index.crates.io-6f17d22bba15001f/tokio-1.9.0/src/runtime/basic_scheduler.rs:452:9
[INFO] [stdout]   47:     0x55f152cf975a - tokio::runtime::basic_scheduler::BasicScheduler<P>::block_on::h6ef955d1423d09fd
[INFO] [stdout]                                at /opt/rustwide/cargo-home/registry/src/index.crates.io-6f17d22bba15001f/tokio-1.9.0/src/runtime/basic_scheduler.rs:157:24
[INFO] [stdout]   48:     0x55f152d339bb - tokio::runtime::Runtime::block_on::h7d3154f8aec6e41f
[INFO] [stdout]                                at /opt/rustwide/cargo-home/registry/src/index.crates.io-6f17d22bba15001f/tokio-1.9.0/src/runtime/mod.rs:450:46
[INFO] [stdout]   49:     0x55f152d32f68 - tokio::task::local::LocalSet::block_on::hafdf87bae110fafa
[INFO] [stdout]                                at /opt/rustwide/cargo-home/registry/src/index.crates.io-6f17d22bba15001f/tokio-1.9.0/src/task/local.rs:477:9
[INFO] [stdout]   50:     0x55f152d81c0a - actix_rt::runtime::Runtime::block_on::h8e0e2add1bd48b55
[INFO] [stdout]                                at /opt/rustwide/cargo-home/registry/src/index.crates.io-6f17d22bba15001f/actix-rt-2.2.0/src/runtime.rs:85:9
[INFO] [stdout]   51:     0x55f152d21c9a - actix_rt::system::SystemRunner::block_on::hea99ff986eb12ed7
[INFO] [stdout]                                at /opt/rustwide/cargo-home/registry/src/index.crates.io-6f17d22bba15001f/actix-rt-2.2.0/src/system.rs:186:9
[INFO] [stdout]   52:     0x55f152cbee6b - athena_c2::test::everything_works::h05c38290e9dad084
[INFO] [stdout]                                at /opt/rustwide/workdir/src/test.rs:56:1
[INFO] [stdout]   53:     0x55f152cbee07 - athena_c2::test::everything_works::{{closure}}::h4c43ba683f8c525a
[INFO] [stdout]                                at /opt/rustwide/workdir/src/test.rs:57:28
[INFO] [stdout]   54:     0x55f152c29ab6 - core::ops::function::FnOnce::call_once::h7f8caa26d77d8c5d
[INFO] [stdout]                                at /rustc/82e1608dfa6e0b5569232559e3d385fea5a93112/library/core/src/ops/function.rs:250:5
[INFO] [stdout]   55:     0x55f152dcb2df - core::ops::function::FnOnce::call_once::h2b5d431d5046312d
[INFO] [stdout]                                at /rustc/82e1608dfa6e0b5569232559e3d385fea5a93112/library/core/src/ops/function.rs:250:5
[INFO] [stdout]   56:     0x55f152dcb2df - test::__rust_begin_short_backtrace::h7714669af176e207
[INFO] [stdout]                                at /rustc/82e1608dfa6e0b5569232559e3d385fea5a93112/library/test/src/lib.rs:628:18
[INFO] [stdout]   57:     0x55f152dca2f5 - test::run_test_in_process::{{closure}}::h85218797dcbcec12
[INFO] [stdout]                                at /rustc/82e1608dfa6e0b5569232559e3d385fea5a93112/library/test/src/lib.rs:651:60
[INFO] [stdout]   58:     0x55f152dca2f5 - <core::panic::unwind_safe::AssertUnwindSafe<F> as core::ops::function::FnOnce<()>>::call_once::h76c106ea31c14d7b
[INFO] [stdout]                                at /rustc/82e1608dfa6e0b5569232559e3d385fea5a93112/library/core/src/panic/unwind_safe.rs:272:9
[INFO] [stdout]   59:     0x55f152dca2f5 - std::panicking::try::do_call::h3bd5d0f6620ee946
[INFO] [stdout]                                at /rustc/82e1608dfa6e0b5569232559e3d385fea5a93112/library/std/src/panicking.rs:552:40
[INFO] [stdout]   60:     0x55f152dca2f5 - std::panicking::try::h232e535e4744fe31
[INFO] [stdout]                                at /rustc/82e1608dfa6e0b5569232559e3d385fea5a93112/library/std/src/panicking.rs:516:19
[INFO] [stdout]   61:     0x55f152dca2f5 - std::panic::catch_unwind::h3ce3bd6ca8dbac68
[INFO] [stdout]                                at /rustc/82e1608dfa6e0b5569232559e3d385fea5a93112/library/std/src/panic.rs:142:14
[INFO] [stdout]   62:     0x55f152dca2f5 - test::run_test_in_process::hc97b257c9621286a
[INFO] [stdout]                                at /rustc/82e1608dfa6e0b5569232559e3d385fea5a93112/library/test/src/lib.rs:651:27
[INFO] [stdout]   63:     0x55f152dca2f5 - test::run_test::{{closure}}::h2aa798823a438d38
[INFO] [stdout]                                at /rustc/82e1608dfa6e0b5569232559e3d385fea5a93112/library/test/src/lib.rs:574:43
[INFO] [stdout]   64:     0x55f152d925b6 - test::run_test::{{closure}}::h87d231c78fb59832
[INFO] [stdout]                                at /rustc/82e1608dfa6e0b5569232559e3d385fea5a93112/library/test/src/lib.rs:602:41
[INFO] [stdout]   65:     0x55f152d925b6 - std::sys_common::backtrace::__rust_begin_short_backtrace::he6df152596625789
[INFO] [stdout]                                at /rustc/82e1608dfa6e0b5569232559e3d385fea5a93112/library/std/src/sys_common/backtrace.rs:154:18
[INFO] [stdout]   66:     0x55f152d97667 - std::thread::Builder::spawn_unchecked_::{{closure}}::{{closure}}::ha94be15d1e0acf36
[INFO] [stdout]                                at /rustc/82e1608dfa6e0b5569232559e3d385fea5a93112/library/std/src/thread/mod.rs:529:17
[INFO] [stdout]   67:     0x55f152d97667 - <core::panic::unwind_safe::AssertUnwindSafe<F> as core::ops::function::FnOnce<()>>::call_once::h9dc6bd6372f16606
[INFO] [stdout]                                at /rustc/82e1608dfa6e0b5569232559e3d385fea5a93112/library/core/src/panic/unwind_safe.rs:272:9
[INFO] [stdout]   68:     0x55f152d97667 - std::panicking::try::do_call::h9057517f80303cd4
[INFO] [stdout]                                at /rustc/82e1608dfa6e0b5569232559e3d385fea5a93112/library/std/src/panicking.rs:552:40
[INFO] [stdout]   69:     0x55f152d97667 - std::panicking::try::he3a30b11ee45340c
[INFO] [stdout]                                at /rustc/82e1608dfa6e0b5569232559e3d385fea5a93112/library/std/src/panicking.rs:516:19
[INFO] [stdout]   70:     0x55f152d97667 - std::panic::catch_unwind::h410458cfd3528b8b
[INFO] [stdout]                                at /rustc/82e1608dfa6e0b5569232559e3d385fea5a93112/library/std/src/panic.rs:142:14
[INFO] [stdout]   71:     0x55f152d97667 - std::thread::Builder::spawn_unchecked_::{{closure}}::h72ac3bdb567b737b
[INFO] [stdout]                                at /rustc/82e1608dfa6e0b5569232559e3d385fea5a93112/library/std/src/thread/mod.rs:528:30
[INFO] [stdout]   72:     0x55f152d97667 - core::ops::function::FnOnce::call_once{{vtable.shim}}::h38f34da3654a8344
[INFO] [stdout]                                at /rustc/82e1608dfa6e0b5569232559e3d385fea5a93112/library/core/src/ops/function.rs:250:5
[INFO] [stdout]   73:     0x55f153d04b55 - <alloc::boxed::Box<F,A> as core::ops::function::FnOnce<Args>>::call_once::hc7eafaff61e32df9
[INFO] [stdout]                                at /rustc/82e1608dfa6e0b5569232559e3d385fea5a93112/library/alloc/src/boxed.rs:2007:9
[INFO] [stdout]   74:     0x55f153d04b55 - <alloc::boxed::Box<F,A> as core::ops::function::FnOnce<Args>>::call_once::h6ba4a5de48dd2304
[INFO] [stdout]                                at /rustc/82e1608dfa6e0b5569232559e3d385fea5a93112/library/alloc/src/boxed.rs:2007:9
[INFO] [stdout]   75:     0x55f153d04b55 - std::sys::unix::thread::Thread::new::thread_start::he469335aef763e45
[INFO] [stdout]                                at /rustc/82e1608dfa6e0b5569232559e3d385fea5a93112/library/std/src/sys/unix/thread.rs:108:17
[INFO] [stdout]   76:     0x7f74b0584ac3 - <unknown>
[INFO] [stdout]   77:     0x7f74b0615bf4 - __clone
[INFO] [stdout]   78:                0x0 - <unknown>
[INFO] [stdout] 
[INFO] [stdout] ---- api::v1::ships::tests::get_name_works stdout ----
[INFO] [stdout] thread 'api::v1::ships::tests::get_name_works' panicked at src/data.rs:39:14:
[INFO] [stdout] Unable to form database pool: Io(Os { code: 99, kind: AddrNotAvailable, message: "Cannot assign requested address" })
[INFO] [stdout] stack backtrace:
[INFO] [stdout]    0:     0x55f153cfdbbc - std::backtrace_rs::backtrace::libunwind::trace::ha637c64ce894333a
[INFO] [stdout]                                at /rustc/82e1608dfa6e0b5569232559e3d385fea5a93112/library/std/src/../../backtrace/src/backtrace/libunwind.rs:104:5
[INFO] [stdout]    1:     0x55f153cfdbbc - std::backtrace_rs::backtrace::trace_unsynchronized::h47f62dea28e0c88d
[INFO] [stdout]                                at /rustc/82e1608dfa6e0b5569232559e3d385fea5a93112/library/std/src/../../backtrace/src/backtrace/mod.rs:66:5
[INFO] [stdout]    2:     0x55f153cfdbbc - std::sys_common::backtrace::_print_fmt::h9eef0abe20ede486
[INFO] [stdout]                                at /rustc/82e1608dfa6e0b5569232559e3d385fea5a93112/library/std/src/sys_common/backtrace.rs:67:5
[INFO] [stdout]    3:     0x55f153cfdbbc - <std::sys_common::backtrace::_print::DisplayBacktrace as core::fmt::Display>::fmt::hed7f999df88cc644
[INFO] [stdout]                                at /rustc/82e1608dfa6e0b5569232559e3d385fea5a93112/library/std/src/sys_common/backtrace.rs:44:22
[INFO] [stdout]    4:     0x55f153d2d440 - core::fmt::rt::Argument::fmt::h1539a9308b8d058d
[INFO] [stdout]                                at /rustc/82e1608dfa6e0b5569232559e3d385fea5a93112/library/core/src/fmt/rt.rs:142:9
[INFO] [stdout]    5:     0x55f153d2d440 - core::fmt::write::h3a39390d8560d9c9
[INFO] [stdout]                                at /rustc/82e1608dfa6e0b5569232559e3d385fea5a93112/library/core/src/fmt/mod.rs:1120:17
[INFO] [stdout]    6:     0x55f153cfa96f - std::io::Write::write_fmt::h040b369f3a0f9cbc
[INFO] [stdout]                                at /rustc/82e1608dfa6e0b5569232559e3d385fea5a93112/library/std/src/io/mod.rs:1762:15
[INFO] [stdout]    7:     0x55f153cfd9a4 - std::sys_common::backtrace::_print::h894006fb5c6f3d45
[INFO] [stdout]                                at /rustc/82e1608dfa6e0b5569232559e3d385fea5a93112/library/std/src/sys_common/backtrace.rs:47:5
[INFO] [stdout]    8:     0x55f153cfd9a4 - std::sys_common::backtrace::print::h23a2d212c6fff936
[INFO] [stdout]                                at /rustc/82e1608dfa6e0b5569232559e3d385fea5a93112/library/std/src/sys_common/backtrace.rs:34:9
[INFO] [stdout]    9:     0x55f153cff667 - std::panicking::default_hook::{{closure}}::h8a1d2ee00185001a
[INFO] [stdout]   10:     0x55f153cff353 - std::panicking::default_hook::h6038f2eba384e475
[INFO] [stdout]                                at /rustc/82e1608dfa6e0b5569232559e3d385fea5a93112/library/std/src/panicking.rs:289:9
[INFO] [stdout]   11:     0x55f152dc5c87 - <alloc::boxed::Box<F,A> as core::ops::function::Fn<Args>>::call::h0ad024c9bdc6d768
[INFO] [stdout]                                at /rustc/82e1608dfa6e0b5569232559e3d385fea5a93112/library/alloc/src/boxed.rs:2021:9
[INFO] [stdout]   12:     0x55f152dc5c87 - test::test_main::{{closure}}::h7500b54257359db6
[INFO] [stdout]                                at /rustc/82e1608dfa6e0b5569232559e3d385fea5a93112/library/test/src/lib.rs:138:21
[INFO] [stdout]   13:     0x55f153cffc78 - <alloc::boxed::Box<F,A> as core::ops::function::Fn<Args>>::call::h1f8f335eaa9cfaee
[INFO] [stdout]                                at /rustc/82e1608dfa6e0b5569232559e3d385fea5a93112/library/alloc/src/boxed.rs:2021:9
[INFO] [stdout]   14:     0x55f153cffc78 - std::panicking::rust_panic_with_hook::h2b5517d590cab22e
[INFO] [stdout]                                at /rustc/82e1608dfa6e0b5569232559e3d385fea5a93112/library/std/src/panicking.rs:783:13
[INFO] [stdout]   15:     0x55f153cff9ce - std::panicking::begin_panic_handler::{{closure}}::h233112c06e0ef43e
[INFO] [stdout]                                at /rustc/82e1608dfa6e0b5569232559e3d385fea5a93112/library/std/src/panicking.rs:657:13
[INFO] [stdout]   16:     0x55f153cfe086 - std::sys_common::backtrace::__rust_end_short_backtrace::h6e893f24d7ebbff8
[INFO] [stdout]                                at /rustc/82e1608dfa6e0b5569232559e3d385fea5a93112/library/std/src/sys_common/backtrace.rs:170:18
[INFO] [stdout]   17:     0x55f153cff732 - rust_begin_unwind
[INFO] [stdout]                                at /rustc/82e1608dfa6e0b5569232559e3d385fea5a93112/library/std/src/panicking.rs:645:5
[INFO] [stdout]   18:     0x55f152c28745 - core::panicking::panic_fmt::hbf0e066aabfa482c
[INFO] [stdout]                                at /rustc/82e1608dfa6e0b5569232559e3d385fea5a93112/library/core/src/panicking.rs:72:14
[INFO] [stdout]   19:     0x55f152c28d13 - core::result::unwrap_failed::hddb4fea594200c52
[INFO] [stdout]                                at /rustc/82e1608dfa6e0b5569232559e3d385fea5a93112/library/core/src/result.rs:1653:5
[INFO] [stdout]   20:     0x55f152d060ba - core::result::Result<T,E>::expect::h65bcbcb1b1bf2f2b
[INFO] [stdout]                                at /rustc/82e1608dfa6e0b5569232559e3d385fea5a93112/library/core/src/result.rs:1034:23
[INFO] [stdout]   21:     0x55f152cb3f9d - athena_c2::data::Data::new::{{closure}}::h493e720fc450c578
[INFO] [stdout]                                at /opt/rustwide/workdir/src/data.rs:35:18
[INFO] [stdout]   22:     0x55f152cba3ba - athena_c2::api::v1::ships::tests::get_name_works::{{closure}}::h861f3dc796db2e66
[INFO] [stdout]                                at /opt/rustwide/workdir/src/api/v1/ships.rs:319:45
[INFO] [stdout]   23:     0x55f152d36590 - <tokio::task::local::RunUntil<T> as core::future::future::Future>::poll::{{closure}}::{{closure}}::h562ad571277f495a
[INFO] [stdout]                                at /opt/rustwide/cargo-home/registry/src/index.crates.io-6f17d22bba15001f/tokio-1.9.0/src/task/local.rs:668:65
[INFO] [stdout]   24:     0x55f152d0b7e0 - tokio::coop::with_budget::{{closure}}::ha60ac7fc5674e593
[INFO] [stdout]                                at /opt/rustwide/cargo-home/registry/src/index.crates.io-6f17d22bba15001f/tokio-1.9.0/src/coop.rs:106:9
[INFO] [stdout]   25:     0x55f152c95b2e - std::thread::local::LocalKey<T>::try_with::h8dd58cdc0b5da7f4
[INFO] [stdout]                                at /rustc/82e1608dfa6e0b5569232559e3d385fea5a93112/library/std/src/thread/local.rs:270:16
[INFO] [stdout]   26:     0x55f152c9437a - std::thread::local::LocalKey<T>::with::h90ad7cedffd684ab
[INFO] [stdout]                                at /rustc/82e1608dfa6e0b5569232559e3d385fea5a93112/library/std/src/thread/local.rs:246:9
[INFO] [stdout]   27:     0x55f152d3645b - tokio::coop::with_budget::h0d9b9d2a5a648f6b
[INFO] [stdout]                                at /opt/rustwide/cargo-home/registry/src/index.crates.io-6f17d22bba15001f/tokio-1.9.0/src/coop.rs:99:5
[INFO] [stdout]   28:     0x55f152d3645b - tokio::coop::budget::h1b2601b2fe8d2107
[INFO] [stdout]                                at /opt/rustwide/cargo-home/registry/src/index.crates.io-6f17d22bba15001f/tokio-1.9.0/src/coop.rs:76:5
[INFO] [stdout]   29:     0x55f152d3645b - <tokio::task::local::RunUntil<T> as core::future::future::Future>::poll::{{closure}}::h74ea1c64701cbe4f
[INFO] [stdout]                                at /opt/rustwide/cargo-home/registry/src/index.crates.io-6f17d22bba15001f/tokio-1.9.0/src/task/local.rs:668:42
[INFO] [stdout]   30:     0x55f152c45867 - tokio::macros::scoped_tls::ScopedKey<T>::set::hfed5d5ad3267c036
[INFO] [stdout]                                at /opt/rustwide/cargo-home/registry/src/index.crates.io-6f17d22bba15001f/tokio-1.9.0/src/macros/scoped_tls.rs:61:9
[INFO] [stdout]   31:     0x55f152d32e87 - tokio::task::local::LocalSet::with::h866ffd113d71179e
[INFO] [stdout]                                at /opt/rustwide/cargo-home/registry/src/index.crates.io-6f17d22bba15001f/tokio-1.9.0/src/task/local.rs:573:9
[INFO] [stdout]   32:     0x55f152d35dfa - <tokio::task::local::RunUntil<T> as core::future::future::Future>::poll::hea64842d33b84efe
[INFO] [stdout]                                at /opt/rustwide/cargo-home/registry/src/index.crates.io-6f17d22bba15001f/tokio-1.9.0/src/task/local.rs:658:9
[INFO] [stdout]   33:     0x55f152d332ce - tokio::task::local::LocalSet::run_until::{{closure}}::h7ef1f4b537b5b3f1
[INFO] [stdout]                                at /opt/rustwide/cargo-home/registry/src/index.crates.io-6f17d22bba15001f/tokio-1.9.0/src/task/local.rs:516:19
[INFO] [stdout]   34:     0x55f152c9c10b - <core::pin::Pin<P> as core::future::future::Future>::poll::hf73d5257de1706bc
[INFO] [stdout]                                at /rustc/82e1608dfa6e0b5569232559e3d385fea5a93112/library/core/src/future/future.rs:125:9
[INFO] [stdout]   35:     0x55f152cf8ee4 - tokio::runtime::basic_scheduler::Inner<P>::block_on::{{closure}}::{{closure}}::hb1a28399304ab474
[INFO] [stdout]                                at /opt/rustwide/cargo-home/registry/src/index.crates.io-6f17d22bba15001f/tokio-1.9.0/src/runtime/basic_scheduler.rs:208:62
[INFO] [stdout]   36:     0x55f152d0af60 - tokio::coop::with_budget::{{closure}}::h336a0ce353f11fc1
[INFO] [stdout]                                at /opt/rustwide/cargo-home/registry/src/index.crates.io-6f17d22bba15001f/tokio-1.9.0/src/coop.rs:106:9
[INFO] [stdout]   37:     0x55f152c9636e - std::thread::local::LocalKey<T>::try_with::he811931a80679d85
[INFO] [stdout]                                at /rustc/82e1608dfa6e0b5569232559e3d385fea5a93112/library/std/src/thread/local.rs:270:16
[INFO] [stdout]   38:     0x55f152c93ffa - std::thread::local::LocalKey<T>::with::h0665bccd31f355cd
[INFO] [stdout]                                at /rustc/82e1608dfa6e0b5569232559e3d385fea5a93112/library/std/src/thread/local.rs:246:9
[INFO] [stdout]   39:     0x55f152cf8822 - tokio::coop::with_budget::h920d99cae6b7c912
[INFO] [stdout]                                at /opt/rustwide/cargo-home/registry/src/index.crates.io-6f17d22bba15001f/tokio-1.9.0/src/coop.rs:99:5
[INFO] [stdout]   40:     0x55f152cf8822 - tokio::coop::budget::h27b52fb08bc7421e
[INFO] [stdout]                                at /opt/rustwide/cargo-home/registry/src/index.crates.io-6f17d22bba15001f/tokio-1.9.0/src/coop.rs:76:5
[INFO] [stdout]   41:     0x55f152cf8822 - tokio::runtime::basic_scheduler::Inner<P>::block_on::{{closure}}::ha6e78019422d1c05
[INFO] [stdout]                                at /opt/rustwide/cargo-home/registry/src/index.crates.io-6f17d22bba15001f/tokio-1.9.0/src/runtime/basic_scheduler.rs:208:39
[INFO] [stdout]   42:     0x55f152cfaae1 - tokio::runtime::basic_scheduler::enter::{{closure}}::h782a7ac8d2770e8d
[INFO] [stdout]                                at /opt/rustwide/cargo-home/registry/src/index.crates.io-6f17d22bba15001f/tokio-1.9.0/src/runtime/basic_scheduler.rs:299:29
[INFO] [stdout]   43:     0x55f152c45657 - tokio::macros::scoped_tls::ScopedKey<T>::set::he3d8162ecb019dc7
[INFO] [stdout]                                at /opt/rustwide/cargo-home/registry/src/index.crates.io-6f17d22bba15001f/tokio-1.9.0/src/macros/scoped_tls.rs:61:9
[INFO] [stdout]   44:     0x55f152cfaa5a - tokio::runtime::basic_scheduler::enter::hcba25ef160be87d3
[INFO] [stdout]                                at /opt/rustwide/cargo-home/registry/src/index.crates.io-6f17d22bba15001f/tokio-1.9.0/src/runtime/basic_scheduler.rs:299:5
[INFO] [stdout]   45:     0x55f152cf742b - tokio::runtime::basic_scheduler::Inner<P>::block_on::hb76e6ce4119ab04a
[INFO] [stdout]                                at /opt/rustwide/cargo-home/registry/src/index.crates.io-6f17d22bba15001f/tokio-1.9.0/src/runtime/basic_scheduler.rs:197:9
[INFO] [stdout]   46:     0x55f152cf913a - tokio::runtime::basic_scheduler::InnerGuard<P>::block_on::h23602af6af4670d3
[INFO] [stdout]                                at /opt/rustwide/cargo-home/registry/src/index.crates.io-6f17d22bba15001f/tokio-1.9.0/src/runtime/basic_scheduler.rs:452:9
[INFO] [stdout]   47:     0x55f152cf937a - tokio::runtime::basic_scheduler::BasicScheduler<P>::block_on::h1840da63dcbbedac
[INFO] [stdout]                                at /opt/rustwide/cargo-home/registry/src/index.crates.io-6f17d22bba15001f/tokio-1.9.0/src/runtime/basic_scheduler.rs:157:24
[INFO] [stdout]   48:     0x55f152d33b8b - tokio::runtime::Runtime::block_on::hbe8ec72711d8c65e
[INFO] [stdout]                                at /opt/rustwide/cargo-home/registry/src/index.crates.io-6f17d22bba15001f/tokio-1.9.0/src/runtime/mod.rs:450:46
[INFO] [stdout]   49:     0x55f152d32fc8 - tokio::task::local::LocalSet::block_on::hb3bedb1f53f7f47f
[INFO] [stdout]                                at /opt/rustwide/cargo-home/registry/src/index.crates.io-6f17d22bba15001f/tokio-1.9.0/src/task/local.rs:477:9
[INFO] [stdout]   50:     0x55f152d81c4a - actix_rt::runtime::Runtime::block_on::hdc81911aa620c614
[INFO] [stdout]                                at /opt/rustwide/cargo-home/registry/src/index.crates.io-6f17d22bba15001f/actix-rt-2.2.0/src/runtime.rs:85:9
[INFO] [stdout]   51:     0x55f152d21c8a - actix_rt::system::SystemRunner::block_on::hd54ec076da7450d4
[INFO] [stdout]                                at /opt/rustwide/cargo-home/registry/src/index.crates.io-6f17d22bba15001f/actix-rt-2.2.0/src/system.rs:186:9
[INFO] [stdout]   52:     0x55f152cba1bb - athena_c2::api::v1::ships::tests::get_name_works::hf26edf1f3a1c11e3
[INFO] [stdout]                                at /opt/rustwide/workdir/src/api/v1/ships.rs:317:5
[INFO] [stdout]   53:     0x55f152cba157 - athena_c2::api::v1::ships::tests::get_name_works::{{closure}}::h7504e8fbc0810652
[INFO] [stdout]                                at /opt/rustwide/workdir/src/api/v1/ships.rs:318:30
[INFO] [stdout]   54:     0x55f152c29856 - core::ops::function::FnOnce::call_once::h51529bce0756dbae
[INFO] [stdout]                                at /rustc/82e1608dfa6e0b5569232559e3d385fea5a93112/library/core/src/ops/function.rs:250:5
[INFO] [stdout]   55:     0x55f152dcb2df - core::ops::function::FnOnce::call_once::h2b5d431d5046312d
[INFO] [stdout]                                at /rustc/82e1608dfa6e0b5569232559e3d385fea5a93112/library/core/src/ops/function.rs:250:5
[INFO] [stdout]   56:     0x55f152dcb2df - test::__rust_begin_short_backtrace::h7714669af176e207
[INFO] [stdout]                                at /rustc/82e1608dfa6e0b5569232559e3d385fea5a93112/library/test/src/lib.rs:628:18
[INFO] [stdout]   57:     0x55f152dca2f5 - test::run_test_in_process::{{closure}}::h85218797dcbcec12
[INFO] [stdout]                                at /rustc/82e1608dfa6e0b5569232559e3d385fea5a93112/library/test/src/lib.rs:651:60
[INFO] [stdout]   58:     0x55f152dca2f5 - <core::panic::unwind_safe::AssertUnwindSafe<F> as core::ops::function::FnOnce<()>>::call_once::h76c106ea31c14d7b
[INFO] [stdout]                                at /rustc/82e1608dfa6e0b5569232559e3d385fea5a93112/library/core/src/panic/unwind_safe.rs:272:9
[INFO] [stdout]   59:     0x55f152dca2f5 - std::panicking::try::do_call::h3bd5d0f6620ee946
[INFO] [stdout]                                at /rustc/82e1608dfa6e0b5569232559e3d385fea5a93112/library/std/src/panicking.rs:552:40
[INFO] [stdout]   60:     0x55f152dca2f5 - std::panicking::try::h232e535e4744fe31
[INFO] [stdout]                                at /rustc/82e1608dfa6e0b5569232559e3d385fea5a93112/library/std/src/panicking.rs:516:19
[INFO] [stdout]   61:     0x55f152dca2f5 - std::panic::catch_unwind::h3ce3bd6ca8dbac68
[INFO] [stdout]                                at /rustc/82e1608dfa6e0b5569232559e3d385fea5a93112/library/std/src/panic.rs:142:14
[INFO] [stdout]   62:     0x55f152dca2f5 - test::run_test_in_process::hc97b257c9621286a
[INFO] [stdout]                                at /rustc/82e1608dfa6e0b5569232559e3d385fea5a93112/library/test/src/lib.rs:651:27
[INFO] [stdout]   63:     0x55f152dca2f5 - test::run_test::{{closure}}::h2aa798823a438d38
[INFO] [stdout]                                at /rustc/82e1608dfa6e0b5569232559e3d385fea5a93112/library/test/src/lib.rs:574:43
[INFO] [stdout]   64:     0x55f152d925b6 - test::run_test::{{closure}}::h87d231c78fb59832
[INFO] [stdout]                                at /rustc/82e1608dfa6e0b5569232559e3d385fea5a93112/library/test/src/lib.rs:602:41
[INFO] [stdout]   65:     0x55f152d925b6 - std::sys_common::backtrace::__rust_begin_short_backtrace::he6df152596625789
[INFO] [stdout]                                at /rustc/82e1608dfa6e0b5569232559e3d385fea5a93112/library/std/src/sys_common/backtrace.rs:154:18
[INFO] [stdout]   66:     0x55f152d97667 - std::thread::Builder::spawn_unchecked_::{{closure}}::{{closure}}::ha94be15d1e0acf36
[INFO] [stdout]                                at /rustc/82e1608dfa6e0b5569232559e3d385fea5a93112/library/std/src/thread/mod.rs:529:17
[INFO] [stdout]   67:     0x55f152d97667 - <core::panic::unwind_safe::AssertUnwindSafe<F> as core::ops::function::FnOnce<()>>::call_once::h9dc6bd6372f16606
[INFO] [stdout]                                at /rustc/82e1608dfa6e0b5569232559e3d385fea5a93112/library/core/src/panic/unwind_safe.rs:272:9
[INFO] [stdout]   68:     0x55f152d97667 - std::panicking::try::do_call::h9057517f80303cd4
[INFO] [stdout]                                at /rustc/82e1608dfa6e0b5569232559e3d385fea5a93112/library/std/src/panicking.rs:552:40
[INFO] [stdout]   69:     0x55f152d97667 - std::panicking::try::he3a30b11ee45340c
[INFO] [stdout]                                at /rustc/82e1608dfa6e0b5569232559e3d385fea5a93112/library/std/src/panicking.rs:516:19
[INFO] [stdout]   70:     0x55f152d97667 - std::panic::catch_unwind::h410458cfd3528b8b
[INFO] [stdout]                                at /rustc/82e1608dfa6e0b5569232559e3d385fea5a93112/library/std/src/panic.rs:142:14
[INFO] [stdout]   71:     0x55f152d97667 - std::thread::Builder::spawn_unchecked_::{{closure}}::h72ac3bdb567b737b
[INFO] [stdout]                                at /rustc/82e1608dfa6e0b5569232559e3d385fea5a93112/library/std/src/thread/mod.rs:528:30
[INFO] [stdout]   72:     0x55f152d97667 - core::ops::function::FnOnce::call_once{{vtable.shim}}::h38f34da3654a8344
[INFO] [stdout]                                at /rustc/82e1608dfa6e0b5569232559e3d385fea5a93112/library/core/src/ops/function.rs:250:5
[INFO] [stdout]   73:     0x55f153d04b55 - <alloc::boxed::Box<F,A> as core::ops::function::FnOnce<Args>>::call_once::hc7eafaff61e32df9
[INFO] [stdout]                                at /rustc/82e1608dfa6e0b5569232559e3d385fea5a93112/library/alloc/src/boxed.rs:2007:9
[INFO] [stdout]   74:     0x55f153d04b55 - <alloc::boxed::Box<F,A> as core::ops::function::FnOnce<Args>>::call_once::h6ba4a5de48dd2304
[INFO] [stdout]                                at /rustc/82e1608dfa6e0b5569232559e3d385fea5a93112/library/alloc/src/boxed.rs:2007:9
[INFO] [stdout]   75:     0x55f153d04b55 - std::sys::unix::thread::Thread::new::thread_start::he469335aef763e45
[INFO] [stdout]                                at /rustc/82e1608dfa6e0b5569232559e3d385fea5a93112/library/std/src/sys/unix/thread.rs:108:17
[INFO] [stdout]   76:     0x7f74b0584ac3 - <unknown>
[INFO] [stdout]   77:     0x7f74b0615bf4 - __clone
[INFO] [stdout]   78:                0x0 - <unknown>
[INFO] [stdout] 
[INFO] [stdout] 
[INFO] [stdout] failures:
[INFO] [stdout]     api::v1::ships::tests::get_name_works
[INFO] [stdout]     test::everything_works
[INFO] [stdout] 
[INFO] [stdout] test result: FAILED. 0 passed; 2 failed; 0 ignored; 0 measured; 0 filtered out; finished in 0.07s
[INFO] [stdout] 
[INFO] [stderr] error: test failed, to rerun pass `--bin athena-c2`
[INFO] running `Command { std: "docker" "inspect" "e57858ade6d3b41e6fddbdd491e156483169cd3a5e434d7bac9e923d398f0341", kill_on_drop: false }`
[INFO] running `Command { std: "docker" "rm" "-f" "e57858ade6d3b41e6fddbdd491e156483169cd3a5e434d7bac9e923d398f0341", kill_on_drop: false }`
[INFO] [stdout] e57858ade6d3b41e6fddbdd491e156483169cd3a5e434d7bac9e923d398f0341
[INFO] testing realaravinth/athena against beta-2023-12-22 for beta-1.76-1
[INFO] running `Command { std: "git" "clone" "/workspace/cache/git-repos/https%3A%2F%2Fgithub.com%2Frealaravinth%2Fathena" "/workspace/builds/worker-1-tc2/source", kill_on_drop: false }`
[INFO] [stderr] Cloning into '/workspace/builds/worker-1-tc2/source'...
[INFO] [stderr] done.
[INFO] validating manifest of git repo https://github.com/realaravinth/athena on toolchain beta-2023-12-22
[INFO] running `Command { std: CARGO_HOME="/workspace/cargo-home" RUSTUP_HOME="/workspace/rustup-home" "/workspace/cargo-home/bin/cargo" "+beta-2023-12-22" "metadata" "--manifest-path" "Cargo.toml" "--no-deps", kill_on_drop: false }`
[INFO] started tweaking git repo https://github.com/realaravinth/athena
[INFO] finished tweaking git repo https://github.com/realaravinth/athena
[INFO] tweaked toml for git repo https://github.com/realaravinth/athena written to /workspace/builds/worker-1-tc2/source/Cargo.toml
[INFO] crate git repo https://github.com/realaravinth/athena already has a lockfile, it will not be regenerated
[INFO] running `Command { std: CARGO_HOME="/workspace/cargo-home" RUSTUP_HOME="/workspace/rustup-home" "/workspace/cargo-home/bin/cargo" "+beta-2023-12-22" "fetch" "--manifest-path" "Cargo.toml", kill_on_drop: false }`
[INFO] running `Command { std: "docker" "create" "-v" "/var/lib/crater-agent-workspace/builds/worker-1-tc2/target:/opt/rustwide/target:rw,Z" "-v" "/var/lib/crater-agent-workspace/builds/worker-1-tc2/source:/opt/rustwide/workdir:ro,Z" "-v" "/var/lib/crater-agent-workspace/cargo-home:/opt/rustwide/cargo-home:ro,Z" "-v" "/var/lib/crater-agent-workspace/rustup-home:/opt/rustwide/rustup-home:ro,Z" "-e" "SOURCE_DIR=/opt/rustwide/workdir" "-e" "CARGO_TARGET_DIR=/opt/rustwide/target" "-e" "CARGO_HOME=/opt/rustwide/cargo-home" "-e" "RUSTUP_HOME=/opt/rustwide/rustup-home" "-w" "/opt/rustwide/workdir" "-m" "1610612736" "--user" "0:0" "--network" "none" "ghcr.io/rust-lang/crates-build-env/linux@sha256:2788e3201cd34a07e3172128adcd8b3090168a8e3bcc40d7c032b9dda1df7d1c" "/opt/rustwide/cargo-home/bin/cargo" "+beta-2023-12-22" "metadata" "--no-deps" "--format-version=1", kill_on_drop: false }`
[INFO] [stdout] 3c476ae6f31ccc3b838b51242e844a9b549f39bce0d1e76e69d10fa10841085e
[INFO] running `Command { std: "docker" "start" "-a" "3c476ae6f31ccc3b838b51242e844a9b549f39bce0d1e76e69d10fa10841085e", kill_on_drop: false }`
[INFO] running `Command { std: "docker" "inspect" "3c476ae6f31ccc3b838b51242e844a9b549f39bce0d1e76e69d10fa10841085e", kill_on_drop: false }`
[INFO] running `Command { std: "docker" "rm" "-f" "3c476ae6f31ccc3b838b51242e844a9b549f39bce0d1e76e69d10fa10841085e", kill_on_drop: false }`
[INFO] [stdout] 3c476ae6f31ccc3b838b51242e844a9b549f39bce0d1e76e69d10fa10841085e
[INFO] running `Command { std: "docker" "create" "-v" "/var/lib/crater-agent-workspace/builds/worker-1-tc2/target:/opt/rustwide/target:rw,Z" "-v" "/var/lib/crater-agent-workspace/builds/worker-1-tc2/source:/opt/rustwide/workdir:ro,Z" "-v" "/var/lib/crater-agent-workspace/cargo-home:/opt/rustwide/cargo-home:ro,Z" "-v" "/var/lib/crater-agent-workspace/rustup-home:/opt/rustwide/rustup-home:ro,Z" "-e" "SOURCE_DIR=/opt/rustwide/workdir" "-e" "CARGO_TARGET_DIR=/opt/rustwide/target" "-e" "CARGO_INCREMENTAL=0" "-e" "RUST_BACKTRACE=full" "-e" "RUSTFLAGS=--cap-lints=warn" "-e" "RUSTDOCFLAGS=--cap-lints=warn" "-e" "CARGO_HOME=/opt/rustwide/cargo-home" "-e" "RUSTUP_HOME=/opt/rustwide/rustup-home" "-w" "/opt/rustwide/workdir" "-m" "1610612736" "--user" "0:0" "--network" "none" "ghcr.io/rust-lang/crates-build-env/linux@sha256:2788e3201cd34a07e3172128adcd8b3090168a8e3bcc40d7c032b9dda1df7d1c" "/opt/rustwide/cargo-home/bin/cargo" "+beta-2023-12-22" "build" "--frozen" "--message-format=json", kill_on_drop: false }`
[INFO] [stdout] ffb4ce3f45f8188e3422d3c3bf8b7a3282bacf3c7f2c6987c9d7fa171d13f0fd
[INFO] running `Command { std: "docker" "start" "-a" "ffb4ce3f45f8188e3422d3c3bf8b7a3282bacf3c7f2c6987c9d7fa171d13f0fd", kill_on_drop: false }`
[INFO] [stderr]    Compiling libc v0.2.98
[INFO] [stderr]    Compiling version_check v0.9.3
[INFO] [stderr]    Compiling cfg-if v1.0.0
[INFO] [stderr]    Compiling autocfg v1.0.1
[INFO] [stderr]    Compiling proc-macro2 v1.0.28
[INFO] [stderr]    Compiling unicode-xid v0.2.2
[INFO] [stderr]    Compiling syn v1.0.74
[INFO] [stderr]    Compiling memchr v2.4.0
[INFO] [stderr]    Compiling once_cell v1.8.0
[INFO] [stderr]    Compiling log v0.4.14
[INFO] [stderr]    Compiling pin-project-lite v0.2.7
[INFO] [stderr]    Compiling futures-core v0.3.16
[INFO] [stderr]    Compiling typenum v1.13.0
[INFO] [stderr]    Compiling bytes v1.0.1
[INFO] [stderr]    Compiling proc-macro-hack v0.5.19
[INFO] [stderr]    Compiling scopeguard v1.1.0
[INFO] [stderr]    Compiling instant v0.1.10
[INFO] [stderr]    Compiling smallvec v1.6.1
[INFO] [stderr]    Compiling bitflags v1.2.1
[INFO] [stderr]    Compiling itoa v0.4.7
[INFO] [stderr]    Compiling lock_api v0.4.4
[INFO] [stderr]    Compiling futures-sink v0.3.16
[INFO] [stderr]    Compiling lazy_static v1.4.0
[INFO] [stderr]    Compiling serde_derive v1.0.126
[INFO] [stderr]    Compiling futures-channel v0.3.16
[INFO] [stderr]    Compiling futures-task v0.3.16
[INFO] [stderr]    Compiling proc-macro-nested v0.1.7
[INFO] [stderr]    Compiling generic-array v0.14.4
[INFO] [stderr]    Compiling ahash v0.7.4
[INFO] [stderr]    Compiling tokio v1.9.0
[INFO] [stderr]    Compiling futures-macro v0.3.16
[INFO] [stderr]    Compiling futures-util v0.3.16
[INFO] [stderr]    Compiling indexmap v1.7.0
[INFO] [stderr]    Compiling fnv v1.0.7
[INFO] [stderr]    Compiling slab v0.4.3
[INFO] [stderr]    Compiling serde v1.0.126
[INFO] [stderr]    Compiling ryu v1.0.5
[INFO] [stderr]    Compiling standback v0.2.17
[INFO] [stderr]    Compiling pin-utils v0.1.0
[INFO] [stderr]    Compiling futures-io v0.3.16
[INFO] [stderr]    Compiling opaque-debug v0.3.0
[INFO] [stderr]    Compiling matches v0.1.8
[INFO] [stderr]    Compiling percent-encoding v2.1.0
[INFO] [stderr]    Compiling const_fn v0.4.8
[INFO] [stderr]    Compiling tinyvec_macros v0.1.0
[INFO] [stderr]    Compiling time v0.2.27
[INFO] [stderr]    Compiling quote v1.0.9
[INFO] [stderr]    Compiling aho-corasick v0.7.18
[INFO] [stderr]    Compiling tinyvec v1.3.1
[INFO] [stderr]    Compiling base64 v0.13.0
[INFO] [stderr]    Compiling subtle v2.4.1
[INFO] [stderr]    Compiling regex-syntax v0.6.25
[INFO] [stderr]    Compiling jobserver v0.1.22
[INFO] [stderr]    Compiling parking_lot_core v0.8.3
[INFO] [stderr]    Compiling getrandom v0.2.3
[INFO] [stderr]    Compiling signal-hook-registry v1.4.0
[INFO] [stderr]    Compiling mio v0.7.13
[INFO] [stderr]    Compiling num_cpus v1.13.0
[INFO] [stderr]    Compiling cc v1.0.69
[INFO] [stderr]    Compiling parking_lot v0.11.1
[INFO] [stderr]    Compiling unicode-bidi v0.3.5
[INFO] [stderr]    Compiling spin v0.5.2
[INFO] [stderr]    Compiling untrusted v0.7.1
[INFO] [stderr]    Compiling form_urlencoded v1.0.1
[INFO] [stderr]    Compiling serde_json v1.0.64
[INFO] [stderr]    Compiling hashbrown v0.11.2
[INFO] [stderr]    Compiling http v0.2.4
[INFO] [stderr]    Compiling rand_core v0.6.3
[INFO] [stderr]    Compiling ppv-lite86 v0.2.10
[INFO] [stderr]    Compiling cpufeatures v0.1.5
[INFO] [stderr]    Compiling unicode-normalization v0.1.19
[INFO] [stderr]    Compiling openssl-src v111.15.0+1.1.1k
[INFO] [stderr]    Compiling num-traits v0.2.14
[INFO] [stderr]    Compiling tracing-core v0.1.18
[INFO] [stderr]    Compiling lexical-core v0.7.6
[INFO] [stderr]    Compiling httparse v1.4.1
[INFO] [stderr]    Compiling digest v0.9.0
[INFO] [stderr]    Compiling block-buffer v0.9.0
[INFO] [stderr]    Compiling rand_chacha v0.3.1
[INFO] [stderr]    Compiling crypto-mac v0.10.1
[INFO] [stderr]    Compiling pkg-config v0.3.19
[INFO] [stderr]    Compiling hmac v0.10.1
[INFO] [stderr]    Compiling radium v0.5.3
[INFO] [stderr]    Compiling tracing v0.1.26
[INFO] [stderr]    Compiling arrayvec v0.5.2
[INFO] [stderr]    Compiling rand v0.8.4
[INFO] [stderr]    Compiling static_assertions v1.1.0
[INFO] [stderr]    Compiling ring v0.16.20
[INFO] [stderr]    Compiling zstd-sys v1.5.0+zstd.1.4.9
[INFO] [stderr]    Compiling sha2 v0.9.5
[INFO] [stderr]    Compiling sha-1 v0.9.7
[INFO] [stderr]    Compiling crossbeam-utils v0.8.5
[INFO] [stderr]    Compiling idna v0.2.3
[INFO] [stderr]    Compiling openssl-sys v0.9.65
[INFO] [stderr]    Compiling cipher v0.2.5
[INFO] [stderr]    Compiling regex v1.5.4
[INFO] [stderr]    Compiling socket2 v0.4.0
[INFO] [stderr]    Compiling nom v6.1.2
[INFO] [stderr]    Compiling wyz v0.2.0
[INFO] [stderr]    Compiling encoding_rs v0.8.28
[INFO] [stderr]    Compiling url v2.2.2
[INFO] [stderr]    Compiling tap v1.0.1
[INFO] [stderr]    Compiling funty v1.1.0
[INFO] [stderr]    Compiling local-waker v0.1.1
[INFO] [stderr]    Compiling build_const v0.2.2
[INFO] [stderr]    Compiling brotli-sys v0.3.2
[INFO] [stderr]    Compiling universal-hash v0.4.1
[INFO] [stderr]    Compiling miniz_oxide v0.4.4
[INFO] [stderr]    Compiling crc v1.8.1
[INFO] [stderr]    Compiling paste v1.0.5
[INFO] [stderr]    Compiling ident_case v1.0.1
[INFO] [stderr]    Compiling crc32fast v1.2.1
[INFO] [stderr]    Compiling zstd-safe v3.1.0+zstd.1.4.9
[INFO] [stderr]    Compiling strsim v0.10.0
[INFO] [stderr]    Compiling bitvec v0.19.5
[INFO] [stderr]    Compiling foreign-types-shared v0.1.1
[INFO] [stderr]    Compiling convert_case v0.4.0
[INFO] [stderr]    Compiling crossbeam-queue v0.3.2
[INFO] [stderr]    Compiling whoami v1.1.2
[INFO] [stderr]    Compiling cpuid-bool v0.2.0
[INFO] [stderr]    Compiling openssl v0.10.35
[INFO] [stderr]    Compiling polyval v0.4.5
[INFO] [stderr]    Compiling actix-service v2.0.0
[INFO] [stderr]    Compiling foreign-types v0.3.2
[INFO] [stderr]    Compiling actix-utils v3.0.0
[INFO] [stderr]    Compiling aes-soft v0.6.4
[INFO] [stderr]    Compiling dirs-sys v0.3.6
[INFO] [stderr]    Compiling maplit v1.0.2
[INFO] [stderr]    Compiling try-lock v0.2.3
[INFO] [stderr]    Compiling adler v1.0.2
[INFO] [stderr]    Compiling unicode_categories v0.1.1
[INFO] [stderr]    Compiling mime v0.3.16
[INFO] [stderr]    Compiling native-tls v0.2.7
[INFO] [stderr]    Compiling aes v0.6.0
[INFO] [stderr]    Compiling want v0.3.0
[INFO] [stderr]    Compiling dirs v3.0.2
[INFO] [stderr]    Compiling ghash v0.3.1
[INFO] [stderr]    Compiling crossbeam-channel v0.5.1
[INFO] [stderr]    Compiling atoi v0.4.0
[INFO] [stderr]    Compiling http-body v0.4.2
[INFO] [stderr]    Compiling ctr v0.6.0
[INFO] [stderr]    Compiling stringprep v0.1.2
[INFO] [stderr]    Compiling md-5 v0.9.1
[INFO] [stderr]    Compiling aead v0.3.2
[INFO] [stderr]    Compiling hashlink v0.7.0
[INFO] [stderr]    Compiling bytestring v1.0.0
[INFO] [stderr]    Compiling cookie v0.14.4
[INFO] [stderr]    Compiling cookie v0.15.1
[INFO] [stderr]    Compiling tower-service v0.3.1
[INFO] [stderr]    Compiling httpdate v1.0.1
[INFO] [stderr]    Compiling byteorder v1.4.3
[INFO] [stderr]    Compiling unicode-segmentation v1.8.0
[INFO] [stderr]    Compiling hex v0.4.3
[INFO] [stderr]    Compiling darling_core v0.12.4
[INFO] [stderr]    Compiling openssl-probe v0.1.4
[INFO] [stderr]    Compiling flate2 v1.0.20
[INFO] [stderr]    Compiling aes-gcm v0.8.0
[INFO] [stderr]    Compiling hkdf v0.10.0
[INFO] [stderr]    Compiling language-tags v0.3.2
[INFO] [stderr]    Compiling dotenv v0.15.0
[INFO] [stderr]    Compiling publicsuffix v1.5.6
[INFO] [stderr]    Compiling heck v0.3.3
[INFO] [stderr]    Compiling nom v5.1.2
[INFO] [stderr]    Compiling quick-error v1.2.3
[INFO] [stderr]    Compiling tokio-util v0.6.7
[INFO] [stderr]    Compiling tokio-stream v0.1.7
[INFO] [stderr]    Compiling humantime v1.3.0
[INFO] [stderr]    Compiling num-traits v0.1.43
[INFO] [stderr]    Compiling atty v0.2.14
[INFO] [stderr]    Compiling serde v0.8.23
[INFO] [stderr]    Compiling linked-hash-map v0.5.4
[INFO] [stderr]    Compiling ipnet v2.3.1
[INFO] [stderr]    Compiling termcolor v1.1.2
[INFO] [stderr]    Compiling yaml-rust v0.4.5
[INFO] [stderr]    Compiling actix-codec v0.4.0
[INFO] [stderr]    Compiling env_logger v0.7.1
[INFO] [stderr]    Compiling rust-ini v0.13.0
[INFO] [stderr]    Compiling webpki v0.21.4
[INFO] [stderr]    Compiling sct v0.6.1
[INFO] [stderr]    Compiling pretty_env_logger v0.4.0
[INFO] [stderr]    Compiling rustls v0.19.1
[INFO] [stderr]    Compiling webpki-roots v0.21.1
[INFO] [stderr]    Compiling sqlformat v0.1.6
[INFO] [stderr]    Compiling serde-hjson v0.9.1
[INFO] [stderr]    Compiling time-macros-impl v0.1.2
[INFO] [stderr]    Compiling actix-macros v0.2.1
[INFO] [stderr]    Compiling derive_more v0.99.16
[INFO] [stderr]    Compiling thiserror-impl v1.0.26
[INFO] [stderr]    Compiling tokio-rustls v0.22.0
[INFO] [stderr]    Compiling darling_macro v0.12.4
[INFO] [stderr]    Compiling pin-project-internal v1.0.8
[INFO] [stderr]    Compiling actix-web-codegen v0.5.0-beta.3
[INFO] [stderr]    Compiling actix-rt v2.2.0
[INFO] [stderr]    Compiling time-macros v0.1.1
[INFO] [stderr]    Compiling sqlx-rt v0.5.5
[INFO] [stderr]    Compiling actix-server v2.0.0-beta.5
[INFO] [stderr]    Compiling actix-web-codegen v0.5.0-beta.3 (https://github.com/realaravinth/actix-web#4a157472)
[INFO] [stderr]    Compiling darling v0.12.4
[INFO] [stderr]    Compiling derive_builder_core v0.10.2
[INFO] [stderr]    Compiling thiserror v1.0.26
[INFO] [stderr]    Compiling pin-project v1.0.8
[INFO] [stderr]    Compiling derive_builder_macro v0.10.2
[INFO] [stderr]    Compiling derive_builder v0.10.2
[INFO] [stderr]    Compiling h2 v0.3.3
[INFO] [stderr]    Compiling futures-executor v0.3.16
[INFO] [stderr]    Compiling futures v0.3.16
[INFO] [stderr]    Compiling actix-tls v3.0.0-beta.5
[INFO] [stderr]    Compiling local-channel v0.1.2
[INFO] [stderr]    Compiling either v1.6.1
[INFO] [stderr]    Compiling serde_urlencoded v0.7.0
[INFO] [stderr]    Compiling sqlx-core v0.5.5
[INFO] [stderr]    Compiling hyper v0.14.11
[INFO] [stderr]    Compiling actix-router v0.2.7
[INFO] [stderr]    Compiling cookie_store v0.12.0
[INFO] [stderr]    Compiling toml v0.5.8
[INFO] [stderr]    Compiling brotli2 v0.3.2
[INFO] [stderr]    Compiling config v0.11.0
[INFO] [stderr]    Compiling hyper-rustls v0.22.1
[INFO] [stderr]    Compiling sqlx-macros v0.5.5
[INFO] [stderr]    Compiling zstd v0.7.0+zstd.1.4.9
[INFO] [stderr]    Compiling actix-http v3.0.0-beta.8
[INFO] [stderr]    Compiling sqlx v0.5.5
[INFO] [stderr]    Compiling athena v0.1.0 (/opt/rustwide/workdir)
[INFO] [stderr]    Compiling actix-web v4.0.0-beta.8
[INFO] [stderr]    Compiling actix-identity v0.4.0-beta.2
[INFO] [stderr]    Compiling actix-cors v0.6.0-beta.2
[INFO] [stderr]    Compiling tokio-native-tls v0.3.0
[INFO] [stderr]    Compiling hyper-tls v0.5.0
[INFO] [stderr]    Compiling reqwest v0.11.4
[INFO] [stderr]    Compiling libathena v0.1.0 (/opt/rustwide/workdir/libathena)
[INFO] [stdout] warning: field `url` is never read
[INFO] [stdout]   --> src/settings.rs:47:9
[INFO] [stdout]    |
[INFO] [stdout] 41 | struct DatabaseBuilder {
[INFO] [stdout]    |        --------------- field in this struct
[INFO] [stdout] ...
[INFO] [stdout] 47 |     pub url: String,
[INFO] [stdout]    |         ^^^
[INFO] [stdout]    |
[INFO] [stdout]    = note: `DatabaseBuilder` has derived impls for the traits `Clone` and `Debug`, but these are intentionally ignored during dead code analysis
[INFO] [stdout]    = note: `#[warn(dead_code)]` on by default
[INFO] [stdout] 
[INFO] [stdout] 
[INFO] [stdout] warning: field `url` is never read
[INFO] [stdout]   --> src/settings.rs:47:9
[INFO] [stdout]    |
[INFO] [stdout] 41 | struct DatabaseBuilder {
[INFO] [stdout]    |        --------------- field in this struct
[INFO] [stdout] ...
[INFO] [stdout] 47 |     pub url: String,
[INFO] [stdout]    |         ^^^
[INFO] [stdout]    |
[INFO] [stdout]    = note: `DatabaseBuilder` has derived impls for the traits `Clone` and `Debug`, but these are intentionally ignored during dead code analysis
[INFO] [stdout]    = note: `#[warn(dead_code)]` on by default
[INFO] [stdout] 
[INFO] [stdout] 
[INFO] [stdout] warning: 1 warning emitted
[INFO] [stdout] 
[INFO] [stdout] 
[INFO] [stdout] warning: 1 warning emitted
[INFO] [stdout] 
[INFO] [stdout] 
[INFO] [stderr]     Finished dev [unoptimized + debuginfo] target(s) in 38.68s
[INFO] [stderr] warning: the following packages contain code that will be rejected by a future version of Rust: nom v5.1.2, nom v6.1.2, sqlx-macros v0.5.5
[INFO] [stderr] note: to see what the problems were, use the option `--future-incompat-report`, or run `cargo report future-incompatibilities --id 1`
[INFO] running `Command { std: "docker" "inspect" "ffb4ce3f45f8188e3422d3c3bf8b7a3282bacf3c7f2c6987c9d7fa171d13f0fd", kill_on_drop: false }`
[INFO] running `Command { std: "docker" "rm" "-f" "ffb4ce3f45f8188e3422d3c3bf8b7a3282bacf3c7f2c6987c9d7fa171d13f0fd", kill_on_drop: false }`
[INFO] [stdout] ffb4ce3f45f8188e3422d3c3bf8b7a3282bacf3c7f2c6987c9d7fa171d13f0fd
[INFO] running `Command { std: "docker" "create" "-v" "/var/lib/crater-agent-workspace/builds/worker-1-tc2/target:/opt/rustwide/target:rw,Z" "-v" "/var/lib/crater-agent-workspace/builds/worker-1-tc2/source:/opt/rustwide/workdir:ro,Z" "-v" "/var/lib/crater-agent-workspace/cargo-home:/opt/rustwide/cargo-home:ro,Z" "-v" "/var/lib/crater-agent-workspace/rustup-home:/opt/rustwide/rustup-home:ro,Z" "-e" "SOURCE_DIR=/opt/rustwide/workdir" "-e" "CARGO_TARGET_DIR=/opt/rustwide/target" "-e" "CARGO_INCREMENTAL=0" "-e" "RUST_BACKTRACE=full" "-e" "RUSTFLAGS=--cap-lints=warn" "-e" "RUSTDOCFLAGS=--cap-lints=warn" "-e" "CARGO_HOME=/opt/rustwide/cargo-home" "-e" "RUSTUP_HOME=/opt/rustwide/rustup-home" "-w" "/opt/rustwide/workdir" "-m" "1610612736" "--user" "0:0" "--network" "none" "ghcr.io/rust-lang/crates-build-env/linux@sha256:2788e3201cd34a07e3172128adcd8b3090168a8e3bcc40d7c032b9dda1df7d1c" "/opt/rustwide/cargo-home/bin/cargo" "+beta-2023-12-22" "test" "--frozen" "--no-run" "--message-format=json", kill_on_drop: false }`
[INFO] [stdout] 722a706ef2e822cbd2c4b66ce15fe53e740ac7b1447bf94efe83bc1b1584e22a
[INFO] running `Command { std: "docker" "start" "-a" "722a706ef2e822cbd2c4b66ce15fe53e740ac7b1447bf94efe83bc1b1584e22a", kill_on_drop: false }`
[INFO] [stderr]    Compiling athena v0.1.0 (/opt/rustwide/workdir)
[INFO] [stdout] warning: field `url` is never read
[INFO] [stdout]   --> src/settings.rs:47:9
[INFO] [stdout]    |
[INFO] [stdout] 41 | struct DatabaseBuilder {
[INFO] [stdout]    |        --------------- field in this struct
[INFO] [stdout] ...
[INFO] [stdout] 47 |     pub url: String,
[INFO] [stdout]    |         ^^^
[INFO] [stdout]    |
[INFO] [stdout]    = note: `DatabaseBuilder` has derived impls for the traits `Clone` and `Debug`, but these are intentionally ignored during dead code analysis
[INFO] [stdout]    = note: `#[warn(dead_code)]` on by default
[INFO] [stdout] 
[INFO] [stdout] 
[INFO] [stdout] warning: 1 warning emitted
[INFO] [stdout] 
[INFO] [stdout] 
[INFO] [stdout] warning: field `url` is never read
[INFO] [stdout]   --> src/settings.rs:47:9
[INFO] [stdout]    |
[INFO] [stdout] 41 | struct DatabaseBuilder {
[INFO] [stdout]    |        --------------- field in this struct
[INFO] [stdout] ...
[INFO] [stdout] 47 |     pub url: String,
[INFO] [stdout]    |         ^^^
[INFO] [stdout]    |
[INFO] [stdout]    = note: `DatabaseBuilder` has derived impls for the traits `Clone` and `Debug`, but these are intentionally ignored during dead code analysis
[INFO] [stdout]    = note: `#[warn(dead_code)]` on by default
[INFO] [stdout] 
[INFO] [stdout] 
[INFO] [stdout] warning: 1 warning emitted
[INFO] [stdout] 
[INFO] [stdout] 
[INFO] [stderr]     Finished test [unoptimized + debuginfo] target(s) in 6.77s
[INFO] [stderr] warning: the following packages contain code that will be rejected by a future version of Rust: nom v5.1.2, nom v6.1.2, sqlx-macros v0.5.5
[INFO] [stderr] note: to see what the problems were, use the option `--future-incompat-report`, or run `cargo report future-incompatibilities --id 1`
[INFO] running `Command { std: "docker" "inspect" "722a706ef2e822cbd2c4b66ce15fe53e740ac7b1447bf94efe83bc1b1584e22a", kill_on_drop: false }`
[INFO] running `Command { std: "docker" "rm" "-f" "722a706ef2e822cbd2c4b66ce15fe53e740ac7b1447bf94efe83bc1b1584e22a", kill_on_drop: false }`
[INFO] [stdout] 722a706ef2e822cbd2c4b66ce15fe53e740ac7b1447bf94efe83bc1b1584e22a
[INFO] running `Command { std: "docker" "create" "-v" "/var/lib/crater-agent-workspace/builds/worker-1-tc2/target:/opt/rustwide/target:rw,Z" "-v" "/var/lib/crater-agent-workspace/builds/worker-1-tc2/source:/opt/rustwide/workdir:ro,Z" "-v" "/var/lib/crater-agent-workspace/cargo-home:/opt/rustwide/cargo-home:ro,Z" "-v" "/var/lib/crater-agent-workspace/rustup-home:/opt/rustwide/rustup-home:ro,Z" "-e" "SOURCE_DIR=/opt/rustwide/workdir" "-e" "CARGO_TARGET_DIR=/opt/rustwide/target" "-e" "CARGO_INCREMENTAL=0" "-e" "RUST_BACKTRACE=full" "-e" "RUSTFLAGS=--cap-lints=warn" "-e" "RUSTDOCFLAGS=--cap-lints=warn" "-e" "CARGO_HOME=/opt/rustwide/cargo-home" "-e" "RUSTUP_HOME=/opt/rustwide/rustup-home" "-w" "/opt/rustwide/workdir" "-m" "1610612736" "--user" "0:0" "--network" "none" "ghcr.io/rust-lang/crates-build-env/linux@sha256:2788e3201cd34a07e3172128adcd8b3090168a8e3bcc40d7c032b9dda1df7d1c" "/opt/rustwide/cargo-home/bin/cargo" "+beta-2023-12-22" "test" "--frozen", kill_on_drop: false }`
[INFO] [stdout] c0f7e7617940e57a08a765f11d83ac1fda0455fef5fb75151b416c053068764b
[INFO] running `Command { std: "docker" "start" "-a" "c0f7e7617940e57a08a765f11d83ac1fda0455fef5fb75151b416c053068764b", kill_on_drop: false }`
[INFO] [stderr] warning: field `url` is never read
[INFO] [stderr]   --> src/settings.rs:47:9
[INFO] [stderr]    |
[INFO] [stderr] 41 | struct DatabaseBuilder {
[INFO] [stderr]    |        --------------- field in this struct
[INFO] [stderr] ...
[INFO] [stderr] 47 |     pub url: String,
[INFO] [stderr]    |         ^^^
[INFO] [stderr]    |
[INFO] [stderr]    = note: `DatabaseBuilder` has derived impls for the traits `Clone` and `Debug`, but these are intentionally ignored during dead code analysis
[INFO] [stderr]    = note: `#[warn(dead_code)]` on by default
[INFO] [stderr] 
[INFO] [stderr] warning: `athena` (bin "tests-migrate" test) generated 1 warning
[INFO] [stderr] warning: `athena` (bin "athena-c2" test) generated 1 warning (1 duplicate)
[INFO] [stderr]     Finished test [unoptimized + debuginfo] target(s) in 0.18s
[INFO] [stderr] warning: the following packages contain code that will be rejected by a future version of Rust: nom v5.1.2, nom v6.1.2, sqlx-macros v0.5.5
[INFO] [stderr] note: to see what the problems were, use the option `--future-incompat-report`, or run `cargo report future-incompatibilities --id 1`
[INFO] [stderr]      Running unittests src/main.rs (/opt/rustwide/target/debug/deps/athena_c2-322ce8a3000122c1)
[INFO] [stdout] 
[INFO] [stdout] running 2 tests
[INFO] [stdout] test test::everything_works ... FAILED
[INFO] [stdout] test api::v1::ships::tests::get_name_works ... FAILED
[INFO] [stdout] 
[INFO] [stdout] failures:
[INFO] [stdout] 
[INFO] [stdout] ---- test::everything_works stdout ----
[INFO] [stdout] thread 'test::everything_works' panicked at src/data.rs:39:14:
[INFO] [stdout] Unable to form database pool: Io(Os { code: 99, kind: AddrNotAvailable, message: "Cannot assign requested address" })
[INFO] [stdout] stack backtrace:
[INFO] [stdout]    0:     0x562e8334bfe6 - std::backtrace_rs::backtrace::libunwind::trace::h261606ad26a499c1
[INFO] [stdout]                                at /rustc/0e09125c6c3c2fd70d7de961bcf0e51575235fad/library/std/src/../../backtrace/src/backtrace/libunwind.rs:104:5
[INFO] [stdout]    1:     0x562e8334bfe6 - std::backtrace_rs::backtrace::trace_unsynchronized::hd183f0625477fb28
[INFO] [stdout]                                at /rustc/0e09125c6c3c2fd70d7de961bcf0e51575235fad/library/std/src/../../backtrace/src/backtrace/mod.rs:66:5
[INFO] [stdout]    2:     0x562e8334bfe6 - std::sys_common::backtrace::_print_fmt::hd7f8fef21b4eda67
[INFO] [stdout]                                at /rustc/0e09125c6c3c2fd70d7de961bcf0e51575235fad/library/std/src/sys_common/backtrace.rs:68:5
[INFO] [stdout]    3:     0x562e8334bfe6 - <std::sys_common::backtrace::_print::DisplayBacktrace as core::fmt::Display>::fmt::h623d9b51f2f453f1
[INFO] [stdout]                                at /rustc/0e09125c6c3c2fd70d7de961bcf0e51575235fad/library/std/src/sys_common/backtrace.rs:44:22
[INFO] [stdout]    4:     0x562e8337ab10 - core::fmt::rt::Argument::fmt::h9f417ac76a86f368
[INFO] [stdout]                                at /rustc/0e09125c6c3c2fd70d7de961bcf0e51575235fad/library/core/src/fmt/rt.rs:142:9
[INFO] [stdout]    5:     0x562e8337ab10 - core::fmt::write::hc9b6faf4ac2aeff7
[INFO] [stdout]                                at /rustc/0e09125c6c3c2fd70d7de961bcf0e51575235fad/library/core/src/fmt/mod.rs:1120:17
[INFO] [stdout]    6:     0x562e83348e5f - std::io::Write::write_fmt::he04625a3a989fec3
[INFO] [stdout]                                at /rustc/0e09125c6c3c2fd70d7de961bcf0e51575235fad/library/std/src/io/mod.rs:1810:15
[INFO] [stdout]    7:     0x562e8334bdc4 - std::sys_common::backtrace::_print::hd5d66399c7df88a2
[INFO] [stdout]                                at /rustc/0e09125c6c3c2fd70d7de961bcf0e51575235fad/library/std/src/sys_common/backtrace.rs:47:5
[INFO] [stdout]    8:     0x562e8334bdc4 - std::sys_common::backtrace::print::he81ed2da642d37e5
[INFO] [stdout]                                at /rustc/0e09125c6c3c2fd70d7de961bcf0e51575235fad/library/std/src/sys_common/backtrace.rs:34:9
[INFO] [stdout]    9:     0x562e8334db37 - std::panicking::default_hook::{{closure}}::h85773f4fa117163d
[INFO] [stdout]   10:     0x562e8334d81d - std::panicking::default_hook::h6a1694a91d09b278
[INFO] [stdout]                                at /rustc/0e09125c6c3c2fd70d7de961bcf0e51575235fad/library/std/src/panicking.rs:289:9
[INFO] [stdout]   11:     0x562e824174a7 - <alloc::boxed::Box<F,A> as core::ops::function::Fn<Args>>::call::h616ac37fa3cd6c8f
[INFO] [stdout]                                at /rustc/0e09125c6c3c2fd70d7de961bcf0e51575235fad/library/alloc/src/boxed.rs:2029:9
[INFO] [stdout]   12:     0x562e824174a7 - test::test_main::{{closure}}::h00d84697cefdcbb6
[INFO] [stdout]                                at /rustc/0e09125c6c3c2fd70d7de961bcf0e51575235fad/library/test/src/lib.rs:138:21
[INFO] [stdout]   13:     0x562e8334e156 - <alloc::boxed::Box<F,A> as core::ops::function::Fn<Args>>::call::hcb3fe3b9bb537ba8
[INFO] [stdout]                                at /rustc/0e09125c6c3c2fd70d7de961bcf0e51575235fad/library/alloc/src/boxed.rs:2029:9
[INFO] [stdout]   14:     0x562e8334e156 - std::panicking::rust_panic_with_hook::h0a7ad96e90f7145b
[INFO] [stdout]                                at /rustc/0e09125c6c3c2fd70d7de961bcf0e51575235fad/library/std/src/panicking.rs:783:13
[INFO] [stdout]   15:     0x562e8334dea2 - std::panicking::begin_panic_handler::{{closure}}::h7919090525c6485e
[INFO] [stdout]                                at /rustc/0e09125c6c3c2fd70d7de961bcf0e51575235fad/library/std/src/panicking.rs:657:13
[INFO] [stdout]   16:     0x562e8334c4e6 - std::sys_common::backtrace::__rust_end_short_backtrace::hf3289479464f7dfe
[INFO] [stdout]                                at /rustc/0e09125c6c3c2fd70d7de961bcf0e51575235fad/library/std/src/sys_common/backtrace.rs:171:18
[INFO] [stdout]   17:     0x562e8334dc00 - rust_begin_unwind
[INFO] [stdout]                                at /rustc/0e09125c6c3c2fd70d7de961bcf0e51575235fad/library/std/src/panicking.rs:645:5
[INFO] [stdout]   18:     0x562e82275725 - core::panicking::panic_fmt::hcc9f77c5c132af55
[INFO] [stdout]                                at /rustc/0e09125c6c3c2fd70d7de961bcf0e51575235fad/library/core/src/panicking.rs:72:14
[INFO] [stdout]   19:     0x562e82275d03 - core::result::unwrap_failed::hbe14f498be1452f9
[INFO] [stdout]                                at /rustc/0e09125c6c3c2fd70d7de961bcf0e51575235fad/library/core/src/result.rs:1649:5
[INFO] [stdout]   20:     0x562e82350983 - core::result::Result<T,E>::expect::h3b4738253fa76363
[INFO] [stdout]                                at /rustc/0e09125c6c3c2fd70d7de961bcf0e51575235fad/library/core/src/result.rs:1030:23
[INFO] [stdout]   21:     0x562e823d28de - athena_c2::data::Data::new::{{closure}}::h2824bb02b78de0d7
[INFO] [stdout]                                at /opt/rustwide/workdir/src/data.rs:35:18
[INFO] [stdout]   22:     0x562e822d7c5f - athena_c2::test::everything_works::{{closure}}::h2787349065be5903
[INFO] [stdout]                                at /opt/rustwide/workdir/src/test.rs:63:39
[INFO] [stdout]   23:     0x562e823cf0b0 - <tokio::task::local::RunUntil<T> as core::future::future::Future>::poll::{{closure}}::{{closure}}::h2fcb1215e59f9706
[INFO] [stdout]                                at /opt/rustwide/cargo-home/registry/src/index.crates.io-6f17d22bba15001f/tokio-1.9.0/src/task/local.rs:668:65
[INFO] [stdout]   24:     0x562e823b55b0 - tokio::coop::with_budget::{{closure}}::h46457503846d74f4
[INFO] [stdout]                                at /opt/rustwide/cargo-home/registry/src/index.crates.io-6f17d22bba15001f/tokio-1.9.0/src/coop.rs:106:9
[INFO] [stdout]   25:     0x562e82385d7e - std::thread::local::LocalKey<T>::try_with::hb5adfdb744de785b
[INFO] [stdout]                                at /rustc/0e09125c6c3c2fd70d7de961bcf0e51575235fad/library/std/src/thread/local.rs:270:16
[INFO] [stdout]   26:     0x562e82383fba - std::thread::local::LocalKey<T>::with::hfd95d564372af25e
[INFO] [stdout]                                at /rustc/0e09125c6c3c2fd70d7de961bcf0e51575235fad/library/std/src/thread/local.rs:246:9
[INFO] [stdout]   27:     0x562e823cea7b - tokio::coop::with_budget::hcbcac7d01172575c
[INFO] [stdout]                                at /opt/rustwide/cargo-home/registry/src/index.crates.io-6f17d22bba15001f/tokio-1.9.0/src/coop.rs:99:5
[INFO] [stdout]   28:     0x562e823cea7b - tokio::coop::budget::h637d0d0a172be32b
[INFO] [stdout]                                at /opt/rustwide/cargo-home/registry/src/index.crates.io-6f17d22bba15001f/tokio-1.9.0/src/coop.rs:76:5
[INFO] [stdout]   29:     0x562e823cea7b - <tokio::task::local::RunUntil<T> as core::future::future::Future>::poll::{{closure}}::h2a84b09fa5649234
[INFO] [stdout]                                at /opt/rustwide/cargo-home/registry/src/index.crates.io-6f17d22bba15001f/tokio-1.9.0/src/task/local.rs:668:42
[INFO] [stdout]   30:     0x562e82368b37 - tokio::macros::scoped_tls::ScopedKey<T>::set::ha55f84df0ba4eabe
[INFO] [stdout]                                at /opt/rustwide/cargo-home/registry/src/index.crates.io-6f17d22bba15001f/tokio-1.9.0/src/macros/scoped_tls.rs:61:9
[INFO] [stdout]   31:     0x562e823ccbc7 - tokio::task::local::LocalSet::with::hdc135772de1aae68
[INFO] [stdout]                                at /opt/rustwide/cargo-home/registry/src/index.crates.io-6f17d22bba15001f/tokio-1.9.0/src/task/local.rs:573:9
[INFO] [stdout]   32:     0x562e823ce86a - <tokio::task::local::RunUntil<T> as core::future::future::Future>::poll::h138d37fe35d1ece6
[INFO] [stdout]                                at /opt/rustwide/cargo-home/registry/src/index.crates.io-6f17d22bba15001f/tokio-1.9.0/src/task/local.rs:658:9
[INFO] [stdout]   33:     0x562e823ccfe8 - tokio::task::local::LocalSet::run_until::{{closure}}::h0d674f9f34f2959f
[INFO] [stdout]                                at /opt/rustwide/cargo-home/registry/src/index.crates.io-6f17d22bba15001f/tokio-1.9.0/src/task/local.rs:516:19
[INFO] [stdout]   34:     0x562e8238b78b - <core::pin::Pin<P> as core::future::future::Future>::poll::h0d5d7a6259c0f0f7
[INFO] [stdout]                                at /rustc/0e09125c6c3c2fd70d7de961bcf0e51575235fad/library/core/src/future/future.rs:124:9
[INFO] [stdout]   35:     0x562e82327a64 - tokio::runtime::basic_scheduler::Inner<P>::block_on::{{closure}}::{{closure}}::hca0233c7a288adb2
[INFO] [stdout]                                at /opt/rustwide/cargo-home/registry/src/index.crates.io-6f17d22bba15001f/tokio-1.9.0/src/runtime/basic_scheduler.rs:208:62
[INFO] [stdout]   36:     0x562e823b51c0 - tokio::coop::with_budget::{{closure}}::h28ece5dac8f10384
[INFO] [stdout]                                at /opt/rustwide/cargo-home/registry/src/index.crates.io-6f17d22bba15001f/tokio-1.9.0/src/coop.rs:106:9
[INFO] [stdout]   37:     0x562e82384bae - std::thread::local::LocalKey<T>::try_with::h77a37824b9f9333a
[INFO] [stdout]                                at /rustc/0e09125c6c3c2fd70d7de961bcf0e51575235fad/library/std/src/thread/local.rs:270:16
[INFO] [stdout]   38:     0x562e82383dea - std::thread::local::LocalKey<T>::with::h8b2a73a440ecf165
[INFO] [stdout]                                at /rustc/0e09125c6c3c2fd70d7de961bcf0e51575235fad/library/std/src/thread/local.rs:246:9
[INFO] [stdout]   39:     0x562e82326b18 - tokio::coop::with_budget::h59914dbc7f9a21e9
[INFO] [stdout]                                at /opt/rustwide/cargo-home/registry/src/index.crates.io-6f17d22bba15001f/tokio-1.9.0/src/coop.rs:99:5
[INFO] [stdout]   40:     0x562e82326b18 - tokio::coop::budget::hc0b06b5e4fdfb341
[INFO] [stdout]                                at /opt/rustwide/cargo-home/registry/src/index.crates.io-6f17d22bba15001f/tokio-1.9.0/src/coop.rs:76:5
[INFO] [stdout]   41:     0x562e82326b18 - tokio::runtime::basic_scheduler::Inner<P>::block_on::{{closure}}::hb0d97a1044364b8f
[INFO] [stdout]                                at /opt/rustwide/cargo-home/registry/src/index.crates.io-6f17d22bba15001f/tokio-1.9.0/src/runtime/basic_scheduler.rs:208:39
[INFO] [stdout]   42:     0x562e82329631 - tokio::runtime::basic_scheduler::enter::{{closure}}::h073451c9ee36f63e
[INFO] [stdout]                                at /opt/rustwide/cargo-home/registry/src/index.crates.io-6f17d22bba15001f/tokio-1.9.0/src/runtime/basic_scheduler.rs:299:29
[INFO] [stdout]   43:     0x562e82368c47 - tokio::macros::scoped_tls::ScopedKey<T>::set::hcc46e3c5572e7f96
[INFO] [stdout]                                at /opt/rustwide/cargo-home/registry/src/index.crates.io-6f17d22bba15001f/tokio-1.9.0/src/macros/scoped_tls.rs:61:9
[INFO] [stdout]   44:     0x562e823295ad - tokio::runtime::basic_scheduler::enter::hb60cfbcecf99d8fd
[INFO] [stdout]                                at /opt/rustwide/cargo-home/registry/src/index.crates.io-6f17d22bba15001f/tokio-1.9.0/src/runtime/basic_scheduler.rs:299:5
[INFO] [stdout]   45:     0x562e82325f0b - tokio::runtime::basic_scheduler::Inner<P>::block_on::h1a882c524251d5dc
[INFO] [stdout]                                at /opt/rustwide/cargo-home/registry/src/index.crates.io-6f17d22bba15001f/tokio-1.9.0/src/runtime/basic_scheduler.rs:197:9
[INFO] [stdout]   46:     0x562e82327d06 - tokio::runtime::basic_scheduler::InnerGuard<P>::block_on::h1f8c72237ee53df4
[INFO] [stdout]                                at /opt/rustwide/cargo-home/registry/src/index.crates.io-6f17d22bba15001f/tokio-1.9.0/src/runtime/basic_scheduler.rs:452:9
[INFO] [stdout]   47:     0x562e82327eb1 - tokio::runtime::basic_scheduler::BasicScheduler<P>::block_on::h6ec5bd010568a233
[INFO] [stdout]                                at /opt/rustwide/cargo-home/registry/src/index.crates.io-6f17d22bba15001f/tokio-1.9.0/src/runtime/basic_scheduler.rs:157:24
[INFO] [stdout]   48:     0x562e82329f4b - tokio::runtime::Runtime::block_on::h464a8e478e5e6bf8
[INFO] [stdout]                                at /opt/rustwide/cargo-home/registry/src/index.crates.io-6f17d22bba15001f/tokio-1.9.0/src/runtime/mod.rs:450:46
[INFO] [stdout]   49:     0x562e823ccc88 - tokio::task::local::LocalSet::block_on::h51ebdca0b603bfd7
[INFO] [stdout]                                at /opt/rustwide/cargo-home/registry/src/index.crates.io-6f17d22bba15001f/tokio-1.9.0/src/task/local.rs:477:9
[INFO] [stdout]   50:     0x562e823cf15a - actix_rt::runtime::Runtime::block_on::h37c952fcf29a754d
[INFO] [stdout]                                at /opt/rustwide/cargo-home/registry/src/index.crates.io-6f17d22bba15001f/actix-rt-2.2.0/src/runtime.rs:85:9
[INFO] [stdout]   51:     0x562e822b5b3a - actix_rt::system::SystemRunner::block_on::hc1b252080e78ad38
[INFO] [stdout]                                at /opt/rustwide/cargo-home/registry/src/index.crates.io-6f17d22bba15001f/actix-rt-2.2.0/src/system.rs:186:9
[INFO] [stdout]   52:     0x562e822d78db - athena_c2::test::everything_works::heac842379762826f
[INFO] [stdout]                                at /opt/rustwide/workdir/src/test.rs:56:1
[INFO] [stdout]   53:     0x562e822d7877 - athena_c2::test::everything_works::{{closure}}::h1dd0f02b7336672f
[INFO] [stdout]                                at /opt/rustwide/workdir/src/test.rs:57:28
[INFO] [stdout]   54:     0x562e82276e76 - core::ops::function::FnOnce::call_once::hc25a841318ae87d5
[INFO] [stdout]                                at /rustc/0e09125c6c3c2fd70d7de961bcf0e51575235fad/library/core/src/ops/function.rs:250:5
[INFO] [stdout]   55:     0x562e8241cd7f - core::ops::function::FnOnce::call_once::hd64d26f405258157
[INFO] [stdout]                                at /rustc/0e09125c6c3c2fd70d7de961bcf0e51575235fad/library/core/src/ops/function.rs:250:5
[INFO] [stdout]   56:     0x562e8241cd7f - test::__rust_begin_short_backtrace::he21b0b7a6d731bf9
[INFO] [stdout]                                at /rustc/0e09125c6c3c2fd70d7de961bcf0e51575235fad/library/test/src/lib.rs:627:18
[INFO] [stdout]   57:     0x562e8241bb01 - test::run_test_in_process::{{closure}}::hf5c73986d7bdfde2
[INFO] [stdout]                                at /rustc/0e09125c6c3c2fd70d7de961bcf0e51575235fad/library/test/src/lib.rs:650:60
[INFO] [stdout]   58:     0x562e8241bb01 - <core::panic::unwind_safe::AssertUnwindSafe<F> as core::ops::function::FnOnce<()>>::call_once::h330011ad032aadc0
[INFO] [stdout]                                at /rustc/0e09125c6c3c2fd70d7de961bcf0e51575235fad/library/core/src/panic/unwind_safe.rs:272:9
[INFO] [stdout]   59:     0x562e8241bb01 - std::panicking::try::do_call::he61b0a958b795a41
[INFO] [stdout]                                at /rustc/0e09125c6c3c2fd70d7de961bcf0e51575235fad/library/std/src/panicking.rs:552:40
[INFO] [stdout]   60:     0x562e8241bb01 - std::panicking::try::h7309da130f906eb7
[INFO] [stdout]                                at /rustc/0e09125c6c3c2fd70d7de961bcf0e51575235fad/library/std/src/panicking.rs:516:19
[INFO] [stdout]   61:     0x562e8241bb01 - std::panic::catch_unwind::hc5c3a06fdaf0a92a
[INFO] [stdout]                                at /rustc/0e09125c6c3c2fd70d7de961bcf0e51575235fad/library/std/src/panic.rs:142:14
[INFO] [stdout]   62:     0x562e8241bb01 - test::run_test_in_process::h7e7b7c71c3324e0f
[INFO] [stdout]                                at /rustc/0e09125c6c3c2fd70d7de961bcf0e51575235fad/library/test/src/lib.rs:650:27
[INFO] [stdout]   63:     0x562e8241bb01 - test::run_test::{{closure}}::h1f509f28f5cf20b1
[INFO] [stdout]                                at /rustc/0e09125c6c3c2fd70d7de961bcf0e51575235fad/library/test/src/lib.rs:573:43
[INFO] [stdout]   64:     0x562e823e2e36 - test::run_test::{{closure}}::h1754218abf443f6d
[INFO] [stdout]                                at /rustc/0e09125c6c3c2fd70d7de961bcf0e51575235fad/library/test/src/lib.rs:601:41
[INFO] [stdout]   65:     0x562e823e2e36 - std::sys_common::backtrace::__rust_begin_short_backtrace::h2ee174b9d5954948
[INFO] [stdout]                                at /rustc/0e09125c6c3c2fd70d7de961bcf0e51575235fad/library/std/src/sys_common/backtrace.rs:155:18
[INFO] [stdout]   66:     0x562e823e7e97 - std::thread::Builder::spawn_unchecked_::{{closure}}::{{closure}}::hf60bee9c1a17ef09
[INFO] [stdout]                                at /rustc/0e09125c6c3c2fd70d7de961bcf0e51575235fad/library/std/src/thread/mod.rs:529:17
[INFO] [stdout]   67:     0x562e823e7e97 - <core::panic::unwind_safe::AssertUnwindSafe<F> as core::ops::function::FnOnce<()>>::call_once::h33d0dddec5216160
[INFO] [stdout]                                at /rustc/0e09125c6c3c2fd70d7de961bcf0e51575235fad/library/core/src/panic/unwind_safe.rs:272:9
[INFO] [stdout]   68:     0x562e823e7e97 - std::panicking::try::do_call::h144b3048b546f835
[INFO] [stdout]                                at /rustc/0e09125c6c3c2fd70d7de961bcf0e51575235fad/library/std/src/panicking.rs:552:40
[INFO] [stdout]   69:     0x562e823e7e97 - std::panicking::try::h978244d04646189f
[INFO] [stdout]                                at /rustc/0e09125c6c3c2fd70d7de961bcf0e51575235fad/library/std/src/panicking.rs:516:19
[INFO] [stdout]   70:     0x562e823e7e97 - std::panic::catch_unwind::hdf436369d188fe86
[INFO] [stdout]                                at /rustc/0e09125c6c3c2fd70d7de961bcf0e51575235fad/library/std/src/panic.rs:142:14
[INFO] [stdout]   71:     0x562e823e7e97 - std::thread::Builder::spawn_unchecked_::{{closure}}::h87329cbdd33c79ec
[INFO] [stdout]                                at /rustc/0e09125c6c3c2fd70d7de961bcf0e51575235fad/library/std/src/thread/mod.rs:528:30
[INFO] [stdout]   72:     0x562e823e7e97 - core::ops::function::FnOnce::call_once{{vtable.shim}}::h401abbe67897d450
[INFO] [stdout]                                at /rustc/0e09125c6c3c2fd70d7de961bcf0e51575235fad/library/core/src/ops/function.rs:250:5
[INFO] [stdout]   73:     0x562e83353075 - <alloc::boxed::Box<F,A> as core::ops::function::FnOnce<Args>>::call_once::h5d7c8f150ab9c84c
[INFO] [stdout]                                at /rustc/0e09125c6c3c2fd70d7de961bcf0e51575235fad/library/alloc/src/boxed.rs:2015:9
[INFO] [stdout]   74:     0x562e83353075 - <alloc::boxed::Box<F,A> as core::ops::function::FnOnce<Args>>::call_once::h570d5b005c242c15
[INFO] [stdout]                                at /rustc/0e09125c6c3c2fd70d7de961bcf0e51575235fad/library/alloc/src/boxed.rs:2015:9
[INFO] [stdout]   75:     0x562e83353075 - std::sys::unix::thread::Thread::new::thread_start::h36b0a20c0b2361ad
[INFO] [stdout]                                at /rustc/0e09125c6c3c2fd70d7de961bcf0e51575235fad/library/std/src/sys/unix/thread.rs:108:17
[INFO] [stdout]   76:     0x7f13409a5ac3 - <unknown>
[INFO] [stdout]   77:     0x7f1340a36bf4 - __clone
[INFO] [stdout]   78:                0x0 - <unknown>
[INFO] [stdout] 
[INFO] [stdout] ---- api::v1::ships::tests::get_name_works stdout ----
[INFO] [stdout] thread 'api::v1::ships::tests::get_name_works' panicked at src/data.rs:39:14:
[INFO] [stdout] Unable to form database pool: Io(Os { code: 99, kind: AddrNotAvailable, message: "Cannot assign requested address" })
[INFO] [stdout] stack backtrace:
[INFO] [stdout]    0:     0x562e8334bfe6 - std::backtrace_rs::backtrace::libunwind::trace::h261606ad26a499c1
[INFO] [stdout]                                at /rustc/0e09125c6c3c2fd70d7de961bcf0e51575235fad/library/std/src/../../backtrace/src/backtrace/libunwind.rs:104:5
[INFO] [stdout]    1:     0x562e8334bfe6 - std::backtrace_rs::backtrace::trace_unsynchronized::hd183f0625477fb28
[INFO] [stdout]                                at /rustc/0e09125c6c3c2fd70d7de961bcf0e51575235fad/library/std/src/../../backtrace/src/backtrace/mod.rs:66:5
[INFO] [stdout]    2:     0x562e8334bfe6 - std::sys_common::backtrace::_print_fmt::hd7f8fef21b4eda67
[INFO] [stdout]                                at /rustc/0e09125c6c3c2fd70d7de961bcf0e51575235fad/library/std/src/sys_common/backtrace.rs:68:5
[INFO] [stdout]    3:     0x562e8334bfe6 - <std::sys_common::backtrace::_print::DisplayBacktrace as core::fmt::Display>::fmt::h623d9b51f2f453f1
[INFO] [stdout]                                at /rustc/0e09125c6c3c2fd70d7de961bcf0e51575235fad/library/std/src/sys_common/backtrace.rs:44:22
[INFO] [stdout]    4:     0x562e8337ab10 - core::fmt::rt::Argument::fmt::h9f417ac76a86f368
[INFO] [stdout]                                at /rustc/0e09125c6c3c2fd70d7de961bcf0e51575235fad/library/core/src/fmt/rt.rs:142:9
[INFO] [stdout]    5:     0x562e8337ab10 - core::fmt::write::hc9b6faf4ac2aeff7
[INFO] [stdout]                                at /rustc/0e09125c6c3c2fd70d7de961bcf0e51575235fad/library/core/src/fmt/mod.rs:1120:17
[INFO] [stdout]    6:     0x562e83348e5f - std::io::Write::write_fmt::he04625a3a989fec3
[INFO] [stdout]                                at /rustc/0e09125c6c3c2fd70d7de961bcf0e51575235fad/library/std/src/io/mod.rs:1810:15
[INFO] [stdout]    7:     0x562e8334bdc4 - std::sys_common::backtrace::_print::hd5d66399c7df88a2
[INFO] [stdout]                                at /rustc/0e09125c6c3c2fd70d7de961bcf0e51575235fad/library/std/src/sys_common/backtrace.rs:47:5
[INFO] [stdout]    8:     0x562e8334bdc4 - std::sys_common::backtrace::print::he81ed2da642d37e5
[INFO] [stdout]                                at /rustc/0e09125c6c3c2fd70d7de961bcf0e51575235fad/library/std/src/sys_common/backtrace.rs:34:9
[INFO] [stdout]    9:     0x562e8334db37 - std::panicking::default_hook::{{closure}}::h85773f4fa117163d
[INFO] [stdout]   10:     0x562e8334d81d - std::panicking::default_hook::h6a1694a91d09b278
[INFO] [stdout]                                at /rustc/0e09125c6c3c2fd70d7de961bcf0e51575235fad/library/std/src/panicking.rs:289:9
[INFO] [stdout]   11:     0x562e824174a7 - <alloc::boxed::Box<F,A> as core::ops::function::Fn<Args>>::call::h616ac37fa3cd6c8f
[INFO] [stdout]                                at /rustc/0e09125c6c3c2fd70d7de961bcf0e51575235fad/library/alloc/src/boxed.rs:2029:9
[INFO] [stdout]   12:     0x562e824174a7 - test::test_main::{{closure}}::h00d84697cefdcbb6
[INFO] [stdout]                                at /rustc/0e09125c6c3c2fd70d7de961bcf0e51575235fad/library/test/src/lib.rs:138:21
[INFO] [stdout]   13:     0x562e8334e156 - <alloc::boxed::Box<F,A> as core::ops::function::Fn<Args>>::call::hcb3fe3b9bb537ba8
[INFO] [stdout]                                at /rustc/0e09125c6c3c2fd70d7de961bcf0e51575235fad/library/alloc/src/boxed.rs:2029:9
[INFO] [stdout]   14:     0x562e8334e156 - std::panicking::rust_panic_with_hook::h0a7ad96e90f7145b
[INFO] [stdout]                                at /rustc/0e09125c6c3c2fd70d7de961bcf0e51575235fad/library/std/src/panicking.rs:783:13
[INFO] [stdout]   15:     0x562e8334dea2 - std::panicking::begin_panic_handler::{{closure}}::h7919090525c6485e
[INFO] [stdout]                                at /rustc/0e09125c6c3c2fd70d7de961bcf0e51575235fad/library/std/src/panicking.rs:657:13
[INFO] [stdout]   16:     0x562e8334c4e6 - std::sys_common::backtrace::__rust_end_short_backtrace::hf3289479464f7dfe
[INFO] [stdout]                                at /rustc/0e09125c6c3c2fd70d7de961bcf0e51575235fad/library/std/src/sys_common/backtrace.rs:171:18
[INFO] [stdout]   17:     0x562e8334dc00 - rust_begin_unwind
[INFO] [stdout]                                at /rustc/0e09125c6c3c2fd70d7de961bcf0e51575235fad/library/std/src/panicking.rs:645:5
[INFO] [stdout]   18:     0x562e82275725 - core::panicking::panic_fmt::hcc9f77c5c132af55
[INFO] [stdout]                                at /rustc/0e09125c6c3c2fd70d7de961bcf0e51575235fad/library/core/src/panicking.rs:72:14
[INFO] [stdout]   19:     0x562e82275d03 - core::result::unwrap_failed::hbe14f498be1452f9
[INFO] [stdout]                                at /rustc/0e09125c6c3c2fd70d7de961bcf0e51575235fad/library/core/src/result.rs:1649:5
[INFO] [stdout]   20:     0x562e82350983 - core::result::Result<T,E>::expect::h3b4738253fa76363
[INFO] [stdout]                                at /rustc/0e09125c6c3c2fd70d7de961bcf0e51575235fad/library/core/src/result.rs:1030:23
[INFO] [stdout]   21:     0x562e823d28de - athena_c2::data::Data::new::{{closure}}::h2824bb02b78de0d7
[INFO] [stdout]                                at /opt/rustwide/workdir/src/data.rs:35:18
[INFO] [stdout]   22:     0x562e822d28f4 - athena_c2::api::v1::ships::tests::get_name_works::{{closure}}::hc66851eeda1e4ebb
[INFO] [stdout]                                at /opt/rustwide/workdir/src/api/v1/ships.rs:319:45
[INFO] [stdout]   23:     0x562e823cf0e0 - <tokio::task::local::RunUntil<T> as core::future::future::Future>::poll::{{closure}}::{{closure}}::h3f021fc6288f13cf
[INFO] [stdout]                                at /opt/rustwide/cargo-home/registry/src/index.crates.io-6f17d22bba15001f/tokio-1.9.0/src/task/local.rs:668:65
[INFO] [stdout]   24:     0x562e823b5090 - tokio::coop::with_budget::{{closure}}::h2646a417f00f881d
[INFO] [stdout]                                at /opt/rustwide/cargo-home/registry/src/index.crates.io-6f17d22bba15001f/tokio-1.9.0/src/coop.rs:106:9
[INFO] [stdout]   25:     0x562e823862ae - std::thread::local::LocalKey<T>::try_with::hf22b5e6cbc489499
[INFO] [stdout]                                at /rustc/0e09125c6c3c2fd70d7de961bcf0e51575235fad/library/std/src/thread/local.rs:270:16
[INFO] [stdout]   26:     0x562e82383c0a - std::thread::local::LocalKey<T>::with::h2c4e54dd50594ef9
[INFO] [stdout]                                at /rustc/0e09125c6c3c2fd70d7de961bcf0e51575235fad/library/std/src/thread/local.rs:246:9
[INFO] [stdout]   27:     0x562e823cecdb - tokio::coop::with_budget::h90ba5bef588e3dd3
[INFO] [stdout]                                at /opt/rustwide/cargo-home/registry/src/index.crates.io-6f17d22bba15001f/tokio-1.9.0/src/coop.rs:99:5
[INFO] [stdout]   28:     0x562e823cecdb - tokio::coop::budget::h4ffa2a3a7c36659d
[INFO] [stdout]                                at /opt/rustwide/cargo-home/registry/src/index.crates.io-6f17d22bba15001f/tokio-1.9.0/src/coop.rs:76:5
[INFO] [stdout]   29:     0x562e823cecdb - <tokio::task::local::RunUntil<T> as core::future::future::Future>::poll::{{closure}}::h590618f5ab861b5e
[INFO] [stdout]                                at /opt/rustwide/cargo-home/registry/src/index.crates.io-6f17d22bba15001f/tokio-1.9.0/src/task/local.rs:668:42
[INFO] [stdout]   30:     0x562e82368d47 - tokio::macros::scoped_tls::ScopedKey<T>::set::hdd4c53ec68b30906
[INFO] [stdout]                                at /opt/rustwide/cargo-home/registry/src/index.crates.io-6f17d22bba15001f/tokio-1.9.0/src/macros/scoped_tls.rs:61:9
[INFO] [stdout]   31:     0x562e823ccba7 - tokio::task::local::LocalSet::with::ha0e054960fe7433e
[INFO] [stdout]                                at /opt/rustwide/cargo-home/registry/src/index.crates.io-6f17d22bba15001f/tokio-1.9.0/src/task/local.rs:573:9
[INFO] [stdout]   32:     0x562e823ce91a - <tokio::task::local::RunUntil<T> as core::future::future::Future>::poll::hbcacf366a80b6ced
[INFO] [stdout]                                at /opt/rustwide/cargo-home/registry/src/index.crates.io-6f17d22bba15001f/tokio-1.9.0/src/task/local.rs:658:9
[INFO] [stdout]   33:     0x562e823cd538 - tokio::task::local::LocalSet::run_until::{{closure}}::hb9326d6f62b31631
[INFO] [stdout]                                at /opt/rustwide/cargo-home/registry/src/index.crates.io-6f17d22bba15001f/tokio-1.9.0/src/task/local.rs:516:19
[INFO] [stdout]   34:     0x562e8238b84b - <core::pin::Pin<P> as core::future::future::Future>::poll::h33e026b905e3bf0d
[INFO] [stdout]                                at /rustc/0e09125c6c3c2fd70d7de961bcf0e51575235fad/library/core/src/future/future.rs:124:9
[INFO] [stdout]   35:     0x562e82327894 - tokio::runtime::basic_scheduler::Inner<P>::block_on::{{closure}}::{{closure}}::h06f967a00703aa8c
[INFO] [stdout]                                at /opt/rustwide/cargo-home/registry/src/index.crates.io-6f17d22bba15001f/tokio-1.9.0/src/runtime/basic_scheduler.rs:208:62
[INFO] [stdout]   36:     0x562e823b5940 - tokio::coop::with_budget::{{closure}}::ha4cbf54731c386cd
[INFO] [stdout]                                at /opt/rustwide/cargo-home/registry/src/index.crates.io-6f17d22bba15001f/tokio-1.9.0/src/coop.rs:106:9
[INFO] [stdout]   37:     0x562e8238490e - std::thread::local::LocalKey<T>::try_with::h6ca4d0036426e5e7
[INFO] [stdout]                                at /rustc/0e09125c6c3c2fd70d7de961bcf0e51575235fad/library/std/src/thread/local.rs:270:16
[INFO] [stdout]   38:     0x562e82383e5a - std::thread::local::LocalKey<T>::with::hce183a1d2a10d1d3
[INFO] [stdout]                                at /rustc/0e09125c6c3c2fd70d7de961bcf0e51575235fad/library/std/src/thread/local.rs:246:9
[INFO] [stdout]   39:     0x562e82327358 - tokio::coop::with_budget::hafe2f09e7195a686
[INFO] [stdout]                                at /opt/rustwide/cargo-home/registry/src/index.crates.io-6f17d22bba15001f/tokio-1.9.0/src/coop.rs:99:5
[INFO] [stdout]   40:     0x562e82327358 - tokio::coop::budget::h0d9338244b0a6a52
[INFO] [stdout]                                at /opt/rustwide/cargo-home/registry/src/index.crates.io-6f17d22bba15001f/tokio-1.9.0/src/coop.rs:76:5
[INFO] [stdout]   41:     0x562e82327358 - tokio::runtime::basic_scheduler::Inner<P>::block_on::{{closure}}::hb1ebb736328faf6a
[INFO] [stdout]                                at /opt/rustwide/cargo-home/registry/src/index.crates.io-6f17d22bba15001f/tokio-1.9.0/src/runtime/basic_scheduler.rs:208:39
[INFO] [stdout]   42:     0x562e82329671 - tokio::runtime::basic_scheduler::enter::{{closure}}::h5c2cb1a068dde2a2
[INFO] [stdout]                                at /opt/rustwide/cargo-home/registry/src/index.crates.io-6f17d22bba15001f/tokio-1.9.0/src/runtime/basic_scheduler.rs:299:29
[INFO] [stdout]   43:     0x562e82368a37 - tokio::macros::scoped_tls::ScopedKey<T>::set::h895698ad3981bc4c
[INFO] [stdout]                                at /opt/rustwide/cargo-home/registry/src/index.crates.io-6f17d22bba15001f/tokio-1.9.0/src/macros/scoped_tls.rs:61:9
[INFO] [stdout]   44:     0x562e8232928d - tokio::runtime::basic_scheduler::enter::h88b5546bd06b31aa
[INFO] [stdout]                                at /opt/rustwide/cargo-home/registry/src/index.crates.io-6f17d22bba15001f/tokio-1.9.0/src/runtime/basic_scheduler.rs:299:5
[INFO] [stdout]   45:     0x562e82325f2b - tokio::runtime::basic_scheduler::Inner<P>::block_on::h93a944e779a8561e
[INFO] [stdout]                                at /opt/rustwide/cargo-home/registry/src/index.crates.io-6f17d22bba15001f/tokio-1.9.0/src/runtime/basic_scheduler.rs:197:9
[INFO] [stdout]   46:     0x562e82327d96 - tokio::runtime::basic_scheduler::InnerGuard<P>::block_on::h578f43f7272300fb
[INFO] [stdout]                                at /opt/rustwide/cargo-home/registry/src/index.crates.io-6f17d22bba15001f/tokio-1.9.0/src/runtime/basic_scheduler.rs:452:9
[INFO] [stdout]   47:     0x562e823282a1 - tokio::runtime::basic_scheduler::BasicScheduler<P>::block_on::h8f5d82ec5bbe9c01
[INFO] [stdout]                                at /opt/rustwide/cargo-home/registry/src/index.crates.io-6f17d22bba15001f/tokio-1.9.0/src/runtime/basic_scheduler.rs:157:24
[INFO] [stdout]   48:     0x562e8232a33b - tokio::runtime::Runtime::block_on::he03b698f2b5d571b
[INFO] [stdout]                                at /opt/rustwide/cargo-home/registry/src/index.crates.io-6f17d22bba15001f/tokio-1.9.0/src/runtime/mod.rs:450:46
[INFO] [stdout]   49:     0x562e823ccce8 - tokio::task::local::LocalSet::block_on::h65c485ee7a28eb85
[INFO] [stdout]                                at /opt/rustwide/cargo-home/registry/src/index.crates.io-6f17d22bba15001f/tokio-1.9.0/src/task/local.rs:477:9
[INFO] [stdout]   50:     0x562e823cf13a - actix_rt::runtime::Runtime::block_on::h1553e785dd607040
[INFO] [stdout]                                at /opt/rustwide/cargo-home/registry/src/index.crates.io-6f17d22bba15001f/actix-rt-2.2.0/src/runtime.rs:85:9
[INFO] [stdout]   51:     0x562e822b5b1a - actix_rt::system::SystemRunner::block_on::h02fef1a1968da7d7
[INFO] [stdout]                                at /opt/rustwide/cargo-home/registry/src/index.crates.io-6f17d22bba15001f/actix-rt-2.2.0/src/system.rs:186:9
[INFO] [stdout]   52:     0x562e822d26fb - athena_c2::api::v1::ships::tests::get_name_works::h8c91d9232593fd1f
[INFO] [stdout]                                at /opt/rustwide/workdir/src/api/v1/ships.rs:317:5
[INFO] [stdout]   53:     0x562e822d2697 - athena_c2::api::v1::ships::tests::get_name_works::{{closure}}::hc5e0414edc0f0872
[INFO] [stdout]                                at /opt/rustwide/workdir/src/api/v1/ships.rs:318:30
[INFO] [stdout]   54:     0x562e82276516 - core::ops::function::FnOnce::call_once::h0f37148061cc4ff2
[INFO] [stdout]                                at /rustc/0e09125c6c3c2fd70d7de961bcf0e51575235fad/library/core/src/ops/function.rs:250:5
[INFO] [stdout]   55:     0x562e8241cd7f - core::ops::function::FnOnce::call_once::hd64d26f405258157
[INFO] [stdout]                                at /rustc/0e09125c6c3c2fd70d7de961bcf0e51575235fad/library/core/src/ops/function.rs:250:5
[INFO] [stdout]   56:     0x562e8241cd7f - test::__rust_begin_short_backtrace::he21b0b7a6d731bf9
[INFO] [stdout]                                at /rustc/0e09125c6c3c2fd70d7de961bcf0e51575235fad/library/test/src/lib.rs:627:18
[INFO] [stdout]   57:     0x562e8241bb01 - test::run_test_in_process::{{closure}}::hf5c73986d7bdfde2
[INFO] [stdout]                                at /rustc/0e09125c6c3c2fd70d7de961bcf0e51575235fad/library/test/src/lib.rs:650:60
[INFO] [stdout]   58:     0x562e8241bb01 - <core::panic::unwind_safe::AssertUnwindSafe<F> as core::ops::function::FnOnce<()>>::call_once::h330011ad032aadc0
[INFO] [stdout]                                at /rustc/0e09125c6c3c2fd70d7de961bcf0e51575235fad/library/core/src/panic/unwind_safe.rs:272:9
[INFO] [stdout]   59:     0x562e8241bb01 - std::panicking::try::do_call::he61b0a958b795a41
[INFO] [stdout]                                at /rustc/0e09125c6c3c2fd70d7de961bcf0e51575235fad/library/std/src/panicking.rs:552:40
[INFO] [stdout]   60:     0x562e8241bb01 - std::panicking::try::h7309da130f906eb7
[INFO] [stdout]                                at /rustc/0e09125c6c3c2fd70d7de961bcf0e51575235fad/library/std/src/panicking.rs:516:19
[INFO] [stdout]   61:     0x562e8241bb01 - std::panic::catch_unwind::hc5c3a06fdaf0a92a
[INFO] [stdout]                                at /rustc/0e09125c6c3c2fd70d7de961bcf0e51575235fad/library/std/src/panic.rs:142:14
[INFO] [stdout]   62:     0x562e8241bb01 - test::run_test_in_process::h7e7b7c71c3324e0f
[INFO] [stdout]                                at /rustc/0e09125c6c3c2fd70d7de961bcf0e51575235fad/library/test/src/lib.rs:650:27
[INFO] [stdout]   63:     0x562e8241bb01 - test::run_test::{{closure}}::h1f509f28f5cf20b1
[INFO] [stdout]                                at /rustc/0e09125c6c3c2fd70d7de961bcf0e51575235fad/library/test/src/lib.rs:573:43
[INFO] [stdout]   64:     0x562e823e2e36 - test::run_test::{{closure}}::h1754218abf443f6d
[INFO] [stdout]                                at /rustc/0e09125c6c3c2fd70d7de961bcf0e51575235fad/library/test/src/lib.rs:601:41
[INFO] [stdout]   65:     0x562e823e2e36 - std::sys_common::backtrace::__rust_begin_short_backtrace::h2ee174b9d5954948
[INFO] [stdout]                                at /rustc/0e09125c6c3c2fd70d7de961bcf0e51575235fad/library/std/src/sys_common/backtrace.rs:155:18
[INFO] [stdout]   66:     0x562e823e7e97 - std::thread::Builder::spawn_unchecked_::{{closure}}::{{closure}}::hf60bee9c1a17ef09
[INFO] [stdout]                                at /rustc/0e09125c6c3c2fd70d7de961bcf0e51575235fad/library/std/src/thread/mod.rs:529:17
[INFO] [stdout]   67:     0x562e823e7e97 - <core::panic::unwind_safe::AssertUnwindSafe<F> as core::ops::function::FnOnce<()>>::call_once::h33d0dddec5216160
[INFO] [stdout]                                at /rustc/0e09125c6c3c2fd70d7de961bcf0e51575235fad/library/core/src/panic/unwind_safe.rs:272:9
[INFO] [stdout]   68:     0x562e823e7e97 - std::panicking::try::do_call::h144b3048b546f835
[INFO] [stdout]                                at /rustc/0e09125c6c3c2fd70d7de961bcf0e51575235fad/library/std/src/panicking.rs:552:40
[INFO] [stdout]   69:     0x562e823e7e97 - std::panicking::try::h978244d04646189f
[INFO] [stdout]                                at /rustc/0e09125c6c3c2fd70d7de961bcf0e51575235fad/library/std/src/panicking.rs:516:19
[INFO] [stdout]   70:     0x562e823e7e97 - std::panic::catch_unwind::hdf436369d188fe86
[INFO] [stdout]                                at /rustc/0e09125c6c3c2fd70d7de961bcf0e51575235fad/library/std/src/panic.rs:142:14
[INFO] [stdout]   71:     0x562e823e7e97 - std::thread::Builder::spawn_unchecked_::{{closure}}::h87329cbdd33c79ec
[INFO] [stdout]                                at /rustc/0e09125c6c3c2fd70d7de961bcf0e51575235fad/library/std/src/thread/mod.rs:528:30
[INFO] [stdout]   72:     0x562e823e7e97 - core::ops::function::FnOnce::call_once{{vtable.shim}}::h401abbe67897d450
[INFO] [stdout]                                at /rustc/0e09125c6c3c2fd70d7de961bcf0e51575235fad/library/core/src/ops/function.rs:250:5
[INFO] [stdout]   73:     0x562e83353075 - <alloc::boxed::Box<F,A> as core::ops::function::FnOnce<Args>>::call_once::h5d7c8f150ab9c84c
[INFO] [stdout]                                at /rustc/0e09125c6c3c2fd70d7de961bcf0e51575235fad/library/alloc/src/boxed.rs:2015:9
[INFO] [stdout]   74:     0x562e83353075 - <alloc::boxed::Box<F,A> as core::ops::function::FnOnce<Args>>::call_once::h570d5b005c242c15
[INFO] [stdout]                                at /rustc/0e09125c6c3c2fd70d7de961bcf0e51575235fad/library/alloc/src/boxed.rs:2015:9
[INFO] [stdout]   75:     0x562e83353075 - std::sys::unix::thread::Thread::new::thread_start::h36b0a20c0b2361ad
[INFO] [stdout]                                at /rustc/0e09125c6c3c2fd70d7de961bcf0e51575235fad/library/std/src/sys/unix/thread.rs:108:17
[INFO] [stdout]   76:     0x7f13409a5ac3 - <unknown>
[INFO] [stdout]   77:     0x7f1340a36bf4 - __clone
[INFO] [stdout]   78:                0x0 - <unknown>
[INFO] [stdout] 
[INFO] [stdout] 
[INFO] [stdout] failures:
[INFO] [stdout]     api::v1::ships::tests::get_name_works
[INFO] [stdout]     test::everything_works
[INFO] [stdout] 
[INFO] [stdout] test result: FAILED. 0 passed; 2 failed; 0 ignored; 0 measured; 0 filtered out; finished in 0.06s
[INFO] [stdout] 
[INFO] [stderr] error: test failed, to rerun pass `--bin athena-c2`
[INFO] running `Command { std: "docker" "inspect" "c0f7e7617940e57a08a765f11d83ac1fda0455fef5fb75151b416c053068764b", kill_on_drop: false }`
[INFO] running `Command { std: "docker" "rm" "-f" "c0f7e7617940e57a08a765f11d83ac1fda0455fef5fb75151b416c053068764b", kill_on_drop: false }`
[INFO] [stdout] c0f7e7617940e57a08a765f11d83ac1fda0455fef5fb75151b416c053068764b
