[INFO] cloning repository https://github.com/razziel89/mdslw
[INFO] running `Command { std: "git" "-c" "credential.helper=" "-c" "credential.helper=/workspace/cargo-home/bin/git-credential-null" "clone" "--bare" "https://github.com/razziel89/mdslw" "/workspace/cache/git-repos/https%3A%2F%2Fgithub.com%2Frazziel89%2Fmdslw", kill_on_drop: false }`
[INFO] [stderr] Cloning into bare repository '/workspace/cache/git-repos/https%3A%2F%2Fgithub.com%2Frazziel89%2Fmdslw'...
[INFO] running `Command { std: "git" "rev-parse" "HEAD", kill_on_drop: false }`
[INFO] [stdout] 4993a3bdd5985d891e9a98c90ebcbf6da7156368
[INFO] testing razziel89/mdslw against 1.75.0 for beta-1.76-1
[INFO] running `Command { std: "git" "clone" "/workspace/cache/git-repos/https%3A%2F%2Fgithub.com%2Frazziel89%2Fmdslw" "/workspace/builds/worker-5-tc1/source", kill_on_drop: false }`
[INFO] [stderr] Cloning into '/workspace/builds/worker-5-tc1/source'...
[INFO] [stderr] done.
[INFO] validating manifest of git repo https://github.com/razziel89/mdslw on toolchain 1.75.0
[INFO] running `Command { std: CARGO_HOME="/workspace/cargo-home" RUSTUP_HOME="/workspace/rustup-home" "/workspace/cargo-home/bin/cargo" "+1.75.0" "metadata" "--manifest-path" "Cargo.toml" "--no-deps", kill_on_drop: false }`
[INFO] started tweaking git repo https://github.com/razziel89/mdslw
[INFO] finished tweaking git repo https://github.com/razziel89/mdslw
[INFO] tweaked toml for git repo https://github.com/razziel89/mdslw written to /workspace/builds/worker-5-tc1/source/Cargo.toml
[INFO] crate git repo https://github.com/razziel89/mdslw already has a lockfile, it will not be regenerated
[INFO] running `Command { std: CARGO_HOME="/workspace/cargo-home" RUSTUP_HOME="/workspace/rustup-home" "/workspace/cargo-home/bin/cargo" "+1.75.0" "fetch" "--manifest-path" "Cargo.toml", kill_on_drop: false }`
[INFO] running `Command { std: "docker" "create" "-v" "/var/lib/crater-agent-workspace/builds/worker-5-tc1/target:/opt/rustwide/target:rw,Z" "-v" "/var/lib/crater-agent-workspace/builds/worker-5-tc1/source:/opt/rustwide/workdir:ro,Z" "-v" "/var/lib/crater-agent-workspace/cargo-home:/opt/rustwide/cargo-home:ro,Z" "-v" "/var/lib/crater-agent-workspace/rustup-home:/opt/rustwide/rustup-home:ro,Z" "-e" "SOURCE_DIR=/opt/rustwide/workdir" "-e" "CARGO_TARGET_DIR=/opt/rustwide/target" "-e" "CARGO_HOME=/opt/rustwide/cargo-home" "-e" "RUSTUP_HOME=/opt/rustwide/rustup-home" "-w" "/opt/rustwide/workdir" "-m" "1610612736" "--user" "0:0" "--network" "none" "ghcr.io/rust-lang/crates-build-env/linux@sha256:2788e3201cd34a07e3172128adcd8b3090168a8e3bcc40d7c032b9dda1df7d1c" "/opt/rustwide/cargo-home/bin/cargo" "+1.75.0" "metadata" "--no-deps" "--format-version=1", kill_on_drop: false }`
[INFO] [stdout] 0c7ad0861b22e5c3996709a425f671ef84ea4e124d3ea653470f4f374d412dd4
[INFO] running `Command { std: "docker" "start" "-a" "0c7ad0861b22e5c3996709a425f671ef84ea4e124d3ea653470f4f374d412dd4", kill_on_drop: false }`
[INFO] running `Command { std: "docker" "inspect" "0c7ad0861b22e5c3996709a425f671ef84ea4e124d3ea653470f4f374d412dd4", kill_on_drop: false }`
[INFO] running `Command { std: "docker" "rm" "-f" "0c7ad0861b22e5c3996709a425f671ef84ea4e124d3ea653470f4f374d412dd4", kill_on_drop: false }`
[INFO] [stdout] 0c7ad0861b22e5c3996709a425f671ef84ea4e124d3ea653470f4f374d412dd4
[INFO] running `Command { std: "docker" "create" "-v" "/var/lib/crater-agent-workspace/builds/worker-5-tc1/target:/opt/rustwide/target:rw,Z" "-v" "/var/lib/crater-agent-workspace/builds/worker-5-tc1/source:/opt/rustwide/workdir:ro,Z" "-v" "/var/lib/crater-agent-workspace/cargo-home:/opt/rustwide/cargo-home:ro,Z" "-v" "/var/lib/crater-agent-workspace/rustup-home:/opt/rustwide/rustup-home:ro,Z" "-e" "SOURCE_DIR=/opt/rustwide/workdir" "-e" "CARGO_TARGET_DIR=/opt/rustwide/target" "-e" "CARGO_INCREMENTAL=0" "-e" "RUST_BACKTRACE=full" "-e" "RUSTFLAGS=--cap-lints=warn" "-e" "RUSTDOCFLAGS=--cap-lints=warn" "-e" "CARGO_HOME=/opt/rustwide/cargo-home" "-e" "RUSTUP_HOME=/opt/rustwide/rustup-home" "-w" "/opt/rustwide/workdir" "-m" "1610612736" "--user" "0:0" "--network" "none" "ghcr.io/rust-lang/crates-build-env/linux@sha256:2788e3201cd34a07e3172128adcd8b3090168a8e3bcc40d7c032b9dda1df7d1c" "/opt/rustwide/cargo-home/bin/cargo" "+1.75.0" "build" "--frozen" "--message-format=json", kill_on_drop: false }`
[INFO] [stdout] 0eebf28f42f786512431470221feb0c60cf580113b97b3477823a44ab1c39008
[INFO] running `Command { std: "docker" "start" "-a" "0eebf28f42f786512431470221feb0c60cf580113b97b3477823a44ab1c39008", kill_on_drop: false }`
[INFO] [stderr]    Compiling proc-macro2 v1.0.70
[INFO] [stderr]    Compiling cfg-if v1.0.0
[INFO] [stderr]    Compiling memchr v2.6.4
[INFO] [stderr]    Compiling autocfg v1.1.0
[INFO] [stderr]    Compiling unicode-ident v1.0.12
[INFO] [stderr]    Compiling libc v0.2.151
[INFO] [stderr]    Compiling crossbeam-utils v0.8.17
[INFO] [stderr]    Compiling utf8parse v0.2.1
[INFO] [stderr]    Compiling colorchoice v1.0.0
[INFO] [stderr]    Compiling version_check v0.9.4
[INFO] [stderr]    Compiling anstyle v1.0.4
[INFO] [stderr]    Compiling anstyle-query v1.0.2
[INFO] [stderr]    Compiling clap_lex v0.6.0
[INFO] [stderr]    Compiling strsim v0.10.0
[INFO] [stderr]    Compiling gimli v0.28.1
[INFO] [stderr]    Compiling rustix v0.38.28
[INFO] [stderr]    Compiling regex-syntax v0.8.2
[INFO] [stderr]    Compiling anstyle-parse v0.2.3
[INFO] [stderr]    Compiling adler v1.0.2
[INFO] [stderr]    Compiling heck v0.4.1
[INFO] [stderr]    Compiling rayon-core v1.12.0
[INFO] [stderr]    Compiling miniz_oxide v0.7.1
[INFO] [stderr]    Compiling anstream v0.6.5
[INFO] [stderr]    Compiling pulldown-cmark v0.9.3
[INFO] [stderr]    Compiling linux-raw-sys v0.4.12
[INFO] [stderr]    Compiling bitflags v2.4.1
[INFO] [stderr]    Compiling anyhow v1.0.75
[INFO] [stderr]    Compiling unicase v2.7.0
[INFO] [stderr]    Compiling memoffset v0.9.0
[INFO] [stderr]    Compiling aho-corasick v1.1.2
[INFO] [stderr]    Compiling clap_builder v4.4.11
[INFO] [stderr]    Compiling object v0.32.1
[INFO] [stderr]    Compiling bstr v1.8.0
[INFO] [stderr]    Compiling same-file v1.0.6
[INFO] [stderr]    Compiling log v0.4.20
[INFO] [stderr]    Compiling rustc-demangle v0.1.23
[INFO] [stderr]    Compiling walkdir v2.4.0
[INFO] [stderr]    Compiling crossbeam-epoch v0.9.16
[INFO] [stderr]    Compiling quote v1.0.33
[INFO] [stderr]    Compiling either v1.9.0
[INFO] [stderr]    Compiling bitflags v1.3.2
[INFO] [stderr]    Compiling cc v1.0.83
[INFO] [stderr]    Compiling syn v2.0.41
[INFO] [stderr]    Compiling crossbeam-deque v0.8.4
[INFO] [stderr]    Compiling fastrand v2.0.1
[INFO] [stderr]    Compiling include_dir_macros v0.7.3
[INFO] [stderr]    Compiling regex-automata v0.4.3
[INFO] [stderr]    Compiling include_dir v0.7.3
[INFO] [stderr]    Compiling rayon v1.8.0
[INFO] [stderr]    Compiling backtrace v0.3.69
[INFO] [stderr]    Compiling addr2line v0.21.0
[INFO] [stderr]    Compiling tempfile v3.8.1
[INFO] [stderr]    Compiling globset v0.4.14
[INFO] [stderr]    Compiling ignore v0.4.21
[INFO] [stderr]    Compiling clap_derive v4.4.7
[INFO] [stderr]    Compiling clap v4.4.11
[INFO] [stderr]    Compiling clap_complete v4.4.4
[INFO] [stderr]    Compiling mdslw v0.6.1 (/opt/rustwide/workdir)
[INFO] [stderr]     Finished dev [unoptimized + debuginfo] target(s) in 13.51s
[INFO] running `Command { std: "docker" "inspect" "0eebf28f42f786512431470221feb0c60cf580113b97b3477823a44ab1c39008", kill_on_drop: false }`
[INFO] running `Command { std: "docker" "rm" "-f" "0eebf28f42f786512431470221feb0c60cf580113b97b3477823a44ab1c39008", kill_on_drop: false }`
[INFO] [stdout] 0eebf28f42f786512431470221feb0c60cf580113b97b3477823a44ab1c39008
[INFO] running `Command { std: "docker" "create" "-v" "/var/lib/crater-agent-workspace/builds/worker-5-tc1/target:/opt/rustwide/target:rw,Z" "-v" "/var/lib/crater-agent-workspace/builds/worker-5-tc1/source:/opt/rustwide/workdir:ro,Z" "-v" "/var/lib/crater-agent-workspace/cargo-home:/opt/rustwide/cargo-home:ro,Z" "-v" "/var/lib/crater-agent-workspace/rustup-home:/opt/rustwide/rustup-home:ro,Z" "-e" "SOURCE_DIR=/opt/rustwide/workdir" "-e" "CARGO_TARGET_DIR=/opt/rustwide/target" "-e" "CARGO_INCREMENTAL=0" "-e" "RUST_BACKTRACE=full" "-e" "RUSTFLAGS=--cap-lints=warn" "-e" "RUSTDOCFLAGS=--cap-lints=warn" "-e" "CARGO_HOME=/opt/rustwide/cargo-home" "-e" "RUSTUP_HOME=/opt/rustwide/rustup-home" "-w" "/opt/rustwide/workdir" "-m" "1610612736" "--user" "0:0" "--network" "none" "ghcr.io/rust-lang/crates-build-env/linux@sha256:2788e3201cd34a07e3172128adcd8b3090168a8e3bcc40d7c032b9dda1df7d1c" "/opt/rustwide/cargo-home/bin/cargo" "+1.75.0" "test" "--frozen" "--no-run" "--message-format=json", kill_on_drop: false }`
[INFO] [stdout] acff3bae59b105ac5e9f788681e95b704588190df90154082aa93d04eaa19b63
[INFO] running `Command { std: "docker" "start" "-a" "acff3bae59b105ac5e9f788681e95b704588190df90154082aa93d04eaa19b63", kill_on_drop: false }`
[INFO] [stderr]    Compiling mdslw v0.6.1 (/opt/rustwide/workdir)
[INFO] [stderr]     Finished test [unoptimized + debuginfo] target(s) in 2.61s
[INFO] running `Command { std: "docker" "inspect" "acff3bae59b105ac5e9f788681e95b704588190df90154082aa93d04eaa19b63", kill_on_drop: false }`
[INFO] running `Command { std: "docker" "rm" "-f" "acff3bae59b105ac5e9f788681e95b704588190df90154082aa93d04eaa19b63", kill_on_drop: false }`
[INFO] [stdout] acff3bae59b105ac5e9f788681e95b704588190df90154082aa93d04eaa19b63
[INFO] running `Command { std: "docker" "create" "-v" "/var/lib/crater-agent-workspace/builds/worker-5-tc1/target:/opt/rustwide/target:rw,Z" "-v" "/var/lib/crater-agent-workspace/builds/worker-5-tc1/source:/opt/rustwide/workdir:ro,Z" "-v" "/var/lib/crater-agent-workspace/cargo-home:/opt/rustwide/cargo-home:ro,Z" "-v" "/var/lib/crater-agent-workspace/rustup-home:/opt/rustwide/rustup-home:ro,Z" "-e" "SOURCE_DIR=/opt/rustwide/workdir" "-e" "CARGO_TARGET_DIR=/opt/rustwide/target" "-e" "CARGO_INCREMENTAL=0" "-e" "RUST_BACKTRACE=full" "-e" "RUSTFLAGS=--cap-lints=warn" "-e" "RUSTDOCFLAGS=--cap-lints=warn" "-e" "CARGO_HOME=/opt/rustwide/cargo-home" "-e" "RUSTUP_HOME=/opt/rustwide/rustup-home" "-w" "/opt/rustwide/workdir" "-m" "1610612736" "--user" "0:0" "--network" "none" "ghcr.io/rust-lang/crates-build-env/linux@sha256:2788e3201cd34a07e3172128adcd8b3090168a8e3bcc40d7c032b9dda1df7d1c" "/opt/rustwide/cargo-home/bin/cargo" "+1.75.0" "test" "--frozen", kill_on_drop: false }`
[INFO] [stdout] da3aff9f33df35ef00d1143c21f27224a03b262f10b495b5ede5d05fa2e0bc8d
[INFO] running `Command { std: "docker" "start" "-a" "da3aff9f33df35ef00d1143c21f27224a03b262f10b495b5ede5d05fa2e0bc8d", kill_on_drop: false }`
[INFO] [stderr]     Finished test [unoptimized + debuginfo] target(s) in 0.04s
[INFO] [stderr]      Running unittests src/main.rs (/opt/rustwide/target/debug/deps/mdslw-878716a380aa4c22)
[INFO] [stdout] 
[INFO] [stdout] running 42 tests
[INFO] [stdout] test detect::test::case_sensitive_match ... ok
[INFO] [stdout] test detect::test::case_insensitive_match ... ok
[INFO] [stdout] test detect::test::ignoring_words_case_sensitively ... ok
[INFO] [stdout] test detect::test::ignoring_words_case_insensitively ... ok
[INFO] [stdout] test detect::test::ingores_that_are_no_suppressions_are_ignored ... ok
[INFO] [stdout] test features::test::swapping_all_features_and_disregard_whitspace ... ok
[INFO] [stdout] test call::test::need_to_provide_command ... ok
[INFO] [stdout] test detect::test::matches_at_start_and_end ... ok
[INFO] [stdout] test features::test::failure_to_parse ... ok
[INFO] [stdout] test fs::test::listing_non_existent_fails ... ok
[INFO] [stdout] test lang::test::none_disables_words ... ok
[INFO] [stdout] test indent::test::can_build_indents ... ok
[INFO] [stdout] test linebreak::test::merging_whitespace ... ok
[INFO] [stdout] test lang::test::nothing_disables_words ... ok
[INFO] [stdout] test logging::test::logger_enabled ... ok
[INFO] [stdout] test linebreak::test::inserting_linebreaks_between_sentences ... ok
[INFO] [stdout] test ranges::test::finding_line_start ... ok
[INFO] [stdout] test parse::test::detect_whitespace ... ok
[INFO] [stdout] test logging::test::new_logger ... ok
[INFO] [stdout] test ranges::test::filling_ranges ... ok
[INFO] [stdout] test ranges::test::getting_line_ranges ... ok
[INFO] [stdout] test linebreak::test::finding_sentence_ends ... ok
[INFO] [stdout] test parse::test::merging_ranges ... ok
[INFO] [stdout] test wrap::test::adding_linebreaks_after_sentences_with_keep_words ... ok
[INFO] [stdout] test wrap::test::adding_linebreaks_after_sentences ... ok
[INFO] [stdout] test parse::test::parsing_markdown ... ok
[INFO] [stdout] test replace::test::replacing_all_spaces_in_links_even_if_there_are_some_nbsp ... ok
[INFO] [stdout] test call::test::can_call_with_args ... ok
[INFO] [stdout] test call::test::can_call_simple_executable_with_stdio_handling ... ok
[INFO] [stdout] test replace::test::replacing_spaces_also_in_link_defs ... ok
[INFO] [stdout] test replace::test::not_replacing_spaces_for_broken_links ... ok
[INFO] [stdout] test replace::test::replacing_all_spaces_in_link_defs_even_if_there_are_some_nbsp ... ok
[INFO] [stdout] test wrap::test::not_wrapping_long_sentence_unless_requested ... ok
[INFO] [stdout] test replace::test::replacing_spaces_only_in_links ... ok
[INFO] [stdout] test wrap::test::wrapping_long_sentence ... ok
[INFO] [stdout] test wrap::test::wrapping_long_sentence_that_is_not_the_first ... ok
[INFO] [stdout] test fs::test::finding_all_md_files_in_repo ... ok
[INFO] [stdout] test fs::test::auto_ignoring_files ... ok
[INFO] [stdout] test call::test::unknown_executable_fails ... ok
[INFO] [stdout] test logging::test::logging_a_message_from_another_module ... ok
[INFO] [stdout] test logging::test::logging_a_message_from_own_module ... ok
[INFO] [stdout] test lang::test::some_langs_are_supported ... FAILED
[INFO] [stdout] 
[INFO] [stdout] failures:
[INFO] [stdout] 
[INFO] [stdout] ---- lang::test::some_langs_are_supported stdout ----
[INFO] [stdout] Error: unknown or unsupported languages: de, en, es, fr, it
[INFO] [stdout] 
[INFO] [stdout] Stack backtrace:
[INFO] [stdout]    0: mdslw::lang::keep_word_list
[INFO] [stdout]              at ./src/lang.rs:48:13
[INFO] [stdout]    1: mdslw::lang::test::some_langs_are_supported
[INFO] [stdout]              at ./src/lang.rs:76:20
[INFO] [stdout]    2: mdslw::lang::test::some_langs_are_supported::{{closure}}
[INFO] [stdout]              at ./src/lang.rs:74:38
[INFO] [stdout]    3: core::ops::function::FnOnce::call_once
[INFO] [stdout]              at /rustc/82e1608dfa6e0b5569232559e3d385fea5a93112/library/core/src/ops/function.rs:250:5
[INFO] [stdout]    4: core::ops::function::FnOnce::call_once
[INFO] [stdout]              at /rustc/82e1608dfa6e0b5569232559e3d385fea5a93112/library/core/src/ops/function.rs:250:5
[INFO] [stdout]       test::__rust_begin_short_backtrace
[INFO] [stdout]              at /rustc/82e1608dfa6e0b5569232559e3d385fea5a93112/library/test/src/lib.rs:628:18
[INFO] [stdout]    5: test::run_test_in_process::{{closure}}
[INFO] [stdout]              at /rustc/82e1608dfa6e0b5569232559e3d385fea5a93112/library/test/src/lib.rs:651:60
[INFO] [stdout]       <core::panic::unwind_safe::AssertUnwindSafe<F> as core::ops::function::FnOnce<()>>::call_once
[INFO] [stdout]              at /rustc/82e1608dfa6e0b5569232559e3d385fea5a93112/library/core/src/panic/unwind_safe.rs:272:9
[INFO] [stdout]       std::panicking::try::do_call
[INFO] [stdout]              at /rustc/82e1608dfa6e0b5569232559e3d385fea5a93112/library/std/src/panicking.rs:552:40
[INFO] [stdout]       std::panicking::try
[INFO] [stdout]              at /rustc/82e1608dfa6e0b5569232559e3d385fea5a93112/library/std/src/panicking.rs:516:19
[INFO] [stdout]       std::panic::catch_unwind
[INFO] [stdout]              at /rustc/82e1608dfa6e0b5569232559e3d385fea5a93112/library/std/src/panic.rs:142:14
[INFO] [stdout]       test::run_test_in_process
[INFO] [stdout]              at /rustc/82e1608dfa6e0b5569232559e3d385fea5a93112/library/test/src/lib.rs:651:27
[INFO] [stdout]       test::run_test::{{closure}}
[INFO] [stdout]              at /rustc/82e1608dfa6e0b5569232559e3d385fea5a93112/library/test/src/lib.rs:574:43
[INFO] [stdout]    6: test::run_test::{{closure}}
[INFO] [stdout]              at /rustc/82e1608dfa6e0b5569232559e3d385fea5a93112/library/test/src/lib.rs:602:41
[INFO] [stdout]       std::sys_common::backtrace::__rust_begin_short_backtrace
[INFO] [stdout]              at /rustc/82e1608dfa6e0b5569232559e3d385fea5a93112/library/std/src/sys_common/backtrace.rs:154:18
[INFO] [stdout]    7: std::thread::Builder::spawn_unchecked_::{{closure}}::{{closure}}
[INFO] [stdout]              at /rustc/82e1608dfa6e0b5569232559e3d385fea5a93112/library/std/src/thread/mod.rs:529:17
[INFO] [stdout]       <core::panic::unwind_safe::AssertUnwindSafe<F> as core::ops::function::FnOnce<()>>::call_once
[INFO] [stdout]              at /rustc/82e1608dfa6e0b5569232559e3d385fea5a93112/library/core/src/panic/unwind_safe.rs:272:9
[INFO] [stdout]       std::panicking::try::do_call
[INFO] [stdout]              at /rustc/82e1608dfa6e0b5569232559e3d385fea5a93112/library/std/src/panicking.rs:552:40
[INFO] [stdout]       std::panicking::try
[INFO] [stdout]              at /rustc/82e1608dfa6e0b5569232559e3d385fea5a93112/library/std/src/panicking.rs:516:19
[INFO] [stdout]       std::panic::catch_unwind
[INFO] [stdout]              at /rustc/82e1608dfa6e0b5569232559e3d385fea5a93112/library/std/src/panic.rs:142:14
[INFO] [stdout]       std::thread::Builder::spawn_unchecked_::{{closure}}
[INFO] [stdout]              at /rustc/82e1608dfa6e0b5569232559e3d385fea5a93112/library/std/src/thread/mod.rs:528:30
[INFO] [stdout]       core::ops::function::FnOnce::call_once{{vtable.shim}}
[INFO] [stdout]              at /rustc/82e1608dfa6e0b5569232559e3d385fea5a93112/library/core/src/ops/function.rs:250:5
[INFO] [stdout]    8: <alloc::boxed::Box<F,A> as core::ops::function::FnOnce<Args>>::call_once
[INFO] [stdout]              at /rustc/82e1608dfa6e0b5569232559e3d385fea5a93112/library/alloc/src/boxed.rs:2007:9
[INFO] [stdout]       <alloc::boxed::Box<F,A> as core::ops::function::FnOnce<Args>>::call_once
[INFO] [stdout]              at /rustc/82e1608dfa6e0b5569232559e3d385fea5a93112/library/alloc/src/boxed.rs:2007:9
[INFO] [stdout]       std::sys::unix::thread::Thread::new::thread_start
[INFO] [stdout]              at /rustc/82e1608dfa6e0b5569232559e3d385fea5a93112/library/std/src/sys/unix/thread.rs:108:17
[INFO] [stdout]    9: <unknown>
[INFO] [stdout]   10: __clone
[INFO] [stdout] 
[INFO] [stdout] 
[INFO] [stdout] failures:
[INFO] [stdout]     lang::test::some_langs_are_supported
[INFO] [stdout] 
[INFO] [stdout] test result: FAILED. 41 passed; 1 failed; 0 ignored; 0 measured; 0 filtered out; finished in 0.18s
[INFO] [stdout] 
[INFO] [stderr] error: test failed, to rerun pass `--bin mdslw`
[INFO] running `Command { std: "docker" "inspect" "da3aff9f33df35ef00d1143c21f27224a03b262f10b495b5ede5d05fa2e0bc8d", kill_on_drop: false }`
[INFO] running `Command { std: "docker" "rm" "-f" "da3aff9f33df35ef00d1143c21f27224a03b262f10b495b5ede5d05fa2e0bc8d", kill_on_drop: false }`
[INFO] [stdout] da3aff9f33df35ef00d1143c21f27224a03b262f10b495b5ede5d05fa2e0bc8d
[INFO] testing razziel89/mdslw against beta-2023-12-22 for beta-1.76-1
[INFO] running `Command { std: "git" "clone" "/workspace/cache/git-repos/https%3A%2F%2Fgithub.com%2Frazziel89%2Fmdslw" "/workspace/builds/worker-5-tc2/source", kill_on_drop: false }`
[INFO] [stderr] Cloning into '/workspace/builds/worker-5-tc2/source'...
[INFO] [stderr] done.
[INFO] validating manifest of git repo https://github.com/razziel89/mdslw on toolchain beta-2023-12-22
[INFO] running `Command { std: CARGO_HOME="/workspace/cargo-home" RUSTUP_HOME="/workspace/rustup-home" "/workspace/cargo-home/bin/cargo" "+beta-2023-12-22" "metadata" "--manifest-path" "Cargo.toml" "--no-deps", kill_on_drop: false }`
[INFO] started tweaking git repo https://github.com/razziel89/mdslw
[INFO] finished tweaking git repo https://github.com/razziel89/mdslw
[INFO] tweaked toml for git repo https://github.com/razziel89/mdslw written to /workspace/builds/worker-5-tc2/source/Cargo.toml
[INFO] crate git repo https://github.com/razziel89/mdslw already has a lockfile, it will not be regenerated
[INFO] running `Command { std: CARGO_HOME="/workspace/cargo-home" RUSTUP_HOME="/workspace/rustup-home" "/workspace/cargo-home/bin/cargo" "+beta-2023-12-22" "fetch" "--manifest-path" "Cargo.toml", kill_on_drop: false }`
[INFO] running `Command { std: "docker" "create" "-v" "/var/lib/crater-agent-workspace/builds/worker-5-tc2/target:/opt/rustwide/target:rw,Z" "-v" "/var/lib/crater-agent-workspace/builds/worker-5-tc2/source:/opt/rustwide/workdir:ro,Z" "-v" "/var/lib/crater-agent-workspace/cargo-home:/opt/rustwide/cargo-home:ro,Z" "-v" "/var/lib/crater-agent-workspace/rustup-home:/opt/rustwide/rustup-home:ro,Z" "-e" "SOURCE_DIR=/opt/rustwide/workdir" "-e" "CARGO_TARGET_DIR=/opt/rustwide/target" "-e" "CARGO_HOME=/opt/rustwide/cargo-home" "-e" "RUSTUP_HOME=/opt/rustwide/rustup-home" "-w" "/opt/rustwide/workdir" "-m" "1610612736" "--user" "0:0" "--network" "none" "ghcr.io/rust-lang/crates-build-env/linux@sha256:2788e3201cd34a07e3172128adcd8b3090168a8e3bcc40d7c032b9dda1df7d1c" "/opt/rustwide/cargo-home/bin/cargo" "+beta-2023-12-22" "metadata" "--no-deps" "--format-version=1", kill_on_drop: false }`
[INFO] [stdout] 474e3091d41416a2ae66cb4853e9f14461f0c1912e3ca1ea815cd0b406fe4d74
[INFO] running `Command { std: "docker" "start" "-a" "474e3091d41416a2ae66cb4853e9f14461f0c1912e3ca1ea815cd0b406fe4d74", kill_on_drop: false }`
[INFO] running `Command { std: "docker" "inspect" "474e3091d41416a2ae66cb4853e9f14461f0c1912e3ca1ea815cd0b406fe4d74", kill_on_drop: false }`
[INFO] running `Command { std: "docker" "rm" "-f" "474e3091d41416a2ae66cb4853e9f14461f0c1912e3ca1ea815cd0b406fe4d74", kill_on_drop: false }`
[INFO] [stdout] 474e3091d41416a2ae66cb4853e9f14461f0c1912e3ca1ea815cd0b406fe4d74
[INFO] running `Command { std: "docker" "create" "-v" "/var/lib/crater-agent-workspace/builds/worker-5-tc2/target:/opt/rustwide/target:rw,Z" "-v" "/var/lib/crater-agent-workspace/builds/worker-5-tc2/source:/opt/rustwide/workdir:ro,Z" "-v" "/var/lib/crater-agent-workspace/cargo-home:/opt/rustwide/cargo-home:ro,Z" "-v" "/var/lib/crater-agent-workspace/rustup-home:/opt/rustwide/rustup-home:ro,Z" "-e" "SOURCE_DIR=/opt/rustwide/workdir" "-e" "CARGO_TARGET_DIR=/opt/rustwide/target" "-e" "CARGO_INCREMENTAL=0" "-e" "RUST_BACKTRACE=full" "-e" "RUSTFLAGS=--cap-lints=warn" "-e" "RUSTDOCFLAGS=--cap-lints=warn" "-e" "CARGO_HOME=/opt/rustwide/cargo-home" "-e" "RUSTUP_HOME=/opt/rustwide/rustup-home" "-w" "/opt/rustwide/workdir" "-m" "1610612736" "--user" "0:0" "--network" "none" "ghcr.io/rust-lang/crates-build-env/linux@sha256:2788e3201cd34a07e3172128adcd8b3090168a8e3bcc40d7c032b9dda1df7d1c" "/opt/rustwide/cargo-home/bin/cargo" "+beta-2023-12-22" "build" "--frozen" "--message-format=json", kill_on_drop: false }`
[INFO] [stdout] 50ffe9f1ccb8f8eb0108a53f12a9f7ac28a05f07b896ca21d7158693f9897fdb
[INFO] running `Command { std: "docker" "start" "-a" "50ffe9f1ccb8f8eb0108a53f12a9f7ac28a05f07b896ca21d7158693f9897fdb", kill_on_drop: false }`
[INFO] [stderr]    Compiling cfg-if v1.0.0
[INFO] [stderr]    Compiling proc-macro2 v1.0.70
[INFO] [stderr]    Compiling memchr v2.6.4
[INFO] [stderr]    Compiling unicode-ident v1.0.12
[INFO] [stderr]    Compiling autocfg v1.1.0
[INFO] [stderr]    Compiling crossbeam-utils v0.8.17
[INFO] [stderr]    Compiling libc v0.2.151
[INFO] [stderr]    Compiling utf8parse v0.2.1
[INFO] [stderr]    Compiling anstyle-query v1.0.2
[INFO] [stderr]    Compiling anstyle v1.0.4
[INFO] [stderr]    Compiling colorchoice v1.0.0
[INFO] [stderr]    Compiling version_check v0.9.4
[INFO] [stderr]    Compiling gimli v0.28.1
[INFO] [stderr]    Compiling heck v0.4.1
[INFO] [stderr]    Compiling rustix v0.38.28
[INFO] [stderr]    Compiling strsim v0.10.0
[INFO] [stderr]    Compiling clap_lex v0.6.0
[INFO] [stderr]    Compiling anstyle-parse v0.2.3
[INFO] [stderr]    Compiling rayon-core v1.12.0
[INFO] [stderr]    Compiling adler v1.0.2
[INFO] [stderr]    Compiling regex-syntax v0.8.2
[INFO] [stderr]    Compiling anstream v0.6.5
[INFO] [stderr]    Compiling miniz_oxide v0.7.1
[INFO] [stderr]    Compiling linux-raw-sys v0.4.12
[INFO] [stderr]    Compiling pulldown-cmark v0.9.3
[INFO] [stderr]    Compiling rustc-demangle v0.1.23
[INFO] [stderr]    Compiling bitflags v2.4.1
[INFO] [stderr]    Compiling unicase v2.7.0
[INFO] [stderr]    Compiling memoffset v0.9.0
[INFO] [stderr]    Compiling clap_builder v4.4.11
[INFO] [stderr]    Compiling anyhow v1.0.75
[INFO] [stderr]    Compiling log v0.4.20
[INFO] [stderr]    Compiling aho-corasick v1.1.2
[INFO] [stderr]    Compiling bstr v1.8.0
[INFO] [stderr]    Compiling object v0.32.1
[INFO] [stderr]    Compiling same-file v1.0.6
[INFO] [stderr]    Compiling walkdir v2.4.0
[INFO] [stderr]    Compiling quote v1.0.33
[INFO] [stderr]    Compiling crossbeam-epoch v0.9.16
[INFO] [stderr]    Compiling bitflags v1.3.2
[INFO] [stderr]    Compiling either v1.9.0
[INFO] [stderr]    Compiling syn v2.0.41
[INFO] [stderr]    Compiling cc v1.0.83
[INFO] [stderr]    Compiling crossbeam-deque v0.8.4
[INFO] [stderr]    Compiling fastrand v2.0.1
[INFO] [stderr]    Compiling include_dir_macros v0.7.3
[INFO] [stderr]    Compiling include_dir v0.7.3
[INFO] [stderr]    Compiling rayon v1.8.0
[INFO] [stderr]    Compiling regex-automata v0.4.3
[INFO] [stderr]    Compiling backtrace v0.3.69
[INFO] [stderr]    Compiling addr2line v0.21.0
[INFO] [stderr]    Compiling tempfile v3.8.1
[INFO] [stderr]    Compiling globset v0.4.14
[INFO] [stderr]    Compiling clap_derive v4.4.7
[INFO] [stderr]    Compiling ignore v0.4.21
[INFO] [stderr]    Compiling clap v4.4.11
[INFO] [stderr]    Compiling clap_complete v4.4.4
[INFO] [stderr]    Compiling mdslw v0.6.1 (/opt/rustwide/workdir)
[INFO] [stderr]     Finished dev [unoptimized + debuginfo] target(s) in 8.53s
[INFO] running `Command { std: "docker" "inspect" "50ffe9f1ccb8f8eb0108a53f12a9f7ac28a05f07b896ca21d7158693f9897fdb", kill_on_drop: false }`
[INFO] running `Command { std: "docker" "rm" "-f" "50ffe9f1ccb8f8eb0108a53f12a9f7ac28a05f07b896ca21d7158693f9897fdb", kill_on_drop: false }`
[INFO] [stdout] 50ffe9f1ccb8f8eb0108a53f12a9f7ac28a05f07b896ca21d7158693f9897fdb
[INFO] running `Command { std: "docker" "create" "-v" "/var/lib/crater-agent-workspace/builds/worker-5-tc2/target:/opt/rustwide/target:rw,Z" "-v" "/var/lib/crater-agent-workspace/builds/worker-5-tc2/source:/opt/rustwide/workdir:ro,Z" "-v" "/var/lib/crater-agent-workspace/cargo-home:/opt/rustwide/cargo-home:ro,Z" "-v" "/var/lib/crater-agent-workspace/rustup-home:/opt/rustwide/rustup-home:ro,Z" "-e" "SOURCE_DIR=/opt/rustwide/workdir" "-e" "CARGO_TARGET_DIR=/opt/rustwide/target" "-e" "CARGO_INCREMENTAL=0" "-e" "RUST_BACKTRACE=full" "-e" "RUSTFLAGS=--cap-lints=warn" "-e" "RUSTDOCFLAGS=--cap-lints=warn" "-e" "CARGO_HOME=/opt/rustwide/cargo-home" "-e" "RUSTUP_HOME=/opt/rustwide/rustup-home" "-w" "/opt/rustwide/workdir" "-m" "1610612736" "--user" "0:0" "--network" "none" "ghcr.io/rust-lang/crates-build-env/linux@sha256:2788e3201cd34a07e3172128adcd8b3090168a8e3bcc40d7c032b9dda1df7d1c" "/opt/rustwide/cargo-home/bin/cargo" "+beta-2023-12-22" "test" "--frozen" "--no-run" "--message-format=json", kill_on_drop: false }`
[INFO] [stdout] 5e14e00076c642bca7dcc22151c5eefd702472253275aed66c00bc35056a3140
[INFO] running `Command { std: "docker" "start" "-a" "5e14e00076c642bca7dcc22151c5eefd702472253275aed66c00bc35056a3140", kill_on_drop: false }`
[INFO] [stderr]    Compiling mdslw v0.6.1 (/opt/rustwide/workdir)
[INFO] [stderr]     Finished test [unoptimized + debuginfo] target(s) in 2.32s
[INFO] running `Command { std: "docker" "inspect" "5e14e00076c642bca7dcc22151c5eefd702472253275aed66c00bc35056a3140", kill_on_drop: false }`
[INFO] running `Command { std: "docker" "rm" "-f" "5e14e00076c642bca7dcc22151c5eefd702472253275aed66c00bc35056a3140", kill_on_drop: false }`
[INFO] [stdout] 5e14e00076c642bca7dcc22151c5eefd702472253275aed66c00bc35056a3140
[INFO] running `Command { std: "docker" "create" "-v" "/var/lib/crater-agent-workspace/builds/worker-5-tc2/target:/opt/rustwide/target:rw,Z" "-v" "/var/lib/crater-agent-workspace/builds/worker-5-tc2/source:/opt/rustwide/workdir:ro,Z" "-v" "/var/lib/crater-agent-workspace/cargo-home:/opt/rustwide/cargo-home:ro,Z" "-v" "/var/lib/crater-agent-workspace/rustup-home:/opt/rustwide/rustup-home:ro,Z" "-e" "SOURCE_DIR=/opt/rustwide/workdir" "-e" "CARGO_TARGET_DIR=/opt/rustwide/target" "-e" "CARGO_INCREMENTAL=0" "-e" "RUST_BACKTRACE=full" "-e" "RUSTFLAGS=--cap-lints=warn" "-e" "RUSTDOCFLAGS=--cap-lints=warn" "-e" "CARGO_HOME=/opt/rustwide/cargo-home" "-e" "RUSTUP_HOME=/opt/rustwide/rustup-home" "-w" "/opt/rustwide/workdir" "-m" "1610612736" "--user" "0:0" "--network" "none" "ghcr.io/rust-lang/crates-build-env/linux@sha256:2788e3201cd34a07e3172128adcd8b3090168a8e3bcc40d7c032b9dda1df7d1c" "/opt/rustwide/cargo-home/bin/cargo" "+beta-2023-12-22" "test" "--frozen", kill_on_drop: false }`
[INFO] [stdout] dc90622f86ac04602e7305fcabae6281d6d9f9508994ebd22c3880cfedb03177
[INFO] running `Command { std: "docker" "start" "-a" "dc90622f86ac04602e7305fcabae6281d6d9f9508994ebd22c3880cfedb03177", kill_on_drop: false }`
[INFO] [stderr]     Finished test [unoptimized + debuginfo] target(s) in 0.05s
[INFO] [stderr]      Running unittests src/main.rs (/opt/rustwide/target/debug/deps/mdslw-0b9c7a19a0e99fd2)
[INFO] [stdout] 
[INFO] [stdout] running 42 tests
[INFO] [stdout] test detect::test::ignoring_words_case_insensitively ... ok
[INFO] [stdout] test detect::test::ignoring_words_case_sensitively ... ok
[INFO] [stdout] test detect::test::case_insensitive_match ... ok
[INFO] [stdout] test detect::test::case_sensitive_match ... ok
[INFO] [stdout] test detect::test::matches_at_start_and_end ... ok
[INFO] [stdout] test detect::test::ingores_that_are_no_suppressions_are_ignored ... ok
[INFO] [stdout] test features::test::swapping_all_features_and_disregard_whitspace ... ok
[INFO] [stdout] test indent::test::can_build_indents ... ok
[INFO] [stdout] test call::test::need_to_provide_command ... ok
[INFO] [stdout] test lang::test::nothing_disables_words ... ok
[INFO] [stdout] test features::test::failure_to_parse ... ok
[INFO] [stdout] test fs::test::listing_non_existent_fails ... ok
[INFO] [stdout] test linebreak::test::finding_sentence_ends ... ok
[INFO] [stdout] test linebreak::test::merging_whitespace ... ok
[INFO] [stdout] test lang::test::none_disables_words ... ok
[INFO] [stdout] test linebreak::test::inserting_linebreaks_between_sentences ... ok
[INFO] [stdout] test logging::test::new_logger ... ok
[INFO] [stdout] test logging::test::logger_enabled ... ok
[INFO] [stdout] test parse::test::merging_ranges ... ok
[INFO] [stdout] test ranges::test::filling_ranges ... ok
[INFO] [stdout] test ranges::test::finding_line_start ... ok
[INFO] [stdout] test ranges::test::getting_line_ranges ... ok
[INFO] [stdout] test parse::test::parsing_markdown ... ok
[INFO] [stdout] test parse::test::detect_whitespace ... ok
[INFO] [stdout] test call::test::can_call_with_args ... ok
[INFO] [stdout] test call::test::can_call_simple_executable_with_stdio_handling ... ok
[INFO] [stdout] test wrap::test::wrapping_long_sentence ... ok
[INFO] [stdout] test wrap::test::not_wrapping_long_sentence_unless_requested ... ok
[INFO] [stdout] test wrap::test::adding_linebreaks_after_sentences_with_keep_words ... ok
[INFO] [stdout] test replace::test::replacing_spaces_also_in_link_defs ... ok
[INFO] [stdout] test wrap::test::adding_linebreaks_after_sentences ... ok
[INFO] [stdout] test wrap::test::wrapping_long_sentence_that_is_not_the_first ... ok
[INFO] [stdout] test replace::test::replacing_all_spaces_in_links_even_if_there_are_some_nbsp ... ok
[INFO] [stdout] test replace::test::not_replacing_spaces_for_broken_links ... ok
[INFO] [stdout] test replace::test::replacing_spaces_only_in_links ... ok
[INFO] [stdout] test replace::test::replacing_all_spaces_in_link_defs_even_if_there_are_some_nbsp ... ok
[INFO] [stdout] test fs::test::finding_all_md_files_in_repo ... ok
[INFO] [stdout] test fs::test::auto_ignoring_files ... ok
[INFO] [stdout] test logging::test::logging_a_message_from_another_module ... ok
[INFO] [stdout] test logging::test::logging_a_message_from_own_module ... ok
[INFO] [stdout] test call::test::unknown_executable_fails ... ok
[INFO] [stdout] test lang::test::some_langs_are_supported ... FAILED
[INFO] [stdout] 
[INFO] [stdout] failures:
[INFO] [stdout] 
[INFO] [stdout] ---- lang::test::some_langs_are_supported stdout ----
[INFO] [stdout] Error: unknown or unsupported languages: de, en, es, fr, it
[INFO] [stdout] 
[INFO] [stdout] Stack backtrace:
[INFO] [stdout]    0: mdslw::lang::keep_word_list
[INFO] [stdout]              at ./src/lang.rs:48:13
[INFO] [stdout]    1: mdslw::lang::test::some_langs_are_supported
[INFO] [stdout]              at ./src/lang.rs:76:20
[INFO] [stdout]    2: mdslw::lang::test::some_langs_are_supported::{{closure}}
[INFO] [stdout]              at ./src/lang.rs:74:38
[INFO] [stdout]    3: core::ops::function::FnOnce::call_once
[INFO] [stdout]              at /rustc/0e09125c6c3c2fd70d7de961bcf0e51575235fad/library/core/src/ops/function.rs:250:5
[INFO] [stdout]    4: core::ops::function::FnOnce::call_once
[INFO] [stdout]              at /rustc/0e09125c6c3c2fd70d7de961bcf0e51575235fad/library/core/src/ops/function.rs:250:5
[INFO] [stdout]       test::__rust_begin_short_backtrace
[INFO] [stdout]              at /rustc/0e09125c6c3c2fd70d7de961bcf0e51575235fad/library/test/src/lib.rs:627:18
[INFO] [stdout]    5: test::run_test_in_process::{{closure}}
[INFO] [stdout]              at /rustc/0e09125c6c3c2fd70d7de961bcf0e51575235fad/library/test/src/lib.rs:650:60
[INFO] [stdout]       <core::panic::unwind_safe::AssertUnwindSafe<F> as core::ops::function::FnOnce<()>>::call_once
[INFO] [stdout]              at /rustc/0e09125c6c3c2fd70d7de961bcf0e51575235fad/library/core/src/panic/unwind_safe.rs:272:9
[INFO] [stdout]       std::panicking::try::do_call
[INFO] [stdout]              at /rustc/0e09125c6c3c2fd70d7de961bcf0e51575235fad/library/std/src/panicking.rs:552:40
[INFO] [stdout]       std::panicking::try
[INFO] [stdout]              at /rustc/0e09125c6c3c2fd70d7de961bcf0e51575235fad/library/std/src/panicking.rs:516:19
[INFO] [stdout]       std::panic::catch_unwind
[INFO] [stdout]              at /rustc/0e09125c6c3c2fd70d7de961bcf0e51575235fad/library/std/src/panic.rs:142:14
[INFO] [stdout]       test::run_test_in_process
[INFO] [stdout]              at /rustc/0e09125c6c3c2fd70d7de961bcf0e51575235fad/library/test/src/lib.rs:650:27
[INFO] [stdout]       test::run_test::{{closure}}
[INFO] [stdout]              at /rustc/0e09125c6c3c2fd70d7de961bcf0e51575235fad/library/test/src/lib.rs:573:43
[INFO] [stdout]    6: test::run_test::{{closure}}
[INFO] [stdout]              at /rustc/0e09125c6c3c2fd70d7de961bcf0e51575235fad/library/test/src/lib.rs:601:41
[INFO] [stdout]       std::sys_common::backtrace::__rust_begin_short_backtrace
[INFO] [stdout]              at /rustc/0e09125c6c3c2fd70d7de961bcf0e51575235fad/library/std/src/sys_common/backtrace.rs:155:18
[INFO] [stdout]    7: std::thread::Builder::spawn_unchecked_::{{closure}}::{{closure}}
[INFO] [stdout]              at /rustc/0e09125c6c3c2fd70d7de961bcf0e51575235fad/library/std/src/thread/mod.rs:529:17
[INFO] [stdout]       <core::panic::unwind_safe::AssertUnwindSafe<F> as core::ops::function::FnOnce<()>>::call_once
[INFO] [stdout]              at /rustc/0e09125c6c3c2fd70d7de961bcf0e51575235fad/library/core/src/panic/unwind_safe.rs:272:9
[INFO] [stdout]       std::panicking::try::do_call
[INFO] [stdout]              at /rustc/0e09125c6c3c2fd70d7de961bcf0e51575235fad/library/std/src/panicking.rs:552:40
[INFO] [stdout]       std::panicking::try
[INFO] [stdout]              at /rustc/0e09125c6c3c2fd70d7de961bcf0e51575235fad/library/std/src/panicking.rs:516:19
[INFO] [stdout]       std::panic::catch_unwind
[INFO] [stdout]              at /rustc/0e09125c6c3c2fd70d7de961bcf0e51575235fad/library/std/src/panic.rs:142:14
[INFO] [stdout]       std::thread::Builder::spawn_unchecked_::{{closure}}
[INFO] [stdout]              at /rustc/0e09125c6c3c2fd70d7de961bcf0e51575235fad/library/std/src/thread/mod.rs:528:30
[INFO] [stdout]       core::ops::function::FnOnce::call_once{{vtable.shim}}
[INFO] [stdout]              at /rustc/0e09125c6c3c2fd70d7de961bcf0e51575235fad/library/core/src/ops/function.rs:250:5
[INFO] [stdout]    8: <alloc::boxed::Box<F,A> as core::ops::function::FnOnce<Args>>::call_once
[INFO] [stdout]              at /rustc/0e09125c6c3c2fd70d7de961bcf0e51575235fad/library/alloc/src/boxed.rs:2015:9
[INFO] [stdout]       <alloc::boxed::Box<F,A> as core::ops::function::FnOnce<Args>>::call_once
[INFO] [stdout]              at /rustc/0e09125c6c3c2fd70d7de961bcf0e51575235fad/library/alloc/src/boxed.rs:2015:9
[INFO] [stdout]       std::sys::unix::thread::Thread::new::thread_start
[INFO] [stdout]              at /rustc/0e09125c6c3c2fd70d7de961bcf0e51575235fad/library/std/src/sys/unix/thread.rs:108:17
[INFO] [stdout]    9: <unknown>
[INFO] [stdout]   10: __clone
[INFO] [stdout] 
[INFO] [stdout] 
[INFO] [stdout] failures:
[INFO] [stdout]     lang::test::some_langs_are_supported
[INFO] [stdout] 
[INFO] [stdout] test result: FAILED. 41 passed; 1 failed; 0 ignored; 0 measured; 0 filtered out; finished in 0.19s
[INFO] [stdout] 
[INFO] [stderr] error: test failed, to rerun pass `--bin mdslw`
[INFO] running `Command { std: "docker" "inspect" "dc90622f86ac04602e7305fcabae6281d6d9f9508994ebd22c3880cfedb03177", kill_on_drop: false }`
[INFO] running `Command { std: "docker" "rm" "-f" "dc90622f86ac04602e7305fcabae6281d6d9f9508994ebd22c3880cfedb03177", kill_on_drop: false }`
[INFO] [stdout] dc90622f86ac04602e7305fcabae6281d6d9f9508994ebd22c3880cfedb03177
