[INFO] cloning repository https://github.com/rambocoder/zero2prod
[INFO] running `Command { std: "git" "-c" "credential.helper=" "-c" "credential.helper=/workspace/cargo-home/bin/git-credential-null" "clone" "--bare" "https://github.com/rambocoder/zero2prod" "/workspace/cache/git-repos/https%3A%2F%2Fgithub.com%2Frambocoder%2Fzero2prod", kill_on_drop: false }`
[INFO] [stderr] Cloning into bare repository '/workspace/cache/git-repos/https%3A%2F%2Fgithub.com%2Frambocoder%2Fzero2prod'...
[INFO] running `Command { std: "git" "rev-parse" "HEAD", kill_on_drop: false }`
[INFO] [stdout] 9c3a62681dcf3a32911fec383b4dddeecbc55510
[INFO] testing rambocoder/zero2prod against 1.75.0 for beta-1.76-1
[INFO] running `Command { std: "git" "clone" "/workspace/cache/git-repos/https%3A%2F%2Fgithub.com%2Frambocoder%2Fzero2prod" "/workspace/builds/worker-7-tc1/source", kill_on_drop: false }`
[INFO] [stderr] Cloning into '/workspace/builds/worker-7-tc1/source'...
[INFO] [stderr] done.
[INFO] validating manifest of git repo https://github.com/rambocoder/zero2prod on toolchain 1.75.0
[INFO] running `Command { std: CARGO_HOME="/workspace/cargo-home" RUSTUP_HOME="/workspace/rustup-home" "/workspace/cargo-home/bin/cargo" "+1.75.0" "metadata" "--manifest-path" "Cargo.toml" "--no-deps", kill_on_drop: false }`
[INFO] started tweaking git repo https://github.com/rambocoder/zero2prod
[INFO] finished tweaking git repo https://github.com/rambocoder/zero2prod
[INFO] tweaked toml for git repo https://github.com/rambocoder/zero2prod written to /workspace/builds/worker-7-tc1/source/Cargo.toml
[INFO] crate git repo https://github.com/rambocoder/zero2prod already has a lockfile, it will not be regenerated
[INFO] running `Command { std: CARGO_HOME="/workspace/cargo-home" RUSTUP_HOME="/workspace/rustup-home" "/workspace/cargo-home/bin/cargo" "+1.75.0" "fetch" "--manifest-path" "Cargo.toml", kill_on_drop: false }`
[INFO] [stderr]     Updating crates.io index
[INFO] [stderr]  Downloading crates ...
[INFO] [stderr]   Downloaded cxx-build v1.0.97
[INFO] [stderr]   Downloaded cxxbridge-flags v1.0.97
[INFO] [stderr]   Downloaded cxxbridge-macro v1.0.97
[INFO] [stderr]   Downloaded cxx v1.0.97
[INFO] running `Command { std: "docker" "create" "-v" "/var/lib/crater-agent-workspace/builds/worker-7-tc1/target:/opt/rustwide/target:rw,Z" "-v" "/var/lib/crater-agent-workspace/builds/worker-7-tc1/source:/opt/rustwide/workdir:ro,Z" "-v" "/var/lib/crater-agent-workspace/cargo-home:/opt/rustwide/cargo-home:ro,Z" "-v" "/var/lib/crater-agent-workspace/rustup-home:/opt/rustwide/rustup-home:ro,Z" "-e" "SOURCE_DIR=/opt/rustwide/workdir" "-e" "CARGO_TARGET_DIR=/opt/rustwide/target" "-e" "CARGO_HOME=/opt/rustwide/cargo-home" "-e" "RUSTUP_HOME=/opt/rustwide/rustup-home" "-w" "/opt/rustwide/workdir" "-m" "1610612736" "--user" "0:0" "--network" "none" "ghcr.io/rust-lang/crates-build-env/linux@sha256:2788e3201cd34a07e3172128adcd8b3090168a8e3bcc40d7c032b9dda1df7d1c" "/opt/rustwide/cargo-home/bin/cargo" "+1.75.0" "metadata" "--no-deps" "--format-version=1", kill_on_drop: false }`
[INFO] [stdout] c8f5f74fdc030bb1be51f85238e1b9e46863c78543397ab42976bcb053b61ddf
[INFO] running `Command { std: "docker" "start" "-a" "c8f5f74fdc030bb1be51f85238e1b9e46863c78543397ab42976bcb053b61ddf", kill_on_drop: false }`
[INFO] running `Command { std: "docker" "inspect" "c8f5f74fdc030bb1be51f85238e1b9e46863c78543397ab42976bcb053b61ddf", kill_on_drop: false }`
[INFO] running `Command { std: "docker" "rm" "-f" "c8f5f74fdc030bb1be51f85238e1b9e46863c78543397ab42976bcb053b61ddf", kill_on_drop: false }`
[INFO] [stdout] c8f5f74fdc030bb1be51f85238e1b9e46863c78543397ab42976bcb053b61ddf
[INFO] running `Command { std: "docker" "create" "-v" "/var/lib/crater-agent-workspace/builds/worker-7-tc1/target:/opt/rustwide/target:rw,Z" "-v" "/var/lib/crater-agent-workspace/builds/worker-7-tc1/source:/opt/rustwide/workdir:ro,Z" "-v" "/var/lib/crater-agent-workspace/cargo-home:/opt/rustwide/cargo-home:ro,Z" "-v" "/var/lib/crater-agent-workspace/rustup-home:/opt/rustwide/rustup-home:ro,Z" "-e" "SOURCE_DIR=/opt/rustwide/workdir" "-e" "CARGO_TARGET_DIR=/opt/rustwide/target" "-e" "CARGO_INCREMENTAL=0" "-e" "RUST_BACKTRACE=full" "-e" "RUSTFLAGS=--cap-lints=warn" "-e" "RUSTDOCFLAGS=--cap-lints=warn" "-e" "CARGO_HOME=/opt/rustwide/cargo-home" "-e" "RUSTUP_HOME=/opt/rustwide/rustup-home" "-w" "/opt/rustwide/workdir" "-m" "1610612736" "--user" "0:0" "--network" "none" "ghcr.io/rust-lang/crates-build-env/linux@sha256:2788e3201cd34a07e3172128adcd8b3090168a8e3bcc40d7c032b9dda1df7d1c" "/opt/rustwide/cargo-home/bin/cargo" "+1.75.0" "build" "--frozen" "--message-format=json", kill_on_drop: false }`
[INFO] [stdout] 7c43154328212a50f13b48faee5e3ce7aa596843cc2380896abf51dd9b177c0e
[INFO] running `Command { std: "docker" "start" "-a" "7c43154328212a50f13b48faee5e3ce7aa596843cc2380896abf51dd9b177c0e", kill_on_drop: false }`
[INFO] [stderr]    Compiling libc v0.2.151
[INFO] [stderr]    Compiling proc-macro2 v1.0.76
[INFO] [stderr]    Compiling unicode-ident v1.0.6
[INFO] [stderr]    Compiling syn v1.0.107
[INFO] [stderr]    Compiling log v0.4.17
[INFO] [stderr]    Compiling bytes v1.3.0
[INFO] [stderr]    Compiling futures-core v0.3.25
[INFO] [stderr]    Compiling lock_api v0.4.9
[INFO] [stderr]    Compiling parking_lot_core v0.9.5
[INFO] [stderr]    Compiling once_cell v1.17.0
[INFO] [stderr]    Compiling smallvec v1.10.0
[INFO] [stderr]    Compiling tokio v1.23.0
[INFO] [stderr]    Compiling fnv v1.0.7
[INFO] [stderr]    Compiling futures-sink v0.3.25
[INFO] [stderr]    Compiling itoa v1.0.5
[INFO] [stderr]    Compiling slab v0.4.7
[INFO] [stderr]    Compiling futures-channel v0.3.25
[INFO] [stderr]    Compiling futures-io v0.3.30
[INFO] [stderr]    Compiling futures-task v0.3.25
[INFO] [stderr]    Compiling futures-util v0.3.25
[INFO] [stderr]    Compiling typenum v1.16.0
[INFO] [stderr]    Compiling generic-array v0.14.6
[INFO] [stderr]    Compiling tracing-core v0.1.30
[INFO] [stderr]    Compiling serde v1.0.195
[INFO] [stderr]    Compiling quote v1.0.35
[INFO] [stderr]    Compiling indexmap v1.9.2
[INFO] [stderr]    Compiling http v0.2.8
[INFO] [stderr]    Compiling jobserver v0.1.25
[INFO] [stderr]    Compiling cc v1.0.78
[INFO] [stderr]    Compiling syn v2.0.48
[INFO] [stderr]    Compiling getrandom v0.2.8
[INFO] [stderr]    Compiling parking_lot v0.12.1
[INFO] [stderr]    Compiling socket2 v0.4.7
[INFO] [stderr]    Compiling num_cpus v1.15.0
[INFO] [stderr]    Compiling mio v0.8.5
[INFO] [stderr]    Compiling signal-hook-registry v1.4.0
[INFO] [stderr]    Compiling tracing v0.1.37
[INFO] [stderr]    Compiling subtle v2.4.1
[INFO] [stderr]    Compiling pkg-config v0.3.26
[INFO] [stderr]    Compiling hashbrown v0.12.3
[INFO] [stderr]    Compiling percent-encoding v2.2.0
[INFO] [stderr]    Compiling unicode-normalization v0.1.22
[INFO] [stderr]    Compiling unicode-bidi v0.3.8
[INFO] [stderr]    Compiling ring v0.17.3
[INFO] [stderr]    Compiling openssl-sys v0.9.80
[INFO] [stderr]    Compiling rand_core v0.6.4
[INFO] [stderr]    Compiling ppv-lite86 v0.2.17
[INFO] [stderr]    Compiling zstd-sys v2.0.4+zstd.1.5.2
[INFO] [stderr]    Compiling form_urlencoded v1.1.0
[INFO] [stderr]    Compiling httparse v1.8.0
[INFO] [stderr]    Compiling idna v0.3.0
[INFO] [stderr]    Compiling spin v0.9.8
[INFO] [stderr]    Compiling rand_chacha v0.3.1
[INFO] [stderr]    Compiling serde_json v1.0.91
[INFO] [stderr]    Compiling strsim v0.10.0
[INFO] [stderr]    Compiling semver-parser v0.7.0
[INFO] [stderr]    Compiling crypto-common v0.1.6
[INFO] [stderr]    Compiling block-buffer v0.10.3
[INFO] [stderr]    Compiling rand v0.8.5
[INFO] [stderr]    Compiling digest v0.10.6
[INFO] [stderr]    Compiling ident_case v1.0.1
[INFO] [stderr]    Compiling openssl v0.10.45
[INFO] [stderr]    Compiling foreign-types-shared v0.1.1
[INFO] [stderr]    Compiling paste v1.0.11
[INFO] [stderr]    Compiling ryu v1.0.12
[INFO] [stderr]    Compiling cpufeatures v0.2.5
[INFO] [stderr]    Compiling untrusted v0.9.0
[INFO] [stderr]    Compiling time-core v0.1.0
[INFO] [stderr]    Compiling foreign-types v0.3.2
[INFO] [stderr]    Compiling url v2.3.1
[INFO] [stderr]    Compiling time-macros v0.2.6
[INFO] [stderr]    Compiling semver v0.9.0
[INFO] [stderr]    Compiling bytestring v1.2.0
[INFO] [stderr]    Compiling aho-corasick v0.7.20
[INFO] [stderr]    Compiling httpdate v1.0.2
[INFO] [stderr]    Compiling darling_core v0.13.4
[INFO] [stderr]    Compiling regex-syntax v0.6.28
[INFO] [stderr]    Compiling local-waker v0.1.3
[INFO] [stderr]    Compiling async-trait v0.1.77
[INFO] [stderr]    Compiling base64 v0.13.1
[INFO] [stderr]    Compiling zstd-safe v5.0.2+zstd.1.5.2
[INFO] [stderr]    Compiling encoding_rs v0.8.31
[INFO] [stderr]    Compiling native-tls v0.2.11
[INFO] [stderr]    Compiling thiserror v1.0.56
[INFO] [stderr]    Compiling alloc-no-stdlib v2.0.4
[INFO] [stderr]    Compiling alloc-stdlib v0.2.2
[INFO] [stderr]    Compiling time v0.3.17
[INFO] [stderr]    Compiling rustc_version v0.2.3
[INFO] [stderr]    Compiling ahash v0.8.6
[INFO] [stderr]    Compiling num-traits v0.2.17
[INFO] [stderr]    Compiling rustls v0.21.10
[INFO] [stderr]    Compiling openssl-probe v0.1.5
[INFO] [stderr]    Compiling serde_derive v1.0.195
[INFO] [stderr]    Compiling regex v1.7.0
[INFO] [stderr]    Compiling thiserror-impl v1.0.56
[INFO] [stderr]    Compiling heck v0.4.1
[INFO] [stderr]    Compiling match_cfg v0.1.0
[INFO] [stderr]    Compiling convert_case v0.4.0
[INFO] [stderr]    Compiling tokio-macros v1.8.2
[INFO] [stderr]    Compiling futures-macro v0.3.25
[INFO] [stderr]    Compiling openssl-macros v0.1.0
[INFO] [stderr]    Compiling darling_macro v0.13.4
[INFO] [stderr]    Compiling ipnet v2.7.0
[INFO] [stderr]    Compiling matches v0.1.10
[INFO] [stderr]    Compiling try-lock v0.2.3
[INFO] [stderr]    Compiling want v0.3.0
[INFO] [stderr]    Compiling idna v0.2.3
[INFO] [stderr]    Compiling darling v0.13.4
[INFO] [stderr]    Compiling miniz_oxide v0.6.2
[INFO] [stderr]    Compiling wyz v0.5.1
[INFO] [stderr]    Compiling derive_more v0.99.17
[INFO] [stderr]    Compiling enum-as-inner v0.4.0
[INFO] [stderr]    Compiling hostname v0.3.1
[INFO] [stderr]    Compiling actix-service v2.0.2
[INFO] [stderr]    Compiling rustc_version_runtime v0.2.1
[INFO] [stderr]    Compiling brotli-decompressor v2.3.2
[INFO] [stderr]    Compiling actix-utils v3.0.1
[INFO] [stderr]    Compiling http-body v0.4.5
[INFO] [stderr]    Compiling cookie v0.16.2
[INFO] [stderr]    Compiling data-encoding v2.5.0
[INFO] [stderr]    Compiling tokio-util v0.7.4
[INFO] [stderr]    Compiling actix-rt v2.7.0
[INFO] [stderr]    Compiling h2 v0.3.15
[INFO] [stderr]    Compiling quick-error v1.2.3
[INFO] [stderr]    Compiling zerocopy v0.7.32
[INFO] [stderr]    Compiling tower-service v0.3.2
[INFO] [stderr]    Compiling mime v0.3.16
[INFO] [stderr]    Compiling linked-hash-map v0.5.6
[INFO] [stderr]    Compiling lru-cache v0.1.2
[INFO] [stderr]    Compiling trust-dns-proto v0.21.2
[INFO] [stderr]    Compiling serde_urlencoded v0.7.1
[INFO] [stderr]    Compiling uuid v1.6.1
[INFO] [stderr]    Compiling serde_bytes v0.11.14
[INFO] [stderr]    Compiling resolv-conf v0.7.0
[INFO] [stderr]    Compiling actix-codec v0.5.0
[INFO] [stderr]    Compiling brotli v3.3.4
[INFO] [stderr]    Compiling actix-router v0.5.1
[INFO] [stderr]    Compiling tokio-native-tls v0.3.0
[INFO] [stderr]    Compiling bitvec v1.0.1
[INFO] [stderr]    Compiling local-channel v0.1.3
[INFO] [stderr]    Compiling futures-executor v0.3.25
[INFO] [stderr]    Compiling flate2 v1.0.25
[INFO] [stderr]    Compiling ahash v0.7.6
[INFO] [stderr]    Compiling serde_with_macros v1.5.2
[INFO] [stderr]    Compiling sha1 v0.10.5
[INFO] [stderr]    Compiling base64 v0.21.5
[INFO] [stderr]    Compiling language-tags v0.3.2
[INFO] [stderr]    Compiling finl_unicode v1.2.0
[INFO] [stderr]    Compiling anyhow v1.0.68
[INFO] [stderr]    Compiling iana-time-zone v0.1.59
[INFO] [stderr]    Compiling stringprep v0.1.4
[INFO] [stderr]    Compiling serde_with v1.14.0
[INFO] [stderr]    Compiling chrono v0.4.31
[INFO] [stderr]    Compiling rustls-pemfile v1.0.4
[INFO] [stderr]    Compiling bson v2.8.1
[INFO] [stderr]    Compiling trust-dns-resolver v0.21.2
[INFO] [stderr]    Compiling hyper v0.14.23
[INFO] [stderr]    Compiling actix-web-codegen v4.1.0
[INFO] [stderr]    Compiling actix-server v2.1.1
[INFO] [stderr]    Compiling derivative v2.2.0
[INFO] [stderr]    Compiling typed-builder v0.10.0
[INFO] [stderr]    Compiling hyper-tls v0.5.0
[INFO] [stderr]    Compiling actix-macros v0.2.3
[INFO] [stderr]    Compiling sha2 v0.10.6
[INFO] [stderr]    Compiling sha-1 v0.10.1
[INFO] [stderr]    Compiling md-5 v0.10.5
[INFO] [stderr]    Compiling pbkdf2 v0.11.0
[INFO] [stderr]    Compiling hmac v0.12.1
[INFO] [stderr]    Compiling take_mut v0.2.2
[INFO] [stderr]    Compiling webpki-roots v0.25.3
[INFO] [stderr]    Compiling reqwest v0.11.13
[INFO] [stderr]    Compiling futures v0.3.25
[INFO] [stderr]    Compiling dotenv v0.15.0
[INFO] [stderr]    Compiling zstd v0.11.2+zstd.1.5.2
[INFO] [stderr]    Compiling actix-http v3.2.2
[INFO] [stderr]    Compiling sct v0.7.1
[INFO] [stderr]    Compiling rustls-webpki v0.101.7
[INFO] [stderr]    Compiling actix-web v4.2.1
[INFO] [stderr]    Compiling tokio-rustls v0.24.1
[INFO] [stderr]    Compiling mongodb v2.8.0
[INFO] [stderr]    Compiling zero2prod v0.1.0 (/opt/rustwide/workdir)
[INFO] [stdout] warning: unused imports: `Json`, `Path`
[INFO] [stdout]  --> src/lib.rs:9:17
[INFO] [stdout]   |
[INFO] [stdout] 9 |     web::{Data, Json, Path},
[INFO] [stdout]   |                 ^^^^  ^^^^
[INFO] [stdout]   |
[INFO] [stdout]   = note: `#[warn(unused_imports)]` on by default
[INFO] [stdout] 
[INFO] [stdout] 
[INFO] [stdout] warning: 1 warning emitted
[INFO] [stdout] 
[INFO] [stdout] 
[INFO] [stderr]     Finished dev [unoptimized + debuginfo] target(s) in 1m 37s
[INFO] running `Command { std: "docker" "inspect" "7c43154328212a50f13b48faee5e3ce7aa596843cc2380896abf51dd9b177c0e", kill_on_drop: false }`
[INFO] running `Command { std: "docker" "rm" "-f" "7c43154328212a50f13b48faee5e3ce7aa596843cc2380896abf51dd9b177c0e", kill_on_drop: false }`
[INFO] [stdout] 7c43154328212a50f13b48faee5e3ce7aa596843cc2380896abf51dd9b177c0e
[INFO] running `Command { std: "docker" "create" "-v" "/var/lib/crater-agent-workspace/builds/worker-7-tc1/target:/opt/rustwide/target:rw,Z" "-v" "/var/lib/crater-agent-workspace/builds/worker-7-tc1/source:/opt/rustwide/workdir:ro,Z" "-v" "/var/lib/crater-agent-workspace/cargo-home:/opt/rustwide/cargo-home:ro,Z" "-v" "/var/lib/crater-agent-workspace/rustup-home:/opt/rustwide/rustup-home:ro,Z" "-e" "SOURCE_DIR=/opt/rustwide/workdir" "-e" "CARGO_TARGET_DIR=/opt/rustwide/target" "-e" "CARGO_INCREMENTAL=0" "-e" "RUST_BACKTRACE=full" "-e" "RUSTFLAGS=--cap-lints=warn" "-e" "RUSTDOCFLAGS=--cap-lints=warn" "-e" "CARGO_HOME=/opt/rustwide/cargo-home" "-e" "RUSTUP_HOME=/opt/rustwide/rustup-home" "-w" "/opt/rustwide/workdir" "-m" "1610612736" "--user" "0:0" "--network" "none" "ghcr.io/rust-lang/crates-build-env/linux@sha256:2788e3201cd34a07e3172128adcd8b3090168a8e3bcc40d7c032b9dda1df7d1c" "/opt/rustwide/cargo-home/bin/cargo" "+1.75.0" "test" "--frozen" "--no-run" "--message-format=json", kill_on_drop: false }`
[INFO] [stdout] 103a5999358f220a3906660f8f65511ec14609f85f8b34032c2ae1596c703858
[INFO] running `Command { std: "docker" "start" "-a" "103a5999358f220a3906660f8f65511ec14609f85f8b34032c2ae1596c703858", kill_on_drop: false }`
[INFO] [stderr]    Compiling zero2prod v0.1.0 (/opt/rustwide/workdir)
[INFO] [stdout] warning: unused imports: `Json`, `Path`
[INFO] [stdout]  --> src/lib.rs:9:17
[INFO] [stdout]   |
[INFO] [stdout] 9 |     web::{Data, Json, Path},
[INFO] [stdout]   |                 ^^^^  ^^^^
[INFO] [stdout]   |
[INFO] [stdout]   = note: `#[warn(unused_imports)]` on by default
[INFO] [stdout] 
[INFO] [stdout] 
[INFO] [stdout] warning: 1 warning emitted
[INFO] [stdout] 
[INFO] [stdout] 
[INFO] [stdout] warning: unused imports: `Json`, `Path`
[INFO] [stdout]  --> src/lib.rs:9:17
[INFO] [stdout]   |
[INFO] [stdout] 9 |     web::{Data, Json, Path},
[INFO] [stdout]   |                 ^^^^  ^^^^
[INFO] [stdout]   |
[INFO] [stdout]   = note: `#[warn(unused_imports)]` on by default
[INFO] [stdout] 
[INFO] [stdout] 
[INFO] [stdout] warning: 1 warning emitted
[INFO] [stdout] 
[INFO] [stdout] 
[INFO] [stderr]     Finished test [unoptimized + debuginfo] target(s) in 6.39s
[INFO] running `Command { std: "docker" "inspect" "103a5999358f220a3906660f8f65511ec14609f85f8b34032c2ae1596c703858", kill_on_drop: false }`
[INFO] running `Command { std: "docker" "rm" "-f" "103a5999358f220a3906660f8f65511ec14609f85f8b34032c2ae1596c703858", kill_on_drop: false }`
[INFO] [stdout] 103a5999358f220a3906660f8f65511ec14609f85f8b34032c2ae1596c703858
[INFO] running `Command { std: "docker" "create" "-v" "/var/lib/crater-agent-workspace/builds/worker-7-tc1/target:/opt/rustwide/target:rw,Z" "-v" "/var/lib/crater-agent-workspace/builds/worker-7-tc1/source:/opt/rustwide/workdir:ro,Z" "-v" "/var/lib/crater-agent-workspace/cargo-home:/opt/rustwide/cargo-home:ro,Z" "-v" "/var/lib/crater-agent-workspace/rustup-home:/opt/rustwide/rustup-home:ro,Z" "-e" "SOURCE_DIR=/opt/rustwide/workdir" "-e" "CARGO_TARGET_DIR=/opt/rustwide/target" "-e" "CARGO_INCREMENTAL=0" "-e" "RUST_BACKTRACE=full" "-e" "RUSTFLAGS=--cap-lints=warn" "-e" "RUSTDOCFLAGS=--cap-lints=warn" "-e" "CARGO_HOME=/opt/rustwide/cargo-home" "-e" "RUSTUP_HOME=/opt/rustwide/rustup-home" "-w" "/opt/rustwide/workdir" "-m" "1610612736" "--user" "0:0" "--network" "none" "ghcr.io/rust-lang/crates-build-env/linux@sha256:2788e3201cd34a07e3172128adcd8b3090168a8e3bcc40d7c032b9dda1df7d1c" "/opt/rustwide/cargo-home/bin/cargo" "+1.75.0" "test" "--frozen", kill_on_drop: false }`
[INFO] [stdout] a38d7fb9444c17f25d90ce8560406e3611c280af0df5ab274eb8b80011e7118f
[INFO] running `Command { std: "docker" "start" "-a" "a38d7fb9444c17f25d90ce8560406e3611c280af0df5ab274eb8b80011e7118f", kill_on_drop: false }`
[INFO] [stderr] warning: unused imports: `Json`, `Path`
[INFO] [stderr]  --> src/lib.rs:9:17
[INFO] [stderr]   |
[INFO] [stderr] 9 |     web::{Data, Json, Path},
[INFO] [stderr]   |                 ^^^^  ^^^^
[INFO] [stderr]   |
[INFO] [stderr]   = note: `#[warn(unused_imports)]` on by default
[INFO] [stderr] 
[INFO] [stderr] warning: `zero2prod` (lib) generated 1 warning (run `cargo fix --lib -p zero2prod` to apply 1 suggestion)
[INFO] [stderr] warning: `zero2prod` (lib test) generated 1 warning (1 duplicate)
[INFO] [stderr]     Finished test [unoptimized + debuginfo] target(s) in 0.12s
[INFO] [stderr]      Running unittests src/lib.rs (/opt/rustwide/target/debug/deps/zero2prod-3f5f69f4f058b388)
[INFO] [stdout] 
[INFO] [stdout] running 0 tests
[INFO] [stdout] 
[INFO] [stdout] test result: ok. 0 passed; 0 failed; 0 ignored; 0 measured; 0 filtered out; finished in 0.00s
[INFO] [stdout] 
[INFO] [stderr]      Running unittests src/main.rs (/opt/rustwide/target/debug/deps/zero2prod-7540e5c1bed79746)
[INFO] [stdout] 
[INFO] [stdout] running 0 tests
[INFO] [stdout] 
[INFO] [stdout] test result: ok. 0 passed; 0 failed; 0 ignored; 0 measured; 0 filtered out; finished in 0.00s
[INFO] [stdout] 
[INFO] [stderr]      Running tests/health_check.rs (/opt/rustwide/target/debug/deps/health_check-b7a935246958c246)
[INFO] [stdout] 
[INFO] [stdout] running 1 test
[INFO] [stdout] test health_check_works ... FAILED
[INFO] [stdout] 
[INFO] [stdout] failures:
[INFO] [stdout] 
[INFO] [stdout] ---- health_check_works stdout ----
[INFO] [stdout] thread 'health_check_works' panicked at /opt/rustwide/workdir/src/repository/mongodb_repo.rs:21:40:
[INFO] [stdout] MONGOURI must be set: NotPresent
[INFO] [stdout] stack backtrace:
[INFO] [stdout]    0:     0x556a1b53f30c - std::backtrace_rs::backtrace::libunwind::trace::ha637c64ce894333a
[INFO] [stdout]                                at /rustc/82e1608dfa6e0b5569232559e3d385fea5a93112/library/std/src/../../backtrace/src/backtrace/libunwind.rs:104:5
[INFO] [stdout]    1:     0x556a1b53f30c - std::backtrace_rs::backtrace::trace_unsynchronized::h47f62dea28e0c88d
[INFO] [stdout]                                at /rustc/82e1608dfa6e0b5569232559e3d385fea5a93112/library/std/src/../../backtrace/src/backtrace/mod.rs:66:5
[INFO] [stdout]    2:     0x556a1b53f30c - std::sys_common::backtrace::_print_fmt::h9eef0abe20ede486
[INFO] [stdout]                                at /rustc/82e1608dfa6e0b5569232559e3d385fea5a93112/library/std/src/sys_common/backtrace.rs:67:5
[INFO] [stdout]    3:     0x556a1b53f30c - <std::sys_common::backtrace::_print::DisplayBacktrace as core::fmt::Display>::fmt::hed7f999df88cc644
[INFO] [stdout]                                at /rustc/82e1608dfa6e0b5569232559e3d385fea5a93112/library/std/src/sys_common/backtrace.rs:44:22
[INFO] [stdout]    4:     0x556a1b56f9e0 - core::fmt::rt::Argument::fmt::h1539a9308b8d058d
[INFO] [stdout]                                at /rustc/82e1608dfa6e0b5569232559e3d385fea5a93112/library/core/src/fmt/rt.rs:142:9
[INFO] [stdout]    5:     0x556a1b56f9e0 - core::fmt::write::h3a39390d8560d9c9
[INFO] [stdout]                                at /rustc/82e1608dfa6e0b5569232559e3d385fea5a93112/library/core/src/fmt/mod.rs:1120:17
[INFO] [stdout]    6:     0x556a1b53ba5f - std::io::Write::write_fmt::h040b369f3a0f9cbc
[INFO] [stdout]                                at /rustc/82e1608dfa6e0b5569232559e3d385fea5a93112/library/std/src/io/mod.rs:1762:15
[INFO] [stdout]    7:     0x556a1b53f0f4 - std::sys_common::backtrace::_print::h894006fb5c6f3d45
[INFO] [stdout]                                at /rustc/82e1608dfa6e0b5569232559e3d385fea5a93112/library/std/src/sys_common/backtrace.rs:47:5
[INFO] [stdout]    8:     0x556a1b53f0f4 - std::sys_common::backtrace::print::h23a2d212c6fff936
[INFO] [stdout]                                at /rustc/82e1608dfa6e0b5569232559e3d385fea5a93112/library/std/src/sys_common/backtrace.rs:34:9
[INFO] [stdout]    9:     0x556a1b540db7 - std::panicking::default_hook::{{closure}}::h8a1d2ee00185001a
[INFO] [stdout]   10:     0x556a1b540aa3 - std::panicking::default_hook::h6038f2eba384e475
[INFO] [stdout]                                at /rustc/82e1608dfa6e0b5569232559e3d385fea5a93112/library/std/src/panicking.rs:289:9
[INFO] [stdout]   11:     0x556a1a4a20a7 - <alloc::boxed::Box<F,A> as core::ops::function::Fn<Args>>::call::h0ad024c9bdc6d768
[INFO] [stdout]                                at /rustc/82e1608dfa6e0b5569232559e3d385fea5a93112/library/alloc/src/boxed.rs:2021:9
[INFO] [stdout]   12:     0x556a1a4a20a7 - test::test_main::{{closure}}::h7500b54257359db6
[INFO] [stdout]                                at /rustc/82e1608dfa6e0b5569232559e3d385fea5a93112/library/test/src/lib.rs:138:21
[INFO] [stdout]   13:     0x556a1b5413c8 - <alloc::boxed::Box<F,A> as core::ops::function::Fn<Args>>::call::h1f8f335eaa9cfaee
[INFO] [stdout]                                at /rustc/82e1608dfa6e0b5569232559e3d385fea5a93112/library/alloc/src/boxed.rs:2021:9
[INFO] [stdout]   14:     0x556a1b5413c8 - std::panicking::rust_panic_with_hook::h2b5517d590cab22e
[INFO] [stdout]                                at /rustc/82e1608dfa6e0b5569232559e3d385fea5a93112/library/std/src/panicking.rs:783:13
[INFO] [stdout]   15:     0x556a1b54111e - std::panicking::begin_panic_handler::{{closure}}::h233112c06e0ef43e
[INFO] [stdout]                                at /rustc/82e1608dfa6e0b5569232559e3d385fea5a93112/library/std/src/panicking.rs:657:13
[INFO] [stdout]   16:     0x556a1b53f7d6 - std::sys_common::backtrace::__rust_end_short_backtrace::h6e893f24d7ebbff8
[INFO] [stdout]                                at /rustc/82e1608dfa6e0b5569232559e3d385fea5a93112/library/std/src/sys_common/backtrace.rs:170:18
[INFO] [stdout]   17:     0x556a1b540e82 - rust_begin_unwind
[INFO] [stdout]                                at /rustc/82e1608dfa6e0b5569232559e3d385fea5a93112/library/std/src/panicking.rs:645:5
[INFO] [stdout]   18:     0x556a1a1db775 - core::panicking::panic_fmt::hbf0e066aabfa482c
[INFO] [stdout]                                at /rustc/82e1608dfa6e0b5569232559e3d385fea5a93112/library/core/src/panicking.rs:72:14
[INFO] [stdout]   19:     0x556a1a1dbd43 - core::result::unwrap_failed::hddb4fea594200c52
[INFO] [stdout]                                at /rustc/82e1608dfa6e0b5569232559e3d385fea5a93112/library/core/src/result.rs:1653:5
[INFO] [stdout]   20:     0x556a1a1f5476 - core::result::Result<T,E>::expect::h669bcc510ae52a81
[INFO] [stdout]                                at /rustc/82e1608dfa6e0b5569232559e3d385fea5a93112/library/core/src/result.rs:1034:23
[INFO] [stdout]   21:     0x556a1a1f97c1 - zero2prod::repository::mongodb_repo::MongoRepo::init::{{closure}}::hcbba35ce3c6c12ac
[INFO] [stdout]                                at /opt/rustwide/workdir/src/repository/mongodb_repo.rs:21:19
[INFO] [stdout]   22:     0x556a1a1e58d4 - health_check::health_check_works::{{closure}}::h4faadf87cafcb834
[INFO] [stdout]                                at /opt/rustwide/workdir/tests/health_check.rs:8:32
[INFO] [stdout]   23:     0x556a1a1e4528 - <core::pin::Pin<P> as core::future::future::Future>::poll::h72813c20178d8738
[INFO] [stdout]                                at /rustc/82e1608dfa6e0b5569232559e3d385fea5a93112/library/core/src/future/future.rs:125:9
[INFO] [stdout]   24:     0x556a1a1e45bb - <core::pin::Pin<P> as core::future::future::Future>::poll::hd5ccae68a37b7111
[INFO] [stdout]                                at /rustc/82e1608dfa6e0b5569232559e3d385fea5a93112/library/core/src/future/future.rs:125:9
[INFO] [stdout]   25:     0x556a1a1f1434 - tokio::runtime::scheduler::current_thread::CoreGuard::block_on::{{closure}}::{{closure}}::{{closure}}::hef74af3fef03229e
[INFO] [stdout]                                at /opt/rustwide/cargo-home/registry/src/index.crates.io-6f17d22bba15001f/tokio-1.23.0/src/runtime/scheduler/current_thread.rs:541:57
[INFO] [stdout]   26:     0x556a1a1f136a - tokio::runtime::coop::with_budget::h63da8bc0afeea00c
[INFO] [stdout]                                at /opt/rustwide/cargo-home/registry/src/index.crates.io-6f17d22bba15001f/tokio-1.23.0/src/runtime/coop.rs:102:5
[INFO] [stdout]   27:     0x556a1a1f136a - tokio::runtime::coop::budget::he2f146d94f791836
[INFO] [stdout]                                at /opt/rustwide/cargo-home/registry/src/index.crates.io-6f17d22bba15001f/tokio-1.23.0/src/runtime/coop.rs:68:5
[INFO] [stdout]   28:     0x556a1a1f136a - tokio::runtime::scheduler::current_thread::CoreGuard::block_on::{{closure}}::{{closure}}::h8ea62954d5c3be7a
[INFO] [stdout]                                at /opt/rustwide/cargo-home/registry/src/index.crates.io-6f17d22bba15001f/tokio-1.23.0/src/runtime/scheduler/current_thread.rs:541:25
[INFO] [stdout]   29:     0x556a1a1efb2c - tokio::runtime::scheduler::current_thread::Context::enter::h2f53a5875b6e7d62
[INFO] [stdout]                                at /opt/rustwide/cargo-home/registry/src/index.crates.io-6f17d22bba15001f/tokio-1.23.0/src/runtime/scheduler/current_thread.rs:350:19
[INFO] [stdout]   30:     0x556a1a1f0912 - tokio::runtime::scheduler::current_thread::CoreGuard::block_on::{{closure}}::he4347e52078c3d12
[INFO] [stdout]                                at /opt/rustwide/cargo-home/registry/src/index.crates.io-6f17d22bba15001f/tokio-1.23.0/src/runtime/scheduler/current_thread.rs:540:36
[INFO] [stdout]   31:     0x556a1a1f062b - tokio::runtime::scheduler::current_thread::CoreGuard::enter::{{closure}}::h54a653816dee305f
[INFO] [stdout]                                at /opt/rustwide/cargo-home/registry/src/index.crates.io-6f17d22bba15001f/tokio-1.23.0/src/runtime/scheduler/current_thread.rs:615:57
[INFO] [stdout]   32:     0x556a1a1ee1dd - tokio::macros::scoped_tls::ScopedKey<T>::set::hba4cedc9eb754056
[INFO] [stdout]                                at /opt/rustwide/cargo-home/registry/src/index.crates.io-6f17d22bba15001f/tokio-1.23.0/src/macros/scoped_tls.rs:61:9
[INFO] [stdout]   33:     0x556a1a1f03bf - tokio::runtime::scheduler::current_thread::CoreGuard::enter::h247f7ba0293ae4b5
[INFO] [stdout]                                at /opt/rustwide/cargo-home/registry/src/index.crates.io-6f17d22bba15001f/tokio-1.23.0/src/runtime/scheduler/current_thread.rs:615:27
[INFO] [stdout]   34:     0x556a1a1f065c - tokio::runtime::scheduler::current_thread::CoreGuard::block_on::h965df89597871317
[INFO] [stdout]                                at /opt/rustwide/cargo-home/registry/src/index.crates.io-6f17d22bba15001f/tokio-1.23.0/src/runtime/scheduler/current_thread.rs:530:19
[INFO] [stdout]   35:     0x556a1a1ef10d - tokio::runtime::scheduler::current_thread::CurrentThread::block_on::hb1cc9e3b14eeb5ee
[INFO] [stdout]                                at /opt/rustwide/cargo-home/registry/src/index.crates.io-6f17d22bba15001f/tokio-1.23.0/src/runtime/scheduler/current_thread.rs:154:24
[INFO] [stdout]   36:     0x556a1a1e3ced - tokio::runtime::runtime::Runtime::block_on::hdbec8ce1390c0c64
[INFO] [stdout]                                at /opt/rustwide/cargo-home/registry/src/index.crates.io-6f17d22bba15001f/tokio-1.23.0/src/runtime/runtime.rs:282:47
[INFO] [stdout]   37:     0x556a1a1e5679 - health_check::health_check_works::h9e1e78d824fd6113
[INFO] [stdout]                                at /opt/rustwide/workdir/tests/health_check.rs:21:5
[INFO] [stdout]   38:     0x556a1a1e54e7 - health_check::health_check_works::{{closure}}::h6102d0e1a698b3fb
[INFO] [stdout]                                at /opt/rustwide/workdir/tests/health_check.rs:6:30
[INFO] [stdout]   39:     0x556a1a1ddff6 - core::ops::function::FnOnce::call_once::h701620e26ed5219b
[INFO] [stdout]                                at /rustc/82e1608dfa6e0b5569232559e3d385fea5a93112/library/core/src/ops/function.rs:250:5
[INFO] [stdout]   40:     0x556a1a4a76ff - core::ops::function::FnOnce::call_once::h2b5d431d5046312d
[INFO] [stdout]                                at /rustc/82e1608dfa6e0b5569232559e3d385fea5a93112/library/core/src/ops/function.rs:250:5
[INFO] [stdout]   41:     0x556a1a4a76ff - test::__rust_begin_short_backtrace::h7714669af176e207
[INFO] [stdout]                                at /rustc/82e1608dfa6e0b5569232559e3d385fea5a93112/library/test/src/lib.rs:628:18
[INFO] [stdout]   42:     0x556a1a4a6715 - test::run_test_in_process::{{closure}}::h85218797dcbcec12
[INFO] [stdout]                                at /rustc/82e1608dfa6e0b5569232559e3d385fea5a93112/library/test/src/lib.rs:651:60
[INFO] [stdout]   43:     0x556a1a4a6715 - <core::panic::unwind_safe::AssertUnwindSafe<F> as core::ops::function::FnOnce<()>>::call_once::h76c106ea31c14d7b
[INFO] [stdout]                                at /rustc/82e1608dfa6e0b5569232559e3d385fea5a93112/library/core/src/panic/unwind_safe.rs:272:9
[INFO] [stdout]   44:     0x556a1a4a6715 - std::panicking::try::do_call::h3bd5d0f6620ee946
[INFO] [stdout]                                at /rustc/82e1608dfa6e0b5569232559e3d385fea5a93112/library/std/src/panicking.rs:552:40
[INFO] [stdout]   45:     0x556a1a4a6715 - std::panicking::try::h232e535e4744fe31
[INFO] [stdout]                                at /rustc/82e1608dfa6e0b5569232559e3d385fea5a93112/library/std/src/panicking.rs:516:19
[INFO] [stdout]   46:     0x556a1a4a6715 - std::panic::catch_unwind::h3ce3bd6ca8dbac68
[INFO] [stdout]                                at /rustc/82e1608dfa6e0b5569232559e3d385fea5a93112/library/std/src/panic.rs:142:14
[INFO] [stdout]   47:     0x556a1a4a6715 - test::run_test_in_process::hc97b257c9621286a
[INFO] [stdout]                                at /rustc/82e1608dfa6e0b5569232559e3d385fea5a93112/library/test/src/lib.rs:651:27
[INFO] [stdout]   48:     0x556a1a4a6715 - test::run_test::{{closure}}::h2aa798823a438d38
[INFO] [stdout]                                at /rustc/82e1608dfa6e0b5569232559e3d385fea5a93112/library/test/src/lib.rs:574:43
[INFO] [stdout]   49:     0x556a1a46e9d6 - test::run_test::{{closure}}::h87d231c78fb59832
[INFO] [stdout]                                at /rustc/82e1608dfa6e0b5569232559e3d385fea5a93112/library/test/src/lib.rs:602:41
[INFO] [stdout]   50:     0x556a1a46e9d6 - std::sys_common::backtrace::__rust_begin_short_backtrace::he6df152596625789
[INFO] [stdout]                                at /rustc/82e1608dfa6e0b5569232559e3d385fea5a93112/library/std/src/sys_common/backtrace.rs:154:18
[INFO] [stdout]   51:     0x556a1a473a87 - std::thread::Builder::spawn_unchecked_::{{closure}}::{{closure}}::ha94be15d1e0acf36
[INFO] [stdout]                                at /rustc/82e1608dfa6e0b5569232559e3d385fea5a93112/library/std/src/thread/mod.rs:529:17
[INFO] [stdout]   52:     0x556a1a473a87 - <core::panic::unwind_safe::AssertUnwindSafe<F> as core::ops::function::FnOnce<()>>::call_once::h9dc6bd6372f16606
[INFO] [stdout]                                at /rustc/82e1608dfa6e0b5569232559e3d385fea5a93112/library/core/src/panic/unwind_safe.rs:272:9
[INFO] [stdout]   53:     0x556a1a473a87 - std::panicking::try::do_call::h9057517f80303cd4
[INFO] [stdout]                                at /rustc/82e1608dfa6e0b5569232559e3d385fea5a93112/library/std/src/panicking.rs:552:40
[INFO] [stdout]   54:     0x556a1a473a87 - std::panicking::try::he3a30b11ee45340c
[INFO] [stdout]                                at /rustc/82e1608dfa6e0b5569232559e3d385fea5a93112/library/std/src/panicking.rs:516:19
[INFO] [stdout]   55:     0x556a1a473a87 - std::panic::catch_unwind::h410458cfd3528b8b
[INFO] [stdout]                                at /rustc/82e1608dfa6e0b5569232559e3d385fea5a93112/library/std/src/panic.rs:142:14
[INFO] [stdout]   56:     0x556a1a473a87 - std::thread::Builder::spawn_unchecked_::{{closure}}::h72ac3bdb567b737b
[INFO] [stdout]                                at /rustc/82e1608dfa6e0b5569232559e3d385fea5a93112/library/std/src/thread/mod.rs:528:30
[INFO] [stdout]   57:     0x556a1a473a87 - core::ops::function::FnOnce::call_once{{vtable.shim}}::h38f34da3654a8344
[INFO] [stdout]                                at /rustc/82e1608dfa6e0b5569232559e3d385fea5a93112/library/core/src/ops/function.rs:250:5
[INFO] [stdout]   58:     0x556a1b5463b5 - <alloc::boxed::Box<F,A> as core::ops::function::FnOnce<Args>>::call_once::hc7eafaff61e32df9
[INFO] [stdout]                                at /rustc/82e1608dfa6e0b5569232559e3d385fea5a93112/library/alloc/src/boxed.rs:2007:9
[INFO] [stdout]   59:     0x556a1b5463b5 - <alloc::boxed::Box<F,A> as core::ops::function::FnOnce<Args>>::call_once::h6ba4a5de48dd2304
[INFO] [stdout]                                at /rustc/82e1608dfa6e0b5569232559e3d385fea5a93112/library/alloc/src/boxed.rs:2007:9
[INFO] [stdout]   60:     0x556a1b5463b5 - std::sys::unix::thread::Thread::new::thread_start::he469335aef763e45
[INFO] [stdout]                                at /rustc/82e1608dfa6e0b5569232559e3d385fea5a93112/library/std/src/sys/unix/thread.rs:108:17
[INFO] [stdout]   61:     0x7f4d596efac3 - <unknown>
[INFO] [stdout]   62:     0x7f4d59780bf4 - __clone
[INFO] [stdout]   63:                0x0 - <unknown>
[INFO] [stdout] 
[INFO] [stdout] 
[INFO] [stdout] failures:
[INFO] [stdout]     health_check_works
[INFO] [stdout] 
[INFO] [stdout] test result: FAILED. 0 passed; 1 failed; 0 ignored; 0 measured; 0 filtered out; finished in 0.05s
[INFO] [stdout] 
[INFO] [stderr] error: test failed, to rerun pass `--test health_check`
[INFO] running `Command { std: "docker" "inspect" "a38d7fb9444c17f25d90ce8560406e3611c280af0df5ab274eb8b80011e7118f", kill_on_drop: false }`
[INFO] running `Command { std: "docker" "rm" "-f" "a38d7fb9444c17f25d90ce8560406e3611c280af0df5ab274eb8b80011e7118f", kill_on_drop: false }`
[INFO] [stdout] a38d7fb9444c17f25d90ce8560406e3611c280af0df5ab274eb8b80011e7118f
[INFO] testing rambocoder/zero2prod against beta-2023-12-22 for beta-1.76-1
[INFO] running `Command { std: "git" "clone" "/workspace/cache/git-repos/https%3A%2F%2Fgithub.com%2Frambocoder%2Fzero2prod" "/workspace/builds/worker-7-tc2/source", kill_on_drop: false }`
[INFO] [stderr] Cloning into '/workspace/builds/worker-7-tc2/source'...
[INFO] [stderr] done.
[INFO] validating manifest of git repo https://github.com/rambocoder/zero2prod on toolchain beta-2023-12-22
[INFO] running `Command { std: CARGO_HOME="/workspace/cargo-home" RUSTUP_HOME="/workspace/rustup-home" "/workspace/cargo-home/bin/cargo" "+beta-2023-12-22" "metadata" "--manifest-path" "Cargo.toml" "--no-deps", kill_on_drop: false }`
[INFO] started tweaking git repo https://github.com/rambocoder/zero2prod
[INFO] finished tweaking git repo https://github.com/rambocoder/zero2prod
[INFO] tweaked toml for git repo https://github.com/rambocoder/zero2prod written to /workspace/builds/worker-7-tc2/source/Cargo.toml
[INFO] crate git repo https://github.com/rambocoder/zero2prod already has a lockfile, it will not be regenerated
[INFO] running `Command { std: CARGO_HOME="/workspace/cargo-home" RUSTUP_HOME="/workspace/rustup-home" "/workspace/cargo-home/bin/cargo" "+beta-2023-12-22" "fetch" "--manifest-path" "Cargo.toml", kill_on_drop: false }`
[INFO] [stderr]     Updating crates.io index
[INFO] running `Command { std: "docker" "create" "-v" "/var/lib/crater-agent-workspace/builds/worker-7-tc2/target:/opt/rustwide/target:rw,Z" "-v" "/var/lib/crater-agent-workspace/builds/worker-7-tc2/source:/opt/rustwide/workdir:ro,Z" "-v" "/var/lib/crater-agent-workspace/cargo-home:/opt/rustwide/cargo-home:ro,Z" "-v" "/var/lib/crater-agent-workspace/rustup-home:/opt/rustwide/rustup-home:ro,Z" "-e" "SOURCE_DIR=/opt/rustwide/workdir" "-e" "CARGO_TARGET_DIR=/opt/rustwide/target" "-e" "CARGO_HOME=/opt/rustwide/cargo-home" "-e" "RUSTUP_HOME=/opt/rustwide/rustup-home" "-w" "/opt/rustwide/workdir" "-m" "1610612736" "--user" "0:0" "--network" "none" "ghcr.io/rust-lang/crates-build-env/linux@sha256:2788e3201cd34a07e3172128adcd8b3090168a8e3bcc40d7c032b9dda1df7d1c" "/opt/rustwide/cargo-home/bin/cargo" "+beta-2023-12-22" "metadata" "--no-deps" "--format-version=1", kill_on_drop: false }`
[INFO] [stdout] 661dc2466dae6d9bf0eb63479b29e49e991926f06c6c304100dd21746ea7a539
[INFO] running `Command { std: "docker" "start" "-a" "661dc2466dae6d9bf0eb63479b29e49e991926f06c6c304100dd21746ea7a539", kill_on_drop: false }`
[INFO] running `Command { std: "docker" "inspect" "661dc2466dae6d9bf0eb63479b29e49e991926f06c6c304100dd21746ea7a539", kill_on_drop: false }`
[INFO] running `Command { std: "docker" "rm" "-f" "661dc2466dae6d9bf0eb63479b29e49e991926f06c6c304100dd21746ea7a539", kill_on_drop: false }`
[INFO] [stdout] 661dc2466dae6d9bf0eb63479b29e49e991926f06c6c304100dd21746ea7a539
[INFO] running `Command { std: "docker" "create" "-v" "/var/lib/crater-agent-workspace/builds/worker-7-tc2/target:/opt/rustwide/target:rw,Z" "-v" "/var/lib/crater-agent-workspace/builds/worker-7-tc2/source:/opt/rustwide/workdir:ro,Z" "-v" "/var/lib/crater-agent-workspace/cargo-home:/opt/rustwide/cargo-home:ro,Z" "-v" "/var/lib/crater-agent-workspace/rustup-home:/opt/rustwide/rustup-home:ro,Z" "-e" "SOURCE_DIR=/opt/rustwide/workdir" "-e" "CARGO_TARGET_DIR=/opt/rustwide/target" "-e" "CARGO_INCREMENTAL=0" "-e" "RUST_BACKTRACE=full" "-e" "RUSTFLAGS=--cap-lints=warn" "-e" "RUSTDOCFLAGS=--cap-lints=warn" "-e" "CARGO_HOME=/opt/rustwide/cargo-home" "-e" "RUSTUP_HOME=/opt/rustwide/rustup-home" "-w" "/opt/rustwide/workdir" "-m" "1610612736" "--user" "0:0" "--network" "none" "ghcr.io/rust-lang/crates-build-env/linux@sha256:2788e3201cd34a07e3172128adcd8b3090168a8e3bcc40d7c032b9dda1df7d1c" "/opt/rustwide/cargo-home/bin/cargo" "+beta-2023-12-22" "build" "--frozen" "--message-format=json", kill_on_drop: false }`
[INFO] [stdout] 8961e15aed640f7ea220128b5be518983fc68d06cf85c984f7d4b23c9b85136f
[INFO] running `Command { std: "docker" "start" "-a" "8961e15aed640f7ea220128b5be518983fc68d06cf85c984f7d4b23c9b85136f", kill_on_drop: false }`
[INFO] [stderr]    Compiling libc v0.2.151
[INFO] [stderr]    Compiling proc-macro2 v1.0.76
[INFO] [stderr]    Compiling unicode-ident v1.0.6
[INFO] [stderr]    Compiling syn v1.0.107
[INFO] [stderr]    Compiling log v0.4.17
[INFO] [stderr]    Compiling bytes v1.3.0
[INFO] [stderr]    Compiling futures-core v0.3.25
[INFO] [stderr]    Compiling lock_api v0.4.9
[INFO] [stderr]    Compiling once_cell v1.17.0
[INFO] [stderr]    Compiling parking_lot_core v0.9.5
[INFO] [stderr]    Compiling smallvec v1.10.0
[INFO] [stderr]    Compiling tokio v1.23.0
[INFO] [stderr]    Compiling futures-sink v0.3.25
[INFO] [stderr]    Compiling itoa v1.0.5
[INFO] [stderr]    Compiling fnv v1.0.7
[INFO] [stderr]    Compiling slab v0.4.7
[INFO] [stderr]    Compiling futures-channel v0.3.25
[INFO] [stderr]    Compiling futures-task v0.3.25
[INFO] [stderr]    Compiling futures-io v0.3.30
[INFO] [stderr]    Compiling futures-util v0.3.25
[INFO] [stderr]    Compiling typenum v1.16.0
[INFO] [stderr]    Compiling generic-array v0.14.6
[INFO] [stderr]    Compiling quote v1.0.35
[INFO] [stderr]    Compiling tracing-core v0.1.30
[INFO] [stderr]    Compiling serde v1.0.195
[INFO] [stderr]    Compiling indexmap v1.9.2
[INFO] [stderr]    Compiling jobserver v0.1.25
[INFO] [stderr]    Compiling getrandom v0.2.8
[INFO] [stderr]    Compiling syn v2.0.48
[INFO] [stderr]    Compiling socket2 v0.4.7
[INFO] [stderr]    Compiling mio v0.8.5
[INFO] [stderr]    Compiling cc v1.0.78
[INFO] [stderr]    Compiling parking_lot v0.12.1
[INFO] [stderr]    Compiling signal-hook-registry v1.4.0
[INFO] [stderr]    Compiling num_cpus v1.15.0
[INFO] [stderr]    Compiling tracing v0.1.37
[INFO] [stderr]    Compiling http v0.2.8
[INFO] [stderr]    Compiling percent-encoding v2.2.0
[INFO] [stderr]    Compiling subtle v2.4.1
[INFO] [stderr]    Compiling hashbrown v0.12.3
[INFO] [stderr]    Compiling pkg-config v0.3.26
[INFO] [stderr]    Compiling unicode-normalization v0.1.22
[INFO] [stderr]    Compiling unicode-bidi v0.3.8
[INFO] [stderr]    Compiling openssl-sys v0.9.80
[INFO] [stderr]    Compiling ring v0.17.3
[INFO] [stderr]    Compiling crypto-common v0.1.6
[INFO] [stderr]    Compiling block-buffer v0.10.3
[INFO] [stderr]    Compiling rand_core v0.6.4
[INFO] [stderr]    Compiling ppv-lite86 v0.2.17
[INFO] [stderr]    Compiling digest v0.10.6
[INFO] [stderr]    Compiling zstd-sys v2.0.4+zstd.1.5.2
[INFO] [stderr]    Compiling form_urlencoded v1.1.0
[INFO] [stderr]    Compiling httparse v1.8.0
[INFO] [stderr]    Compiling idna v0.3.0
[INFO] [stderr]    Compiling spin v0.9.8
[INFO] [stderr]    Compiling untrusted v0.9.0
[INFO] [stderr]    Compiling serde_json v1.0.91
[INFO] [stderr]    Compiling rand_chacha v0.3.1
[INFO] [stderr]    Compiling time-core v0.1.0
[INFO] [stderr]    Compiling ryu v1.0.12
[INFO] [stderr]    Compiling semver-parser v0.7.0
[INFO] [stderr]    Compiling ident_case v1.0.1
[INFO] [stderr]    Compiling rand v0.8.5
[INFO] [stderr]    Compiling strsim v0.10.0
[INFO] [stderr]    Compiling openssl v0.10.45
[INFO] [stderr]    Compiling paste v1.0.11
[INFO] [stderr]    Compiling foreign-types-shared v0.1.1
[INFO] [stderr]    Compiling cpufeatures v0.2.5
[INFO] [stderr]    Compiling foreign-types v0.3.2
[INFO] [stderr]    Compiling url v2.3.1
[INFO] [stderr]    Compiling semver v0.9.0
[INFO] [stderr]    Compiling time-macros v0.2.6
[INFO] [stderr]    Compiling darling_core v0.13.4
[INFO] [stderr]    Compiling bytestring v1.2.0
[INFO] [stderr]    Compiling aho-corasick v0.7.20
[INFO] [stderr]    Compiling thiserror v1.0.56
[INFO] [stderr]    Compiling base64 v0.13.1
[INFO] [stderr]    Compiling httpdate v1.0.2
[INFO] [stderr]    Compiling regex-syntax v0.6.28
[INFO] [stderr]    Compiling local-waker v0.1.3
[INFO] [stderr]    Compiling zstd-safe v5.0.2+zstd.1.5.2
[INFO] [stderr]    Compiling encoding_rs v0.8.31
[INFO] [stderr]    Compiling async-trait v0.1.77
[INFO] [stderr]    Compiling native-tls v0.2.11
[INFO] [stderr]    Compiling alloc-no-stdlib v2.0.4
[INFO] [stderr]    Compiling alloc-stdlib v0.2.2
[INFO] [stderr]    Compiling time v0.3.17
[INFO] [stderr]    Compiling rustc_version v0.2.3
[INFO] [stderr]    Compiling serde_derive v1.0.195
[INFO] [stderr]    Compiling thiserror-impl v1.0.56
[INFO] [stderr]    Compiling ahash v0.8.6
[INFO] [stderr]    Compiling num-traits v0.2.17
[INFO] [stderr]    Compiling try-lock v0.2.3
[INFO] [stderr]    Compiling ipnet v2.7.0
[INFO] [stderr]    Compiling regex v1.7.0
[INFO] [stderr]    Compiling convert_case v0.4.0
[INFO] [stderr]    Compiling tokio-macros v1.8.2
[INFO] [stderr]    Compiling futures-macro v0.3.25
[INFO] [stderr]    Compiling openssl-macros v0.1.0
[INFO] [stderr]    Compiling darling_macro v0.13.4
[INFO] [stderr]    Compiling heck v0.4.1
[INFO] [stderr]    Compiling rustls v0.21.10
[INFO] [stderr]    Compiling openssl-probe v0.1.5
[INFO] [stderr]    Compiling matches v0.1.10
[INFO] [stderr]    Compiling match_cfg v0.1.0
[INFO] [stderr]    Compiling hostname v0.3.1
[INFO] [stderr]    Compiling idna v0.2.3
[INFO] [stderr]    Compiling darling v0.13.4
[INFO] [stderr]    Compiling wyz v0.5.1
[INFO] [stderr]    Compiling enum-as-inner v0.4.0
[INFO] [stderr]    Compiling derive_more v0.99.17
[INFO] [stderr]    Compiling miniz_oxide v0.6.2
[INFO] [stderr]    Compiling want v0.3.0
[INFO] [stderr]    Compiling actix-service v2.0.2
[INFO] [stderr]    Compiling rustc_version_runtime v0.2.1
[INFO] [stderr]    Compiling brotli-decompressor v2.3.2
[INFO] [stderr]    Compiling actix-utils v3.0.1
[INFO] [stderr]    Compiling tokio-util v0.7.4
[INFO] [stderr]    Compiling actix-rt v2.7.0
[INFO] [stderr]    Compiling h2 v0.3.15
[INFO] [stderr]    Compiling http-body v0.4.5
[INFO] [stderr]    Compiling cookie v0.16.2
[INFO] [stderr]    Compiling zerocopy v0.7.32
[INFO] [stderr]    Compiling tower-service v0.3.2
[INFO] [stderr]    Compiling data-encoding v2.5.0
[INFO] [stderr]    Compiling mime v0.3.16
[INFO] [stderr]    Compiling linked-hash-map v0.5.6
[INFO] [stderr]    Compiling quick-error v1.2.3
[INFO] [stderr]    Compiling lru-cache v0.1.2
[INFO] [stderr]    Compiling resolv-conf v0.7.0
[INFO] [stderr]    Compiling bitvec v1.0.1
[INFO] [stderr]    Compiling trust-dns-proto v0.21.2
[INFO] [stderr]    Compiling actix-router v0.5.1
[INFO] [stderr]    Compiling serde_bytes v0.11.14
[INFO] [stderr]    Compiling uuid v1.6.1
[INFO] [stderr]    Compiling serde_urlencoded v0.7.1
[INFO] [stderr]    Compiling actix-codec v0.5.0
[INFO] [stderr]    Compiling tokio-native-tls v0.3.0
[INFO] [stderr]    Compiling brotli v3.3.4
[INFO] [stderr]    Compiling local-channel v0.1.3
[INFO] [stderr]    Compiling futures-executor v0.3.25
[INFO] [stderr]    Compiling flate2 v1.0.25
[INFO] [stderr]    Compiling ahash v0.7.6
[INFO] [stderr]    Compiling serde_with_macros v1.5.2
[INFO] [stderr]    Compiling sha1 v0.10.5
[INFO] [stderr]    Compiling language-tags v0.3.2
[INFO] [stderr]    Compiling iana-time-zone v0.1.59
[INFO] [stderr]    Compiling anyhow v1.0.68
[INFO] [stderr]    Compiling finl_unicode v1.2.0
[INFO] [stderr]    Compiling base64 v0.21.5
[INFO] [stderr]    Compiling hyper v0.14.23
[INFO] [stderr]    Compiling rustls-pemfile v1.0.4
[INFO] [stderr]    Compiling serde_with v1.14.0
[INFO] [stderr]    Compiling stringprep v0.1.4
[INFO] [stderr]    Compiling chrono v0.4.31
[INFO] [stderr]    Compiling bson v2.8.1
[INFO] [stderr]    Compiling trust-dns-resolver v0.21.2
[INFO] [stderr]    Compiling actix-web-codegen v4.1.0
[INFO] [stderr]    Compiling actix-server v2.1.1
[INFO] [stderr]    Compiling actix-macros v0.2.3
[INFO] [stderr]    Compiling hyper-tls v0.5.0
[INFO] [stderr]    Compiling derivative v2.2.0
[INFO] [stderr]    Compiling typed-builder v0.10.0
[INFO] [stderr]    Compiling sha2 v0.10.6
[INFO] [stderr]    Compiling sha-1 v0.10.1
[INFO] [stderr]    Compiling hmac v0.12.1
[INFO] [stderr]    Compiling pbkdf2 v0.11.0
[INFO] [stderr]    Compiling md-5 v0.10.5
[INFO] [stderr]    Compiling webpki-roots v0.25.3
[INFO] [stderr]    Compiling take_mut v0.2.2
[INFO] [stderr]    Compiling reqwest v0.11.13
[INFO] [stderr]    Compiling futures v0.3.25
[INFO] [stderr]    Compiling dotenv v0.15.0
[INFO] [stderr]    Compiling zstd v0.11.2+zstd.1.5.2
[INFO] [stderr]    Compiling actix-http v3.2.2
[INFO] [stderr]    Compiling rustls-webpki v0.101.7
[INFO] [stderr]    Compiling sct v0.7.1
[INFO] [stderr]    Compiling actix-web v4.2.1
[INFO] [stderr]    Compiling tokio-rustls v0.24.1
[INFO] [stderr]    Compiling mongodb v2.8.0
[INFO] [stderr]    Compiling zero2prod v0.1.0 (/opt/rustwide/workdir)
[INFO] [stdout] warning: unused imports: `Json`, `Path`
[INFO] [stdout]  --> src/lib.rs:9:17
[INFO] [stdout]   |
[INFO] [stdout] 9 |     web::{Data, Json, Path},
[INFO] [stdout]   |                 ^^^^  ^^^^
[INFO] [stdout]   |
[INFO] [stdout]   = note: `#[warn(unused_imports)]` on by default
[INFO] [stdout] 
[INFO] [stdout] 
[INFO] [stdout] warning: 1 warning emitted
[INFO] [stdout] 
[INFO] [stdout] 
[INFO] [stderr]     Finished dev [unoptimized + debuginfo] target(s) in 50.65s
[INFO] running `Command { std: "docker" "inspect" "8961e15aed640f7ea220128b5be518983fc68d06cf85c984f7d4b23c9b85136f", kill_on_drop: false }`
[INFO] running `Command { std: "docker" "rm" "-f" "8961e15aed640f7ea220128b5be518983fc68d06cf85c984f7d4b23c9b85136f", kill_on_drop: false }`
[INFO] [stdout] 8961e15aed640f7ea220128b5be518983fc68d06cf85c984f7d4b23c9b85136f
[INFO] running `Command { std: "docker" "create" "-v" "/var/lib/crater-agent-workspace/builds/worker-7-tc2/target:/opt/rustwide/target:rw,Z" "-v" "/var/lib/crater-agent-workspace/builds/worker-7-tc2/source:/opt/rustwide/workdir:ro,Z" "-v" "/var/lib/crater-agent-workspace/cargo-home:/opt/rustwide/cargo-home:ro,Z" "-v" "/var/lib/crater-agent-workspace/rustup-home:/opt/rustwide/rustup-home:ro,Z" "-e" "SOURCE_DIR=/opt/rustwide/workdir" "-e" "CARGO_TARGET_DIR=/opt/rustwide/target" "-e" "CARGO_INCREMENTAL=0" "-e" "RUST_BACKTRACE=full" "-e" "RUSTFLAGS=--cap-lints=warn" "-e" "RUSTDOCFLAGS=--cap-lints=warn" "-e" "CARGO_HOME=/opt/rustwide/cargo-home" "-e" "RUSTUP_HOME=/opt/rustwide/rustup-home" "-w" "/opt/rustwide/workdir" "-m" "1610612736" "--user" "0:0" "--network" "none" "ghcr.io/rust-lang/crates-build-env/linux@sha256:2788e3201cd34a07e3172128adcd8b3090168a8e3bcc40d7c032b9dda1df7d1c" "/opt/rustwide/cargo-home/bin/cargo" "+beta-2023-12-22" "test" "--frozen" "--no-run" "--message-format=json", kill_on_drop: false }`
[INFO] [stdout] aeb984c9b4b4310831f6a2e282a1a23881886009317afd1eaade88e763416a9c
[INFO] running `Command { std: "docker" "start" "-a" "aeb984c9b4b4310831f6a2e282a1a23881886009317afd1eaade88e763416a9c", kill_on_drop: false }`
[INFO] [stderr]    Compiling zero2prod v0.1.0 (/opt/rustwide/workdir)
[INFO] [stdout] warning: unused imports: `Json`, `Path`
[INFO] [stdout]  --> src/lib.rs:9:17
[INFO] [stdout]   |
[INFO] [stdout] 9 |     web::{Data, Json, Path},
[INFO] [stdout]   |                 ^^^^  ^^^^
[INFO] [stdout]   |
[INFO] [stdout]   = note: `#[warn(unused_imports)]` on by default
[INFO] [stdout] 
[INFO] [stdout] 
[INFO] [stdout] warning: 1 warning emitted
[INFO] [stdout] 
[INFO] [stdout] 
[INFO] [stdout] warning: unused imports: `Json`, `Path`
[INFO] [stdout]  --> src/lib.rs:9:17
[INFO] [stdout]   |
[INFO] [stdout] 9 |     web::{Data, Json, Path},
[INFO] [stdout]   |                 ^^^^  ^^^^
[INFO] [stdout]   |
[INFO] [stdout]   = note: `#[warn(unused_imports)]` on by default
[INFO] [stdout] 
[INFO] [stdout] 
[INFO] [stdout] warning: 1 warning emitted
[INFO] [stdout] 
[INFO] [stdout] 
[INFO] [stderr]     Finished test [unoptimized + debuginfo] target(s) in 9.26s
[INFO] running `Command { std: "docker" "inspect" "aeb984c9b4b4310831f6a2e282a1a23881886009317afd1eaade88e763416a9c", kill_on_drop: false }`
[INFO] running `Command { std: "docker" "rm" "-f" "aeb984c9b4b4310831f6a2e282a1a23881886009317afd1eaade88e763416a9c", kill_on_drop: false }`
[INFO] [stdout] aeb984c9b4b4310831f6a2e282a1a23881886009317afd1eaade88e763416a9c
[INFO] running `Command { std: "docker" "create" "-v" "/var/lib/crater-agent-workspace/builds/worker-7-tc2/target:/opt/rustwide/target:rw,Z" "-v" "/var/lib/crater-agent-workspace/builds/worker-7-tc2/source:/opt/rustwide/workdir:ro,Z" "-v" "/var/lib/crater-agent-workspace/cargo-home:/opt/rustwide/cargo-home:ro,Z" "-v" "/var/lib/crater-agent-workspace/rustup-home:/opt/rustwide/rustup-home:ro,Z" "-e" "SOURCE_DIR=/opt/rustwide/workdir" "-e" "CARGO_TARGET_DIR=/opt/rustwide/target" "-e" "CARGO_INCREMENTAL=0" "-e" "RUST_BACKTRACE=full" "-e" "RUSTFLAGS=--cap-lints=warn" "-e" "RUSTDOCFLAGS=--cap-lints=warn" "-e" "CARGO_HOME=/opt/rustwide/cargo-home" "-e" "RUSTUP_HOME=/opt/rustwide/rustup-home" "-w" "/opt/rustwide/workdir" "-m" "1610612736" "--user" "0:0" "--network" "none" "ghcr.io/rust-lang/crates-build-env/linux@sha256:2788e3201cd34a07e3172128adcd8b3090168a8e3bcc40d7c032b9dda1df7d1c" "/opt/rustwide/cargo-home/bin/cargo" "+beta-2023-12-22" "test" "--frozen", kill_on_drop: false }`
[INFO] [stdout] 4abd62ec09217033e963ca8b6f60341a89dfc474a0727b67fe8e52b53089bf94
[INFO] running `Command { std: "docker" "start" "-a" "4abd62ec09217033e963ca8b6f60341a89dfc474a0727b67fe8e52b53089bf94", kill_on_drop: false }`
[INFO] [stderr] warning: unused imports: `Json`, `Path`
[INFO] [stderr]  --> src/lib.rs:9:17
[INFO] [stderr]   |
[INFO] [stderr] 9 |     web::{Data, Json, Path},
[INFO] [stderr]   |                 ^^^^  ^^^^
[INFO] [stderr]   |
[INFO] [stderr]   = note: `#[warn(unused_imports)]` on by default
[INFO] [stderr] 
[INFO] [stderr] warning: `zero2prod` (lib) generated 1 warning (run `cargo fix --lib -p zero2prod` to apply 1 suggestion)
[INFO] [stderr] warning: `zero2prod` (lib test) generated 1 warning (1 duplicate)
[INFO] [stderr]     Finished test [unoptimized + debuginfo] target(s) in 0.23s
[INFO] [stderr]      Running unittests src/lib.rs (/opt/rustwide/target/debug/deps/zero2prod-642649de35cc7d04)
[INFO] [stdout] 
[INFO] [stderr]      Running unittests src/main.rs (/opt/rustwide/target/debug/deps/zero2prod-cc11a1604789a2e9)
[INFO] [stdout] running 0 tests
[INFO] [stdout] 
[INFO] [stdout] test result: ok. 0 passed; 0 failed; 0 ignored; 0 measured; 0 filtered out; finished in 0.00s
[INFO] [stdout] 
[INFO] [stdout] 
[INFO] [stdout] running 0 tests
[INFO] [stdout] 
[INFO] [stderr]      Running tests/health_check.rs (/opt/rustwide/target/debug/deps/health_check-457976a93598c519)
[INFO] [stdout] test result: ok. 0 passed; 0 failed; 0 ignored; 0 measured; 0 filtered out; finished in 0.00s
[INFO] [stdout] 
[INFO] [stdout] 
[INFO] [stdout] running 1 test
[INFO] [stdout] test health_check_works ... FAILED
[INFO] [stdout] 
[INFO] [stdout] failures:
[INFO] [stdout] 
[INFO] [stdout] ---- health_check_works stdout ----
[INFO] [stdout] thread 'health_check_works' panicked at /opt/rustwide/workdir/src/repository/mongodb_repo.rs:21:40:
[INFO] [stdout] MONGOURI must be set: NotPresent
[INFO] [stdout] stack backtrace:
[INFO] [stdout]    0:     0x55c7a1df2a56 - std::backtrace_rs::backtrace::libunwind::trace::h261606ad26a499c1
[INFO] [stdout]                                at /rustc/0e09125c6c3c2fd70d7de961bcf0e51575235fad/library/std/src/../../backtrace/src/backtrace/libunwind.rs:104:5
[INFO] [stdout]    1:     0x55c7a1df2a56 - std::backtrace_rs::backtrace::trace_unsynchronized::hd183f0625477fb28
[INFO] [stdout]                                at /rustc/0e09125c6c3c2fd70d7de961bcf0e51575235fad/library/std/src/../../backtrace/src/backtrace/mod.rs:66:5
[INFO] [stdout]    2:     0x55c7a1df2a56 - std::sys_common::backtrace::_print_fmt::hd7f8fef21b4eda67
[INFO] [stdout]                                at /rustc/0e09125c6c3c2fd70d7de961bcf0e51575235fad/library/std/src/sys_common/backtrace.rs:68:5
[INFO] [stdout]    3:     0x55c7a1df2a56 - <std::sys_common::backtrace::_print::DisplayBacktrace as core::fmt::Display>::fmt::h623d9b51f2f453f1
[INFO] [stdout]                                at /rustc/0e09125c6c3c2fd70d7de961bcf0e51575235fad/library/std/src/sys_common/backtrace.rs:44:22
[INFO] [stdout]    4:     0x55c7a1e223d0 - core::fmt::rt::Argument::fmt::h9f417ac76a86f368
[INFO] [stdout]                                at /rustc/0e09125c6c3c2fd70d7de961bcf0e51575235fad/library/core/src/fmt/rt.rs:142:9
[INFO] [stdout]    5:     0x55c7a1e223d0 - core::fmt::write::hc9b6faf4ac2aeff7
[INFO] [stdout]                                at /rustc/0e09125c6c3c2fd70d7de961bcf0e51575235fad/library/core/src/fmt/mod.rs:1120:17
[INFO] [stdout]    6:     0x55c7a1def16f - std::io::Write::write_fmt::he04625a3a989fec3
[INFO] [stdout]                                at /rustc/0e09125c6c3c2fd70d7de961bcf0e51575235fad/library/std/src/io/mod.rs:1810:15
[INFO] [stdout]    7:     0x55c7a1df2834 - std::sys_common::backtrace::_print::hd5d66399c7df88a2
[INFO] [stdout]                                at /rustc/0e09125c6c3c2fd70d7de961bcf0e51575235fad/library/std/src/sys_common/backtrace.rs:47:5
[INFO] [stdout]    8:     0x55c7a1df2834 - std::sys_common::backtrace::print::he81ed2da642d37e5
[INFO] [stdout]                                at /rustc/0e09125c6c3c2fd70d7de961bcf0e51575235fad/library/std/src/sys_common/backtrace.rs:34:9
[INFO] [stdout]    9:     0x55c7a1df45a7 - std::panicking::default_hook::{{closure}}::h85773f4fa117163d
[INFO] [stdout]   10:     0x55c7a1df428d - std::panicking::default_hook::h6a1694a91d09b278
[INFO] [stdout]                                at /rustc/0e09125c6c3c2fd70d7de961bcf0e51575235fad/library/std/src/panicking.rs:289:9
[INFO] [stdout]   11:     0x55c7a0d25627 - <alloc::boxed::Box<F,A> as core::ops::function::Fn<Args>>::call::h616ac37fa3cd6c8f
[INFO] [stdout]                                at /rustc/0e09125c6c3c2fd70d7de961bcf0e51575235fad/library/alloc/src/boxed.rs:2029:9
[INFO] [stdout]   12:     0x55c7a0d25627 - test::test_main::{{closure}}::h00d84697cefdcbb6
[INFO] [stdout]                                at /rustc/0e09125c6c3c2fd70d7de961bcf0e51575235fad/library/test/src/lib.rs:138:21
[INFO] [stdout]   13:     0x55c7a1df4bc6 - <alloc::boxed::Box<F,A> as core::ops::function::Fn<Args>>::call::hcb3fe3b9bb537ba8
[INFO] [stdout]                                at /rustc/0e09125c6c3c2fd70d7de961bcf0e51575235fad/library/alloc/src/boxed.rs:2029:9
[INFO] [stdout]   14:     0x55c7a1df4bc6 - std::panicking::rust_panic_with_hook::h0a7ad96e90f7145b
[INFO] [stdout]                                at /rustc/0e09125c6c3c2fd70d7de961bcf0e51575235fad/library/std/src/panicking.rs:783:13
[INFO] [stdout]   15:     0x55c7a1df4912 - std::panicking::begin_panic_handler::{{closure}}::h7919090525c6485e
[INFO] [stdout]                                at /rustc/0e09125c6c3c2fd70d7de961bcf0e51575235fad/library/std/src/panicking.rs:657:13
[INFO] [stdout]   16:     0x55c7a1df2f56 - std::sys_common::backtrace::__rust_end_short_backtrace::hf3289479464f7dfe
[INFO] [stdout]                                at /rustc/0e09125c6c3c2fd70d7de961bcf0e51575235fad/library/std/src/sys_common/backtrace.rs:171:18
[INFO] [stdout]   17:     0x55c7a1df4670 - rust_begin_unwind
[INFO] [stdout]                                at /rustc/0e09125c6c3c2fd70d7de961bcf0e51575235fad/library/std/src/panicking.rs:645:5
[INFO] [stdout]   18:     0x55c7a0a5d755 - core::panicking::panic_fmt::hcc9f77c5c132af55
[INFO] [stdout]                                at /rustc/0e09125c6c3c2fd70d7de961bcf0e51575235fad/library/core/src/panicking.rs:72:14
[INFO] [stdout]   19:     0x55c7a0a5dd33 - core::result::unwrap_failed::hbe14f498be1452f9
[INFO] [stdout]                                at /rustc/0e09125c6c3c2fd70d7de961bcf0e51575235fad/library/core/src/result.rs:1649:5
[INFO] [stdout]   20:     0x55c7a0a6f406 - core::result::Result<T,E>::expect::ha7a29955c8fd3b9b
[INFO] [stdout]                                at /rustc/0e09125c6c3c2fd70d7de961bcf0e51575235fad/library/core/src/result.rs:1030:23
[INFO] [stdout]   21:     0x55c7a0a7aa3c - zero2prod::repository::mongodb_repo::MongoRepo::init::{{closure}}::h3c99938ea1fe538b
[INFO] [stdout]                                at /opt/rustwide/workdir/src/repository/mongodb_repo.rs:21:19
[INFO] [stdout]   22:     0x55c7a0a7b38e - health_check::health_check_works::{{closure}}::ha8d5bca895d9ee27
[INFO] [stdout]                                at /opt/rustwide/workdir/tests/health_check.rs:8:32
[INFO] [stdout]   23:     0x55c7a0a756d8 - <core::pin::Pin<P> as core::future::future::Future>::poll::h3b765094220cf018
[INFO] [stdout]                                at /rustc/0e09125c6c3c2fd70d7de961bcf0e51575235fad/library/core/src/future/future.rs:124:9
[INFO] [stdout]   24:     0x55c7a0a7567b - <core::pin::Pin<P> as core::future::future::Future>::poll::h296a181a69649c76
[INFO] [stdout]                                at /rustc/0e09125c6c3c2fd70d7de961bcf0e51575235fad/library/core/src/future/future.rs:124:9
[INFO] [stdout]   25:     0x55c7a0a75504 - tokio::runtime::scheduler::current_thread::CoreGuard::block_on::{{closure}}::{{closure}}::{{closure}}::h063645cacc2330df
[INFO] [stdout]                                at /opt/rustwide/cargo-home/registry/src/index.crates.io-6f17d22bba15001f/tokio-1.23.0/src/runtime/scheduler/current_thread.rs:541:57
[INFO] [stdout]   26:     0x55c7a0a7543a - tokio::runtime::coop::with_budget::hb848888c75558a1c
[INFO] [stdout]                                at /opt/rustwide/cargo-home/registry/src/index.crates.io-6f17d22bba15001f/tokio-1.23.0/src/runtime/coop.rs:102:5
[INFO] [stdout]   27:     0x55c7a0a7543a - tokio::runtime::coop::budget::hf44f08f385e48617
[INFO] [stdout]                                at /opt/rustwide/cargo-home/registry/src/index.crates.io-6f17d22bba15001f/tokio-1.23.0/src/runtime/coop.rs:68:5
[INFO] [stdout]   28:     0x55c7a0a7543a - tokio::runtime::scheduler::current_thread::CoreGuard::block_on::{{closure}}::{{closure}}::hed9a9226e0e99dfd
[INFO] [stdout]                                at /opt/rustwide/cargo-home/registry/src/index.crates.io-6f17d22bba15001f/tokio-1.23.0/src/runtime/scheduler/current_thread.rs:541:25
[INFO] [stdout]   29:     0x55c7a0a73f1c - tokio::runtime::scheduler::current_thread::Context::enter::h8a8289f8d94f3714
[INFO] [stdout]                                at /opt/rustwide/cargo-home/registry/src/index.crates.io-6f17d22bba15001f/tokio-1.23.0/src/runtime/scheduler/current_thread.rs:350:19
[INFO] [stdout]   30:     0x55c7a0a749f2 - tokio::runtime::scheduler::current_thread::CoreGuard::block_on::{{closure}}::h5e2fac765a4421c9
[INFO] [stdout]                                at /opt/rustwide/cargo-home/registry/src/index.crates.io-6f17d22bba15001f/tokio-1.23.0/src/runtime/scheduler/current_thread.rs:540:36
[INFO] [stdout]   31:     0x55c7a0a7471b - tokio::runtime::scheduler::current_thread::CoreGuard::enter::{{closure}}::h5460e3db344d7838
[INFO] [stdout]                                at /opt/rustwide/cargo-home/registry/src/index.crates.io-6f17d22bba15001f/tokio-1.23.0/src/runtime/scheduler/current_thread.rs:615:57
[INFO] [stdout]   32:     0x55c7a0a7098d - tokio::macros::scoped_tls::ScopedKey<T>::set::h843315105462aeff
[INFO] [stdout]                                at /opt/rustwide/cargo-home/registry/src/index.crates.io-6f17d22bba15001f/tokio-1.23.0/src/macros/scoped_tls.rs:61:9
[INFO] [stdout]   33:     0x55c7a0a744af - tokio::runtime::scheduler::current_thread::CoreGuard::enter::hc53105360c4b6a6d
[INFO] [stdout]                                at /opt/rustwide/cargo-home/registry/src/index.crates.io-6f17d22bba15001f/tokio-1.23.0/src/runtime/scheduler/current_thread.rs:615:27
[INFO] [stdout]   34:     0x55c7a0a7474c - tokio::runtime::scheduler::current_thread::CoreGuard::block_on::hd1b1c951ea4ab0ad
[INFO] [stdout]                                at /opt/rustwide/cargo-home/registry/src/index.crates.io-6f17d22bba15001f/tokio-1.23.0/src/runtime/scheduler/current_thread.rs:530:19
[INFO] [stdout]   35:     0x55c7a0a731fb - tokio::runtime::scheduler::current_thread::CurrentThread::block_on::ha1e4cb251b85aeaf
[INFO] [stdout]                                at /opt/rustwide/cargo-home/registry/src/index.crates.io-6f17d22bba15001f/tokio-1.23.0/src/runtime/scheduler/current_thread.rs:154:24
[INFO] [stdout]   36:     0x55c7a0a78ffd - tokio::runtime::runtime::Runtime::block_on::h9e1f86ac1ab8a43f
[INFO] [stdout]                                at /opt/rustwide/cargo-home/registry/src/index.crates.io-6f17d22bba15001f/tokio-1.23.0/src/runtime/runtime.rs:282:47
[INFO] [stdout]   37:     0x55c7a0a7b139 - health_check::health_check_works::h277b9994d6a1afdb
[INFO] [stdout]                                at /opt/rustwide/workdir/tests/health_check.rs:21:5
[INFO] [stdout]   38:     0x55c7a0a7afa7 - health_check::health_check_works::{{closure}}::h93bb575043b2f464
[INFO] [stdout]                                at /opt/rustwide/workdir/tests/health_check.rs:6:30
[INFO] [stdout]   39:     0x55c7a0a60cf6 - core::ops::function::FnOnce::call_once::h357193a5291553cc
[INFO] [stdout]                                at /rustc/0e09125c6c3c2fd70d7de961bcf0e51575235fad/library/core/src/ops/function.rs:250:5
[INFO] [stdout]   40:     0x55c7a0d2aeff - core::ops::function::FnOnce::call_once::hd64d26f405258157
[INFO] [stdout]                                at /rustc/0e09125c6c3c2fd70d7de961bcf0e51575235fad/library/core/src/ops/function.rs:250:5
[INFO] [stdout]   41:     0x55c7a0d2aeff - test::__rust_begin_short_backtrace::he21b0b7a6d731bf9
[INFO] [stdout]                                at /rustc/0e09125c6c3c2fd70d7de961bcf0e51575235fad/library/test/src/lib.rs:627:18
[INFO] [stdout]   42:     0x55c7a0d29c81 - test::run_test_in_process::{{closure}}::hf5c73986d7bdfde2
[INFO] [stdout]                                at /rustc/0e09125c6c3c2fd70d7de961bcf0e51575235fad/library/test/src/lib.rs:650:60
[INFO] [stdout]   43:     0x55c7a0d29c81 - <core::panic::unwind_safe::AssertUnwindSafe<F> as core::ops::function::FnOnce<()>>::call_once::h330011ad032aadc0
[INFO] [stdout]                                at /rustc/0e09125c6c3c2fd70d7de961bcf0e51575235fad/library/core/src/panic/unwind_safe.rs:272:9
[INFO] [stdout]   44:     0x55c7a0d29c81 - std::panicking::try::do_call::he61b0a958b795a41
[INFO] [stdout]                                at /rustc/0e09125c6c3c2fd70d7de961bcf0e51575235fad/library/std/src/panicking.rs:552:40
[INFO] [stdout]   45:     0x55c7a0d29c81 - std::panicking::try::h7309da130f906eb7
[INFO] [stdout]                                at /rustc/0e09125c6c3c2fd70d7de961bcf0e51575235fad/library/std/src/panicking.rs:516:19
[INFO] [stdout]   46:     0x55c7a0d29c81 - std::panic::catch_unwind::hc5c3a06fdaf0a92a
[INFO] [stdout]                                at /rustc/0e09125c6c3c2fd70d7de961bcf0e51575235fad/library/std/src/panic.rs:142:14
[INFO] [stdout]   47:     0x55c7a0d29c81 - test::run_test_in_process::h7e7b7c71c3324e0f
[INFO] [stdout]                                at /rustc/0e09125c6c3c2fd70d7de961bcf0e51575235fad/library/test/src/lib.rs:650:27
[INFO] [stdout]   48:     0x55c7a0d29c81 - test::run_test::{{closure}}::h1f509f28f5cf20b1
[INFO] [stdout]                                at /rustc/0e09125c6c3c2fd70d7de961bcf0e51575235fad/library/test/src/lib.rs:573:43
[INFO] [stdout]   49:     0x55c7a0cf0fb6 - test::run_test::{{closure}}::h1754218abf443f6d
[INFO] [stdout]                                at /rustc/0e09125c6c3c2fd70d7de961bcf0e51575235fad/library/test/src/lib.rs:601:41
[INFO] [stdout]   50:     0x55c7a0cf0fb6 - std::sys_common::backtrace::__rust_begin_short_backtrace::h2ee174b9d5954948
[INFO] [stdout]                                at /rustc/0e09125c6c3c2fd70d7de961bcf0e51575235fad/library/std/src/sys_common/backtrace.rs:155:18
[INFO] [stdout]   51:     0x55c7a0cf6017 - std::thread::Builder::spawn_unchecked_::{{closure}}::{{closure}}::hf60bee9c1a17ef09
[INFO] [stdout]                                at /rustc/0e09125c6c3c2fd70d7de961bcf0e51575235fad/library/std/src/thread/mod.rs:529:17
[INFO] [stdout]   52:     0x55c7a0cf6017 - <core::panic::unwind_safe::AssertUnwindSafe<F> as core::ops::function::FnOnce<()>>::call_once::h33d0dddec5216160
[INFO] [stdout]                                at /rustc/0e09125c6c3c2fd70d7de961bcf0e51575235fad/library/core/src/panic/unwind_safe.rs:272:9
[INFO] [stdout]   53:     0x55c7a0cf6017 - std::panicking::try::do_call::h144b3048b546f835
[INFO] [stdout]                                at /rustc/0e09125c6c3c2fd70d7de961bcf0e51575235fad/library/std/src/panicking.rs:552:40
[INFO] [stdout]   54:     0x55c7a0cf6017 - std::panicking::try::h978244d04646189f
[INFO] [stdout]                                at /rustc/0e09125c6c3c2fd70d7de961bcf0e51575235fad/library/std/src/panicking.rs:516:19
[INFO] [stdout]   55:     0x55c7a0cf6017 - std::panic::catch_unwind::hdf436369d188fe86
[INFO] [stdout]                                at /rustc/0e09125c6c3c2fd70d7de961bcf0e51575235fad/library/std/src/panic.rs:142:14
[INFO] [stdout]   56:     0x55c7a0cf6017 - std::thread::Builder::spawn_unchecked_::{{closure}}::h87329cbdd33c79ec
[INFO] [stdout]                                at /rustc/0e09125c6c3c2fd70d7de961bcf0e51575235fad/library/std/src/thread/mod.rs:528:30
[INFO] [stdout]   57:     0x55c7a0cf6017 - core::ops::function::FnOnce::call_once{{vtable.shim}}::h401abbe67897d450
[INFO] [stdout]                                at /rustc/0e09125c6c3c2fd70d7de961bcf0e51575235fad/library/core/src/ops/function.rs:250:5
[INFO] [stdout]   58:     0x55c7a1df9bf5 - <alloc::boxed::Box<F,A> as core::ops::function::FnOnce<Args>>::call_once::h5d7c8f150ab9c84c
[INFO] [stdout]                                at /rustc/0e09125c6c3c2fd70d7de961bcf0e51575235fad/library/alloc/src/boxed.rs:2015:9
[INFO] [stdout]   59:     0x55c7a1df9bf5 - <alloc::boxed::Box<F,A> as core::ops::function::FnOnce<Args>>::call_once::h570d5b005c242c15
[INFO] [stdout]                                at /rustc/0e09125c6c3c2fd70d7de961bcf0e51575235fad/library/alloc/src/boxed.rs:2015:9
[INFO] [stdout]   60:     0x55c7a1df9bf5 - std::sys::unix::thread::Thread::new::thread_start::h36b0a20c0b2361ad
[INFO] [stdout]                                at /rustc/0e09125c6c3c2fd70d7de961bcf0e51575235fad/library/std/src/sys/unix/thread.rs:108:17
[INFO] [stdout]   61:     0x7f2faf4f1ac3 - <unknown>
[INFO] [stdout]   62:     0x7f2faf582bf4 - __clone
[INFO] [stdout]   63:                0x0 - <unknown>
[INFO] [stdout] 
[INFO] [stdout] 
[INFO] [stdout] failures:
[INFO] [stdout]     health_check_works
[INFO] [stdout] 
[INFO] [stdout] test result: FAILED. 0 passed; 1 failed; 0 ignored; 0 measured; 0 filtered out; finished in 0.08s
[INFO] [stdout] 
[INFO] [stderr] error: test failed, to rerun pass `--test health_check`
[INFO] running `Command { std: "docker" "inspect" "4abd62ec09217033e963ca8b6f60341a89dfc474a0727b67fe8e52b53089bf94", kill_on_drop: false }`
[INFO] running `Command { std: "docker" "rm" "-f" "4abd62ec09217033e963ca8b6f60341a89dfc474a0727b67fe8e52b53089bf94", kill_on_drop: false }`
[INFO] [stdout] 4abd62ec09217033e963ca8b6f60341a89dfc474a0727b67fe8e52b53089bf94
