[INFO] cloning repository https://github.com/ralvescosta/ruskit
[INFO] running `Command { std: "git" "-c" "credential.helper=" "-c" "credential.helper=/workspace/cargo-home/bin/git-credential-null" "clone" "--bare" "https://github.com/ralvescosta/ruskit" "/workspace/cache/git-repos/https%3A%2F%2Fgithub.com%2Fralvescosta%2Fruskit", kill_on_drop: false }`
[INFO] [stderr] Cloning into bare repository '/workspace/cache/git-repos/https%3A%2F%2Fgithub.com%2Fralvescosta%2Fruskit'...
[INFO] running `Command { std: "git" "rev-parse" "HEAD", kill_on_drop: false }`
[INFO] [stdout] 8bae593c74a775a0e05d2dfeb7b3072d2fdb9c4c
[INFO] testing ralvescosta/ruskit against 1.75.0 for beta-1.76-1
[INFO] running `Command { std: "git" "clone" "/workspace/cache/git-repos/https%3A%2F%2Fgithub.com%2Fralvescosta%2Fruskit" "/workspace/builds/worker-4-tc1/source", kill_on_drop: false }`
[INFO] [stderr] Cloning into '/workspace/builds/worker-4-tc1/source'...
[INFO] [stderr] done.
[INFO] validating manifest of git repo https://github.com/ralvescosta/ruskit on toolchain 1.75.0
[INFO] running `Command { std: CARGO_HOME="/workspace/cargo-home" RUSTUP_HOME="/workspace/rustup-home" "/workspace/cargo-home/bin/cargo" "+1.75.0" "metadata" "--manifest-path" "Cargo.toml" "--no-deps", kill_on_drop: false }`
[INFO] started tweaking git repo https://github.com/ralvescosta/ruskit
[INFO] finished tweaking git repo https://github.com/ralvescosta/ruskit
[INFO] tweaked toml for git repo https://github.com/ralvescosta/ruskit written to /workspace/builds/worker-4-tc1/source/Cargo.toml
[INFO] crate git repo https://github.com/ralvescosta/ruskit already has a lockfile, it will not be regenerated
[INFO] running `Command { std: CARGO_HOME="/workspace/cargo-home" RUSTUP_HOME="/workspace/rustup-home" "/workspace/cargo-home/bin/cargo" "+1.75.0" "fetch" "--manifest-path" "Cargo.toml", kill_on_drop: false }`
[INFO] [stderr]     Updating crates.io index
[INFO] [stderr]  Downloading crates ...
[INFO] [stderr]   Downloaded opentelemetry-otlp v0.14.0
[INFO] [stderr]   Downloaded aws-credential-types v0.57.2
[INFO] [stderr]   Downloaded alcoholic_jwt v4091.0.0
[INFO] [stderr]   Downloaded deadpool-sync v0.1.2
[INFO] [stderr]   Downloaded rustls-connector v0.18.5
[INFO] [stderr]   Downloaded aws-smithy-query v0.57.2
[INFO] [stderr]   Downloaded pinky-swear v6.2.0
[INFO] [stderr]   Downloaded deadpool-sqlite v0.7.0
[INFO] [stderr]   Downloaded deadpool-postgres v0.11.0
[INFO] [stderr]   Downloaded aws-runtime v0.57.2
[INFO] [stderr]   Downloaded utoipa v4.1.0
[INFO] [stderr]   Downloaded aws-smithy-runtime v0.57.2
[INFO] [stderr]   Downloaded utoipa-gen v4.1.0
[INFO] [stderr]   Downloaded aws-sigv4 v0.57.2
[INFO] [stderr]   Downloaded paho-mqtt-sys v0.9.0
[INFO] [stderr]   Downloaded aws-sdk-sts v0.36.0
[INFO] [stderr]   Downloaded utoipa-swagger-ui v4.0.0
[INFO] [stderr]   Downloaded aws-sdk-secretsmanager v0.36.0
[INFO] [stderr]   Downloaded aws-http v0.57.2
[INFO] [stderr]   Downloaded aws-types v0.57.2
[INFO] [stderr]   Downloaded paho-mqtt v0.12.3
[INFO] [stderr]   Downloaded opentelemetry-proto v0.4.0
[INFO] [stderr]   Downloaded opentelemetry v0.21.0
[INFO] [stderr]   Downloaded aws-sdk-sso v0.36.0
[INFO] [stderr]   Downloaded aws-sdk-ssooidc v0.36.0
[INFO] [stderr]   Downloaded aws-config v0.57.2
[INFO] [stderr]   Downloaded aws-smithy-http v0.57.2
[INFO] [stderr]   Downloaded aws-smithy-runtime-api v0.57.2
[INFO] [stderr]   Downloaded aws-smithy-types v0.57.2
[INFO] [stderr]   Downloaded opentelemetry_sdk v0.21.1
[INFO] [stderr]   Downloaded opentelemetry-prometheus v0.14.1
[INFO] [stderr]   Downloaded async-global-executor v2.4.0
[INFO] [stderr]   Downloaded opentelemetry-semantic-conventions v0.13.0
[INFO] [stderr]   Downloaded aws-smithy-xml v0.57.2
[INFO] [stderr]   Downloaded aws-smithy-async v0.57.2
[INFO] [stderr]   Downloaded aws-smithy-json v0.57.2
[INFO] running `Command { std: "docker" "create" "-v" "/var/lib/crater-agent-workspace/builds/worker-4-tc1/target:/opt/rustwide/target:rw,Z" "-v" "/var/lib/crater-agent-workspace/builds/worker-4-tc1/source:/opt/rustwide/workdir:ro,Z" "-v" "/var/lib/crater-agent-workspace/cargo-home:/opt/rustwide/cargo-home:ro,Z" "-v" "/var/lib/crater-agent-workspace/rustup-home:/opt/rustwide/rustup-home:ro,Z" "-e" "SOURCE_DIR=/opt/rustwide/workdir" "-e" "CARGO_TARGET_DIR=/opt/rustwide/target" "-e" "CARGO_HOME=/opt/rustwide/cargo-home" "-e" "RUSTUP_HOME=/opt/rustwide/rustup-home" "-w" "/opt/rustwide/workdir" "-m" "1610612736" "--user" "0:0" "--network" "none" "ghcr.io/rust-lang/crates-build-env/linux@sha256:2788e3201cd34a07e3172128adcd8b3090168a8e3bcc40d7c032b9dda1df7d1c" "/opt/rustwide/cargo-home/bin/cargo" "+1.75.0" "metadata" "--no-deps" "--format-version=1", kill_on_drop: false }`
[INFO] [stdout] ad13df071a16be2d457c06a1075ef512bafed6b736cc395bf3863316dbe883b1
[INFO] running `Command { std: "docker" "start" "-a" "ad13df071a16be2d457c06a1075ef512bafed6b736cc395bf3863316dbe883b1", kill_on_drop: false }`
[INFO] running `Command { std: "docker" "inspect" "ad13df071a16be2d457c06a1075ef512bafed6b736cc395bf3863316dbe883b1", kill_on_drop: false }`
[INFO] running `Command { std: "docker" "rm" "-f" "ad13df071a16be2d457c06a1075ef512bafed6b736cc395bf3863316dbe883b1", kill_on_drop: false }`
[INFO] [stdout] ad13df071a16be2d457c06a1075ef512bafed6b736cc395bf3863316dbe883b1
[INFO] running `Command { std: "docker" "create" "-v" "/var/lib/crater-agent-workspace/builds/worker-4-tc1/target:/opt/rustwide/target:rw,Z" "-v" "/var/lib/crater-agent-workspace/builds/worker-4-tc1/source:/opt/rustwide/workdir:ro,Z" "-v" "/var/lib/crater-agent-workspace/cargo-home:/opt/rustwide/cargo-home:ro,Z" "-v" "/var/lib/crater-agent-workspace/rustup-home:/opt/rustwide/rustup-home:ro,Z" "-e" "SOURCE_DIR=/opt/rustwide/workdir" "-e" "CARGO_TARGET_DIR=/opt/rustwide/target" "-e" "CARGO_INCREMENTAL=0" "-e" "RUST_BACKTRACE=full" "-e" "RUSTFLAGS=--cap-lints=warn" "-e" "RUSTDOCFLAGS=--cap-lints=warn" "-e" "CARGO_HOME=/opt/rustwide/cargo-home" "-e" "RUSTUP_HOME=/opt/rustwide/rustup-home" "-w" "/opt/rustwide/workdir" "-m" "1610612736" "--user" "0:0" "--network" "none" "ghcr.io/rust-lang/crates-build-env/linux@sha256:2788e3201cd34a07e3172128adcd8b3090168a8e3bcc40d7c032b9dda1df7d1c" "/opt/rustwide/cargo-home/bin/cargo" "+1.75.0" "build" "--frozen" "--message-format=json", kill_on_drop: false }`
[INFO] [stdout] e162f34c6404a4587ec9b4e5563955c223c68f58b9de0d196d8951d264074752
[INFO] running `Command { std: "docker" "start" "-a" "e162f34c6404a4587ec9b4e5563955c223c68f58b9de0d196d8951d264074752", kill_on_drop: false }`
[INFO] [stderr]    Compiling proc-macro2 v1.0.70
[INFO] [stderr]    Compiling unicode-ident v1.0.12
[INFO] [stderr]    Compiling libc v0.2.150
[INFO] [stderr]    Compiling cfg-if v1.0.0
[INFO] [stderr]    Compiling autocfg v1.1.0
[INFO] [stderr]    Compiling pin-project-lite v0.2.13
[INFO] [stderr]    Compiling serde v1.0.193
[INFO] [stderr]    Compiling log v0.4.20
[INFO] [stderr]    Compiling futures-core v0.3.29
[INFO] [stderr]    Compiling once_cell v1.18.0
[INFO] [stderr]    Compiling scopeguard v1.2.0
[INFO] [stderr]    Compiling memchr v2.6.4
[INFO] [stderr]    Compiling smallvec v1.11.2
[INFO] [stderr]    Compiling lock_api v0.4.11
[INFO] [stderr]    Compiling tracing-core v0.1.32
[INFO] [stderr]    Compiling itoa v1.0.9
[INFO] [stderr]    Compiling futures-sink v0.3.29
[INFO] [stderr]    Compiling futures-io v0.3.29
[INFO] [stderr]    Compiling parking_lot_core v0.9.9
[INFO] [stderr]    Compiling slab v0.4.9
[INFO] [stderr]    Compiling version_check v0.9.4
[INFO] [stderr]    Compiling pin-utils v0.1.0
[INFO] [stderr]    Compiling futures-channel v0.3.29
[INFO] [stderr]    Compiling futures-task v0.3.29
[INFO] [stderr]    Compiling quote v1.0.33
[INFO] [stderr]    Compiling fnv v1.0.7
[INFO] [stderr]    Compiling futures-util v0.3.29
[INFO] [stderr]    Compiling ryu v1.0.15
[INFO] [stderr]    Compiling syn v2.0.39
[INFO] [stderr]    Compiling percent-encoding v2.3.1
[INFO] [stderr]    Compiling equivalent v1.0.1
[INFO] [stderr]    Compiling hashbrown v0.14.3
[INFO] [stderr]    Compiling typenum v1.17.0
[INFO] [stderr]    Compiling generic-array v0.14.7
[INFO] [stderr]    Compiling num-traits v0.2.17
[INFO] [stderr]    Compiling base64 v0.21.5
[INFO] [stderr]    Compiling jobserver v0.1.27
[INFO] [stderr]    Compiling socket2 v0.5.5
[INFO] [stderr]    Compiling cc v1.0.83
[INFO] [stderr]    Compiling parking_lot v0.12.1
[INFO] [stderr]    Compiling signal-hook-registry v1.4.1
[INFO] [stderr]    Compiling mio v0.8.10
[INFO] [stderr]    Compiling getrandom v0.2.11
[INFO] [stderr]    Compiling time-core v0.1.2
[INFO] [stderr]    Compiling powerfmt v0.2.0
[INFO] [stderr]    Compiling httparse v1.8.0
[INFO] [stderr]    Compiling time-macros v0.2.15
[INFO] [stderr]    Compiling openssl-probe v0.1.5
[INFO] [stderr]    Compiling deranged v0.3.10
[INFO] [stderr]    Compiling crossbeam-utils v0.8.16
[INFO] [stderr]    Compiling pkg-config v0.3.27
[INFO] [stderr]    Compiling spin v0.9.8
[INFO] [stderr]    Compiling httpdate v1.0.3
[INFO] [stderr]    Compiling either v1.9.0
[INFO] [stderr]    Compiling crypto-common v0.1.6
[INFO] [stderr]    Compiling ring v0.17.7
[INFO] [stderr]    Compiling socket2 v0.4.10
[INFO] [stderr]    Compiling async-trait v0.1.74
[INFO] [stderr]    Compiling block-buffer v0.10.4
[INFO] [stderr]    Compiling thiserror v1.0.50
[INFO] [stderr]    Compiling subtle v2.5.0
[INFO] [stderr]    Compiling tower-service v0.3.2
[INFO] [stderr]    Compiling digest v0.10.7
[INFO] [stderr]    Compiling form_urlencoded v1.2.1
[INFO] [stderr]    Compiling try-lock v0.2.4
[INFO] [stderr]    Compiling untrusted v0.9.0
[INFO] [stderr]    Compiling serde_json v1.0.108
[INFO] [stderr]    Compiling want v0.3.1
[INFO] [stderr]    Compiling cpufeatures v0.2.11
[INFO] [stderr]    Compiling syn v1.0.109
[INFO] [stderr]    Compiling rustls v0.21.9
[INFO] [stderr]    Compiling aho-corasick v1.1.2
[INFO] [stderr]    Compiling regex-syntax v0.8.2
[INFO] [stderr]    Compiling rustls-pemfile v1.0.4
[INFO] [stderr]    Compiling urlencoding v2.1.3
[INFO] [stderr]    Compiling bitflags v2.4.1
[INFO] [stderr]    Compiling rustls-native-certs v0.6.3
[INFO] [stderr]    Compiling rand_core v0.6.4
[INFO] [stderr]    Compiling time v0.3.30
[INFO] [stderr]    Compiling num-integer v0.1.45
[INFO] [stderr]    Compiling ppv-lite86 v0.2.17
[INFO] [stderr]    Compiling vcpkg v0.2.15
[INFO] [stderr]    Compiling outref v0.5.1
[INFO] [stderr]    Compiling tinyvec_macros v0.1.1
[INFO] [stderr]    Compiling rand_chacha v0.3.1
[INFO] [stderr]    Compiling bitflags v1.3.2
[INFO] [stderr]    Compiling vsimd v0.8.0
[INFO] [stderr]    Compiling lazy_static v1.4.0
[INFO] [stderr]    Compiling base64-simd v0.8.0
[INFO] [stderr]    Compiling rand v0.8.5
[INFO] [stderr]    Compiling openssl-sys v0.9.97
[INFO] [stderr]    Compiling regex-automata v0.4.3
[INFO] [stderr]    Compiling tinyvec v1.6.0
[INFO] [stderr]    Compiling serde_derive v1.0.193
[INFO] [stderr]    Compiling tracing-attributes v0.1.27
[INFO] [stderr]    Compiling tokio-macros v2.2.0
[INFO] [stderr]    Compiling futures-macro v0.3.29
[INFO] [stderr]    Compiling thiserror-impl v1.0.50
[INFO] [stderr]    Compiling fastrand v2.0.1
[INFO] [stderr]    Compiling unicode-normalization v0.1.22
[INFO] [stderr]    Compiling mime v0.3.17
[INFO] [stderr]    Compiling regex v1.10.2
[INFO] [stderr]    Compiling tracing v0.1.40
[INFO] [stderr]    Compiling unicode-bidi v0.3.13
[INFO] [stderr]    Compiling concurrent-queue v2.4.0
[INFO] [stderr]    Compiling hmac v0.12.1
[INFO] [stderr]    Compiling semver v1.0.20
[INFO] [stderr]    Compiling parking v2.2.0
[INFO] [stderr]    Compiling zeroize v1.7.0
[INFO] [stderr]    Compiling idna v0.5.0
[INFO] [stderr]    Compiling rustversion v1.0.14
[INFO] [stderr]    Compiling sha1 v0.10.6
[INFO] [stderr]    Compiling ahash v0.8.6
[INFO] [stderr]    Compiling url v2.5.0
[INFO] [stderr]    Compiling configs v0.1.0 (/opt/rustwide/workdir/configs)
[INFO] [stderr]    Compiling rustc_version v0.4.0
[INFO] [stderr]    Compiling crossbeam-channel v0.5.8
[INFO] [stderr]    Compiling zstd-sys v2.0.9+zstd.1.5.5
[INFO] [stderr]    Compiling zerocopy v0.7.29
[INFO] [stderr]    Compiling aws-types v0.57.2
[INFO] [stderr]    Compiling pin-project-internal v1.1.3
[INFO] [stderr]    Compiling ordered-float v4.2.0
[INFO] [stderr]    Compiling block-padding v0.3.3
[INFO] [stderr]    Compiling foreign-types-shared v0.1.1
[INFO] [stderr]    Compiling openssl v0.10.61
[INFO] [stderr]    Compiling glob v0.3.1
[INFO] [stderr]    Compiling paste v1.0.14
[INFO] [stderr]    Compiling foreign-types v0.3.2
[INFO] [stderr]    Compiling inout v0.1.3
[INFO] [stderr]    Compiling event-listener v4.0.0
[INFO] [stderr]    Compiling openssl-macros v0.1.1
[INFO] [stderr]    Compiling proc-macro-error-attr v1.0.4
[INFO] [stderr]    Compiling indexmap v1.9.3
[INFO] [stderr]    Compiling anyhow v1.0.75
[INFO] [stderr]    Compiling local-waker v0.1.4
[INFO] [stderr]    Compiling zstd-safe v6.0.6
[INFO] [stderr]    Compiling futures-executor v0.3.29
[INFO] [stderr]    Compiling alloc-no-stdlib v2.0.4
[INFO] [stderr]    Compiling bytes v1.5.0
[INFO] [stderr]    Compiling crc32fast v1.3.2
[INFO] [stderr]    Compiling alloc-stdlib v0.2.2
[INFO] [stderr]    Compiling event-listener-strategy v0.4.0
[INFO] [stderr]    Compiling cipher v0.4.4
[INFO] [stderr]    Compiling axum-core v0.3.4
[INFO] [stderr]    Compiling pin-project v1.1.3
[INFO] [stderr]    Compiling sha2 v0.10.8
[INFO] [stderr]    Compiling uuid v1.6.1
[INFO] [stderr]    Compiling proc-macro-error v1.0.4
[INFO] [stderr]    Compiling encoding_rs v0.8.33
[INFO] [stderr]    Compiling hashbrown v0.12.3
[INFO] [stderr]    Compiling adler v1.0.2
[INFO] [stderr]    Compiling native-tls v0.2.11
[INFO] [stderr]    Compiling hex v0.4.3
[INFO] [stderr]    Compiling tower-layer v0.3.2
[INFO] [stderr]    Compiling actix-service v2.0.2
[INFO] [stderr]    Compiling miniz_oxide v0.7.1
[INFO] [stderr]    Compiling bytestring v1.3.1
[INFO] [stderr]    Compiling http v0.2.11
[INFO] [stderr]    Compiling brotli-decompressor v2.5.1
[INFO] [stderr]    Compiling actix-utils v3.0.1
[INFO] [stderr]    Compiling axum v0.6.20
[INFO] [stderr]    Compiling itertools v0.10.5
[INFO] [stderr]    Compiling cookie v0.16.2
[INFO] [stderr]    Compiling rustix v0.38.26
[INFO] [stderr]    Compiling event-listener v2.5.3
[INFO] [stderr]    Compiling indexmap v2.1.0
[INFO] [stderr]    Compiling serde_urlencoded v0.7.1
[INFO] [stderr]    Compiling tokio v1.34.0
[INFO] [stderr]    Compiling bytes-utils v0.1.4
[INFO] [stderr]    Compiling opentelemetry v0.21.0
[INFO] [stderr]    Compiling convert_case v0.4.0
[INFO] [stderr]    Compiling http-body v0.4.5
[INFO] [stderr]    Compiling derive_more v0.99.17
[INFO] [stderr]    Compiling opentelemetry-semantic-conventions v0.13.0
[INFO] [stderr]    Compiling prost-derive v0.11.9
[INFO] [stderr]    Compiling actix-router v0.5.1
[INFO] [stderr]    Compiling brotli v3.4.0
[INFO] [stderr]    Compiling flate2 v1.0.28
[INFO] [stderr]    Compiling async-lock v3.2.0
[INFO] [stderr]    Compiling local-channel v0.1.5
[INFO] [stderr]    Compiling futures-lite v2.1.0
[INFO] [stderr]    Compiling async-stream-impl v0.3.5
[INFO] [stderr]    Compiling minimal-lexical v0.2.1
[INFO] [stderr]    Compiling io-lifetimes v1.0.11
[INFO] [stderr]    Compiling protobuf v2.28.0
[INFO] [stderr]    Compiling linux-raw-sys v0.4.12
[INFO] [stderr]    Compiling language-tags v0.3.2
[INFO] [stderr]    Compiling sync_wrapper v0.1.2
[INFO] [stderr]    Compiling matchit v0.7.3
[INFO] [stderr]    Compiling async-stream v0.3.5
[INFO] [stderr]    Compiling prost v0.11.9
[INFO] [stderr]    Compiling tokio-util v0.7.10
[INFO] [stderr]    Compiling aws-smithy-async v0.57.2
[INFO] [stderr]    Compiling tokio-stream v0.1.14
[INFO] [stderr]    Compiling actix-rt v2.9.0
[INFO] [stderr]    Compiling tokio-io-timeout v1.2.0
[INFO] [stderr]    Compiling tokio-native-tls v0.3.1
[INFO] [stderr]    Compiling h2 v0.3.22
[INFO] [stderr]    Compiling aws-smithy-types v0.57.2
[INFO] [stderr]    Compiling opentelemetry_sdk v0.21.1
[INFO] [stderr]    Compiling tower v0.4.13
[INFO] [stderr]    Compiling actix-codec v0.5.1
[INFO] [stderr]    Compiling aws-smithy-runtime-api v0.57.2
[INFO] [stderr]    Compiling aws-smithy-json v0.57.2
[INFO] [stderr]    Compiling actix-server v2.3.0
[INFO] [stderr]    Compiling nom v7.1.3
[INFO] [stderr]    Compiling aws-credential-types v0.57.2
[INFO] [stderr]    Compiling aws-smithy-http v0.57.2
[INFO] [stderr]    Compiling aws-http v0.57.2
[INFO] [stderr]    Compiling aws-sigv4 v0.57.2
[INFO] [stderr]    Compiling actix-web-codegen v4.2.2
[INFO] [stderr]    Compiling hyper v0.14.27
[INFO] [stderr]    Compiling aws-runtime v0.57.2
[INFO] [stderr]    Compiling des v0.8.1
[INFO] [stderr]    Compiling cbc v0.1.2
[INFO] [stderr]    Compiling rc2 v0.8.1
[INFO] [stderr]    Compiling actix-macros v0.2.4
[INFO] [stderr]    Compiling polling v2.8.0
[INFO] [stderr]    Compiling cookie-factory v0.3.2
[INFO] [stderr]    Compiling atomic-waker v1.1.2
[INFO] [stderr]    Compiling async-task v4.5.0
[INFO] [stderr]    Compiling overload v0.1.1
[INFO] [stderr]    Compiling prometheus v0.13.3
[INFO] [stderr]    Compiling yasna v0.5.2
[INFO] [stderr]    Compiling rustix v0.37.27
[INFO] [stderr]    Compiling nu-ansi-term v0.46.0
[INFO] [stderr]    Compiling amq-protocol-types v7.1.2
[INFO] [stderr]    Compiling piper v0.2.1
[INFO] [stderr]    Compiling p12 v0.6.3
[INFO] [stderr]    Compiling polling v3.3.1
[INFO] [stderr]    Compiling async-channel v2.1.1
[INFO] [stderr]    Compiling validator_types v0.16.0
[INFO] [stderr]    Compiling sharded-slab v0.1.7
[INFO] [stderr]    Compiling cmake v0.1.50
[INFO] [stderr]    Compiling tracing-log v0.2.0
[INFO] [stderr]    Compiling async-io v1.13.0
[INFO] [stderr]    Compiling thread_local v1.1.7
[INFO] [stderr]    Compiling waker-fn v1.1.1
[INFO] [stderr]    Compiling linux-raw-sys v0.3.8
[INFO] [stderr]    Compiling if_chain v1.0.2
[INFO] [stderr]    Compiling fastrand v1.9.0
[INFO] [stderr]    Compiling ipnet v2.9.0
[INFO] [stderr]    Compiling xmlparser v0.13.6
[INFO] [stderr]    Compiling doc-comment v0.3.3
[INFO] [stderr]    Compiling base64 v0.13.1
[INFO] [stderr]    Compiling aws-smithy-xml v0.57.2
[INFO] [stderr]    Compiling alcoholic_jwt v4091.0.0
[INFO] [stderr]    Compiling futures-lite v1.13.0
[INFO] [stderr]    Compiling tracing-subscriber v0.3.18
[INFO] [stderr]    Compiling paho-mqtt-sys v0.9.0
[INFO] [stderr]    Compiling validator_derive v0.16.0
[INFO] [stderr]    Compiling hyper-timeout v0.4.1
[INFO] [stderr]    Compiling hyper-tls v0.5.0
[INFO] [stderr]    Compiling reqwest v0.11.22
[INFO] [stderr]    Compiling blocking v1.5.1
[INFO] [stderr]    Compiling async-io v2.2.1
[INFO] [stderr]    Compiling amq-protocol-uri v7.1.2
[INFO] [stderr]    Compiling async-executor v1.8.0
[INFO] [stderr]    Compiling aws-smithy-query v0.57.2
[INFO] [stderr]    Compiling utoipa-gen v4.1.0
[INFO] [stderr]    Compiling async-lock v2.8.0
[INFO] [stderr]    Compiling idna v0.4.0
[INFO] [stderr]    Compiling gethostname v0.2.3
[INFO] [stderr]    Compiling tracing-log v0.1.4
[INFO] [stderr]    Compiling amq-protocol v7.1.2
[INFO] [stderr]    Compiling validator v0.16.1
[INFO] [stderr]    Compiling tracing-bunyan-formatter v0.3.9
[INFO] [stderr]    Compiling async-global-executor v2.4.0
[INFO] [stderr]    Compiling opentelemetry-prometheus v0.14.1
[INFO] [stderr]    Compiling auth v0.1.0 (/opt/rustwide/workdir/auth)
[INFO] [stderr]    Compiling otel v0.1.0 (/opt/rustwide/workdir/otel)
[INFO] [stderr]    Compiling reactor-trait v1.1.0
[INFO] [stderr]    Compiling executor-trait v2.1.0
[INFO] [stderr]    Compiling flume v0.11.0
[INFO] [stderr]    Compiling lapin v2.3.1
[INFO] [stderr]    Compiling async-global-executor-trait v2.1.0
[INFO] [stderr]    Compiling pinky-swear v6.2.0
[INFO] [stderr]    Compiling async-reactor-trait v1.1.0
[INFO] [stderr]    Compiling logging v0.1.0 (/opt/rustwide/workdir/logging)
[INFO] [stderr]    Compiling messaging v0.1.0 (/opt/rustwide/workdir/messaging)
[INFO] [stderr]    Compiling async-channel v1.9.0
[INFO] [stderr]    Compiling flume v0.10.14
[INFO] [stderr]    Compiling futures v0.3.29
[INFO] [stderr]    Compiling futures-timer v3.0.2
[INFO] [stderr]    Compiling dotenvy v0.15.7
[INFO] [stderr]    Compiling migrator v0.1.0 (/opt/rustwide/workdir/migrator)
[INFO] [stderr]    Compiling metrics v0.1.0 (/opt/rustwide/workdir/metrics)
[INFO] [stderr]    Compiling sql-pool v0.1.0 (/opt/rustwide/workdir/sql_pool)
[INFO] [stderr]    Compiling utoipa v4.1.0
[INFO] [stderr]    Compiling paho-mqtt v0.12.3
[INFO] [stderr]    Compiling zstd v0.12.4
[INFO] [stderr]    Compiling actix-http v3.4.0
[INFO] [stderr]    Compiling sct v0.7.1
[INFO] [stderr]    Compiling rustls-webpki v0.101.7
[INFO] [stderr]    Compiling actix-web v4.4.0
[INFO] [stderr]    Compiling tokio-rustls v0.24.1
[INFO] [stderr]    Compiling rustls-connector v0.18.5
[INFO] [stderr]    Compiling hyper-rustls v0.24.2
[INFO] [stderr]    Compiling tonic v0.9.2
[INFO] [stderr]    Compiling tcp-stream v0.26.1
[INFO] [stderr]    Compiling aws-smithy-runtime v0.57.2
[INFO] [stderr]    Compiling amq-protocol-tcp v7.1.2
[INFO] [stderr]    Compiling opentelemetry-proto v0.4.0
[INFO] [stderr]    Compiling opentelemetry-otlp v0.14.0
[INFO] [stderr]    Compiling health-readiness v0.1.0 (/opt/rustwide/workdir/health_readiness)
[INFO] [stderr]    Compiling actix-cors v0.6.4
[INFO] [stderr]    Compiling aws-sdk-ssooidc v0.36.0
[INFO] [stderr]    Compiling aws-sdk-sso v0.36.0
[INFO] [stderr]    Compiling aws-sdk-sts v0.36.0
[INFO] [stderr]    Compiling http-components v0.1.0 (/opt/rustwide/workdir/http_components)
[INFO] [stderr]    Compiling traces v0.1.0 (/opt/rustwide/workdir/traces)
[INFO] [stderr]    Compiling aws-sdk-secretsmanager v0.36.0
[INFO] [stderr]    Compiling aws-config v0.57.2
[INFO] [stderr]    Compiling rabbitmq v0.1.0 (/opt/rustwide/workdir/rabbitmq)
[INFO] [stderr]    Compiling mqtt v0.1.0 (/opt/rustwide/workdir/mqtt)
[INFO] [stderr]    Compiling http-server v0.1.0 (/opt/rustwide/workdir/http_server)
[INFO] [stderr]    Compiling tiny-server v0.1.0 (/opt/rustwide/workdir/tiny_server)
[INFO] [stderr]    Compiling secrets-manager v0.1.0 (/opt/rustwide/workdir/secrets_manager)
[INFO] [stderr]    Compiling configs-builder v0.1.0 (/opt/rustwide/workdir/configs_builder)
[INFO] [stderr]     Finished dev [unoptimized + debuginfo] target(s) in 1m 45s
[INFO] running `Command { std: "docker" "inspect" "e162f34c6404a4587ec9b4e5563955c223c68f58b9de0d196d8951d264074752", kill_on_drop: false }`
[INFO] running `Command { std: "docker" "rm" "-f" "e162f34c6404a4587ec9b4e5563955c223c68f58b9de0d196d8951d264074752", kill_on_drop: false }`
[INFO] [stdout] e162f34c6404a4587ec9b4e5563955c223c68f58b9de0d196d8951d264074752
[INFO] running `Command { std: "docker" "create" "-v" "/var/lib/crater-agent-workspace/builds/worker-4-tc1/target:/opt/rustwide/target:rw,Z" "-v" "/var/lib/crater-agent-workspace/builds/worker-4-tc1/source:/opt/rustwide/workdir:ro,Z" "-v" "/var/lib/crater-agent-workspace/cargo-home:/opt/rustwide/cargo-home:ro,Z" "-v" "/var/lib/crater-agent-workspace/rustup-home:/opt/rustwide/rustup-home:ro,Z" "-e" "SOURCE_DIR=/opt/rustwide/workdir" "-e" "CARGO_TARGET_DIR=/opt/rustwide/target" "-e" "CARGO_INCREMENTAL=0" "-e" "RUST_BACKTRACE=full" "-e" "RUSTFLAGS=--cap-lints=warn" "-e" "RUSTDOCFLAGS=--cap-lints=warn" "-e" "CARGO_HOME=/opt/rustwide/cargo-home" "-e" "RUSTUP_HOME=/opt/rustwide/rustup-home" "-w" "/opt/rustwide/workdir" "-m" "1610612736" "--user" "0:0" "--network" "none" "ghcr.io/rust-lang/crates-build-env/linux@sha256:2788e3201cd34a07e3172128adcd8b3090168a8e3bcc40d7c032b9dda1df7d1c" "/opt/rustwide/cargo-home/bin/cargo" "+1.75.0" "test" "--frozen" "--no-run" "--message-format=json", kill_on_drop: false }`
[INFO] [stdout] 26fc3bc6fddde85367244423c170d80f358aa7a45106c14c72cd0e87cb33f30b
[INFO] running `Command { std: "docker" "start" "-a" "26fc3bc6fddde85367244423c170d80f358aa7a45106c14c72cd0e87cb33f30b", kill_on_drop: false }`
[INFO] [stderr]    Compiling syn v1.0.109
[INFO] [stderr]    Compiling either v1.9.0
[INFO] [stderr]    Compiling predicates-core v1.0.6
[INFO] [stderr]    Compiling float-cmp v0.9.0
[INFO] [stderr]    Compiling termtree v0.4.1
[INFO] [stderr]    Compiling difflib v0.4.0
[INFO] [stderr]    Compiling normalize-line-endings v0.3.0
[INFO] [stderr]    Compiling downcast v0.11.0
[INFO] [stderr]    Compiling bytes-utils v0.1.4
[INFO] [stderr]    Compiling itertools v0.10.5
[INFO] [stderr]    Compiling predicates-tree v1.0.9
[INFO] [stderr]    Compiling fragile v2.0.0
[INFO] [stderr]    Compiling migrator v0.1.0 (/opt/rustwide/workdir/migrator)
[INFO] [stderr]    Compiling aws-smithy-types v0.57.2
[INFO] [stderr]    Compiling logging v0.1.0 (/opt/rustwide/workdir/logging)
[INFO] [stderr]    Compiling auth v0.1.0 (/opt/rustwide/workdir/auth)
[INFO] [stderr]    Compiling metrics v0.1.0 (/opt/rustwide/workdir/metrics)
[INFO] [stderr]    Compiling aws-smithy-runtime-api v0.57.2
[INFO] [stderr]    Compiling aws-smithy-json v0.57.2
[INFO] [stderr]    Compiling aws-smithy-query v0.57.2
[INFO] [stderr]    Compiling predicates v2.1.5
[INFO] [stderr]    Compiling otel v0.1.0 (/opt/rustwide/workdir/otel)
[INFO] [stderr]    Compiling sql-pool v0.1.0 (/opt/rustwide/workdir/sql_pool)
[INFO] [stderr]    Compiling configs v0.1.0 (/opt/rustwide/workdir/configs)
[INFO] [stderr]    Compiling aws-credential-types v0.57.2
[INFO] [stderr]    Compiling aws-smithy-http v0.57.2
[INFO] [stderr]    Compiling aws-types v0.57.2
[INFO] [stderr]    Compiling aws-sigv4 v0.57.2
[INFO] [stderr]    Compiling aws-smithy-runtime v0.57.2
[INFO] [stderr]    Compiling aws-http v0.57.2
[INFO] [stderr]    Compiling aws-runtime v0.57.2
[INFO] [stderr]    Compiling proc-macro-error v1.0.4
[INFO] [stderr]    Compiling validator_types v0.16.0
[INFO] [stderr]    Compiling derive_more v0.99.17
[INFO] [stderr]    Compiling prost-derive v0.11.9
[INFO] [stderr]    Compiling mockall_derive v0.11.4
[INFO] [stderr]    Compiling utoipa-gen v4.1.0
[INFO] [stderr]    Compiling validator_derive v0.16.0
[INFO] [stderr]    Compiling aws-sdk-ssooidc v0.36.0
[INFO] [stderr]    Compiling aws-sdk-sts v0.36.0
[INFO] [stderr]    Compiling prost v0.11.9
[INFO] [stderr]    Compiling tonic v0.9.2
[INFO] [stderr]    Compiling validator v0.16.1
[INFO] [stderr]    Compiling actix-http v3.4.0
[INFO] [stderr]    Compiling aws-sdk-sso v0.36.0
[INFO] [stderr]    Compiling mockall v0.11.4
[INFO] [stderr]    Compiling messaging v0.1.0 (/opt/rustwide/workdir/messaging)
[INFO] [stderr]    Compiling opentelemetry-proto v0.4.0
[INFO] [stderr]    Compiling aws-sdk-secretsmanager v0.36.0
[INFO] [stderr]    Compiling opentelemetry-otlp v0.14.0
[INFO] [stderr]    Compiling utoipa v4.1.0
[INFO] [stderr]    Compiling actix-web v4.4.0
[INFO] [stderr]    Compiling traces v0.1.0 (/opt/rustwide/workdir/traces)
[INFO] [stderr]    Compiling aws-config v0.57.2
[INFO] [stderr]    Compiling rabbitmq v0.1.0 (/opt/rustwide/workdir/rabbitmq)
[INFO] [stderr]    Compiling mqtt v0.1.0 (/opt/rustwide/workdir/mqtt)
[INFO] [stderr]    Compiling health-readiness v0.1.0 (/opt/rustwide/workdir/health_readiness)
[INFO] [stderr]    Compiling actix-cors v0.6.4
[INFO] [stderr]    Compiling secrets-manager v0.1.0 (/opt/rustwide/workdir/secrets_manager)
[INFO] [stderr]    Compiling configs-builder v0.1.0 (/opt/rustwide/workdir/configs_builder)
[INFO] [stderr]    Compiling http-components v0.1.0 (/opt/rustwide/workdir/http_components)
[INFO] [stderr]    Compiling http-server v0.1.0 (/opt/rustwide/workdir/http_server)
[INFO] [stderr]    Compiling tiny-server v0.1.0 (/opt/rustwide/workdir/tiny_server)
[INFO] [stderr]     Finished test [unoptimized + debuginfo] target(s) in 1m 02s
[INFO] running `Command { std: "docker" "inspect" "26fc3bc6fddde85367244423c170d80f358aa7a45106c14c72cd0e87cb33f30b", kill_on_drop: false }`
[INFO] running `Command { std: "docker" "rm" "-f" "26fc3bc6fddde85367244423c170d80f358aa7a45106c14c72cd0e87cb33f30b", kill_on_drop: false }`
[INFO] [stdout] 26fc3bc6fddde85367244423c170d80f358aa7a45106c14c72cd0e87cb33f30b
[INFO] running `Command { std: "docker" "create" "-v" "/var/lib/crater-agent-workspace/builds/worker-4-tc1/target:/opt/rustwide/target:rw,Z" "-v" "/var/lib/crater-agent-workspace/builds/worker-4-tc1/source:/opt/rustwide/workdir:ro,Z" "-v" "/var/lib/crater-agent-workspace/cargo-home:/opt/rustwide/cargo-home:ro,Z" "-v" "/var/lib/crater-agent-workspace/rustup-home:/opt/rustwide/rustup-home:ro,Z" "-e" "SOURCE_DIR=/opt/rustwide/workdir" "-e" "CARGO_TARGET_DIR=/opt/rustwide/target" "-e" "CARGO_INCREMENTAL=0" "-e" "RUST_BACKTRACE=full" "-e" "RUSTFLAGS=--cap-lints=warn" "-e" "RUSTDOCFLAGS=--cap-lints=warn" "-e" "CARGO_HOME=/opt/rustwide/cargo-home" "-e" "RUSTUP_HOME=/opt/rustwide/rustup-home" "-w" "/opt/rustwide/workdir" "-m" "1610612736" "--user" "0:0" "--network" "none" "ghcr.io/rust-lang/crates-build-env/linux@sha256:2788e3201cd34a07e3172128adcd8b3090168a8e3bcc40d7c032b9dda1df7d1c" "/opt/rustwide/cargo-home/bin/cargo" "+1.75.0" "test" "--frozen", kill_on_drop: false }`
[INFO] [stdout] 22013af7b277a7ecf410c316791184e67a30a8e0ef60ec8426e90dd31e06b1cd
[INFO] running `Command { std: "docker" "start" "-a" "22013af7b277a7ecf410c316791184e67a30a8e0ef60ec8426e90dd31e06b1cd", kill_on_drop: false }`
[INFO] [stderr]     Finished test [unoptimized + debuginfo] target(s) in 0.77s
[INFO] [stderr]      Running unittests src/lib.rs (/opt/rustwide/target/debug/deps/auth-5ba92551dc274032)
[INFO] [stdout] 
[INFO] [stdout] running 0 tests
[INFO] [stdout] 
[INFO] [stdout] test result: ok. 0 passed; 0 failed; 0 ignored; 0 measured; 0 filtered out; finished in 0.00s
[INFO] [stdout] 
[INFO] [stderr]      Running unittests src/lib.rs (/opt/rustwide/target/debug/deps/configs-b4135a1e4572f40d)
[INFO] [stdout] 
[INFO] [stdout] running 2 tests
[INFO] [stdout] test configs::tests::should_return_amqp_uri ... ok
[INFO] [stdout] test configs::tests::should_return_app_addr ... ok
[INFO] [stdout] 
[INFO] [stdout] test result: ok. 2 passed; 0 failed; 0 ignored; 0 measured; 0 filtered out; finished in 0.01s
[INFO] [stdout] 
[INFO] [stderr]      Running unittests src/lib.rs (/opt/rustwide/target/debug/deps/configs_builder-227359a3babd0b07)
[INFO] [stdout] 
[INFO] [stdout] running 0 tests
[INFO] [stdout] 
[INFO] [stdout] test result: ok. 0 passed; 0 failed; 0 ignored; 0 measured; 0 filtered out; finished in 0.00s
[INFO] [stdout] 
[INFO] [stderr]      Running unittests src/lib.rs (/opt/rustwide/target/debug/deps/health_readiness-32ddbd1e3bd4153b)
[INFO] [stdout] 
[INFO] [stdout] running 0 tests
[INFO] [stdout] 
[INFO] [stdout] test result: ok. 0 passed; 0 failed; 0 ignored; 0 measured; 0 filtered out; finished in 0.00s
[INFO] [stdout] 
[INFO] [stderr]      Running unittests src/lib.rs (/opt/rustwide/target/debug/deps/http_components-e43f272c3efd82b1)
[INFO] [stdout] 
[INFO] [stdout] running 0 tests
[INFO] [stdout] 
[INFO] [stdout] test result: ok. 0 passed; 0 failed; 0 ignored; 0 measured; 0 filtered out; finished in 0.00s
[INFO] [stdout] 
[INFO] [stderr]      Running unittests src/lib.rs (/opt/rustwide/target/debug/deps/http_server-ae9c393222a025e4)
[INFO] [stdout] 
[INFO] [stdout] running 0 tests
[INFO] [stdout] 
[INFO] [stdout] test result: ok. 0 passed; 0 failed; 0 ignored; 0 measured; 0 filtered out; finished in 0.00s
[INFO] [stdout] 
[INFO] [stderr]      Running unittests src/lib.rs (/opt/rustwide/target/debug/deps/logging-080b74d30ba1d058)
[INFO] [stdout] 
[INFO] [stdout] running 2 tests
[INFO] [stdout] test logger::tests::setup_successfully ... ok
[INFO] [stderr]      Running unittests src/lib.rs (/opt/rustwide/target/debug/deps/messaging-4addc31e107f059b)
[INFO] [stdout] test logger::tests::get_log_level_successfully ... ok
[INFO] [stdout] 
[INFO] [stdout] test result: ok. 2 passed; 0 failed; 0 ignored; 0 measured; 0 filtered out; finished in 0.01s
[INFO] [stdout] 
[INFO] [stdout] 
[INFO] [stdout] running 0 tests
[INFO] [stdout] 
[INFO] [stderr]      Running unittests src/lib.rs (/opt/rustwide/target/debug/deps/metrics-912abe8c27323591)
[INFO] [stdout] test result: ok. 0 passed; 0 failed; 0 ignored; 0 measured; 0 filtered out; finished in 0.00s
[INFO] [stdout] 
[INFO] [stderr]      Running unittests src/lib.rs (/opt/rustwide/target/debug/deps/migrator-4ef4df529516e677)
[INFO] [stdout] 
[INFO] [stdout] running 0 tests
[INFO] [stdout] 
[INFO] [stdout] test result: ok. 0 passed; 0 failed; 0 ignored; 0 measured; 0 filtered out; finished in 0.00s
[INFO] [stdout] 
[INFO] [stdout] 
[INFO] [stderr]      Running unittests src/lib.rs (/opt/rustwide/target/debug/deps/mqtt-2f4fb39aca584857)
[INFO] [stdout] running 0 tests
[INFO] [stdout] 
[INFO] [stdout] test result: ok. 0 passed; 0 failed; 0 ignored; 0 measured; 0 filtered out; finished in 0.00s
[INFO] [stdout] 
[INFO] [stdout] 
[INFO] [stdout] running 6 tests
[INFO] [stdout] test dispatcher::tests::test_consume_with_dispatch_return_err ... ok
[INFO] [stdout] test dispatcher::tests::test_consume_with_plus_wildcard ... ok
[INFO] [stdout] test dispatcher::tests::test_new ... ok
[INFO] [stdout] test dispatcher::tests::test_consume ... ok
[INFO] [stdout] test dispatcher::tests::test_declare ... ok
[INFO] [stdout] test dispatcher::tests::test_consume_with_unregistered_consumer ... ok
[INFO] [stdout] 
[INFO] [stdout] test result: ok. 6 passed; 0 failed; 0 ignored; 0 measured; 0 filtered out; finished in 0.09s
[INFO] [stdout] 
[INFO] [stderr]      Running unittests src/lib.rs (/opt/rustwide/target/debug/deps/otel-73897ac2212137bb)
[INFO] [stdout] 
[INFO] [stdout] running 0 tests
[INFO] [stdout] 
[INFO] [stdout] test result: ok. 0 passed; 0 failed; 0 ignored; 0 measured; 0 filtered out; finished in 0.00s
[INFO] [stdout] 
[INFO] [stderr]      Running unittests src/lib.rs (/opt/rustwide/target/debug/deps/rabbitmq-35705a1116caf35f)
[INFO] [stdout] 
[INFO] [stderr]      Running unittests src/lib.rs (/opt/rustwide/target/debug/deps/secrets_manager-a9c112e6e846f94d)
[INFO] [stdout] running 0 tests
[INFO] [stdout] 
[INFO] [stdout] test result: ok. 0 passed; 0 failed; 0 ignored; 0 measured; 0 filtered out; finished in 0.00s
[INFO] [stdout] 
[INFO] [stdout] 
[INFO] [stdout] running 0 tests
[INFO] [stdout] 
[INFO] [stdout] test result: ok. 0 passed; 0 failed; 0 ignored; 0 measured; 0 filtered out; finished in 0.00s
[INFO] [stdout] 
[INFO] [stderr]      Running unittests src/lib.rs (/opt/rustwide/target/debug/deps/sql_pool-3d01b1775f3c2738)
[INFO] [stdout] 
[INFO] [stdout] running 0 tests
[INFO] [stdout] 
[INFO] [stdout] test result: ok. 0 passed; 0 failed; 0 ignored; 0 measured; 0 filtered out; finished in 0.00s
[INFO] [stdout] 
[INFO] [stderr]      Running unittests src/lib.rs (/opt/rustwide/target/debug/deps/tiny_server-689e5d772808c027)
[INFO] [stderr]      Running unittests src/lib.rs (/opt/rustwide/target/debug/deps/traces-672ed1271659094b)
[INFO] [stdout] 
[INFO] [stdout] running 0 tests
[INFO] [stdout] 
[INFO] [stdout] test result: ok. 0 passed; 0 failed; 0 ignored; 0 measured; 0 filtered out; finished in 0.00s
[INFO] [stdout] 
[INFO] [stdout] 
[INFO] [stdout] running 0 tests
[INFO] [stdout] 
[INFO] [stdout] test result: ok. 0 passed; 0 failed; 0 ignored; 0 measured; 0 filtered out; finished in 0.00s
[INFO] [stdout] 
[INFO] [stderr]    Doc-tests auth
[INFO] [stdout] 
[INFO] [stdout] running 0 tests
[INFO] [stdout] 
[INFO] [stdout] test result: ok. 0 passed; 0 failed; 0 ignored; 0 measured; 0 filtered out; finished in 0.00s
[INFO] [stdout] 
[INFO] [stderr]    Doc-tests configs
[INFO] [stdout] 
[INFO] [stdout] running 0 tests
[INFO] [stdout] 
[INFO] [stdout] test result: ok. 0 passed; 0 failed; 0 ignored; 0 measured; 0 filtered out; finished in 0.00s
[INFO] [stdout] 
[INFO] [stderr]    Doc-tests configs-builder
[INFO] [stdout] 
[INFO] [stdout] running 0 tests
[INFO] [stdout] 
[INFO] [stdout] test result: ok. 0 passed; 0 failed; 0 ignored; 0 measured; 0 filtered out; finished in 0.00s
[INFO] [stdout] 
[INFO] [stderr]    Doc-tests health-readiness
[INFO] [stdout] 
[INFO] [stdout] running 0 tests
[INFO] [stdout] 
[INFO] [stdout] test result: ok. 0 passed; 0 failed; 0 ignored; 0 measured; 0 filtered out; finished in 0.00s
[INFO] [stdout] 
[INFO] [stderr]    Doc-tests http-components
[INFO] [stdout] 
[INFO] [stdout] running 1 test
[INFO] [stdout] test http_components/src/middlewares/otel/http_metrics.rs - middlewares::otel::http_metrics::HTTPOtelMetrics (line 54) - compile ... FAILED
[INFO] [stdout] 
[INFO] [stdout] failures:
[INFO] [stdout] 
[INFO] [stdout] ---- http_components/src/middlewares/otel/http_metrics.rs - middlewares::otel::http_metrics::HTTPOtelMetrics (line 54) stdout ----
[INFO] [stdout] error[E0433]: failed to resolve: could not find `sdk` in `opentelemetry`
[INFO] [stdout]   --> http_components/src/middlewares/otel/http_metrics.rs:65:5
[INFO] [stdout]    |
[INFO] [stdout] 13 |     sdk::{
[INFO] [stdout]    |     ^^^ could not find `sdk` in `opentelemetry`
[INFO] [stdout] 
[INFO] [stdout] error[E0601]: `main` function not found in crate `rust_out`
[INFO] [stdout]   --> http_components/src/middlewares/otel/http_metrics.rs:101:2
[INFO] [stdout]    |
[INFO] [stdout] 49 | }
[INFO] [stdout]    |  ^ consider adding a `main` function to `http_components/src/middlewares/otel/http_metrics.rs`
[INFO] [stdout] 
[INFO] [stdout] error: aborting due to 2 previous errors
[INFO] [stdout] 
[INFO] [stdout] Some errors have detailed explanations: E0433, E0601.
[INFO] [stdout] For more information about an error, try `rustc --explain E0433`.
[INFO] [stdout] Couldn't compile the test.
[INFO] [stdout] 
[INFO] [stdout] failures:
[INFO] [stdout]     http_components/src/middlewares/otel/http_metrics.rs - middlewares::otel::http_metrics::HTTPOtelMetrics (line 54)
[INFO] [stdout] 
[INFO] [stdout] test result: FAILED. 0 passed; 1 failed; 0 ignored; 0 measured; 0 filtered out; finished in 0.10s
[INFO] [stdout] 
[INFO] [stderr] error: doctest failed, to rerun pass `-p http-components --doc`
[INFO] running `Command { std: "docker" "inspect" "22013af7b277a7ecf410c316791184e67a30a8e0ef60ec8426e90dd31e06b1cd", kill_on_drop: false }`
[INFO] running `Command { std: "docker" "rm" "-f" "22013af7b277a7ecf410c316791184e67a30a8e0ef60ec8426e90dd31e06b1cd", kill_on_drop: false }`
[INFO] [stdout] 22013af7b277a7ecf410c316791184e67a30a8e0ef60ec8426e90dd31e06b1cd
