[INFO] cloning repository https://github.com/rainbowflesh/sysinfo-http
[INFO] running `Command { std: "git" "-c" "credential.helper=" "-c" "credential.helper=/workspace/cargo-home/bin/git-credential-null" "clone" "--bare" "https://github.com/rainbowflesh/sysinfo-http" "/workspace/cache/git-repos/https%3A%2F%2Fgithub.com%2Frainbowflesh%2Fsysinfo-http", kill_on_drop: false }`
[INFO] [stderr] Cloning into bare repository '/workspace/cache/git-repos/https%3A%2F%2Fgithub.com%2Frainbowflesh%2Fsysinfo-http'...
[INFO] running `Command { std: "git" "rev-parse" "HEAD", kill_on_drop: false }`
[INFO] [stdout] 0f5fc66f9c7371ee39ae5fab782b823777d1596b
[INFO] testing rainbowflesh/sysinfo-http against 1.75.0 for beta-1.76-1
[INFO] running `Command { std: "git" "clone" "/workspace/cache/git-repos/https%3A%2F%2Fgithub.com%2Frainbowflesh%2Fsysinfo-http" "/workspace/builds/worker-7-tc1/source", kill_on_drop: false }`
[INFO] [stderr] Cloning into '/workspace/builds/worker-7-tc1/source'...
[INFO] [stderr] done.
[INFO] validating manifest of git repo https://github.com/rainbowflesh/sysinfo-http on toolchain 1.75.0
[INFO] running `Command { std: CARGO_HOME="/workspace/cargo-home" RUSTUP_HOME="/workspace/rustup-home" "/workspace/cargo-home/bin/cargo" "+1.75.0" "metadata" "--manifest-path" "Cargo.toml" "--no-deps", kill_on_drop: false }`
[INFO] removed /workspace/builds/worker-7-tc1/source/.cargo/config.toml
[INFO] started tweaking git repo https://github.com/rainbowflesh/sysinfo-http
[INFO] finished tweaking git repo https://github.com/rainbowflesh/sysinfo-http
[INFO] tweaked toml for git repo https://github.com/rainbowflesh/sysinfo-http written to /workspace/builds/worker-7-tc1/source/Cargo.toml
[INFO] crate git repo https://github.com/rainbowflesh/sysinfo-http already has a lockfile, it will not be regenerated
[INFO] running `Command { std: CARGO_HOME="/workspace/cargo-home" RUSTUP_HOME="/workspace/rustup-home" "/workspace/cargo-home/bin/cargo" "+1.75.0" "fetch" "--manifest-path" "Cargo.toml", kill_on_drop: false }`
[INFO] [stderr] warning: only one of `license` or `license-file` is necessary
[INFO] [stderr] `license` should be used if the package license can be expressed with a standard SPDX expression.
[INFO] [stderr] `license-file` should be used if the package uses a non-standard license.
[INFO] [stderr] See https://doc.rust-lang.org/cargo/reference/manifest.html#the-license-and-license-file-fields for more information.
[INFO] [stderr]  Downloading crates ...
[INFO] [stderr]   Downloaded sysinfo v0.29.2
[INFO] [stderr]   Downloaded openssl-src v111.26.0+1.1.1u
[INFO] running `Command { std: "docker" "create" "-v" "/var/lib/crater-agent-workspace/builds/worker-7-tc1/target:/opt/rustwide/target:rw,Z" "-v" "/var/lib/crater-agent-workspace/builds/worker-7-tc1/source:/opt/rustwide/workdir:ro,Z" "-v" "/var/lib/crater-agent-workspace/cargo-home:/opt/rustwide/cargo-home:ro,Z" "-v" "/var/lib/crater-agent-workspace/rustup-home:/opt/rustwide/rustup-home:ro,Z" "-e" "SOURCE_DIR=/opt/rustwide/workdir" "-e" "CARGO_TARGET_DIR=/opt/rustwide/target" "-e" "CARGO_HOME=/opt/rustwide/cargo-home" "-e" "RUSTUP_HOME=/opt/rustwide/rustup-home" "-w" "/opt/rustwide/workdir" "-m" "1610612736" "--user" "0:0" "--network" "none" "ghcr.io/rust-lang/crates-build-env/linux@sha256:2788e3201cd34a07e3172128adcd8b3090168a8e3bcc40d7c032b9dda1df7d1c" "/opt/rustwide/cargo-home/bin/cargo" "+1.75.0" "metadata" "--no-deps" "--format-version=1", kill_on_drop: false }`
[INFO] [stdout] d8ea0f307f34ab6702d4bbcf606a771d004365bf225dae4c5cde4d03c534b7e4
[INFO] running `Command { std: "docker" "start" "-a" "d8ea0f307f34ab6702d4bbcf606a771d004365bf225dae4c5cde4d03c534b7e4", kill_on_drop: false }`
[INFO] running `Command { std: "docker" "inspect" "d8ea0f307f34ab6702d4bbcf606a771d004365bf225dae4c5cde4d03c534b7e4", kill_on_drop: false }`
[INFO] running `Command { std: "docker" "rm" "-f" "d8ea0f307f34ab6702d4bbcf606a771d004365bf225dae4c5cde4d03c534b7e4", kill_on_drop: false }`
[INFO] [stdout] d8ea0f307f34ab6702d4bbcf606a771d004365bf225dae4c5cde4d03c534b7e4
[INFO] running `Command { std: "docker" "create" "-v" "/var/lib/crater-agent-workspace/builds/worker-7-tc1/target:/opt/rustwide/target:rw,Z" "-v" "/var/lib/crater-agent-workspace/builds/worker-7-tc1/source:/opt/rustwide/workdir:ro,Z" "-v" "/var/lib/crater-agent-workspace/cargo-home:/opt/rustwide/cargo-home:ro,Z" "-v" "/var/lib/crater-agent-workspace/rustup-home:/opt/rustwide/rustup-home:ro,Z" "-e" "SOURCE_DIR=/opt/rustwide/workdir" "-e" "CARGO_TARGET_DIR=/opt/rustwide/target" "-e" "CARGO_INCREMENTAL=0" "-e" "RUST_BACKTRACE=full" "-e" "RUSTFLAGS=--cap-lints=warn" "-e" "RUSTDOCFLAGS=--cap-lints=warn" "-e" "CARGO_HOME=/opt/rustwide/cargo-home" "-e" "RUSTUP_HOME=/opt/rustwide/rustup-home" "-w" "/opt/rustwide/workdir" "-m" "1610612736" "--user" "0:0" "--network" "none" "ghcr.io/rust-lang/crates-build-env/linux@sha256:2788e3201cd34a07e3172128adcd8b3090168a8e3bcc40d7c032b9dda1df7d1c" "/opt/rustwide/cargo-home/bin/cargo" "+1.75.0" "build" "--frozen" "--message-format=json", kill_on_drop: false }`
[INFO] [stdout] 48310bec67d4f09f2b1cf2ed4ba6ca5f4c0eebef1aec052f20e1e89fde1f48c7
[INFO] running `Command { std: "docker" "start" "-a" "48310bec67d4f09f2b1cf2ed4ba6ca5f4c0eebef1aec052f20e1e89fde1f48c7", kill_on_drop: false }`
[INFO] [stderr] warning: only one of `license` or `license-file` is necessary
[INFO] [stderr] `license` should be used if the package license can be expressed with a standard SPDX expression.
[INFO] [stderr] `license-file` should be used if the package uses a non-standard license.
[INFO] [stderr] See https://doc.rust-lang.org/cargo/reference/manifest.html#the-license-and-license-file-fields for more information.
[INFO] [stderr]    Compiling proc-macro2 v1.0.63
[INFO] [stderr]    Compiling unicode-ident v1.0.9
[INFO] [stderr]    Compiling quote v1.0.29
[INFO] [stderr]    Compiling cfg-if v1.0.0
[INFO] [stderr]    Compiling autocfg v1.1.0
[INFO] [stderr]    Compiling libc v0.2.147
[INFO] [stderr]    Compiling version_check v0.9.4
[INFO] [stderr]    Compiling once_cell v1.18.0
[INFO] [stderr]    Compiling scopeguard v1.1.0
[INFO] [stderr]    Compiling pin-project-lite v0.2.9
[INFO] [stderr]    Compiling futures-core v0.3.28
[INFO] [stderr]    Compiling bytes v1.4.0
[INFO] [stderr]    Compiling serde v1.0.164
[INFO] [stderr]    Compiling log v0.4.19
[INFO] [stderr]    Compiling itoa v1.0.6
[INFO] [stderr]    Compiling futures-task v0.3.28
[INFO] [stderr]    Compiling typenum v1.16.0
[INFO] [stderr]    Compiling futures-sink v0.3.28
[INFO] [stderr]    Compiling parking_lot_core v0.9.8
[INFO] [stderr]    Compiling futures-util v0.3.28
[INFO] [stderr]    Compiling fnv v1.0.7
[INFO] [stderr]    Compiling smallvec v1.10.0
[INFO] [stderr]    Compiling tracing-core v0.1.31
[INFO] [stderr]    Compiling pin-utils v0.1.0
[INFO] [stderr]    Compiling rustversion v1.0.12
[INFO] [stderr]    Compiling io-lifetimes v1.0.11
[INFO] [stderr]    Compiling crossbeam-utils v0.8.16
[INFO] [stderr]    Compiling tinyvec_macros v0.1.1
[INFO] [stderr]    Compiling httparse v1.8.0
[INFO] [stderr]    Compiling generic-array v0.14.7
[INFO] [stderr]    Compiling bitflags v1.3.2
[INFO] [stderr]    Compiling rustix v0.37.20
[INFO] [stderr]    Compiling tinyvec v1.6.0
[INFO] [stderr]    Compiling slab v0.4.8
[INFO] [stderr]    Compiling lock_api v0.4.10
[INFO] [stderr]    Compiling tokio v1.29.0
[INFO] [stderr]    Compiling http v0.2.9
[INFO] [stderr]    Compiling memoffset v0.9.0
[INFO] [stderr]    Compiling crossbeam-epoch v0.9.15
[INFO] [stderr]    Compiling ahash v0.8.3
[INFO] [stderr]    Compiling linux-raw-sys v0.3.8
[INFO] [stderr]    Compiling percent-encoding v2.3.0
[INFO] [stderr]    Compiling memchr v2.5.0
[INFO] [stderr]    Compiling form_urlencoded v1.2.0
[INFO] [stderr]    Compiling syn v2.0.22
[INFO] [stderr]    Compiling indexmap v1.9.3
[INFO] [stderr]    Compiling ppv-lite86 v0.2.17
[INFO] [stderr]    Compiling tower-service v0.3.2
[INFO] [stderr]    Compiling thiserror v1.0.40
[INFO] [stderr]    Compiling unicode-bidi v0.3.13
[INFO] [stderr]    Compiling unicode-normalization v0.1.22
[INFO] [stderr]    Compiling http-body v0.4.5
[INFO] [stderr]    Compiling unicase v2.6.0
[INFO] [stderr]    Compiling futures-channel v0.3.28
[INFO] [stderr]    Compiling cpufeatures v0.2.8
[INFO] [stderr]    Compiling async-trait v0.1.68
[INFO] [stderr]    Compiling ryu v1.0.13
[INFO] [stderr]    Compiling utf8parse v0.2.1
[INFO] [stderr]    Compiling rayon-core v1.11.0
[INFO] [stderr]    Compiling hashbrown v0.12.3
[INFO] [stderr]    Compiling serde_json v1.0.99
[INFO] [stderr]    Compiling tower-layer v0.3.2
[INFO] [stderr]    Compiling allocator-api2 v0.2.15
[INFO] [stderr]    Compiling heck v0.4.1
[INFO] [stderr]    Compiling num_cpus v1.16.0
[INFO] [stderr]    Compiling socket2 v0.4.9
[INFO] [stderr]    Compiling mio v0.8.8
[INFO] [stderr]    Compiling signal-hook-registry v1.4.1
[INFO] [stderr]    Compiling parking_lot v0.12.1
[INFO] [stderr]    Compiling getrandom v0.2.10
[INFO] [stderr]    Compiling idna v0.4.0
[INFO] [stderr]    Compiling hashbrown v0.14.0
[INFO] [stderr]    Compiling rand_core v0.6.4
[INFO] [stderr]    Compiling anstyle-parse v0.2.1
[INFO] [stderr]    Compiling axum-core v0.3.4
[INFO] [stderr]    Compiling crossbeam-deque v0.8.3
[INFO] [stderr]    Compiling crypto-common v0.1.6
[INFO] [stderr]    Compiling block-buffer v0.10.4
[INFO] [stderr]    Compiling rand_chacha v0.3.1
[INFO] [stderr]    Compiling crossbeam-channel v0.5.8
[INFO] [stderr]    Compiling multer v2.1.0
[INFO] [stderr]    Compiling utf-8 v0.7.6
[INFO] [stderr]    Compiling anstyle v1.0.1
[INFO] [stderr]    Compiling digest v0.10.7
[INFO] [stderr]    Compiling base64 v0.13.1
[INFO] [stderr]    Compiling url v2.4.0
[INFO] [stderr]    Compiling lazy_static v1.4.0
[INFO] [stderr]    Compiling colorchoice v1.0.0
[INFO] [stderr]    Compiling anstyle-query v1.0.0
[INFO] [stderr]    Compiling sha1 v0.10.5
[INFO] [stderr]    Compiling rand v0.8.5
[INFO] [stderr]    Compiling try-lock v0.2.4
[INFO] [stderr]    Compiling mime v0.3.17
[INFO] [stderr]    Compiling byteorder v1.4.3
[INFO] [stderr]    Compiling equivalent v1.0.0
[INFO] [stderr]    Compiling want v0.3.1
[INFO] [stderr]    Compiling indexmap v2.0.0
[INFO] [stderr]    Compiling axum v0.6.18
[INFO] [stderr]    Compiling encoding_rs v0.8.32
[INFO] [stderr]    Compiling clap_lex v0.5.0
[INFO] [stderr]    Compiling spin v0.9.8
[INFO] [stderr]    Compiling unicode-width v0.1.10
[INFO] [stderr]    Compiling either v1.8.1
[INFO] [stderr]    Compiling winnow v0.4.7
[INFO] [stderr]    Compiling anyhow v1.0.71
[INFO] [stderr]    Compiling overload v0.1.1
[INFO] [stderr]    Compiling strsim v0.10.0
[INFO] [stderr]    Compiling httpdate v1.0.2
[INFO] [stderr]    Compiling nu-ansi-term v0.46.0
[INFO] [stderr]    Compiling sharded-slab v0.1.4
[INFO] [stderr]    Compiling tracing-log v0.1.3
[INFO] [stderr]    Compiling aho-corasick v1.0.2
[INFO] [stderr]    Compiling thread_local v1.1.7
[INFO] [stderr]    Compiling matchit v0.7.0
[INFO] [stderr]    Compiling regex-syntax v0.7.2
[INFO] [stderr]    Compiling is-terminal v0.4.7
[INFO] [stderr]    Compiling anstream v0.3.2
[INFO] [stderr]    Compiling terminal_size v0.2.6
[INFO] [stderr]    Compiling rayon v1.7.0
[INFO] [stderr]    Compiling http-range-header v0.3.0
[INFO] [stderr]    Compiling sync_wrapper v0.1.2
[INFO] [stderr]    Compiling bitflags v2.3.3
[INFO] [stderr]    Compiling base64 v0.21.2
[INFO] [stderr]    Compiling clap_builder v4.3.9
[INFO] [stderr]    Compiling termcolor v1.2.0
[INFO] [stderr]    Compiling regex v1.8.4
[INFO] [stderr]    Compiling serde_derive v1.0.164
[INFO] [stderr]    Compiling tracing-attributes v0.1.26
[INFO] [stderr]    Compiling tokio-macros v2.1.0
[INFO] [stderr]    Compiling thiserror-impl v1.0.40
[INFO] [stderr]    Compiling pin-project-internal v1.1.0
[INFO] [stderr]    Compiling clap_derive v4.3.2
[INFO] [stderr]    Compiling axum-macros v0.3.7
[INFO] [stderr]    Compiling tungstenite v0.18.0
[INFO] [stderr]    Compiling pin-project v1.1.0
[INFO] [stderr]    Compiling tracing v0.1.37
[INFO] [stderr]    Compiling tower-http v0.4.1
[INFO] [stderr]    Compiling clap v4.3.9
[INFO] [stderr]    Compiling tokio-util v0.7.8
[INFO] [stderr]    Compiling tower v0.4.13
[INFO] [stderr]    Compiling tokio-tungstenite v0.18.0
[INFO] [stderr]    Compiling h2 v0.3.20
[INFO] [stderr]    Compiling serde_spanned v0.6.3
[INFO] [stderr]    Compiling toml_datetime v0.6.3
[INFO] [stderr]    Compiling serde_urlencoded v0.7.1
[INFO] [stderr]    Compiling tracing-serde v0.1.3
[INFO] [stderr]    Compiling serde_path_to_error v0.1.11
[INFO] [stderr]    Compiling sysinfo v0.29.2
[INFO] [stderr]    Compiling toml_edit v0.19.11
[INFO] [stderr]    Compiling tracing-subscriber v0.3.17
[INFO] [stderr]    Compiling toml v0.7.5
[INFO] [stderr]    Compiling hyper v0.14.27
[INFO] [stderr]    Compiling sysinfo-http v0.0.3 (/opt/rustwide/workdir)
[INFO] [stdout] warning: unused import: `NetworkHarvest`
[INFO] [stdout]   --> src/app/controllers/sysinfo_controller.rs:12:42
[INFO] [stdout]    |
[INFO] [stdout] 12 |     network_informer::{get_network_info, NetworkHarvest},
[INFO] [stdout]    |                                          ^^^^^^^^^^^^^^
[INFO] [stdout]    |
[INFO] [stdout]    = note: `#[warn(unused_imports)]` on by default
[INFO] [stdout] 
[INFO] [stdout] 
[INFO] [stdout] warning: variable does not need to be mutable
[INFO] [stdout]   --> src/app/informers/sys_informer.rs:70:9
[INFO] [stdout]    |
[INFO] [stdout] 70 |     let mut sys = System::new_all();
[INFO] [stdout]    |         ----^^^
[INFO] [stdout]    |         |
[INFO] [stdout]    |         help: remove this `mut`
[INFO] [stdout]    |
[INFO] [stdout]    = note: `#[warn(unused_mut)]` on by default
[INFO] [stdout] 
[INFO] [stdout] 
[INFO] [stdout] warning: function `get_cpu_usage_summary` is never used
[INFO] [stdout]   --> src/app/informers/cpu_informer.rs:30:8
[INFO] [stdout]    |
[INFO] [stdout] 30 | pub fn get_cpu_usage_summary() {
[INFO] [stdout]    |        ^^^^^^^^^^^^^^^^^^^^^
[INFO] [stdout]    |
[INFO] [stdout]    = note: `#[warn(dead_code)]` on by default
[INFO] [stdout] 
[INFO] [stdout] 
[INFO] [stdout] warning: function `get_disk_usage_summary` is never used
[INFO] [stdout]   --> src/app/informers/disk_informer.rs:29:8
[INFO] [stdout]    |
[INFO] [stdout] 29 | pub fn get_disk_usage_summary() {
[INFO] [stdout]    |        ^^^^^^^^^^^^^^^^^^^^^^
[INFO] [stdout] 
[INFO] [stdout] 
[INFO] [stdout] warning: function `get_memory_usage_summary` is never used
[INFO] [stdout]   --> src/app/informers/memory_informer.rs:32:8
[INFO] [stdout]    |
[INFO] [stdout] 32 | pub fn get_memory_usage_summary() {
[INFO] [stdout]    |        ^^^^^^^^^^^^^^^^^^^^^^^^
[INFO] [stdout] 
[INFO] [stdout] 
[INFO] [stdout] warning: function `get_network_summary` is never used
[INFO] [stdout]   --> src/app/informers/network_informer.rs:26:8
[INFO] [stdout]    |
[INFO] [stdout] 26 | pub fn get_network_summary() {
[INFO] [stdout]    |        ^^^^^^^^^^^^^^^^^^^
[INFO] [stdout] 
[INFO] [stdout] 
[INFO] [stdout] warning: function `get_all` is never used
[INFO] [stdout]   --> src/app/informers/sys_informer.rs:32:8
[INFO] [stdout]    |
[INFO] [stdout] 32 | pub fn get_all() {
[INFO] [stdout]    |        ^^^^^^^
[INFO] [stdout] 
[INFO] [stdout] 
[INFO] [stdout] warning: function `get_temperature_summary` is never used
[INFO] [stdout]   --> src/app/informers/temperature_informer.rs:25:8
[INFO] [stdout]    |
[INFO] [stdout] 25 | pub fn get_temperature_summary() {
[INFO] [stdout]    |        ^^^^^^^^^^^^^^^^^^^^^^^
[INFO] [stdout] 
[INFO] [stdout] 
[INFO] [stdout] warning: 8 warnings emitted
[INFO] [stdout] 
[INFO] [stdout] 
[INFO] [stderr]     Finished dev [unoptimized + debuginfo] target(s) in 20.92s
[INFO] running `Command { std: "docker" "inspect" "48310bec67d4f09f2b1cf2ed4ba6ca5f4c0eebef1aec052f20e1e89fde1f48c7", kill_on_drop: false }`
[INFO] running `Command { std: "docker" "rm" "-f" "48310bec67d4f09f2b1cf2ed4ba6ca5f4c0eebef1aec052f20e1e89fde1f48c7", kill_on_drop: false }`
[INFO] [stdout] 48310bec67d4f09f2b1cf2ed4ba6ca5f4c0eebef1aec052f20e1e89fde1f48c7
[INFO] running `Command { std: "docker" "create" "-v" "/var/lib/crater-agent-workspace/builds/worker-7-tc1/target:/opt/rustwide/target:rw,Z" "-v" "/var/lib/crater-agent-workspace/builds/worker-7-tc1/source:/opt/rustwide/workdir:ro,Z" "-v" "/var/lib/crater-agent-workspace/cargo-home:/opt/rustwide/cargo-home:ro,Z" "-v" "/var/lib/crater-agent-workspace/rustup-home:/opt/rustwide/rustup-home:ro,Z" "-e" "SOURCE_DIR=/opt/rustwide/workdir" "-e" "CARGO_TARGET_DIR=/opt/rustwide/target" "-e" "CARGO_INCREMENTAL=0" "-e" "RUST_BACKTRACE=full" "-e" "RUSTFLAGS=--cap-lints=warn" "-e" "RUSTDOCFLAGS=--cap-lints=warn" "-e" "CARGO_HOME=/opt/rustwide/cargo-home" "-e" "RUSTUP_HOME=/opt/rustwide/rustup-home" "-w" "/opt/rustwide/workdir" "-m" "1610612736" "--user" "0:0" "--network" "none" "ghcr.io/rust-lang/crates-build-env/linux@sha256:2788e3201cd34a07e3172128adcd8b3090168a8e3bcc40d7c032b9dda1df7d1c" "/opt/rustwide/cargo-home/bin/cargo" "+1.75.0" "test" "--frozen" "--no-run" "--message-format=json", kill_on_drop: false }`
[INFO] [stdout] 59af07c099ab284b8ce3947771c0852819be58e6892c1820b1392c7cae77c462
[INFO] running `Command { std: "docker" "start" "-a" "59af07c099ab284b8ce3947771c0852819be58e6892c1820b1392c7cae77c462", kill_on_drop: false }`
[INFO] [stderr] warning: only one of `license` or `license-file` is necessary
[INFO] [stderr] `license` should be used if the package license can be expressed with a standard SPDX expression.
[INFO] [stderr] `license-file` should be used if the package uses a non-standard license.
[INFO] [stderr] See https://doc.rust-lang.org/cargo/reference/manifest.html#the-license-and-license-file-fields for more information.
[INFO] [stderr]    Compiling cc v1.0.79
[INFO] [stderr]    Compiling pkg-config v0.3.27
[INFO] [stderr]    Compiling curl v0.4.44
[INFO] [stderr]    Compiling openssl v0.10.55
[INFO] [stderr]    Compiling foreign-types-shared v0.1.1
[INFO] [stderr]    Compiling openssl-macros v0.1.1
[INFO] [stderr]    Compiling openssl-probe v0.1.5
[INFO] [stderr]    Compiling foreign-types v0.3.2
[INFO] [stderr]    Compiling openssl-src v111.26.0+1.1.1u
[INFO] [stderr]    Compiling openssl-sys v0.9.90
[INFO] [stderr]    Compiling libz-sys v1.1.9
[INFO] [stderr]    Compiling curl-sys v0.4.63+curl-8.1.2
[INFO] [stderr]    Compiling sysinfo-http v0.0.3 (/opt/rustwide/workdir)
[INFO] [stdout] warning: unused import: `NetworkHarvest`
[INFO] [stdout]   --> src/app/controllers/sysinfo_controller.rs:12:42
[INFO] [stdout]    |
[INFO] [stdout] 12 |     network_informer::{get_network_info, NetworkHarvest},
[INFO] [stdout]    |                                          ^^^^^^^^^^^^^^
[INFO] [stdout]    |
[INFO] [stdout]    = note: `#[warn(unused_imports)]` on by default
[INFO] [stdout] 
[INFO] [stdout] 
[INFO] [stdout] warning: unused import: `super::*`
[INFO] [stdout]   --> src/app/informers/memory_informer.rs:38:9
[INFO] [stdout]    |
[INFO] [stdout] 38 |     use super::*;
[INFO] [stdout]    |         ^^^^^^^^
[INFO] [stdout] 
[INFO] [stdout] 
[INFO] [stdout] warning: variable does not need to be mutable
[INFO] [stdout]   --> src/app/informers/sys_informer.rs:70:9
[INFO] [stdout]    |
[INFO] [stdout] 70 |     let mut sys = System::new_all();
[INFO] [stdout]    |         ----^^^
[INFO] [stdout]    |         |
[INFO] [stdout]    |         help: remove this `mut`
[INFO] [stdout]    |
[INFO] [stdout]    = note: `#[warn(unused_mut)]` on by default
[INFO] [stdout] 
[INFO] [stdout] 
[INFO] [stdout] warning: function `get_cpu_usage_summary` is never used
[INFO] [stdout]   --> src/app/informers/cpu_informer.rs:30:8
[INFO] [stdout]    |
[INFO] [stdout] 30 | pub fn get_cpu_usage_summary() {
[INFO] [stdout]    |        ^^^^^^^^^^^^^^^^^^^^^
[INFO] [stdout]    |
[INFO] [stdout]    = note: `#[warn(dead_code)]` on by default
[INFO] [stdout] 
[INFO] [stdout] 
[INFO] [stdout] warning: function `get_disk_usage_summary` is never used
[INFO] [stdout]   --> src/app/informers/disk_informer.rs:29:8
[INFO] [stdout]    |
[INFO] [stdout] 29 | pub fn get_disk_usage_summary() {
[INFO] [stdout]    |        ^^^^^^^^^^^^^^^^^^^^^^
[INFO] [stdout] 
[INFO] [stdout] 
[INFO] [stdout] warning: function `get_memory_usage_summary` is never used
[INFO] [stdout]   --> src/app/informers/memory_informer.rs:32:8
[INFO] [stdout]    |
[INFO] [stdout] 32 | pub fn get_memory_usage_summary() {
[INFO] [stdout]    |        ^^^^^^^^^^^^^^^^^^^^^^^^
[INFO] [stdout] 
[INFO] [stdout] 
[INFO] [stdout] warning: function `get_network_summary` is never used
[INFO] [stdout]   --> src/app/informers/network_informer.rs:26:8
[INFO] [stdout]    |
[INFO] [stdout] 26 | pub fn get_network_summary() {
[INFO] [stdout]    |        ^^^^^^^^^^^^^^^^^^^
[INFO] [stdout] 
[INFO] [stdout] 
[INFO] [stdout] warning: function `get_all` is never used
[INFO] [stdout]   --> src/app/informers/sys_informer.rs:32:8
[INFO] [stdout]    |
[INFO] [stdout] 32 | pub fn get_all() {
[INFO] [stdout]    |        ^^^^^^^
[INFO] [stdout] 
[INFO] [stdout] 
[INFO] [stdout] warning: function `get_temperature_summary` is never used
[INFO] [stdout]   --> src/app/informers/temperature_informer.rs:25:8
[INFO] [stdout]    |
[INFO] [stdout] 25 | pub fn get_temperature_summary() {
[INFO] [stdout]    |        ^^^^^^^^^^^^^^^^^^^^^^^
[INFO] [stdout] 
[INFO] [stdout] 
[INFO] [stdout] warning: 9 warnings emitted
[INFO] [stdout] 
[INFO] [stdout] 
[INFO] [stderr]     Finished test [unoptimized + debuginfo] target(s) in 18.96s
[INFO] running `Command { std: "docker" "inspect" "59af07c099ab284b8ce3947771c0852819be58e6892c1820b1392c7cae77c462", kill_on_drop: false }`
[INFO] running `Command { std: "docker" "rm" "-f" "59af07c099ab284b8ce3947771c0852819be58e6892c1820b1392c7cae77c462", kill_on_drop: false }`
[INFO] [stdout] 59af07c099ab284b8ce3947771c0852819be58e6892c1820b1392c7cae77c462
[INFO] running `Command { std: "docker" "create" "-v" "/var/lib/crater-agent-workspace/builds/worker-7-tc1/target:/opt/rustwide/target:rw,Z" "-v" "/var/lib/crater-agent-workspace/builds/worker-7-tc1/source:/opt/rustwide/workdir:ro,Z" "-v" "/var/lib/crater-agent-workspace/cargo-home:/opt/rustwide/cargo-home:ro,Z" "-v" "/var/lib/crater-agent-workspace/rustup-home:/opt/rustwide/rustup-home:ro,Z" "-e" "SOURCE_DIR=/opt/rustwide/workdir" "-e" "CARGO_TARGET_DIR=/opt/rustwide/target" "-e" "CARGO_INCREMENTAL=0" "-e" "RUST_BACKTRACE=full" "-e" "RUSTFLAGS=--cap-lints=warn" "-e" "RUSTDOCFLAGS=--cap-lints=warn" "-e" "CARGO_HOME=/opt/rustwide/cargo-home" "-e" "RUSTUP_HOME=/opt/rustwide/rustup-home" "-w" "/opt/rustwide/workdir" "-m" "1610612736" "--user" "0:0" "--network" "none" "ghcr.io/rust-lang/crates-build-env/linux@sha256:2788e3201cd34a07e3172128adcd8b3090168a8e3bcc40d7c032b9dda1df7d1c" "/opt/rustwide/cargo-home/bin/cargo" "+1.75.0" "test" "--frozen", kill_on_drop: false }`
[INFO] [stdout] b7cba7c1e1f5ff0cb9eba40a4e646087a5c29698bae4710cf20ffe22557460ee
[INFO] running `Command { std: "docker" "start" "-a" "b7cba7c1e1f5ff0cb9eba40a4e646087a5c29698bae4710cf20ffe22557460ee", kill_on_drop: false }`
[INFO] [stderr] warning: only one of `license` or `license-file` is necessary
[INFO] [stderr] `license` should be used if the package license can be expressed with a standard SPDX expression.
[INFO] [stderr] `license-file` should be used if the package uses a non-standard license.
[INFO] [stderr] See https://doc.rust-lang.org/cargo/reference/manifest.html#the-license-and-license-file-fields for more information.
[INFO] [stderr] warning: unused import: `NetworkHarvest`
[INFO] [stderr]   --> src/app/controllers/sysinfo_controller.rs:12:42
[INFO] [stderr]    |
[INFO] [stderr] 12 |     network_informer::{get_network_info, NetworkHarvest},
[INFO] [stderr]    |                                          ^^^^^^^^^^^^^^
[INFO] [stderr]    |
[INFO] [stderr]    = note: `#[warn(unused_imports)]` on by default
[INFO] [stderr] 
[INFO] [stderr] warning: unused import: `super::*`
[INFO] [stderr]   --> src/app/informers/memory_informer.rs:38:9
[INFO] [stderr]    |
[INFO] [stderr] 38 |     use super::*;
[INFO] [stderr]    |         ^^^^^^^^
[INFO] [stderr] 
[INFO] [stderr] warning: variable does not need to be mutable
[INFO] [stderr]   --> src/app/informers/sys_informer.rs:70:9
[INFO] [stderr]    |
[INFO] [stderr] 70 |     let mut sys = System::new_all();
[INFO] [stderr]    |         ----^^^
[INFO] [stderr]    |         |
[INFO] [stderr]    |         help: remove this `mut`
[INFO] [stderr]    |
[INFO] [stderr]    = note: `#[warn(unused_mut)]` on by default
[INFO] [stderr] 
[INFO] [stderr] warning: function `get_cpu_usage_summary` is never used
[INFO] [stderr]   --> src/app/informers/cpu_informer.rs:30:8
[INFO] [stderr]    |
[INFO] [stderr] 30 | pub fn get_cpu_usage_summary() {
[INFO] [stderr]    |        ^^^^^^^^^^^^^^^^^^^^^
[INFO] [stderr]    |
[INFO] [stderr]    = note: `#[warn(dead_code)]` on by default
[INFO] [stderr] 
[INFO] [stderr] warning: function `get_disk_usage_summary` is never used
[INFO] [stderr]   --> src/app/informers/disk_informer.rs:29:8
[INFO] [stderr]    |
[INFO] [stderr] 29 | pub fn get_disk_usage_summary() {
[INFO] [stderr]    |        ^^^^^^^^^^^^^^^^^^^^^^
[INFO] [stderr] 
[INFO] [stderr] warning: function `get_memory_usage_summary` is never used
[INFO] [stderr]   --> src/app/informers/memory_informer.rs:32:8
[INFO] [stderr]    |
[INFO] [stderr] 32 | pub fn get_memory_usage_summary() {
[INFO] [stderr]    |        ^^^^^^^^^^^^^^^^^^^^^^^^
[INFO] [stderr] 
[INFO] [stderr] warning: function `get_network_summary` is never used
[INFO] [stderr]   --> src/app/informers/network_informer.rs:26:8
[INFO] [stderr]    |
[INFO] [stderr] 26 | pub fn get_network_summary() {
[INFO] [stderr]    |        ^^^^^^^^^^^^^^^^^^^
[INFO] [stderr] 
[INFO] [stderr] warning: function `get_all` is never used
[INFO] [stderr]   --> src/app/informers/sys_informer.rs:32:8
[INFO] [stderr]    |
[INFO] [stderr] 32 | pub fn get_all() {
[INFO] [stderr]    |        ^^^^^^^
[INFO] [stderr] 
[INFO] [stderr] warning: function `get_temperature_summary` is never used
[INFO] [stderr]   --> src/app/informers/temperature_informer.rs:25:8
[INFO] [stderr]    |
[INFO] [stderr] 25 | pub fn get_temperature_summary() {
[INFO] [stderr]    |        ^^^^^^^^^^^^^^^^^^^^^^^
[INFO] [stderr] 
[INFO] [stderr] warning: `sysinfo-http` (bin "sysinfo-http" test) generated 9 warnings (run `cargo fix --bin "sysinfo-http" --tests` to apply 3 suggestions)
[INFO] [stderr]     Finished test [unoptimized + debuginfo] target(s) in 0.10s
[INFO] [stderr]      Running unittests src/main.rs (/opt/rustwide/target/debug/deps/sysinfo_http-3e018a72d182f861)
[INFO] [stdout] 
[INFO] [stdout] running 13 tests
[INFO] [stdout] [0mtest app::informers::sys_informer::tests::test_check_os_is_supported ... ok
[INFO] [stdout] [30m        
[INFO] [stdout] [0m[31m /$$$$$$$            /$$           /$$                               /$$$$$$$$ /$$                     /$$      
[INFO] [stdout] [0m[31m| $$__  $$          |__/          | $$                              | $$_____/| $$                    | $$      
[INFO] [stdout] [0m[33m| $$  \ $$  /$$$$$$  /$$ /$$$$$$$ | $$$$$$$   /$$$$$$  /$$  /$$  /$$| $$      | $$  /$$$$$$   /$$$$$$$| $$$$$$$ 
[INFO] [stdout] [0m[33m| $$$$$$$/ |____  $$| $$| $$__  $$| $$__  $$ /$$__  $$| $$ | $$ | $$| $$$$$   | $$ /$$__  $$ /$$_____/| $$__  $$
[INFO] [stdout] [0m[32m| $$__  $$  /$$$$$$$| $$| $$  \ $$| $$  \ $$| $$  \ $$| $$ | $$ | $$| $$__/   | $$| $$$$$$$$|  $$$$$$ | $$  \ $$
[INFO] [stdout] [0m[32m| $$  \ $$ /$$__  $$| $$| $$  | $$| $$  | $$| $$  | $$| $$ | $$ | $$| $$      | $$| $$_____/ \____  $$| $$  | $$
[INFO] [stdout] [0m[36m| $$  | $$ | $$$$$$$| $$| $$  | $$| $$$$$$$/|  $$$$$$/|  $$$$$/$$$$/| $$      | $$|  $$$$$$$ /$$$$$$$/| $$  | $$
[INFO] [stdout] [0m[34m|__/  |__/ \_______/|__/|__/  |__/|_______/  \______/  \_____/\___/ |__/      |__/ \_______/|_______/ |__/  |__/
[INFO] [stdout] [0m[35m                                       佛祖保佑 0 error 0 warning
[INFO] [stdout] [0m[37m[0m[30m        
[INFO] [stdout] [0m[31m /$$$$$$$            /$$           /$$                               /$$$$$$$$ /$$                     /$$      
[INFO] [stdout] [0m[31m| $$__  $$          |__/          | $$                              | $$_____/| $$                    | $$      
[INFO] [stdout] [0m[33m| $$  \ $$  /$$$$$$  /$$ /$$$$$$$ | $$$$$$$   /$$$$$$  /$$  /$$  /$$| $$      | $$  /$$$$$$   /$$$$$$$| $$$$$$$ 
[INFO] [stdout] [0m[33m| $$$$$$$/ |____  $$| $$| $$__  $$| $$__  $$ /$$__  $$| $$ | $$ | $$| $$$$$   | $$ /$$__  $$ /$$_____/| $$__  $$
[INFO] [stdout] [0m[32m| $$__  $$  /$$$$$$$| $$| $$  \ $$| $$  \ $$| $$  \ $$| $$ | $$ | $$| $$__/   | $$| $$$$$$$$|  $$$$$$ | $$  \ $$
[INFO] [stdout] [0m[32m| $$  \ $$ /$$__  $$| $$| $$  | $$| $$  | $$| $$  | $$| $$ | $$ | $$| $$      | $$| $$_____/ \____  $$| $$  | $$
[INFO] [stdout] [0m[36m| $$  | $$ | $$$$$$$| $$| $$  | $$| $$$$$$$/|  $$$$$$/|  $$$$$/$$$$/| $$      | $$|  $$$$$$$ /$$$$$$$/| $$  | $$
[INFO] [stdout] [0m[34m|__/  |__/ \_______/|__/|__/  |__/|_______/  \______/  \_____/\___/ |__/      |__/ \_______/|_______/ |__/  |__/
[INFO] [stdout] [0m[35m                                       佛祖保佑 0 error 0 warning
[INFO] [stdout] [0m[37mtest app::utils::cli_helper::tests::test_print_credits ... ok
[INFO] [stdout] [0m[30m        
[INFO] [stdout] [0m[31m /$$$$$$$            /$$           /$$                               /$$$$$$$$ /$$                     /$$      
[INFO] [stdout] [0m[31m| $$__  $$          |__/          | $$                              | $$_____/| $$                    | $$      
[INFO] [stdout] [0m[33m| $$  \ $$  /$$$$$$  /$$ /$$$$$$$ | $$$$$$$   /$$$$$$  /$$  /$$  /$$| $$      | $$  /$$$$$$   /$$$$$$$| $$$$$$$ 
[INFO] [stdout] [0m[33m| $$$$$$$/ |____  $$| $$| $$__  $$| $$__  $$ /$$__  $$| $$ | $$ | $$| $$$$$   | $$ /$$__  $$ /$$_____/| $$__  $$
[INFO] [stdout] [0m[32m| $$__  $$  /$$$$$$$| $$| $$  \ $$| $$  \ $$| $$  \ $$| $$ | $$ | $$| $$__/   | $$| $$$$$$$$|  $$$$$$ | $$  \ $$
[INFO] [stdout] [0m[32m| $$  \ $$ /$$__  $$| $$| $$  | $$| $$  | $$| $$  | $$| $$ | $$ | $$| $$      | $$| $$_____/ \____  $$| $$  | $$
[INFO] [stdout] [0m[36m| $$  | $$ | $$$$$$$| $$| $$  | $$| $$$$$$$/|  $$$$$$/|  $$$$$/$$$$/| $$      | $$|  $$$$$$$ /$$$$$$$/| $$  | $$
[INFO] [stdout] [0m[34m|__/  |__/ \_______/|__/|__/  |__/|_______/  \______/  \_____/\___/ |__/      |__/ \_______/|_______/ |__/  |__/
[INFO] [stdout] [0m[35m                                       佛祖保佑 0 error 0 warning
[INFO] [stdout] [0m[37mtest app::utils::cli_helper::tests::test_handle_args ... ok
[INFO] [stdout] test app::informers::memory_informer::tests::test_get_memory_info ... FAILED
[INFO] [stdout] test server::tests::test_gracefully_shutdown ... FAILED
[INFO] [stdout] test app::informers::sys_informer::tests::test_boot_time ... ok
[INFO] [stdout] test app::informers::temperature_informer::tests::test_get_temperature_info ... ok
[INFO] [stdout] test app::informers::sys_informer::tests::test_sysinfo ... ok
[INFO] [stdout] test app::informers::sys_informer::tests::test_load_average ... ok
[INFO] [stdout] test app::informers::network_informer::tests::test_get_network_info ... ok
[INFO] [stdout] test app::informers::disk_informer::tests::test_get_disk_info ... ok
[INFO] [stdout] test app::informers::sys_informer::tests::test_get_users ... ok
[INFO] [stdout] test app::informers::cpu_informer::tests::test_get_cpu_usage ... ok
[INFO] [stdout] 
[INFO] [stdout] failures:
[INFO] [stdout] 
[INFO] [stdout] ---- app::informers::memory_informer::tests::test_get_memory_info stdout ----
[INFO] [stdout] thread 'app::informers::memory_informer::tests::test_get_memory_info' panicked at src/app/informers/memory_informer.rs:41:9:
[INFO] [stdout] not yet implemented: implement
[INFO] [stdout] stack backtrace:
[INFO] [stdout]    0:     0x5626101731ec - std::backtrace_rs::backtrace::libunwind::trace::ha637c64ce894333a
[INFO] [stdout]                                at /rustc/82e1608dfa6e0b5569232559e3d385fea5a93112/library/std/src/../../backtrace/src/backtrace/libunwind.rs:104:5
[INFO] [stdout]    1:     0x5626101731ec - std::backtrace_rs::backtrace::trace_unsynchronized::h47f62dea28e0c88d
[INFO] [stdout]                                at /rustc/82e1608dfa6e0b5569232559e3d385fea5a93112/library/std/src/../../backtrace/src/backtrace/mod.rs:66:5
[INFO] [stdout]    2:     0x5626101731ec - std::sys_common::backtrace::_print_fmt::h9eef0abe20ede486
[INFO] [stdout]                                at /rustc/82e1608dfa6e0b5569232559e3d385fea5a93112/library/std/src/sys_common/backtrace.rs:67:5
[INFO] [stdout]    3:     0x5626101731ec - <std::sys_common::backtrace::_print::DisplayBacktrace as core::fmt::Display>::fmt::hed7f999df88cc644
[INFO] [stdout]                                at /rustc/82e1608dfa6e0b5569232559e3d385fea5a93112/library/std/src/sys_common/backtrace.rs:44:22
[INFO] [stdout]    4:     0x5626101a2eb0 - core::fmt::rt::Argument::fmt::h1539a9308b8d058d
[INFO] [stdout]                                at /rustc/82e1608dfa6e0b5569232559e3d385fea5a93112/library/core/src/fmt/rt.rs:142:9
[INFO] [stdout]    5:     0x5626101a2eb0 - core::fmt::write::h3a39390d8560d9c9
[INFO] [stdout]                                at /rustc/82e1608dfa6e0b5569232559e3d385fea5a93112/library/core/src/fmt/mod.rs:1120:17
[INFO] [stdout]    6:     0x5626101704ef - std::io::Write::write_fmt::h040b369f3a0f9cbc
[INFO] [stdout]                                at /rustc/82e1608dfa6e0b5569232559e3d385fea5a93112/library/std/src/io/mod.rs:1762:15
[INFO] [stdout]    7:     0x562610172fd4 - std::sys_common::backtrace::_print::h894006fb5c6f3d45
[INFO] [stdout]                                at /rustc/82e1608dfa6e0b5569232559e3d385fea5a93112/library/std/src/sys_common/backtrace.rs:47:5
[INFO] [stdout]    8:     0x562610172fd4 - std::sys_common::backtrace::print::h23a2d212c6fff936
[INFO] [stdout]                                at /rustc/82e1608dfa6e0b5569232559e3d385fea5a93112/library/std/src/sys_common/backtrace.rs:34:9
[INFO] [stdout]    9:     0x562610174c97 - std::panicking::default_hook::{{closure}}::h8a1d2ee00185001a
[INFO] [stdout]   10:     0x562610174983 - std::panicking::default_hook::h6038f2eba384e475
[INFO] [stdout]                                at /rustc/82e1608dfa6e0b5569232559e3d385fea5a93112/library/std/src/panicking.rs:289:9
[INFO] [stdout]   11:     0x56260fbea5f7 - <alloc::boxed::Box<F,A> as core::ops::function::Fn<Args>>::call::h0ad024c9bdc6d768
[INFO] [stdout]                                at /rustc/82e1608dfa6e0b5569232559e3d385fea5a93112/library/alloc/src/boxed.rs:2021:9
[INFO] [stdout]   12:     0x56260fbea5f7 - test::test_main::{{closure}}::h7500b54257359db6
[INFO] [stdout]                                at /rustc/82e1608dfa6e0b5569232559e3d385fea5a93112/library/test/src/lib.rs:138:21
[INFO] [stdout]   13:     0x5626101752a8 - <alloc::boxed::Box<F,A> as core::ops::function::Fn<Args>>::call::h1f8f335eaa9cfaee
[INFO] [stdout]                                at /rustc/82e1608dfa6e0b5569232559e3d385fea5a93112/library/alloc/src/boxed.rs:2021:9
[INFO] [stdout]   14:     0x5626101752a8 - std::panicking::rust_panic_with_hook::h2b5517d590cab22e
[INFO] [stdout]                                at /rustc/82e1608dfa6e0b5569232559e3d385fea5a93112/library/std/src/panicking.rs:783:13
[INFO] [stdout]   15:     0x562610174fc9 - std::panicking::begin_panic_handler::{{closure}}::h233112c06e0ef43e
[INFO] [stdout]                                at /rustc/82e1608dfa6e0b5569232559e3d385fea5a93112/library/std/src/panicking.rs:649:13
[INFO] [stdout]   16:     0x5626101736b6 - std::sys_common::backtrace::__rust_end_short_backtrace::h6e893f24d7ebbff8
[INFO] [stdout]                                at /rustc/82e1608dfa6e0b5569232559e3d385fea5a93112/library/std/src/sys_common/backtrace.rs:170:18
[INFO] [stdout]   17:     0x562610174d62 - rust_begin_unwind
[INFO] [stdout]                                at /rustc/82e1608dfa6e0b5569232559e3d385fea5a93112/library/std/src/panicking.rs:645:5
[INFO] [stdout]   18:     0x56260f9a1485 - core::panicking::panic_fmt::hbf0e066aabfa482c
[INFO] [stdout]                                at /rustc/82e1608dfa6e0b5569232559e3d385fea5a93112/library/core/src/panicking.rs:72:14
[INFO] [stdout]   19:     0x56260facbb4e - sysinfo_http::app::informers::memory_informer::tests::test_get_memory_info::h20d0c8683e032d14
[INFO] [stdout]                                at /opt/rustwide/workdir/src/app/informers/memory_informer.rs:41:9
[INFO] [stdout]   20:     0x56260facbaf7 - sysinfo_http::app::informers::memory_informer::tests::test_get_memory_info::{{closure}}::h843c9b614df6a194
[INFO] [stdout]                                at /opt/rustwide/workdir/src/app/informers/memory_informer.rs:40:30
[INFO] [stdout]   21:     0x56260fb7d916 - core::ops::function::FnOnce::call_once::hf67a4f36dab0a9f4
[INFO] [stdout]                                at /rustc/82e1608dfa6e0b5569232559e3d385fea5a93112/library/core/src/ops/function.rs:250:5
[INFO] [stdout]   22:     0x56260fbefc4f - core::ops::function::FnOnce::call_once::h2b5d431d5046312d
[INFO] [stdout]                                at /rustc/82e1608dfa6e0b5569232559e3d385fea5a93112/library/core/src/ops/function.rs:250:5
[INFO] [stdout]   23:     0x56260fbefc4f - test::__rust_begin_short_backtrace::h7714669af176e207
[INFO] [stdout]                                at /rustc/82e1608dfa6e0b5569232559e3d385fea5a93112/library/test/src/lib.rs:628:18
[INFO] [stdout]   24:     0x56260fbeec65 - test::run_test_in_process::{{closure}}::h85218797dcbcec12
[INFO] [stdout]                                at /rustc/82e1608dfa6e0b5569232559e3d385fea5a93112/library/test/src/lib.rs:651:60
[INFO] [stdout]   25:     0x56260fbeec65 - <core::panic::unwind_safe::AssertUnwindSafe<F> as core::ops::function::FnOnce<()>>::call_once::h76c106ea31c14d7b
[INFO] [stdout]                                at /rustc/82e1608dfa6e0b5569232559e3d385fea5a93112/library/core/src/panic/unwind_safe.rs:272:9
[INFO] [stdout]   26:     0x56260fbeec65 - std::panicking::try::do_call::h3bd5d0f6620ee946
[INFO] [stdout]                                at /rustc/82e1608dfa6e0b5569232559e3d385fea5a93112/library/std/src/panicking.rs:552:40
[INFO] [stdout]   27:     0x56260fbeec65 - std::panicking::try::h232e535e4744fe31
[INFO] [stdout]                                at /rustc/82e1608dfa6e0b5569232559e3d385fea5a93112/library/std/src/panicking.rs:516:19
[INFO] [stdout]   28:     0x56260fbeec65 - std::panic::catch_unwind::h3ce3bd6ca8dbac68
[INFO] [stdout]                                at /rustc/82e1608dfa6e0b5569232559e3d385fea5a93112/library/std/src/panic.rs:142:14
[INFO] [stdout]   29:     0x56260fbeec65 - test::run_test_in_process::hc97b257c9621286a
[INFO] [stdout]                                at /rustc/82e1608dfa6e0b5569232559e3d385fea5a93112/library/test/src/lib.rs:651:27
[INFO] [stdout]   30:     0x56260fbeec65 - test::run_test::{{closure}}::h2aa798823a438d38
[INFO] [stdout]                                at /rustc/82e1608dfa6e0b5569232559e3d385fea5a93112/library/test/src/lib.rs:574:43
[INFO] [stdout]   31:     0x56260fbb6f26 - test::run_test::{{closure}}::h87d231c78fb59832
[INFO] [stdout]                                at /rustc/82e1608dfa6e0b5569232559e3d385fea5a93112/library/test/src/lib.rs:602:41
[INFO] [stdout]   32:     0x56260fbb6f26 - std::sys_common::backtrace::__rust_begin_short_backtrace::he6df152596625789
[INFO] [stdout]                                at /rustc/82e1608dfa6e0b5569232559e3d385fea5a93112/library/std/src/sys_common/backtrace.rs:154:18
[INFO] [stdout]   33:     0x56260fbbbfd7 - std::thread::Builder::spawn_unchecked_::{{closure}}::{{closure}}::ha94be15d1e0acf36
[INFO] [stdout]                                at /rustc/82e1608dfa6e0b5569232559e3d385fea5a93112/library/std/src/thread/mod.rs:529:17
[INFO] [stdout]   34:     0x56260fbbbfd7 - <core::panic::unwind_safe::AssertUnwindSafe<F> as core::ops::function::FnOnce<()>>::call_once::h9dc6bd6372f16606
[INFO] [stdout]                                at /rustc/82e1608dfa6e0b5569232559e3d385fea5a93112/library/core/src/panic/unwind_safe.rs:272:9
[INFO] [stdout]   35:     0x56260fbbbfd7 - std::panicking::try::do_call::h9057517f80303cd4
[INFO] [stdout]                                at /rustc/82e1608dfa6e0b5569232559e3d385fea5a93112/library/std/src/panicking.rs:552:40
[INFO] [stdout]   36:     0x56260fbbbfd7 - std::panicking::try::he3a30b11ee45340c
[INFO] [stdout]                                at /rustc/82e1608dfa6e0b5569232559e3d385fea5a93112/library/std/src/panicking.rs:516:19
[INFO] [stdout]   37:     0x56260fbbbfd7 - std::panic::catch_unwind::h410458cfd3528b8b
[INFO] [stdout]                                at /rustc/82e1608dfa6e0b5569232559e3d385fea5a93112/library/std/src/panic.rs:142:14
[INFO] [stdout]   38:     0x56260fbbbfd7 - std::thread::Builder::spawn_unchecked_::{{closure}}::h72ac3bdb567b737b
[INFO] [stdout]                                at /rustc/82e1608dfa6e0b5569232559e3d385fea5a93112/library/std/src/thread/mod.rs:528:30
[INFO] [stdout]   39:     0x56260fbbbfd7 - core::ops::function::FnOnce::call_once{{vtable.shim}}::h38f34da3654a8344
[INFO] [stdout]                                at /rustc/82e1608dfa6e0b5569232559e3d385fea5a93112/library/core/src/ops/function.rs:250:5
[INFO] [stdout]   40:     0x56261017a4d5 - <alloc::boxed::Box<F,A> as core::ops::function::FnOnce<Args>>::call_once::hc7eafaff61e32df9
[INFO] [stdout]                                at /rustc/82e1608dfa6e0b5569232559e3d385fea5a93112/library/alloc/src/boxed.rs:2007:9
[INFO] [stdout]   41:     0x56261017a4d5 - <alloc::boxed::Box<F,A> as core::ops::function::FnOnce<Args>>::call_once::h6ba4a5de48dd2304
[INFO] [stdout]                                at /rustc/82e1608dfa6e0b5569232559e3d385fea5a93112/library/alloc/src/boxed.rs:2007:9
[INFO] [stdout]   42:     0x56261017a4d5 - std::sys::unix::thread::Thread::new::thread_start::he469335aef763e45
[INFO] [stdout]                                at /rustc/82e1608dfa6e0b5569232559e3d385fea5a93112/library/std/src/sys/unix/thread.rs:108:17
[INFO] [stdout]   43:     0x7f5f4931eac3 - <unknown>
[INFO] [stdout]   44:     0x7f5f493afbf4 - __clone
[INFO] [stdout]   45:                0x0 - <unknown>
[INFO] [stdout] 
[INFO] [stdout] ---- server::tests::test_gracefully_shutdown stdout ----
[INFO] [stdout] thread 'server::tests::test_gracefully_shutdown' panicked at src/server.rs:65:45:
[INFO] [stdout] Unable to create logger: Read-only file system (os error 30)
[INFO] [stdout] stack backtrace:
[INFO] [stdout]    0:     0x5626101731ec - std::backtrace_rs::backtrace::libunwind::trace::ha637c64ce894333a
[INFO] [stdout]                                at /rustc/82e1608dfa6e0b5569232559e3d385fea5a93112/library/std/src/../../backtrace/src/backtrace/libunwind.rs:104:5
[INFO] [stdout]    1:     0x5626101731ec - std::backtrace_rs::backtrace::trace_unsynchronized::h47f62dea28e0c88d
[INFO] [stdout]                                at /rustc/82e1608dfa6e0b5569232559e3d385fea5a93112/library/std/src/../../backtrace/src/backtrace/mod.rs:66:5
[INFO] [stdout]    2:     0x5626101731ec - std::sys_common::backtrace::_print_fmt::h9eef0abe20ede486
[INFO] [stdout]                                at /rustc/82e1608dfa6e0b5569232559e3d385fea5a93112/library/std/src/sys_common/backtrace.rs:67:5
[INFO] [stdout]    3:     0x5626101731ec - <std::sys_common::backtrace::_print::DisplayBacktrace as core::fmt::Display>::fmt::hed7f999df88cc644
[INFO] [stdout]                                at /rustc/82e1608dfa6e0b5569232559e3d385fea5a93112/library/std/src/sys_common/backtrace.rs:44:22
[INFO] [stdout]    4:     0x5626101a2eb0 - core::fmt::rt::Argument::fmt::h1539a9308b8d058d
[INFO] [stdout]                                at /rustc/82e1608dfa6e0b5569232559e3d385fea5a93112/library/core/src/fmt/rt.rs:142:9
[INFO] [stdout]    5:     0x5626101a2eb0 - core::fmt::write::h3a39390d8560d9c9
[INFO] [stdout]                                at /rustc/82e1608dfa6e0b5569232559e3d385fea5a93112/library/core/src/fmt/mod.rs:1120:17
[INFO] [stdout]    6:     0x5626101704ef - std::io::Write::write_fmt::h040b369f3a0f9cbc
[INFO] [stdout]                                at /rustc/82e1608dfa6e0b5569232559e3d385fea5a93112/library/std/src/io/mod.rs:1762:15
[INFO] [stdout]    7:     0x562610172fd4 - std::sys_common::backtrace::_print::h894006fb5c6f3d45
[INFO] [stdout]                                at /rustc/82e1608dfa6e0b5569232559e3d385fea5a93112/library/std/src/sys_common/backtrace.rs:47:5
[INFO] [stdout]    8:     0x562610172fd4 - std::sys_common::backtrace::print::h23a2d212c6fff936
[INFO] [stdout]                                at /rustc/82e1608dfa6e0b5569232559e3d385fea5a93112/library/std/src/sys_common/backtrace.rs:34:9
[INFO] [stdout]    9:     0x562610174c97 - std::panicking::default_hook::{{closure}}::h8a1d2ee00185001a
[INFO] [stdout]   10:     0x562610174983 - std::panicking::default_hook::h6038f2eba384e475
[INFO] [stdout]                                at /rustc/82e1608dfa6e0b5569232559e3d385fea5a93112/library/std/src/panicking.rs:289:9
[INFO] [stdout]   11:     0x56260fbea5f7 - <alloc::boxed::Box<F,A> as core::ops::function::Fn<Args>>::call::h0ad024c9bdc6d768
[INFO] [stdout]                                at /rustc/82e1608dfa6e0b5569232559e3d385fea5a93112/library/alloc/src/boxed.rs:2021:9
[INFO] [stdout]   12:     0x56260fbea5f7 - test::test_main::{{closure}}::h7500b54257359db6
[INFO] [stdout]                                at /rustc/82e1608dfa6e0b5569232559e3d385fea5a93112/library/test/src/lib.rs:138:21
[INFO] [stdout]   13:     0x5626101752a8 - <alloc::boxed::Box<F,A> as core::ops::function::Fn<Args>>::call::h1f8f335eaa9cfaee
[INFO] [stdout]                                at /rustc/82e1608dfa6e0b5569232559e3d385fea5a93112/library/alloc/src/boxed.rs:2021:9
[INFO] [stdout]   14:     0x5626101752a8 - std::panicking::rust_panic_with_hook::h2b5517d590cab22e
[INFO] [stdout]                                at /rustc/82e1608dfa6e0b5569232559e3d385fea5a93112/library/std/src/panicking.rs:783:13
[INFO] [stdout]   15:     0x562610174ffe - std::panicking::begin_panic_handler::{{closure}}::h233112c06e0ef43e
[INFO] [stdout]                                at /rustc/82e1608dfa6e0b5569232559e3d385fea5a93112/library/std/src/panicking.rs:657:13
[INFO] [stdout]   16:     0x5626101736b6 - std::sys_common::backtrace::__rust_end_short_backtrace::h6e893f24d7ebbff8
[INFO] [stdout]                                at /rustc/82e1608dfa6e0b5569232559e3d385fea5a93112/library/std/src/sys_common/backtrace.rs:170:18
[INFO] [stdout]   17:     0x562610174d62 - rust_begin_unwind
[INFO] [stdout]                                at /rustc/82e1608dfa6e0b5569232559e3d385fea5a93112/library/std/src/panicking.rs:645:5
[INFO] [stdout]   18:     0x56260f9a1485 - core::panicking::panic_fmt::hbf0e066aabfa482c
[INFO] [stdout]                                at /rustc/82e1608dfa6e0b5569232559e3d385fea5a93112/library/core/src/panicking.rs:72:14
[INFO] [stdout]   19:     0x56260f9a1ab3 - core::result::unwrap_failed::hddb4fea594200c52
[INFO] [stdout]                                at /rustc/82e1608dfa6e0b5569232559e3d385fea5a93112/library/core/src/result.rs:1653:5
[INFO] [stdout]   20:     0x56260fb8914f - core::result::Result<T,E>::expect::h02767220cfd2f29f
[INFO] [stdout]                                at /rustc/82e1608dfa6e0b5569232559e3d385fea5a93112/library/core/src/result.rs:1034:23
[INFO] [stdout]   21:     0x56260fa27122 - sysinfo_http::server::init_server::{{closure}}::h5b1ebf10cb59a96a
[INFO] [stdout]                                at /opt/rustwide/workdir/src/server.rs:65:5
[INFO] [stdout]   22:     0x56260fb46943 - sysinfo_http::server::tests::test_gracefully_shutdown::{{closure}}::h9c6adc943c07ddb4
[INFO] [stdout]                                at /opt/rustwide/workdir/src/server.rs:123:44
[INFO] [stdout]   23:     0x56260fbb2738 - <core::pin::Pin<P> as core::future::future::Future>::poll::ha0538e7237b14948
[INFO] [stdout]                                at /rustc/82e1608dfa6e0b5569232559e3d385fea5a93112/library/core/src/future/future.rs:125:9
[INFO] [stdout]   24:     0x56260fbb25cb - <core::pin::Pin<P> as core::future::future::Future>::poll::h4c2dd917b7268223
[INFO] [stdout]                                at /rustc/82e1608dfa6e0b5569232559e3d385fea5a93112/library/core/src/future/future.rs:125:9
[INFO] [stdout]   25:     0x56260fb3d144 - tokio::runtime::scheduler::current_thread::CoreGuard::block_on::{{closure}}::{{closure}}::{{closure}}::h091968916a018593
[INFO] [stdout]                                at /opt/rustwide/cargo-home/registry/src/index.crates.io-6f17d22bba15001f/tokio-1.29.0/src/runtime/scheduler/current_thread.rs:651:57
[INFO] [stdout]   26:     0x56260fb3d06a - tokio::runtime::coop::with_budget::h730cfac7edf3e274
[INFO] [stdout]                                at /opt/rustwide/cargo-home/registry/src/index.crates.io-6f17d22bba15001f/tokio-1.29.0/src/runtime/coop.rs:107:5
[INFO] [stdout]   27:     0x56260fb3d06a - tokio::runtime::coop::budget::h99940337db50dab3
[INFO] [stdout]                                at /opt/rustwide/cargo-home/registry/src/index.crates.io-6f17d22bba15001f/tokio-1.29.0/src/runtime/coop.rs:73:5
[INFO] [stdout]   28:     0x56260fb3d06a - tokio::runtime::scheduler::current_thread::CoreGuard::block_on::{{closure}}::{{closure}}::h2f0b9c010e102ad8
[INFO] [stdout]                                at /opt/rustwide/cargo-home/registry/src/index.crates.io-6f17d22bba15001f/tokio-1.29.0/src/runtime/scheduler/current_thread.rs:651:25
[INFO] [stdout]   29:     0x56260fb3b9fc - tokio::runtime::scheduler::current_thread::Context::enter::h4e4abb4ef76c8f0b
[INFO] [stdout]                                at /opt/rustwide/cargo-home/registry/src/index.crates.io-6f17d22bba15001f/tokio-1.29.0/src/runtime/scheduler/current_thread.rs:410:19
[INFO] [stdout]   30:     0x56260fb3c86e - tokio::runtime::scheduler::current_thread::CoreGuard::block_on::{{closure}}::h45c509593a88c023
[INFO] [stdout]                                at /opt/rustwide/cargo-home/registry/src/index.crates.io-6f17d22bba15001f/tokio-1.29.0/src/runtime/scheduler/current_thread.rs:650:36
[INFO] [stdout]   31:     0x56260fb3c57b - tokio::runtime::scheduler::current_thread::CoreGuard::enter::{{closure}}::h2f19e08ce5a37e32
[INFO] [stdout]                                at /opt/rustwide/cargo-home/registry/src/index.crates.io-6f17d22bba15001f/tokio-1.29.0/src/runtime/scheduler/current_thread.rs:729:68
[INFO] [stdout]   32:     0x56260faf9b3b - tokio::runtime::context::scoped::Scoped<T>::set::h516d78a15736397e
[INFO] [stdout]                                at /opt/rustwide/cargo-home/registry/src/index.crates.io-6f17d22bba15001f/tokio-1.29.0/src/runtime/context/scoped.rs:40:9
[INFO] [stdout]   33:     0x56260fbb0259 - tokio::runtime::context::set_scheduler::{{closure}}::hbe4b5663ada92107
[INFO] [stdout]                                at /opt/rustwide/cargo-home/registry/src/index.crates.io-6f17d22bba15001f/tokio-1.29.0/src/runtime/context.rs:176:26
[INFO] [stdout]   34:     0x56260fa2ed76 - std::thread::local::LocalKey<T>::try_with::hac6c0d2df5ae49bb
[INFO] [stdout]                                at /rustc/82e1608dfa6e0b5569232559e3d385fea5a93112/library/std/src/thread/local.rs:270:16
[INFO] [stdout]   35:     0x56260fa2deba - std::thread::local::LocalKey<T>::with::h35a87b2e1064c21e
[INFO] [stdout]                                at /rustc/82e1608dfa6e0b5569232559e3d385fea5a93112/library/std/src/thread/local.rs:246:9
[INFO] [stdout]   36:     0x56260fbb020d - tokio::runtime::context::set_scheduler::h338bff47f6d7d8aa
[INFO] [stdout]                                at /opt/rustwide/cargo-home/registry/src/index.crates.io-6f17d22bba15001f/tokio-1.29.0/src/runtime/context.rs:176:9
[INFO] [stdout]   37:     0x56260fb3c310 - tokio::runtime::scheduler::current_thread::CoreGuard::enter::hae6674ffa3b9f553
[INFO] [stdout]                                at /opt/rustwide/cargo-home/registry/src/index.crates.io-6f17d22bba15001f/tokio-1.29.0/src/runtime/scheduler/current_thread.rs:729:27
[INFO] [stdout]   38:     0x56260fb3c5ad - tokio::runtime::scheduler::current_thread::CoreGuard::block_on::hc91673e75c11b3a2
[INFO] [stdout]                                at /opt/rustwide/cargo-home/registry/src/index.crates.io-6f17d22bba15001f/tokio-1.29.0/src/runtime/scheduler/current_thread.rs:638:19
[INFO] [stdout]   39:     0x56260fb3a57d - tokio::runtime::scheduler::current_thread::CurrentThread::block_on::{{closure}}::hdb93f8908418bd94
[INFO] [stdout]                                at /opt/rustwide/cargo-home/registry/src/index.crates.io-6f17d22bba15001f/tokio-1.29.0/src/runtime/scheduler/current_thread.rs:175:28
[INFO] [stdout]   40:     0x56260faa77ea - tokio::runtime::context::runtime::enter_runtime::h5a4820e469e92157
[INFO] [stdout]                                at /opt/rustwide/cargo-home/registry/src/index.crates.io-6f17d22bba15001f/tokio-1.29.0/src/runtime/context/runtime.rs:65:16
[INFO] [stdout]   41:     0x56260fb3a490 - tokio::runtime::scheduler::current_thread::CurrentThread::block_on::h4af91e4e9c0ba017
[INFO] [stdout]                                at /opt/rustwide/cargo-home/registry/src/index.crates.io-6f17d22bba15001f/tokio-1.29.0/src/runtime/scheduler/current_thread.rs:167:9
[INFO] [stdout]   42:     0x56260fa6ea8d - tokio::runtime::runtime::Runtime::block_on::hf0357af392978986
[INFO] [stdout]                                at /opt/rustwide/cargo-home/registry/src/index.crates.io-6f17d22bba15001f/tokio-1.29.0/src/runtime/runtime.rs:311:47
[INFO] [stdout]   43:     0x56260fb459f7 - sysinfo_http::server::tests::test_gracefully_shutdown::heeb3e2cba91a64d1
[INFO] [stdout]                                at /opt/rustwide/workdir/src/server.rs:137:9
[INFO] [stdout]   44:     0x56260fb45887 - sysinfo_http::server::tests::test_gracefully_shutdown::{{closure}}::hcdfa27627e4fa967
[INFO] [stdout]                                at /opt/rustwide/workdir/src/server.rs:109:40
[INFO] [stdout]   45:     0x56260fb7c446 - core::ops::function::FnOnce::call_once::h2d5e23e4ca40579e
[INFO] [stdout]                                at /rustc/82e1608dfa6e0b5569232559e3d385fea5a93112/library/core/src/ops/function.rs:250:5
[INFO] [stdout]   46:     0x56260fbefc4f - core::ops::function::FnOnce::call_once::h2b5d431d5046312d
[INFO] [stdout]                                at /rustc/82e1608dfa6e0b5569232559e3d385fea5a93112/library/core/src/ops/function.rs:250:5
[INFO] [stdout]   47:     0x56260fbefc4f - test::__rust_begin_short_backtrace::h7714669af176e207
[INFO] [stdout]                                at /rustc/82e1608dfa6e0b5569232559e3d385fea5a93112/library/test/src/lib.rs:628:18
[INFO] [stdout]   48:     0x56260fbeec65 - test::run_test_in_process::{{closure}}::h85218797dcbcec12
[INFO] [stdout]                                at /rustc/82e1608dfa6e0b5569232559e3d385fea5a93112/library/test/src/lib.rs:651:60
[INFO] [stdout]   49:     0x56260fbeec65 - <core::panic::unwind_safe::AssertUnwindSafe<F> as core::ops::function::FnOnce<()>>::call_once::h76c106ea31c14d7b
[INFO] [stdout]                                at /rustc/82e1608dfa6e0b5569232559e3d385fea5a93112/library/core/src/panic/unwind_safe.rs:272:9
[INFO] [stdout]   50:     0x56260fbeec65 - std::panicking::try::do_call::h3bd5d0f6620ee946
[INFO] [stdout]                                at /rustc/82e1608dfa6e0b5569232559e3d385fea5a93112/library/std/src/panicking.rs:552:40
[INFO] [stdout]   51:     0x56260fbeec65 - std::panicking::try::h232e535e4744fe31
[INFO] [stdout]                                at /rustc/82e1608dfa6e0b5569232559e3d385fea5a93112/library/std/src/panicking.rs:516:19
[INFO] [stdout]   52:     0x56260fbeec65 - std::panic::catch_unwind::h3ce3bd6ca8dbac68
[INFO] [stdout]                                at /rustc/82e1608dfa6e0b5569232559e3d385fea5a93112/library/std/src/panic.rs:142:14
[INFO] [stdout]   53:     0x56260fbeec65 - test::run_test_in_process::hc97b257c9621286a
[INFO] [stdout]                                at /rustc/82e1608dfa6e0b5569232559e3d385fea5a93112/library/test/src/lib.rs:651:27
[INFO] [stdout]   54:     0x56260fbeec65 - test::run_test::{{closure}}::h2aa798823a438d38
[INFO] [stdout]                                at /rustc/82e1608dfa6e0b5569232559e3d385fea5a93112/library/test/src/lib.rs:574:43
[INFO] [stdout]   55:     0x56260fbb6f26 - test::run_test::{{closure}}::h87d231c78fb59832
[INFO] [stdout]                                at /rustc/82e1608dfa6e0b5569232559e3d385fea5a93112/library/test/src/lib.rs:602:41
[INFO] [stdout]   56:     0x56260fbb6f26 - std::sys_common::backtrace::__rust_begin_short_backtrace::he6df152596625789
[INFO] [stdout]                                at /rustc/82e1608dfa6e0b5569232559e3d385fea5a93112/library/std/src/sys_common/backtrace.rs:154:18
[INFO] [stdout]   57:     0x56260fbbbfd7 - std::thread::Builder::spawn_unchecked_::{{closure}}::{{closure}}::ha94be15d1e0acf36
[INFO] [stdout]                                at /rustc/82e1608dfa6e0b5569232559e3d385fea5a93112/library/std/src/thread/mod.rs:529:17
[INFO] [stdout]   58:     0x56260fbbbfd7 - <core::panic::unwind_safe::AssertUnwindSafe<F> as core::ops::function::FnOnce<()>>::call_once::h9dc6bd6372f16606
[INFO] [stdout]                                at /rustc/82e1608dfa6e0b5569232559e3d385fea5a93112/library/core/src/panic/unwind_safe.rs:272:9
[INFO] [stdout]   59:     0x56260fbbbfd7 - std::panicking::try::do_call::h9057517f80303cd4
[INFO] [stdout]                                at /rustc/82e1608dfa6e0b5569232559e3d385fea5a93112/library/std/src/panicking.rs:552:40
[INFO] [stdout]   60:     0x56260fbbbfd7 - std::panicking::try::he3a30b11ee45340c
[INFO] [stdout]                                at /rustc/82e1608dfa6e0b5569232559e3d385fea5a93112/library/std/src/panicking.rs:516:19
[INFO] [stdout]   61:     0x56260fbbbfd7 - std::panic::catch_unwind::h410458cfd3528b8b
[INFO] [stdout]                                at /rustc/82e1608dfa6e0b5569232559e3d385fea5a93112/library/std/src/panic.rs:142:14
[INFO] [stdout]   62:     0x56260fbbbfd7 - std::thread::Builder::spawn_unchecked_::{{closure}}::h72ac3bdb567b737b
[INFO] [stdout]                                at /rustc/82e1608dfa6e0b5569232559e3d385fea5a93112/library/std/src/thread/mod.rs:528:30
[INFO] [stdout]   63:     0x56260fbbbfd7 - core::ops::function::FnOnce::call_once{{vtable.shim}}::h38f34da3654a8344
[INFO] [stdout]                                at /rustc/82e1608dfa6e0b5569232559e3d385fea5a93112/library/core/src/ops/function.rs:250:5
[INFO] [stdout]   64:     0x56261017a4d5 - <alloc::boxed::Box<F,A> as core::ops::function::FnOnce<Args>>::call_once::hc7eafaff61e32df9
[INFO] [stdout]                                at /rustc/82e1608dfa6e0b5569232559e3d385fea5a93112/library/alloc/src/boxed.rs:2007:9
[INFO] [stdout]   65:     0x56261017a4d5 - <alloc::boxed::Box<F,A> as core::ops::function::FnOnce<Args>>::call_once::h6ba4a5de48dd2304
[INFO] [stdout]                                at /rustc/82e1608dfa6e0b5569232559e3d385fea5a93112/library/alloc/src/boxed.rs:2007:9
[INFO] [stdout]   66:     0x56261017a4d5 - std::sys::unix::thread::Thread::new::thread_start::he469335aef763e45
[INFO] [stdout]                                at /rustc/82e1608dfa6e0b5569232559e3d385fea5a93112/library/std/src/sys/unix/thread.rs:108:17
[INFO] [stdout]   67:     0x7f5f4931eac3 - <unknown>
[INFO] [stdout]   68:     0x7f5f493afbf4 - __clone
[INFO] [stdout]   69:                0x0 - <unknown>
[INFO] [stdout] 
[INFO] [stdout] 
[INFO] [stdout] failures:
[INFO] [stdout]     app::informers::memory_informer::tests::test_get_memory_info
[INFO] [stdout]     server::tests::test_gracefully_shutdown
[INFO] [stdout] 
[INFO] [stdout] test result: FAILED. 11 passed; 2 failed; 0 ignored; 0 measured; 0 filtered out; finished in 0.21s
[INFO] [stdout] 
[INFO] [stderr] error: test failed, to rerun pass `--bin sysinfo-http`
[INFO] running `Command { std: "docker" "inspect" "b7cba7c1e1f5ff0cb9eba40a4e646087a5c29698bae4710cf20ffe22557460ee", kill_on_drop: false }`
[INFO] running `Command { std: "docker" "rm" "-f" "b7cba7c1e1f5ff0cb9eba40a4e646087a5c29698bae4710cf20ffe22557460ee", kill_on_drop: false }`
[INFO] [stdout] b7cba7c1e1f5ff0cb9eba40a4e646087a5c29698bae4710cf20ffe22557460ee
[INFO] testing rainbowflesh/sysinfo-http against beta-2023-12-22 for beta-1.76-1
[INFO] running `Command { std: "git" "clone" "/workspace/cache/git-repos/https%3A%2F%2Fgithub.com%2Frainbowflesh%2Fsysinfo-http" "/workspace/builds/worker-7-tc2/source", kill_on_drop: false }`
[INFO] [stderr] Cloning into '/workspace/builds/worker-7-tc2/source'...
[INFO] [stderr] done.
[INFO] validating manifest of git repo https://github.com/rainbowflesh/sysinfo-http on toolchain beta-2023-12-22
[INFO] running `Command { std: CARGO_HOME="/workspace/cargo-home" RUSTUP_HOME="/workspace/rustup-home" "/workspace/cargo-home/bin/cargo" "+beta-2023-12-22" "metadata" "--manifest-path" "Cargo.toml" "--no-deps", kill_on_drop: false }`
[INFO] removed /workspace/builds/worker-7-tc2/source/.cargo/config.toml
[INFO] started tweaking git repo https://github.com/rainbowflesh/sysinfo-http
[INFO] finished tweaking git repo https://github.com/rainbowflesh/sysinfo-http
[INFO] tweaked toml for git repo https://github.com/rainbowflesh/sysinfo-http written to /workspace/builds/worker-7-tc2/source/Cargo.toml
[INFO] crate git repo https://github.com/rainbowflesh/sysinfo-http already has a lockfile, it will not be regenerated
[INFO] running `Command { std: CARGO_HOME="/workspace/cargo-home" RUSTUP_HOME="/workspace/rustup-home" "/workspace/cargo-home/bin/cargo" "+beta-2023-12-22" "fetch" "--manifest-path" "Cargo.toml", kill_on_drop: false }`
[INFO] [stderr] warning: only one of `license` or `license-file` is necessary
[INFO] [stderr] `license` should be used if the package license can be expressed with a standard SPDX expression.
[INFO] [stderr] `license-file` should be used if the package uses a non-standard license.
[INFO] [stderr] See https://doc.rust-lang.org/cargo/reference/manifest.html#the-license-and-license-file-fields for more information.
[INFO] running `Command { std: "docker" "create" "-v" "/var/lib/crater-agent-workspace/builds/worker-7-tc2/target:/opt/rustwide/target:rw,Z" "-v" "/var/lib/crater-agent-workspace/builds/worker-7-tc2/source:/opt/rustwide/workdir:ro,Z" "-v" "/var/lib/crater-agent-workspace/cargo-home:/opt/rustwide/cargo-home:ro,Z" "-v" "/var/lib/crater-agent-workspace/rustup-home:/opt/rustwide/rustup-home:ro,Z" "-e" "SOURCE_DIR=/opt/rustwide/workdir" "-e" "CARGO_TARGET_DIR=/opt/rustwide/target" "-e" "CARGO_HOME=/opt/rustwide/cargo-home" "-e" "RUSTUP_HOME=/opt/rustwide/rustup-home" "-w" "/opt/rustwide/workdir" "-m" "1610612736" "--user" "0:0" "--network" "none" "ghcr.io/rust-lang/crates-build-env/linux@sha256:2788e3201cd34a07e3172128adcd8b3090168a8e3bcc40d7c032b9dda1df7d1c" "/opt/rustwide/cargo-home/bin/cargo" "+beta-2023-12-22" "metadata" "--no-deps" "--format-version=1", kill_on_drop: false }`
[INFO] [stdout] 635de3b641439e891a615c2773c8e0bae6408f997899488f941ddbe497b0be58
[INFO] running `Command { std: "docker" "start" "-a" "635de3b641439e891a615c2773c8e0bae6408f997899488f941ddbe497b0be58", kill_on_drop: false }`
[INFO] running `Command { std: "docker" "inspect" "635de3b641439e891a615c2773c8e0bae6408f997899488f941ddbe497b0be58", kill_on_drop: false }`
[INFO] running `Command { std: "docker" "rm" "-f" "635de3b641439e891a615c2773c8e0bae6408f997899488f941ddbe497b0be58", kill_on_drop: false }`
[INFO] [stdout] 635de3b641439e891a615c2773c8e0bae6408f997899488f941ddbe497b0be58
[INFO] running `Command { std: "docker" "create" "-v" "/var/lib/crater-agent-workspace/builds/worker-7-tc2/target:/opt/rustwide/target:rw,Z" "-v" "/var/lib/crater-agent-workspace/builds/worker-7-tc2/source:/opt/rustwide/workdir:ro,Z" "-v" "/var/lib/crater-agent-workspace/cargo-home:/opt/rustwide/cargo-home:ro,Z" "-v" "/var/lib/crater-agent-workspace/rustup-home:/opt/rustwide/rustup-home:ro,Z" "-e" "SOURCE_DIR=/opt/rustwide/workdir" "-e" "CARGO_TARGET_DIR=/opt/rustwide/target" "-e" "CARGO_INCREMENTAL=0" "-e" "RUST_BACKTRACE=full" "-e" "RUSTFLAGS=--cap-lints=warn" "-e" "RUSTDOCFLAGS=--cap-lints=warn" "-e" "CARGO_HOME=/opt/rustwide/cargo-home" "-e" "RUSTUP_HOME=/opt/rustwide/rustup-home" "-w" "/opt/rustwide/workdir" "-m" "1610612736" "--user" "0:0" "--network" "none" "ghcr.io/rust-lang/crates-build-env/linux@sha256:2788e3201cd34a07e3172128adcd8b3090168a8e3bcc40d7c032b9dda1df7d1c" "/opt/rustwide/cargo-home/bin/cargo" "+beta-2023-12-22" "build" "--frozen" "--message-format=json", kill_on_drop: false }`
[INFO] [stdout] 1644186e4aa0e20f76ef86e7084e0a6295e6781e3845b22ffdd789c806638e2e
[INFO] running `Command { std: "docker" "start" "-a" "1644186e4aa0e20f76ef86e7084e0a6295e6781e3845b22ffdd789c806638e2e", kill_on_drop: false }`
[INFO] [stderr] warning: only one of `license` or `license-file` is necessary
[INFO] [stderr] `license` should be used if the package license can be expressed with a standard SPDX expression.
[INFO] [stderr] `license-file` should be used if the package uses a non-standard license.
[INFO] [stderr] See https://doc.rust-lang.org/cargo/reference/manifest.html#the-license-and-license-file-fields for more information.
[INFO] [stderr]    Compiling proc-macro2 v1.0.63
[INFO] [stderr]    Compiling quote v1.0.29
[INFO] [stderr]    Compiling unicode-ident v1.0.9
[INFO] [stderr]    Compiling cfg-if v1.0.0
[INFO] [stderr]    Compiling autocfg v1.1.0
[INFO] [stderr]    Compiling libc v0.2.147
[INFO] [stderr]    Compiling version_check v0.9.4
[INFO] [stderr]    Compiling once_cell v1.18.0
[INFO] [stderr]    Compiling scopeguard v1.1.0
[INFO] [stderr]    Compiling serde v1.0.164
[INFO] [stderr]    Compiling itoa v1.0.6
[INFO] [stderr]    Compiling log v0.4.19
[INFO] [stderr]    Compiling bytes v1.4.0
[INFO] [stderr]    Compiling futures-core v0.3.28
[INFO] [stderr]    Compiling pin-project-lite v0.2.9
[INFO] [stderr]    Compiling futures-task v0.3.28
[INFO] [stderr]    Compiling futures-sink v0.3.28
[INFO] [stderr]    Compiling futures-util v0.3.28
[INFO] [stderr]    Compiling smallvec v1.10.0
[INFO] [stderr]    Compiling parking_lot_core v0.9.8
[INFO] [stderr]    Compiling typenum v1.16.0
[INFO] [stderr]    Compiling fnv v1.0.7
[INFO] [stderr]    Compiling tracing-core v0.1.31
[INFO] [stderr]    Compiling pin-utils v0.1.0
[INFO] [stderr]    Compiling crossbeam-utils v0.8.16
[INFO] [stderr]    Compiling io-lifetimes v1.0.11
[INFO] [stderr]    Compiling rustversion v1.0.12
[INFO] [stderr]    Compiling tinyvec_macros v0.1.1
[INFO] [stderr]    Compiling rustix v0.37.20
[INFO] [stderr]    Compiling bitflags v1.3.2
[INFO] [stderr]    Compiling httparse v1.8.0
[INFO] [stderr]    Compiling generic-array v0.14.7
[INFO] [stderr]    Compiling ahash v0.8.3
[INFO] [stderr]    Compiling tinyvec v1.6.0
[INFO] [stderr]    Compiling slab v0.4.8
[INFO] [stderr]    Compiling lock_api v0.4.10
[INFO] [stderr]    Compiling tokio v1.29.0
[INFO] [stderr]    Compiling http v0.2.9
[INFO] [stderr]    Compiling memoffset v0.9.0
[INFO] [stderr]    Compiling crossbeam-epoch v0.9.15
[INFO] [stderr]    Compiling percent-encoding v2.3.0
[INFO] [stderr]    Compiling linux-raw-sys v0.3.8
[INFO] [stderr]    Compiling memchr v2.5.0
[INFO] [stderr]    Compiling form_urlencoded v1.2.0
[INFO] [stderr]    Compiling indexmap v1.9.3
[INFO] [stderr]    Compiling syn v2.0.22
[INFO] [stderr]    Compiling tower-service v0.3.2
[INFO] [stderr]    Compiling ppv-lite86 v0.2.17
[INFO] [stderr]    Compiling thiserror v1.0.40
[INFO] [stderr]    Compiling unicode-bidi v0.3.13
[INFO] [stderr]    Compiling unicode-normalization v0.1.22
[INFO] [stderr]    Compiling unicase v2.6.0
[INFO] [stderr]    Compiling serde_json v1.0.99
[INFO] [stderr]    Compiling http-body v0.4.5
[INFO] [stderr]    Compiling allocator-api2 v0.2.15
[INFO] [stderr]    Compiling ryu v1.0.13
[INFO] [stderr]    Compiling tower-layer v0.3.2
[INFO] [stderr]    Compiling rayon-core v1.11.0
[INFO] [stderr]    Compiling heck v0.4.1
[INFO] [stderr]    Compiling async-trait v0.1.68
[INFO] [stderr]    Compiling utf8parse v0.2.1
[INFO] [stderr]    Compiling cpufeatures v0.2.8
[INFO] [stderr]    Compiling hashbrown v0.12.3
[INFO] [stderr]    Compiling futures-channel v0.3.28
[INFO] [stderr]    Compiling anstyle-parse v0.2.1
[INFO] [stderr]    Compiling num_cpus v1.16.0
[INFO] [stderr]    Compiling mio v0.8.8
[INFO] [stderr]    Compiling signal-hook-registry v1.4.1
[INFO] [stderr]    Compiling socket2 v0.4.9
[INFO] [stderr]    Compiling getrandom v0.2.10
[INFO] [stderr]    Compiling idna v0.4.0
[INFO] [stderr]    Compiling parking_lot v0.12.1
[INFO] [stderr]    Compiling rand_core v0.6.4
[INFO] [stderr]    Compiling hashbrown v0.14.0
[INFO] [stderr]    Compiling crossbeam-deque v0.8.3
[INFO] [stderr]    Compiling crypto-common v0.1.6
[INFO] [stderr]    Compiling block-buffer v0.10.4
[INFO] [stderr]    Compiling rand_chacha v0.3.1
[INFO] [stderr]    Compiling axum-core v0.3.4
[INFO] [stderr]    Compiling digest v0.10.7
[INFO] [stderr]    Compiling crossbeam-channel v0.5.8
[INFO] [stderr]    Compiling multer v2.1.0
[INFO] [stderr]    Compiling byteorder v1.4.3
[INFO] [stderr]    Compiling url v2.4.0
[INFO] [stderr]    Compiling sha1 v0.10.5
[INFO] [stderr]    Compiling rand v0.8.5
[INFO] [stderr]    Compiling anstyle-query v1.0.0
[INFO] [stderr]    Compiling equivalent v1.0.0
[INFO] [stderr]    Compiling lazy_static v1.4.0
[INFO] [stderr]    Compiling try-lock v0.2.4
[INFO] [stderr]    Compiling mime v0.3.17
[INFO] [stderr]    Compiling base64 v0.13.1
[INFO] [stderr]    Compiling utf-8 v0.7.6
[INFO] [stderr]    Compiling anstyle v1.0.1
[INFO] [stderr]    Compiling colorchoice v1.0.0
[INFO] [stderr]    Compiling want v0.3.1
[INFO] [stderr]    Compiling indexmap v2.0.0
[INFO] [stderr]    Compiling axum v0.6.18
[INFO] [stderr]    Compiling encoding_rs v0.8.32
[INFO] [stderr]    Compiling clap_lex v0.5.0
[INFO] [stderr]    Compiling anyhow v1.0.71
[INFO] [stderr]    Compiling winnow v0.4.7
[INFO] [stderr]    Compiling spin v0.9.8
[INFO] [stderr]    Compiling either v1.8.1
[INFO] [stderr]    Compiling unicode-width v0.1.10
[INFO] [stderr]    Compiling httpdate v1.0.2
[INFO] [stderr]    Compiling strsim v0.10.0
[INFO] [stderr]    Compiling overload v0.1.1
[INFO] [stderr]    Compiling sharded-slab v0.1.4
[INFO] [stderr]    Compiling tracing-log v0.1.3
[INFO] [stderr]    Compiling nu-ansi-term v0.46.0
[INFO] [stderr]    Compiling aho-corasick v1.0.2
[INFO] [stderr]    Compiling thread_local v1.1.7
[INFO] [stderr]    Compiling is-terminal v0.4.7
[INFO] [stderr]    Compiling anstream v0.3.2
[INFO] [stderr]    Compiling terminal_size v0.2.6
[INFO] [stderr]    Compiling rayon v1.7.0
[INFO] [stderr]    Compiling matchit v0.7.0
[INFO] [stderr]    Compiling base64 v0.21.2
[INFO] [stderr]    Compiling sync_wrapper v0.1.2
[INFO] [stderr]    Compiling http-range-header v0.3.0
[INFO] [stderr]    Compiling bitflags v2.3.3
[INFO] [stderr]    Compiling clap_builder v4.3.9
[INFO] [stderr]    Compiling regex-syntax v0.7.2
[INFO] [stderr]    Compiling termcolor v1.2.0
[INFO] [stderr]    Compiling serde_derive v1.0.164
[INFO] [stderr]    Compiling tracing-attributes v0.1.26
[INFO] [stderr]    Compiling tokio-macros v2.1.0
[INFO] [stderr]    Compiling thiserror-impl v1.0.40
[INFO] [stderr]    Compiling pin-project-internal v1.1.0
[INFO] [stderr]    Compiling axum-macros v0.3.7
[INFO] [stderr]    Compiling clap_derive v4.3.2
[INFO] [stderr]    Compiling regex v1.8.4
[INFO] [stderr]    Compiling pin-project v1.1.0
[INFO] [stderr]    Compiling tungstenite v0.18.0
[INFO] [stderr]    Compiling tracing v0.1.37
[INFO] [stderr]    Compiling tower-http v0.4.1
[INFO] [stderr]    Compiling clap v4.3.9
[INFO] [stderr]    Compiling tokio-util v0.7.8
[INFO] [stderr]    Compiling tokio-tungstenite v0.18.0
[INFO] [stderr]    Compiling tower v0.4.13
[INFO] [stderr]    Compiling h2 v0.3.20
[INFO] [stderr]    Compiling toml_datetime v0.6.3
[INFO] [stderr]    Compiling serde_spanned v0.6.3
[INFO] [stderr]    Compiling serde_urlencoded v0.7.1
[INFO] [stderr]    Compiling serde_path_to_error v0.1.11
[INFO] [stderr]    Compiling tracing-serde v0.1.3
[INFO] [stderr]    Compiling sysinfo v0.29.2
[INFO] [stderr]    Compiling toml_edit v0.19.11
[INFO] [stderr]    Compiling tracing-subscriber v0.3.17
[INFO] [stderr]    Compiling toml v0.7.5
[INFO] [stderr]    Compiling hyper v0.14.27
[INFO] [stderr]    Compiling sysinfo-http v0.0.3 (/opt/rustwide/workdir)
[INFO] [stdout] warning: unused import: `NetworkHarvest`
[INFO] [stdout]   --> src/app/controllers/sysinfo_controller.rs:12:42
[INFO] [stdout]    |
[INFO] [stdout] 12 |     network_informer::{get_network_info, NetworkHarvest},
[INFO] [stdout]    |                                          ^^^^^^^^^^^^^^
[INFO] [stdout]    |
[INFO] [stdout]    = note: `#[warn(unused_imports)]` on by default
[INFO] [stdout] 
[INFO] [stdout] 
[INFO] [stdout] warning: variable does not need to be mutable
[INFO] [stdout]   --> src/app/informers/sys_informer.rs:70:9
[INFO] [stdout]    |
[INFO] [stdout] 70 |     let mut sys = System::new_all();
[INFO] [stdout]    |         ----^^^
[INFO] [stdout]    |         |
[INFO] [stdout]    |         help: remove this `mut`
[INFO] [stdout]    |
[INFO] [stdout]    = note: `#[warn(unused_mut)]` on by default
[INFO] [stdout] 
[INFO] [stdout] 
[INFO] [stdout] warning: function `get_cpu_usage_summary` is never used
[INFO] [stdout]   --> src/app/informers/cpu_informer.rs:30:8
[INFO] [stdout]    |
[INFO] [stdout] 30 | pub fn get_cpu_usage_summary() {
[INFO] [stdout]    |        ^^^^^^^^^^^^^^^^^^^^^
[INFO] [stdout]    |
[INFO] [stdout]    = note: `#[warn(dead_code)]` on by default
[INFO] [stdout] 
[INFO] [stdout] 
[INFO] [stdout] warning: function `get_disk_usage_summary` is never used
[INFO] [stdout]   --> src/app/informers/disk_informer.rs:29:8
[INFO] [stdout]    |
[INFO] [stdout] 29 | pub fn get_disk_usage_summary() {
[INFO] [stdout]    |        ^^^^^^^^^^^^^^^^^^^^^^
[INFO] [stdout] 
[INFO] [stdout] 
[INFO] [stdout] warning: function `get_memory_usage_summary` is never used
[INFO] [stdout]   --> src/app/informers/memory_informer.rs:32:8
[INFO] [stdout]    |
[INFO] [stdout] 32 | pub fn get_memory_usage_summary() {
[INFO] [stdout]    |        ^^^^^^^^^^^^^^^^^^^^^^^^
[INFO] [stdout] 
[INFO] [stdout] 
[INFO] [stdout] warning: function `get_network_summary` is never used
[INFO] [stdout]   --> src/app/informers/network_informer.rs:26:8
[INFO] [stdout]    |
[INFO] [stdout] 26 | pub fn get_network_summary() {
[INFO] [stdout]    |        ^^^^^^^^^^^^^^^^^^^
[INFO] [stdout] 
[INFO] [stdout] 
[INFO] [stdout] warning: function `get_all` is never used
[INFO] [stdout]   --> src/app/informers/sys_informer.rs:32:8
[INFO] [stdout]    |
[INFO] [stdout] 32 | pub fn get_all() {
[INFO] [stdout]    |        ^^^^^^^
[INFO] [stdout] 
[INFO] [stdout] 
[INFO] [stdout] warning: function `get_temperature_summary` is never used
[INFO] [stdout]   --> src/app/informers/temperature_informer.rs:25:8
[INFO] [stdout]    |
[INFO] [stdout] 25 | pub fn get_temperature_summary() {
[INFO] [stdout]    |        ^^^^^^^^^^^^^^^^^^^^^^^
[INFO] [stdout] 
[INFO] [stdout] 
[INFO] [stdout] warning: 8 warnings emitted
[INFO] [stdout] 
[INFO] [stdout] 
[INFO] [stderr]     Finished dev [unoptimized + debuginfo] target(s) in 20.33s
[INFO] running `Command { std: "docker" "inspect" "1644186e4aa0e20f76ef86e7084e0a6295e6781e3845b22ffdd789c806638e2e", kill_on_drop: false }`
[INFO] running `Command { std: "docker" "rm" "-f" "1644186e4aa0e20f76ef86e7084e0a6295e6781e3845b22ffdd789c806638e2e", kill_on_drop: false }`
[INFO] [stdout] 1644186e4aa0e20f76ef86e7084e0a6295e6781e3845b22ffdd789c806638e2e
[INFO] running `Command { std: "docker" "create" "-v" "/var/lib/crater-agent-workspace/builds/worker-7-tc2/target:/opt/rustwide/target:rw,Z" "-v" "/var/lib/crater-agent-workspace/builds/worker-7-tc2/source:/opt/rustwide/workdir:ro,Z" "-v" "/var/lib/crater-agent-workspace/cargo-home:/opt/rustwide/cargo-home:ro,Z" "-v" "/var/lib/crater-agent-workspace/rustup-home:/opt/rustwide/rustup-home:ro,Z" "-e" "SOURCE_DIR=/opt/rustwide/workdir" "-e" "CARGO_TARGET_DIR=/opt/rustwide/target" "-e" "CARGO_INCREMENTAL=0" "-e" "RUST_BACKTRACE=full" "-e" "RUSTFLAGS=--cap-lints=warn" "-e" "RUSTDOCFLAGS=--cap-lints=warn" "-e" "CARGO_HOME=/opt/rustwide/cargo-home" "-e" "RUSTUP_HOME=/opt/rustwide/rustup-home" "-w" "/opt/rustwide/workdir" "-m" "1610612736" "--user" "0:0" "--network" "none" "ghcr.io/rust-lang/crates-build-env/linux@sha256:2788e3201cd34a07e3172128adcd8b3090168a8e3bcc40d7c032b9dda1df7d1c" "/opt/rustwide/cargo-home/bin/cargo" "+beta-2023-12-22" "test" "--frozen" "--no-run" "--message-format=json", kill_on_drop: false }`
[INFO] [stdout] 8447b5358166cf0101846e442baeed8d8ea7eb2e208da8c6cefd4923a4824cd4
[INFO] running `Command { std: "docker" "start" "-a" "8447b5358166cf0101846e442baeed8d8ea7eb2e208da8c6cefd4923a4824cd4", kill_on_drop: false }`
[INFO] [stderr] warning: only one of `license` or `license-file` is necessary
[INFO] [stderr] `license` should be used if the package license can be expressed with a standard SPDX expression.
[INFO] [stderr] `license-file` should be used if the package uses a non-standard license.
[INFO] [stderr] See https://doc.rust-lang.org/cargo/reference/manifest.html#the-license-and-license-file-fields for more information.
[INFO] [stderr]    Compiling cc v1.0.79
[INFO] [stderr]    Compiling pkg-config v0.3.27
[INFO] [stderr]    Compiling openssl v0.10.55
[INFO] [stderr]    Compiling curl v0.4.44
[INFO] [stderr]    Compiling foreign-types-shared v0.1.1
[INFO] [stderr]    Compiling openssl-macros v0.1.1
[INFO] [stderr]    Compiling openssl-probe v0.1.5
[INFO] [stderr]    Compiling foreign-types v0.3.2
[INFO] [stderr]    Compiling openssl-src v111.26.0+1.1.1u
[INFO] [stderr]    Compiling openssl-sys v0.9.90
[INFO] [stderr]    Compiling libz-sys v1.1.9
[INFO] [stderr]    Compiling curl-sys v0.4.63+curl-8.1.2
[INFO] [stderr]    Compiling sysinfo-http v0.0.3 (/opt/rustwide/workdir)
[INFO] [stdout] warning: unused import: `NetworkHarvest`
[INFO] [stdout]   --> src/app/controllers/sysinfo_controller.rs:12:42
[INFO] [stdout]    |
[INFO] [stdout] 12 |     network_informer::{get_network_info, NetworkHarvest},
[INFO] [stdout]    |                                          ^^^^^^^^^^^^^^
[INFO] [stdout]    |
[INFO] [stdout]    = note: `#[warn(unused_imports)]` on by default
[INFO] [stdout] 
[INFO] [stdout] 
[INFO] [stdout] warning: unused import: `super::*`
[INFO] [stdout]   --> src/app/informers/memory_informer.rs:38:9
[INFO] [stdout]    |
[INFO] [stdout] 38 |     use super::*;
[INFO] [stdout]    |         ^^^^^^^^
[INFO] [stdout] 
[INFO] [stdout] 
[INFO] [stdout] warning: variable does not need to be mutable
[INFO] [stdout]   --> src/app/informers/sys_informer.rs:70:9
[INFO] [stdout]    |
[INFO] [stdout] 70 |     let mut sys = System::new_all();
[INFO] [stdout]    |         ----^^^
[INFO] [stdout]    |         |
[INFO] [stdout]    |         help: remove this `mut`
[INFO] [stdout]    |
[INFO] [stdout]    = note: `#[warn(unused_mut)]` on by default
[INFO] [stdout] 
[INFO] [stdout] 
[INFO] [stdout] warning: function `get_cpu_usage_summary` is never used
[INFO] [stdout]   --> src/app/informers/cpu_informer.rs:30:8
[INFO] [stdout]    |
[INFO] [stdout] 30 | pub fn get_cpu_usage_summary() {
[INFO] [stdout]    |        ^^^^^^^^^^^^^^^^^^^^^
[INFO] [stdout]    |
[INFO] [stdout]    = note: `#[warn(dead_code)]` on by default
[INFO] [stdout] 
[INFO] [stdout] 
[INFO] [stdout] warning: function `get_disk_usage_summary` is never used
[INFO] [stdout]   --> src/app/informers/disk_informer.rs:29:8
[INFO] [stdout]    |
[INFO] [stdout] 29 | pub fn get_disk_usage_summary() {
[INFO] [stdout]    |        ^^^^^^^^^^^^^^^^^^^^^^
[INFO] [stdout] 
[INFO] [stdout] 
[INFO] [stdout] warning: function `get_memory_usage_summary` is never used
[INFO] [stdout]   --> src/app/informers/memory_informer.rs:32:8
[INFO] [stdout]    |
[INFO] [stdout] 32 | pub fn get_memory_usage_summary() {
[INFO] [stdout]    |        ^^^^^^^^^^^^^^^^^^^^^^^^
[INFO] [stdout] 
[INFO] [stdout] 
[INFO] [stdout] warning: function `get_network_summary` is never used
[INFO] [stdout]   --> src/app/informers/network_informer.rs:26:8
[INFO] [stdout]    |
[INFO] [stdout] 26 | pub fn get_network_summary() {
[INFO] [stdout]    |        ^^^^^^^^^^^^^^^^^^^
[INFO] [stdout] 
[INFO] [stdout] 
[INFO] [stdout] warning: function `get_all` is never used
[INFO] [stdout]   --> src/app/informers/sys_informer.rs:32:8
[INFO] [stdout]    |
[INFO] [stdout] 32 | pub fn get_all() {
[INFO] [stdout]    |        ^^^^^^^
[INFO] [stdout] 
[INFO] [stdout] 
[INFO] [stdout] warning: function `get_temperature_summary` is never used
[INFO] [stdout]   --> src/app/informers/temperature_informer.rs:25:8
[INFO] [stdout]    |
[INFO] [stdout] 25 | pub fn get_temperature_summary() {
[INFO] [stdout]    |        ^^^^^^^^^^^^^^^^^^^^^^^
[INFO] [stdout] 
[INFO] [stdout] 
[INFO] [stdout] warning: 9 warnings emitted
[INFO] [stdout] 
[INFO] [stdout] 
[INFO] [stderr]     Finished test [unoptimized + debuginfo] target(s) in 18.82s
[INFO] running `Command { std: "docker" "inspect" "8447b5358166cf0101846e442baeed8d8ea7eb2e208da8c6cefd4923a4824cd4", kill_on_drop: false }`
[INFO] running `Command { std: "docker" "rm" "-f" "8447b5358166cf0101846e442baeed8d8ea7eb2e208da8c6cefd4923a4824cd4", kill_on_drop: false }`
[INFO] [stdout] 8447b5358166cf0101846e442baeed8d8ea7eb2e208da8c6cefd4923a4824cd4
[INFO] running `Command { std: "docker" "create" "-v" "/var/lib/crater-agent-workspace/builds/worker-7-tc2/target:/opt/rustwide/target:rw,Z" "-v" "/var/lib/crater-agent-workspace/builds/worker-7-tc2/source:/opt/rustwide/workdir:ro,Z" "-v" "/var/lib/crater-agent-workspace/cargo-home:/opt/rustwide/cargo-home:ro,Z" "-v" "/var/lib/crater-agent-workspace/rustup-home:/opt/rustwide/rustup-home:ro,Z" "-e" "SOURCE_DIR=/opt/rustwide/workdir" "-e" "CARGO_TARGET_DIR=/opt/rustwide/target" "-e" "CARGO_INCREMENTAL=0" "-e" "RUST_BACKTRACE=full" "-e" "RUSTFLAGS=--cap-lints=warn" "-e" "RUSTDOCFLAGS=--cap-lints=warn" "-e" "CARGO_HOME=/opt/rustwide/cargo-home" "-e" "RUSTUP_HOME=/opt/rustwide/rustup-home" "-w" "/opt/rustwide/workdir" "-m" "1610612736" "--user" "0:0" "--network" "none" "ghcr.io/rust-lang/crates-build-env/linux@sha256:2788e3201cd34a07e3172128adcd8b3090168a8e3bcc40d7c032b9dda1df7d1c" "/opt/rustwide/cargo-home/bin/cargo" "+beta-2023-12-22" "test" "--frozen", kill_on_drop: false }`
[INFO] [stdout] bab5095749f45237172814ea20c709d379ef53918b77521f96e16d2da99e24a3
[INFO] running `Command { std: "docker" "start" "-a" "bab5095749f45237172814ea20c709d379ef53918b77521f96e16d2da99e24a3", kill_on_drop: false }`
[INFO] [stderr] warning: only one of `license` or `license-file` is necessary
[INFO] [stderr] `license` should be used if the package license can be expressed with a standard SPDX expression.
[INFO] [stderr] `license-file` should be used if the package uses a non-standard license.
[INFO] [stderr] See https://doc.rust-lang.org/cargo/reference/manifest.html#the-license-and-license-file-fields for more information.
[INFO] [stderr] warning: unused import: `NetworkHarvest`
[INFO] [stderr]   --> src/app/controllers/sysinfo_controller.rs:12:42
[INFO] [stderr]    |
[INFO] [stderr] 12 |     network_informer::{get_network_info, NetworkHarvest},
[INFO] [stderr]    |                                          ^^^^^^^^^^^^^^
[INFO] [stderr]    |
[INFO] [stderr]    = note: `#[warn(unused_imports)]` on by default
[INFO] [stderr] 
[INFO] [stderr] warning: unused import: `super::*`
[INFO] [stderr]   --> src/app/informers/memory_informer.rs:38:9
[INFO] [stderr]    |
[INFO] [stderr] 38 |     use super::*;
[INFO] [stderr]    |         ^^^^^^^^
[INFO] [stderr] 
[INFO] [stderr] warning: variable does not need to be mutable
[INFO] [stderr]   --> src/app/informers/sys_informer.rs:70:9
[INFO] [stderr]    |
[INFO] [stderr] 70 |     let mut sys = System::new_all();
[INFO] [stderr]    |         ----^^^
[INFO] [stderr]    |         |
[INFO] [stderr]    |         help: remove this `mut`
[INFO] [stderr]    |
[INFO] [stderr]    = note: `#[warn(unused_mut)]` on by default
[INFO] [stderr] 
[INFO] [stderr] warning: function `get_cpu_usage_summary` is never used
[INFO] [stderr]   --> src/app/informers/cpu_informer.rs:30:8
[INFO] [stderr]    |
[INFO] [stderr] 30 | pub fn get_cpu_usage_summary() {
[INFO] [stderr]    |        ^^^^^^^^^^^^^^^^^^^^^
[INFO] [stderr]    |
[INFO] [stderr]    = note: `#[warn(dead_code)]` on by default
[INFO] [stderr] 
[INFO] [stderr] warning: function `get_disk_usage_summary` is never used
[INFO] [stderr]   --> src/app/informers/disk_informer.rs:29:8
[INFO] [stderr]    |
[INFO] [stderr] 29 | pub fn get_disk_usage_summary() {
[INFO] [stderr]    |        ^^^^^^^^^^^^^^^^^^^^^^
[INFO] [stderr] 
[INFO] [stderr] warning: function `get_memory_usage_summary` is never used
[INFO] [stderr]   --> src/app/informers/memory_informer.rs:32:8
[INFO] [stderr]    |
[INFO] [stderr] 32 | pub fn get_memory_usage_summary() {
[INFO] [stderr]    |        ^^^^^^^^^^^^^^^^^^^^^^^^
[INFO] [stderr] 
[INFO] [stderr] warning: function `get_network_summary` is never used
[INFO] [stderr]   --> src/app/informers/network_informer.rs:26:8
[INFO] [stderr]    |
[INFO] [stderr] 26 | pub fn get_network_summary() {
[INFO] [stderr]    |        ^^^^^^^^^^^^^^^^^^^
[INFO] [stderr] 
[INFO] [stderr] warning: function `get_all` is never used
[INFO] [stderr]   --> src/app/informers/sys_informer.rs:32:8
[INFO] [stderr]    |
[INFO] [stderr] 32 | pub fn get_all() {
[INFO] [stderr]    |        ^^^^^^^
[INFO] [stderr] 
[INFO] [stderr] warning: function `get_temperature_summary` is never used
[INFO] [stderr]   --> src/app/informers/temperature_informer.rs:25:8
[INFO] [stderr]    |
[INFO] [stderr] 25 | pub fn get_temperature_summary() {
[INFO] [stderr]    |        ^^^^^^^^^^^^^^^^^^^^^^^
[INFO] [stderr] 
[INFO] [stderr] warning: `sysinfo-http` (bin "sysinfo-http" test) generated 9 warnings (run `cargo fix --bin "sysinfo-http" --tests` to apply 3 suggestions)
[INFO] [stderr]     Finished test [unoptimized + debuginfo] target(s) in 0.10s
[INFO] [stderr]      Running unittests src/main.rs (/opt/rustwide/target/debug/deps/sysinfo_http-26f011de24932caa)
[INFO] [stdout] 
[INFO] [stdout] running 13 tests
[INFO] [stdout] [0m[30m        
[INFO] [stdout] [0m[31m /$$$$$$$            /$$           /$$                               /$$$$$$$$ /$$                     /$$      
[INFO] [stdout] [0m[31m| $$__  $$          |__/          | $$                              | $$_____/| $$                    | $$      
[INFO] [stdout] [0m[33m| $$  \ $$  /$$$$$$  /$$ /$$$$$$$ | $$$$$$$   /$$$$$$  /$$  /$$  /$$| $$      | $$  /$$$$$$   /$$$$$$$| $$$$$$$ 
[INFO] [stdout] [0m[33m| $$$$$$$/ |____  $$| $$| $$__  $$| $$__  $$ /$$__  $$| $$ | $$ | $$| $$$$$   | $$ /$$__  $$ /$$_____/| $$__  $$
[INFO] [stdout] [0m[32m| $$__  $$  /$$$$$$$| $$| $$  \ $$| $$  \ $$| $$  \ $$| $$ | $$ | $$| $$__/   | $$| $$$$$$$$|  $$$$$$ | $$  \ $$
[INFO] [stdout] [0m[32m| $$  \ $$ /$$__  $$| $$| $$  | $$| $$  | $$| $$  | $$| $$ | $$ | $$| $$      | $$| $$_____/ \____  $$| $$  | $$
[INFO] [stdout] [0m[36m| $$  | $$ | $$$$$$$| $$| $$  | $$| $$$$$$$/|  $$$$$$/|  $$$$$/$$$$/| $$      | $$|  $$$$$$$ /$$$$$$$/| $$  | $$
[INFO] [stdout] [0m[34m|__/  |__/ \_______/|__/|__/  |__/|_______/  \______/  \_____/\___/ |__/      |__/ \_______/|_______/ |__/  |__/
[INFO] [stdout] [0m[35m                                       佛祖保佑 0 error 0 warning
[INFO] [stdout] [0m[37mtest app::informers::sys_informer::tests::test_check_os_is_supported ... ok
[INFO] [stdout] [0m[30m        
[INFO] [stdout] [0m[31m /$$$$$$$            /$$           /$$                               /$$$$$$$$ /$$                     /$$      
[INFO] [stdout] [0m[31m| $$__  $$          |__/          | $$                              | $$_____/| $$                    | $$      
[INFO] [stdout] [0m[33m| $$  \ $$  /$$$$$$  /$$ /$$$$$$$ | $$$$$$$   /$$$$$$  /$$  /$$  /$$| $$      | $$  /$$$$$$   /$$$$$$$| $$$$$$$ 
[INFO] [stdout] [0m[33m| $$$$$$$/ |____  $$| $$| $$__  $$| $$__  $$ /$$__  $$| $$ | $$ | $$| $$$$$   | $$ /$$__  $$ /$$_____/| $$__  $$
[INFO] [stdout] [0m[32m| $$__  $$  /$$$$$$$| $$| $$  \ $$| $$  \ $$| $$  \ $$| $$ | $$ | $$| $$__/   | $$| $$$$$$$$|  $$$$$$ | $$  \ $$
[INFO] [stdout] [0m[32m| $$  \ $$ /$$__  $$| $$| $$  | $$| $$  | $$| $$  | $$| $$ | $$ | $$| $$      | $$| $$_____/ \____  $$| $$  | $$
[INFO] [stdout] [0m[36m| $$  | $$ | $$$$$$$| $$| $$  | $$| $$$$$$$/|  $$$$$$/|  $$$$$/$$$$/| $$      | $$|  $$$$$$$ /$$$$$$$/| $$  | $$
[INFO] [stdout] [0m[34m|__/  |__/ \_______/|__/|__/  |__/|_______/  \______/  \_____/\___/ |__/      |__/ \_______/|_______/ |__/  |__/
[INFO] [stdout] [0m[35m                                       佛祖保佑 0 error 0 warning
[INFO] [stdout] [0m[37mtest app::utils::cli_helper::tests::test_print_credits ... ok
[INFO] [stdout] test app::utils::cli_helper::tests::test_handle_args ... ok
[INFO] [stdout] [0m[30m        
[INFO] [stdout] [0m[31m /$$$$$$$            /$$           /$$                               /$$$$$$$$ /$$                     /$$      
[INFO] [stdout] [0m[31m| $$__  $$          |__/          | $$                              | $$_____/| $$                    | $$      
[INFO] [stdout] [0m[33m| $$  \ $$  /$$$$$$  /$$ /$$$$$$$ | $$$$$$$   /$$$$$$  /$$  /$$  /$$| $$      | $$  /$$$$$$   /$$$$$$$| $$$$$$$ 
[INFO] [stdout] [0m[33m| $$$$$$$/ |____  $$| $$| $$__  $$| $$__  $$ /$$__  $$| $$ | $$ | $$| $$$$$   | $$ /$$__  $$ /$$_____/| $$__  $$
[INFO] [stdout] [0m[32m| $$__  $$  /$$$$$$$| $$| $$  \ $$| $$  \ $$| $$  \ $$| $$ | $$ | $$| $$__/   | $$| $$$$$$$$|  $$$$$$ | $$  \ $$
[INFO] [stdout] [0m[32m| $$  \ $$ /$$__  $$| $$| $$  | $$| $$  | $$| $$  | $$| $$ | $$ | $$| $$      | $$| $$_____/ \____  $$| $$  | $$
[INFO] [stdout] [0m[36m| $$  | $$ | $$$$$$$| $$| $$  | $$| $$$$$$$/|  $$$$$$/|  $$$$$/$$$$/| $$      | $$|  $$$$$$$ /$$$$$$$/| $$  | $$
[INFO] [stdout] [0m[34m|__/  |__/ \_______/|__/|__/  |__/|_______/  \______/  \_____/\___/ |__/      |__/ \_______/|_______/ |__/  |__/
[INFO] [stdout] [0m[35m                                       佛祖保佑 0 error 0 warning
[INFO] [stdout] [0m[37mtest app::informers::memory_informer::tests::test_get_memory_info ... FAILED
[INFO] [stdout] test server::tests::test_gracefully_shutdown ... FAILED
[INFO] [stdout] test app::informers::disk_informer::tests::test_get_disk_info ... ok
[INFO] [stdout] test app::informers::sys_informer::tests::test_boot_time ... ok
[INFO] [stdout] test app::informers::sys_informer::tests::test_get_users ... ok
[INFO] [stdout] test app::informers::temperature_informer::tests::test_get_temperature_info ... ok
[INFO] [stdout] test app::informers::network_informer::tests::test_get_network_info ... ok
[INFO] [stdout] test app::informers::sys_informer::tests::test_load_average ... ok
[INFO] [stdout] test app::informers::sys_informer::tests::test_sysinfo ... ok
[INFO] [stdout] test app::informers::cpu_informer::tests::test_get_cpu_usage ... ok
[INFO] [stdout] 
[INFO] [stdout] failures:
[INFO] [stdout] 
[INFO] [stdout] ---- app::informers::memory_informer::tests::test_get_memory_info stdout ----
[INFO] [stdout] thread 'app::informers::memory_informer::tests::test_get_memory_info' panicked at src/app/informers/memory_informer.rs:41:9:
[INFO] [stdout] not yet implemented: implement
[INFO] [stdout] stack backtrace:
[INFO] [stdout]    0:     0x55969a1537f6 - std::backtrace_rs::backtrace::libunwind::trace::h261606ad26a499c1
[INFO] [stdout]                                at /rustc/0e09125c6c3c2fd70d7de961bcf0e51575235fad/library/std/src/../../backtrace/src/backtrace/libunwind.rs:104:5
[INFO] [stdout]    1:     0x55969a1537f6 - std::backtrace_rs::backtrace::trace_unsynchronized::hd183f0625477fb28
[INFO] [stdout]                                at /rustc/0e09125c6c3c2fd70d7de961bcf0e51575235fad/library/std/src/../../backtrace/src/backtrace/mod.rs:66:5
[INFO] [stdout]    2:     0x55969a1537f6 - std::sys_common::backtrace::_print_fmt::hd7f8fef21b4eda67
[INFO] [stdout]                                at /rustc/0e09125c6c3c2fd70d7de961bcf0e51575235fad/library/std/src/sys_common/backtrace.rs:68:5
[INFO] [stdout]    3:     0x55969a1537f6 - <std::sys_common::backtrace::_print::DisplayBacktrace as core::fmt::Display>::fmt::h623d9b51f2f453f1
[INFO] [stdout]                                at /rustc/0e09125c6c3c2fd70d7de961bcf0e51575235fad/library/std/src/sys_common/backtrace.rs:44:22
[INFO] [stdout]    4:     0x55969a182790 - core::fmt::rt::Argument::fmt::h9f417ac76a86f368
[INFO] [stdout]                                at /rustc/0e09125c6c3c2fd70d7de961bcf0e51575235fad/library/core/src/fmt/rt.rs:142:9
[INFO] [stdout]    5:     0x55969a182790 - core::fmt::write::hc9b6faf4ac2aeff7
[INFO] [stdout]                                at /rustc/0e09125c6c3c2fd70d7de961bcf0e51575235fad/library/core/src/fmt/mod.rs:1120:17
[INFO] [stdout]    6:     0x55969a150a9f - std::io::Write::write_fmt::he04625a3a989fec3
[INFO] [stdout]                                at /rustc/0e09125c6c3c2fd70d7de961bcf0e51575235fad/library/std/src/io/mod.rs:1810:15
[INFO] [stdout]    7:     0x55969a1535d4 - std::sys_common::backtrace::_print::hd5d66399c7df88a2
[INFO] [stdout]                                at /rustc/0e09125c6c3c2fd70d7de961bcf0e51575235fad/library/std/src/sys_common/backtrace.rs:47:5
[INFO] [stdout]    8:     0x55969a1535d4 - std::sys_common::backtrace::print::he81ed2da642d37e5
[INFO] [stdout]                                at /rustc/0e09125c6c3c2fd70d7de961bcf0e51575235fad/library/std/src/sys_common/backtrace.rs:34:9
[INFO] [stdout]    9:     0x55969a155347 - std::panicking::default_hook::{{closure}}::h85773f4fa117163d
[INFO] [stdout]   10:     0x55969a15502d - std::panicking::default_hook::h6a1694a91d09b278
[INFO] [stdout]                                at /rustc/0e09125c6c3c2fd70d7de961bcf0e51575235fad/library/std/src/panicking.rs:289:9
[INFO] [stdout]   11:     0x559699bcf147 - <alloc::boxed::Box<F,A> as core::ops::function::Fn<Args>>::call::h616ac37fa3cd6c8f
[INFO] [stdout]                                at /rustc/0e09125c6c3c2fd70d7de961bcf0e51575235fad/library/alloc/src/boxed.rs:2029:9
[INFO] [stdout]   12:     0x559699bcf147 - test::test_main::{{closure}}::h00d84697cefdcbb6
[INFO] [stdout]                                at /rustc/0e09125c6c3c2fd70d7de961bcf0e51575235fad/library/test/src/lib.rs:138:21
[INFO] [stdout]   13:     0x55969a155966 - <alloc::boxed::Box<F,A> as core::ops::function::Fn<Args>>::call::hcb3fe3b9bb537ba8
[INFO] [stdout]                                at /rustc/0e09125c6c3c2fd70d7de961bcf0e51575235fad/library/alloc/src/boxed.rs:2029:9
[INFO] [stdout]   14:     0x55969a155966 - std::panicking::rust_panic_with_hook::h0a7ad96e90f7145b
[INFO] [stdout]                                at /rustc/0e09125c6c3c2fd70d7de961bcf0e51575235fad/library/std/src/panicking.rs:783:13
[INFO] [stdout]   15:     0x55969a155679 - std::panicking::begin_panic_handler::{{closure}}::h7919090525c6485e
[INFO] [stdout]                                at /rustc/0e09125c6c3c2fd70d7de961bcf0e51575235fad/library/std/src/panicking.rs:649:13
[INFO] [stdout]   16:     0x55969a153cf6 - std::sys_common::backtrace::__rust_end_short_backtrace::hf3289479464f7dfe
[INFO] [stdout]                                at /rustc/0e09125c6c3c2fd70d7de961bcf0e51575235fad/library/std/src/sys_common/backtrace.rs:171:18
[INFO] [stdout]   17:     0x55969a155410 - rust_begin_unwind
[INFO] [stdout]                                at /rustc/0e09125c6c3c2fd70d7de961bcf0e51575235fad/library/std/src/panicking.rs:645:5
[INFO] [stdout]   18:     0x559699986485 - core::panicking::panic_fmt::hcc9f77c5c132af55
[INFO] [stdout]                                at /rustc/0e09125c6c3c2fd70d7de961bcf0e51575235fad/library/core/src/panicking.rs:72:14
[INFO] [stdout]   19:     0x559699b7d11e - sysinfo_http::app::informers::memory_informer::tests::test_get_memory_info::h8cf7c538e9f07892
[INFO] [stdout]                                at /opt/rustwide/workdir/src/app/informers/memory_informer.rs:41:9
[INFO] [stdout]   20:     0x559699b7d0c7 - sysinfo_http::app::informers::memory_informer::tests::test_get_memory_info::{{closure}}::h82ea631ea04b9271
[INFO] [stdout]                                at /opt/rustwide/workdir/src/app/informers/memory_informer.rs:40:30
[INFO] [stdout]   21:     0x559699afb5f6 - core::ops::function::FnOnce::call_once::h7fd214ddb042efec
[INFO] [stdout]                                at /rustc/0e09125c6c3c2fd70d7de961bcf0e51575235fad/library/core/src/ops/function.rs:250:5
[INFO] [stdout]   22:     0x559699bd4a1f - core::ops::function::FnOnce::call_once::hd64d26f405258157
[INFO] [stdout]                                at /rustc/0e09125c6c3c2fd70d7de961bcf0e51575235fad/library/core/src/ops/function.rs:250:5
[INFO] [stdout]   23:     0x559699bd4a1f - test::__rust_begin_short_backtrace::he21b0b7a6d731bf9
[INFO] [stdout]                                at /rustc/0e09125c6c3c2fd70d7de961bcf0e51575235fad/library/test/src/lib.rs:627:18
[INFO] [stdout]   24:     0x559699bd37a1 - test::run_test_in_process::{{closure}}::hf5c73986d7bdfde2
[INFO] [stdout]                                at /rustc/0e09125c6c3c2fd70d7de961bcf0e51575235fad/library/test/src/lib.rs:650:60
[INFO] [stdout]   25:     0x559699bd37a1 - <core::panic::unwind_safe::AssertUnwindSafe<F> as core::ops::function::FnOnce<()>>::call_once::h330011ad032aadc0
[INFO] [stdout]                                at /rustc/0e09125c6c3c2fd70d7de961bcf0e51575235fad/library/core/src/panic/unwind_safe.rs:272:9
[INFO] [stdout]   26:     0x559699bd37a1 - std::panicking::try::do_call::he61b0a958b795a41
[INFO] [stdout]                                at /rustc/0e09125c6c3c2fd70d7de961bcf0e51575235fad/library/std/src/panicking.rs:552:40
[INFO] [stdout]   27:     0x559699bd37a1 - std::panicking::try::h7309da130f906eb7
[INFO] [stdout]                                at /rustc/0e09125c6c3c2fd70d7de961bcf0e51575235fad/library/std/src/panicking.rs:516:19
[INFO] [stdout]   28:     0x559699bd37a1 - std::panic::catch_unwind::hc5c3a06fdaf0a92a
[INFO] [stdout]                                at /rustc/0e09125c6c3c2fd70d7de961bcf0e51575235fad/library/std/src/panic.rs:142:14
[INFO] [stdout]   29:     0x559699bd37a1 - test::run_test_in_process::h7e7b7c71c3324e0f
[INFO] [stdout]                                at /rustc/0e09125c6c3c2fd70d7de961bcf0e51575235fad/library/test/src/lib.rs:650:27
[INFO] [stdout]   30:     0x559699bd37a1 - test::run_test::{{closure}}::h1f509f28f5cf20b1
[INFO] [stdout]                                at /rustc/0e09125c6c3c2fd70d7de961bcf0e51575235fad/library/test/src/lib.rs:573:43
[INFO] [stdout]   31:     0x559699b9aad6 - test::run_test::{{closure}}::h1754218abf443f6d
[INFO] [stdout]                                at /rustc/0e09125c6c3c2fd70d7de961bcf0e51575235fad/library/test/src/lib.rs:601:41
[INFO] [stdout]   32:     0x559699b9aad6 - std::sys_common::backtrace::__rust_begin_short_backtrace::h2ee174b9d5954948
[INFO] [stdout]                                at /rustc/0e09125c6c3c2fd70d7de961bcf0e51575235fad/library/std/src/sys_common/backtrace.rs:155:18
[INFO] [stdout]   33:     0x559699b9fb37 - std::thread::Builder::spawn_unchecked_::{{closure}}::{{closure}}::hf60bee9c1a17ef09
[INFO] [stdout]                                at /rustc/0e09125c6c3c2fd70d7de961bcf0e51575235fad/library/std/src/thread/mod.rs:529:17
[INFO] [stdout]   34:     0x559699b9fb37 - <core::panic::unwind_safe::AssertUnwindSafe<F> as core::ops::function::FnOnce<()>>::call_once::h33d0dddec5216160
[INFO] [stdout]                                at /rustc/0e09125c6c3c2fd70d7de961bcf0e51575235fad/library/core/src/panic/unwind_safe.rs:272:9
[INFO] [stdout]   35:     0x559699b9fb37 - std::panicking::try::do_call::h144b3048b546f835
[INFO] [stdout]                                at /rustc/0e09125c6c3c2fd70d7de961bcf0e51575235fad/library/std/src/panicking.rs:552:40
[INFO] [stdout]   36:     0x559699b9fb37 - std::panicking::try::h978244d04646189f
[INFO] [stdout]                                at /rustc/0e09125c6c3c2fd70d7de961bcf0e51575235fad/library/std/src/panicking.rs:516:19
[INFO] [stdout]   37:     0x559699b9fb37 - std::panic::catch_unwind::hdf436369d188fe86
[INFO] [stdout]                                at /rustc/0e09125c6c3c2fd70d7de961bcf0e51575235fad/library/std/src/panic.rs:142:14
[INFO] [stdout]   38:     0x559699b9fb37 - std::thread::Builder::spawn_unchecked_::{{closure}}::h87329cbdd33c79ec
[INFO] [stdout]                                at /rustc/0e09125c6c3c2fd70d7de961bcf0e51575235fad/library/std/src/thread/mod.rs:528:30
[INFO] [stdout]   39:     0x559699b9fb37 - core::ops::function::FnOnce::call_once{{vtable.shim}}::h401abbe67897d450
[INFO] [stdout]                                at /rustc/0e09125c6c3c2fd70d7de961bcf0e51575235fad/library/core/src/ops/function.rs:250:5
[INFO] [stdout]   40:     0x55969a15abe5 - <alloc::boxed::Box<F,A> as core::ops::function::FnOnce<Args>>::call_once::h5d7c8f150ab9c84c
[INFO] [stdout]                                at /rustc/0e09125c6c3c2fd70d7de961bcf0e51575235fad/library/alloc/src/boxed.rs:2015:9
[INFO] [stdout]   41:     0x55969a15abe5 - <alloc::boxed::Box<F,A> as core::ops::function::FnOnce<Args>>::call_once::h570d5b005c242c15
[INFO] [stdout]                                at /rustc/0e09125c6c3c2fd70d7de961bcf0e51575235fad/library/alloc/src/boxed.rs:2015:9
[INFO] [stdout]   42:     0x55969a15abe5 - std::sys::unix::thread::Thread::new::thread_start::h36b0a20c0b2361ad
[INFO] [stdout]                                at /rustc/0e09125c6c3c2fd70d7de961bcf0e51575235fad/library/std/src/sys/unix/thread.rs:108:17
[INFO] [stdout]   43:     0x7fe5d1d97ac3 - <unknown>
[INFO] [stdout]   44:     0x7fe5d1e28bf4 - __clone
[INFO] [stdout]   45:                0x0 - <unknown>
[INFO] [stdout] 
[INFO] [stdout] ---- server::tests::test_gracefully_shutdown stdout ----
[INFO] [stdout] thread 'server::tests::test_gracefully_shutdown' panicked at src/server.rs:65:45:
[INFO] [stdout] Unable to create logger: Read-only file system (os error 30)
[INFO] [stdout] stack backtrace:
[INFO] [stdout]    0:     0x55969a1537f6 - std::backtrace_rs::backtrace::libunwind::trace::h261606ad26a499c1
[INFO] [stdout]                                at /rustc/0e09125c6c3c2fd70d7de961bcf0e51575235fad/library/std/src/../../backtrace/src/backtrace/libunwind.rs:104:5
[INFO] [stdout]    1:     0x55969a1537f6 - std::backtrace_rs::backtrace::trace_unsynchronized::hd183f0625477fb28
[INFO] [stdout]                                at /rustc/0e09125c6c3c2fd70d7de961bcf0e51575235fad/library/std/src/../../backtrace/src/backtrace/mod.rs:66:5
[INFO] [stdout]    2:     0x55969a1537f6 - std::sys_common::backtrace::_print_fmt::hd7f8fef21b4eda67
[INFO] [stdout]                                at /rustc/0e09125c6c3c2fd70d7de961bcf0e51575235fad/library/std/src/sys_common/backtrace.rs:68:5
[INFO] [stdout]    3:     0x55969a1537f6 - <std::sys_common::backtrace::_print::DisplayBacktrace as core::fmt::Display>::fmt::h623d9b51f2f453f1
[INFO] [stdout]                                at /rustc/0e09125c6c3c2fd70d7de961bcf0e51575235fad/library/std/src/sys_common/backtrace.rs:44:22
[INFO] [stdout]    4:     0x55969a182790 - core::fmt::rt::Argument::fmt::h9f417ac76a86f368
[INFO] [stdout]                                at /rustc/0e09125c6c3c2fd70d7de961bcf0e51575235fad/library/core/src/fmt/rt.rs:142:9
[INFO] [stdout]    5:     0x55969a182790 - core::fmt::write::hc9b6faf4ac2aeff7
[INFO] [stdout]                                at /rustc/0e09125c6c3c2fd70d7de961bcf0e51575235fad/library/core/src/fmt/mod.rs:1120:17
[INFO] [stdout]    6:     0x55969a150a9f - std::io::Write::write_fmt::he04625a3a989fec3
[INFO] [stdout]                                at /rustc/0e09125c6c3c2fd70d7de961bcf0e51575235fad/library/std/src/io/mod.rs:1810:15
[INFO] [stdout]    7:     0x55969a1535d4 - std::sys_common::backtrace::_print::hd5d66399c7df88a2
[INFO] [stdout]                                at /rustc/0e09125c6c3c2fd70d7de961bcf0e51575235fad/library/std/src/sys_common/backtrace.rs:47:5
[INFO] [stdout]    8:     0x55969a1535d4 - std::sys_common::backtrace::print::he81ed2da642d37e5
[INFO] [stdout]                                at /rustc/0e09125c6c3c2fd70d7de961bcf0e51575235fad/library/std/src/sys_common/backtrace.rs:34:9
[INFO] [stdout]    9:     0x55969a155347 - std::panicking::default_hook::{{closure}}::h85773f4fa117163d
[INFO] [stdout]   10:     0x55969a15502d - std::panicking::default_hook::h6a1694a91d09b278
[INFO] [stdout]                                at /rustc/0e09125c6c3c2fd70d7de961bcf0e51575235fad/library/std/src/panicking.rs:289:9
[INFO] [stdout]   11:     0x559699bcf147 - <alloc::boxed::Box<F,A> as core::ops::function::Fn<Args>>::call::h616ac37fa3cd6c8f
[INFO] [stdout]                                at /rustc/0e09125c6c3c2fd70d7de961bcf0e51575235fad/library/alloc/src/boxed.rs:2029:9
[INFO] [stdout]   12:     0x559699bcf147 - test::test_main::{{closure}}::h00d84697cefdcbb6
[INFO] [stdout]                                at /rustc/0e09125c6c3c2fd70d7de961bcf0e51575235fad/library/test/src/lib.rs:138:21
[INFO] [stdout]   13:     0x55969a155966 - <alloc::boxed::Box<F,A> as core::ops::function::Fn<Args>>::call::hcb3fe3b9bb537ba8
[INFO] [stdout]                                at /rustc/0e09125c6c3c2fd70d7de961bcf0e51575235fad/library/alloc/src/boxed.rs:2029:9
[INFO] [stdout]   14:     0x55969a155966 - std::panicking::rust_panic_with_hook::h0a7ad96e90f7145b
[INFO] [stdout]                                at /rustc/0e09125c6c3c2fd70d7de961bcf0e51575235fad/library/std/src/panicking.rs:783:13
[INFO] [stdout]   15:     0x55969a1556b2 - std::panicking::begin_panic_handler::{{closure}}::h7919090525c6485e
[INFO] [stdout]                                at /rustc/0e09125c6c3c2fd70d7de961bcf0e51575235fad/library/std/src/panicking.rs:657:13
[INFO] [stdout]   16:     0x55969a153cf6 - std::sys_common::backtrace::__rust_end_short_backtrace::hf3289479464f7dfe
[INFO] [stdout]                                at /rustc/0e09125c6c3c2fd70d7de961bcf0e51575235fad/library/std/src/sys_common/backtrace.rs:171:18
[INFO] [stdout]   17:     0x55969a155410 - rust_begin_unwind
[INFO] [stdout]                                at /rustc/0e09125c6c3c2fd70d7de961bcf0e51575235fad/library/std/src/panicking.rs:645:5
[INFO] [stdout]   18:     0x559699986485 - core::panicking::panic_fmt::hcc9f77c5c132af55
[INFO] [stdout]                                at /rustc/0e09125c6c3c2fd70d7de961bcf0e51575235fad/library/core/src/panicking.rs:72:14
[INFO] [stdout]   19:     0x559699986ac3 - core::result::unwrap_failed::hbe14f498be1452f9
[INFO] [stdout]                                at /rustc/0e09125c6c3c2fd70d7de961bcf0e51575235fad/library/core/src/result.rs:1649:5
[INFO] [stdout]   20:     0x559699b0888f - core::result::Result<T,E>::expect::ha8b4a6d0165215e3
[INFO] [stdout]                                at /rustc/0e09125c6c3c2fd70d7de961bcf0e51575235fad/library/core/src/result.rs:1030:23
[INFO] [stdout]   21:     0x559699ad7971 - sysinfo_http::server::init_server::{{closure}}::he57b58e4a5195e83
[INFO] [stdout]                                at /opt/rustwide/workdir/src/server.rs:65:5
[INFO] [stdout]   22:     0x5596999f568b - sysinfo_http::server::tests::test_gracefully_shutdown::{{closure}}::hef2ccdbf65078631
[INFO] [stdout]                                at /opt/rustwide/workdir/src/server.rs:123:44
[INFO] [stdout]   23:     0x559699ad0ea8 - <core::pin::Pin<P> as core::future::future::Future>::poll::hb2f8fde3068723ed
[INFO] [stdout]                                at /rustc/0e09125c6c3c2fd70d7de961bcf0e51575235fad/library/core/src/future/future.rs:124:9
[INFO] [stdout]   24:     0x559699ad0d3b - <core::pin::Pin<P> as core::future::future::Future>::poll::h270fc742185f51d9
[INFO] [stdout]                                at /rustc/0e09125c6c3c2fd70d7de961bcf0e51575235fad/library/core/src/future/future.rs:124:9
[INFO] [stdout]   25:     0x559699b97b24 - tokio::runtime::scheduler::current_thread::CoreGuard::block_on::{{closure}}::{{closure}}::{{closure}}::h2b4a15901c111c98
[INFO] [stdout]                                at /opt/rustwide/cargo-home/registry/src/index.crates.io-6f17d22bba15001f/tokio-1.29.0/src/runtime/scheduler/current_thread.rs:651:57
[INFO] [stdout]   26:     0x559699b97a5a - tokio::runtime::coop::with_budget::h71f5274f8bd3f978
[INFO] [stdout]                                at /opt/rustwide/cargo-home/registry/src/index.crates.io-6f17d22bba15001f/tokio-1.29.0/src/runtime/coop.rs:107:5
[INFO] [stdout]   27:     0x559699b97a5a - tokio::runtime::coop::budget::hd2d8c972dbf0f2e1
[INFO] [stdout]                                at /opt/rustwide/cargo-home/registry/src/index.crates.io-6f17d22bba15001f/tokio-1.29.0/src/runtime/coop.rs:73:5
[INFO] [stdout]   28:     0x559699b97a5a - tokio::runtime::scheduler::current_thread::CoreGuard::block_on::{{closure}}::{{closure}}::h67772ffb40dc1f41
[INFO] [stdout]                                at /opt/rustwide/cargo-home/registry/src/index.crates.io-6f17d22bba15001f/tokio-1.29.0/src/runtime/scheduler/current_thread.rs:651:25
[INFO] [stdout]   29:     0x559699b963dc - tokio::runtime::scheduler::current_thread::Context::enter::h31c65646a0ad55ba
[INFO] [stdout]                                at /opt/rustwide/cargo-home/registry/src/index.crates.io-6f17d22bba15001f/tokio-1.29.0/src/runtime/scheduler/current_thread.rs:410:19
[INFO] [stdout]   30:     0x559699b9724e - tokio::runtime::scheduler::current_thread::CoreGuard::block_on::{{closure}}::he56e347d0b1f6d22
[INFO] [stdout]                                at /opt/rustwide/cargo-home/registry/src/index.crates.io-6f17d22bba15001f/tokio-1.29.0/src/runtime/scheduler/current_thread.rs:650:36
[INFO] [stdout]   31:     0x559699b96f5b - tokio::runtime::scheduler::current_thread::CoreGuard::enter::{{closure}}::ha583434511d06b2b
[INFO] [stdout]                                at /opt/rustwide/cargo-home/registry/src/index.crates.io-6f17d22bba15001f/tokio-1.29.0/src/runtime/scheduler/current_thread.rs:729:68
[INFO] [stdout]   32:     0x5596999ec8bb - tokio::runtime::context::scoped::Scoped<T>::set::h9f3df813a8a61eb4
[INFO] [stdout]                                at /opt/rustwide/cargo-home/registry/src/index.crates.io-6f17d22bba15001f/tokio-1.29.0/src/runtime/context/scoped.rs:40:9
[INFO] [stdout]   33:     0x559699a69599 - tokio::runtime::context::set_scheduler::{{closure}}::h5cdfa1987c44b07e
[INFO] [stdout]                                at /opt/rustwide/cargo-home/registry/src/index.crates.io-6f17d22bba15001f/tokio-1.29.0/src/runtime/context.rs:176:26
[INFO] [stdout]   34:     0x559699a2f606 - std::thread::local::LocalKey<T>::try_with::h604cd49a9d9738ea
[INFO] [stdout]                                at /rustc/0e09125c6c3c2fd70d7de961bcf0e51575235fad/library/std/src/thread/local.rs:270:16
[INFO] [stdout]   35:     0x559699a2edba - std::thread::local::LocalKey<T>::with::h493c0a068d7f3154
[INFO] [stdout]                                at /rustc/0e09125c6c3c2fd70d7de961bcf0e51575235fad/library/std/src/thread/local.rs:246:9
[INFO] [stdout]   36:     0x559699a6954d - tokio::runtime::context::set_scheduler::habf26ce404e4f8e2
[INFO] [stdout]                                at /opt/rustwide/cargo-home/registry/src/index.crates.io-6f17d22bba15001f/tokio-1.29.0/src/runtime/context.rs:176:9
[INFO] [stdout]   37:     0x559699b96cf0 - tokio::runtime::scheduler::current_thread::CoreGuard::enter::h685f32dd297e475b
[INFO] [stdout]                                at /opt/rustwide/cargo-home/registry/src/index.crates.io-6f17d22bba15001f/tokio-1.29.0/src/runtime/scheduler/current_thread.rs:729:27
[INFO] [stdout]   38:     0x559699b96f8d - tokio::runtime::scheduler::current_thread::CoreGuard::block_on::h642f7ec4180cf0d4
[INFO] [stdout]                                at /opt/rustwide/cargo-home/registry/src/index.crates.io-6f17d22bba15001f/tokio-1.29.0/src/runtime/scheduler/current_thread.rs:638:19
[INFO] [stdout]   39:     0x559699b94f9d - tokio::runtime::scheduler::current_thread::CurrentThread::block_on::{{closure}}::h983a3b97590cba3d
[INFO] [stdout]                                at /opt/rustwide/cargo-home/registry/src/index.crates.io-6f17d22bba15001f/tokio-1.29.0/src/runtime/scheduler/current_thread.rs:175:28
[INFO] [stdout]   40:     0x559699b7856a - tokio::runtime::context::runtime::enter_runtime::h14df259a866da17d
[INFO] [stdout]                                at /opt/rustwide/cargo-home/registry/src/index.crates.io-6f17d22bba15001f/tokio-1.29.0/src/runtime/context/runtime.rs:65:16
[INFO] [stdout]   41:     0x559699b94eae - tokio::runtime::scheduler::current_thread::CurrentThread::block_on::hd5bea34fb3eccb9c
[INFO] [stdout]                                at /opt/rustwide/cargo-home/registry/src/index.crates.io-6f17d22bba15001f/tokio-1.29.0/src/runtime/scheduler/current_thread.rs:167:9
[INFO] [stdout]   42:     0x559699a17ccd - tokio::runtime::runtime::Runtime::block_on::hc6e7eb7b4698e4ee
[INFO] [stdout]                                at /opt/rustwide/cargo-home/registry/src/index.crates.io-6f17d22bba15001f/tokio-1.29.0/src/runtime/runtime.rs:311:47
[INFO] [stdout]   43:     0x5596999f4747 - sysinfo_http::server::tests::test_gracefully_shutdown::hba42c4d682f7b3ee
[INFO] [stdout]                                at /opt/rustwide/workdir/src/server.rs:137:9
[INFO] [stdout]   44:     0x5596999f45d7 - sysinfo_http::server::tests::test_gracefully_shutdown::{{closure}}::h1345431d2b0ef952
[INFO] [stdout]                                at /opt/rustwide/workdir/src/server.rs:109:40
[INFO] [stdout]   45:     0x559699afb066 - core::ops::function::FnOnce::call_once::h41801b94d8cf8080
[INFO] [stdout]                                at /rustc/0e09125c6c3c2fd70d7de961bcf0e51575235fad/library/core/src/ops/function.rs:250:5
[INFO] [stdout]   46:     0x559699bd4a1f - core::ops::function::FnOnce::call_once::hd64d26f405258157
[INFO] [stdout]                                at /rustc/0e09125c6c3c2fd70d7de961bcf0e51575235fad/library/core/src/ops/function.rs:250:5
[INFO] [stdout]   47:     0x559699bd4a1f - test::__rust_begin_short_backtrace::he21b0b7a6d731bf9
[INFO] [stdout]                                at /rustc/0e09125c6c3c2fd70d7de961bcf0e51575235fad/library/test/src/lib.rs:627:18
[INFO] [stdout]   48:     0x559699bd37a1 - test::run_test_in_process::{{closure}}::hf5c73986d7bdfde2
[INFO] [stdout]                                at /rustc/0e09125c6c3c2fd70d7de961bcf0e51575235fad/library/test/src/lib.rs:650:60
[INFO] [stdout]   49:     0x559699bd37a1 - <core::panic::unwind_safe::AssertUnwindSafe<F> as core::ops::function::FnOnce<()>>::call_once::h330011ad032aadc0
[INFO] [stdout]                                at /rustc/0e09125c6c3c2fd70d7de961bcf0e51575235fad/library/core/src/panic/unwind_safe.rs:272:9
[INFO] [stdout]   50:     0x559699bd37a1 - std::panicking::try::do_call::he61b0a958b795a41
[INFO] [stdout]                                at /rustc/0e09125c6c3c2fd70d7de961bcf0e51575235fad/library/std/src/panicking.rs:552:40
[INFO] [stdout]   51:     0x559699bd37a1 - std::panicking::try::h7309da130f906eb7
[INFO] [stdout]                                at /rustc/0e09125c6c3c2fd70d7de961bcf0e51575235fad/library/std/src/panicking.rs:516:19
[INFO] [stdout]   52:     0x559699bd37a1 - std::panic::catch_unwind::hc5c3a06fdaf0a92a
[INFO] [stdout]                                at /rustc/0e09125c6c3c2fd70d7de961bcf0e51575235fad/library/std/src/panic.rs:142:14
[INFO] [stdout]   53:     0x559699bd37a1 - test::run_test_in_process::h7e7b7c71c3324e0f
[INFO] [stdout]                                at /rustc/0e09125c6c3c2fd70d7de961bcf0e51575235fad/library/test/src/lib.rs:650:27
[INFO] [stdout]   54:     0x559699bd37a1 - test::run_test::{{closure}}::h1f509f28f5cf20b1
[INFO] [stdout]                                at /rustc/0e09125c6c3c2fd70d7de961bcf0e51575235fad/library/test/src/lib.rs:573:43
[INFO] [stdout]   55:     0x559699b9aad6 - test::run_test::{{closure}}::h1754218abf443f6d
[INFO] [stdout]                                at /rustc/0e09125c6c3c2fd70d7de961bcf0e51575235fad/library/test/src/lib.rs:601:41
[INFO] [stdout]   56:     0x559699b9aad6 - std::sys_common::backtrace::__rust_begin_short_backtrace::h2ee174b9d5954948
[INFO] [stdout]                                at /rustc/0e09125c6c3c2fd70d7de961bcf0e51575235fad/library/std/src/sys_common/backtrace.rs:155:18
[INFO] [stdout]   57:     0x559699b9fb37 - std::thread::Builder::spawn_unchecked_::{{closure}}::{{closure}}::hf60bee9c1a17ef09
[INFO] [stdout]                                at /rustc/0e09125c6c3c2fd70d7de961bcf0e51575235fad/library/std/src/thread/mod.rs:529:17
[INFO] [stdout]   58:     0x559699b9fb37 - <core::panic::unwind_safe::AssertUnwindSafe<F> as core::ops::function::FnOnce<()>>::call_once::h33d0dddec5216160
[INFO] [stdout]                                at /rustc/0e09125c6c3c2fd70d7de961bcf0e51575235fad/library/core/src/panic/unwind_safe.rs:272:9
[INFO] [stdout]   59:     0x559699b9fb37 - std::panicking::try::do_call::h144b3048b546f835
[INFO] [stdout]                                at /rustc/0e09125c6c3c2fd70d7de961bcf0e51575235fad/library/std/src/panicking.rs:552:40
[INFO] [stdout]   60:     0x559699b9fb37 - std::panicking::try::h978244d04646189f
[INFO] [stdout]                                at /rustc/0e09125c6c3c2fd70d7de961bcf0e51575235fad/library/std/src/panicking.rs:516:19
[INFO] [stdout]   61:     0x559699b9fb37 - std::panic::catch_unwind::hdf436369d188fe86
[INFO] [stdout]                                at /rustc/0e09125c6c3c2fd70d7de961bcf0e51575235fad/library/std/src/panic.rs:142:14
[INFO] [stdout]   62:     0x559699b9fb37 - std::thread::Builder::spawn_unchecked_::{{closure}}::h87329cbdd33c79ec
[INFO] [stdout]                                at /rustc/0e09125c6c3c2fd70d7de961bcf0e51575235fad/library/std/src/thread/mod.rs:528:30
[INFO] [stdout]   63:     0x559699b9fb37 - core::ops::function::FnOnce::call_once{{vtable.shim}}::h401abbe67897d450
[INFO] [stdout]                                at /rustc/0e09125c6c3c2fd70d7de961bcf0e51575235fad/library/core/src/ops/function.rs:250:5
[INFO] [stdout]   64:     0x55969a15abe5 - <alloc::boxed::Box<F,A> as core::ops::function::FnOnce<Args>>::call_once::h5d7c8f150ab9c84c
[INFO] [stdout]                                at /rustc/0e09125c6c3c2fd70d7de961bcf0e51575235fad/library/alloc/src/boxed.rs:2015:9
[INFO] [stdout]   65:     0x55969a15abe5 - <alloc::boxed::Box<F,A> as core::ops::function::FnOnce<Args>>::call_once::h570d5b005c242c15
[INFO] [stdout]                                at /rustc/0e09125c6c3c2fd70d7de961bcf0e51575235fad/library/alloc/src/boxed.rs:2015:9
[INFO] [stdout]   66:     0x55969a15abe5 - std::sys::unix::thread::Thread::new::thread_start::h36b0a20c0b2361ad
[INFO] [stdout]                                at /rustc/0e09125c6c3c2fd70d7de961bcf0e51575235fad/library/std/src/sys/unix/thread.rs:108:17
[INFO] [stdout]   67:     0x7fe5d1d97ac3 - <unknown>
[INFO] [stdout]   68:     0x7fe5d1e28bf4 - __clone
[INFO] [stdout]   69:                0x0 - <unknown>
[INFO] [stdout] 
[INFO] [stdout] 
[INFO] [stdout] failures:
[INFO] [stdout]     app::informers::memory_informer::tests::test_get_memory_info
[INFO] [stdout]     server::tests::test_gracefully_shutdown
[INFO] [stdout] 
[INFO] [stdout] test result: FAILED. 11 passed; 2 failed; 0 ignored; 0 measured; 0 filtered out; finished in 0.21s
[INFO] [stdout] 
[INFO] [stderr] error: test failed, to rerun pass `--bin sysinfo-http`
[INFO] running `Command { std: "docker" "inspect" "bab5095749f45237172814ea20c709d379ef53918b77521f96e16d2da99e24a3", kill_on_drop: false }`
[INFO] running `Command { std: "docker" "rm" "-f" "bab5095749f45237172814ea20c709d379ef53918b77521f96e16d2da99e24a3", kill_on_drop: false }`
[INFO] [stdout] bab5095749f45237172814ea20c709d379ef53918b77521f96e16d2da99e24a3
