[INFO] cloning repository https://github.com/ragusugu/Building-DeFi-with-Scrypto---a-Web-3.0
[INFO] running `Command { std: "git" "-c" "credential.helper=" "-c" "credential.helper=/workspace/cargo-home/bin/git-credential-null" "clone" "--bare" "https://github.com/ragusugu/Building-DeFi-with-Scrypto---a-Web-3.0" "/workspace/cache/git-repos/https%3A%2F%2Fgithub.com%2Fragusugu%2FBuilding-DeFi-with-Scrypto---a-Web-3.0", kill_on_drop: false }`
[INFO] [stderr] Cloning into bare repository '/workspace/cache/git-repos/https%3A%2F%2Fgithub.com%2Fragusugu%2FBuilding-DeFi-with-Scrypto---a-Web-3.0'...
[INFO] running `Command { std: "git" "rev-parse" "HEAD", kill_on_drop: false }`
[INFO] [stdout] bc4dec7fae75a71d05c29bf63edd607b482124bc
[INFO] testing ragusugu/Building-DeFi-with-Scrypto---a-Web-3.0 against 1.75.0 for beta-1.76-1
[INFO] running `Command { std: "git" "clone" "/workspace/cache/git-repos/https%3A%2F%2Fgithub.com%2Fragusugu%2FBuilding-DeFi-with-Scrypto---a-Web-3.0" "/workspace/builds/worker-3-tc1/source", kill_on_drop: false }`
[INFO] [stderr] Cloning into '/workspace/builds/worker-3-tc1/source'...
[INFO] [stderr] done.
[INFO] [stderr] Updating files:  51% (710/1387)
Updating files:  52% (722/1387)
Updating files:  53% (736/1387)
Updating files:  54% (749/1387)
Updating files:  55% (763/1387)
Updating files:  56% (777/1387)
Updating files:  57% (791/1387)
Updating files:  58% (805/1387)
Updating files:  59% (819/1387)
Updating files:  60% (833/1387)
Updating files:  61% (847/1387)
Updating files:  62% (860/1387)
Updating files:  63% (874/1387)
Updating files:  64% (888/1387)
Updating files:  65% (902/1387)
Updating files:  66% (916/1387)
Updating files:  67% (930/1387)
Updating files:  68% (944/1387)
Updating files:  69% (958/1387)
Updating files:  70% (971/1387)
Updating files:  71% (985/1387)
Updating files:  72% (999/1387)
Updating files:  73% (1013/1387)
Updating files:  74% (1027/1387)
Updating files:  75% (1041/1387)
Updating files:  76% (1055/1387)
Updating files:  77% (1068/1387)
Updating files:  78% (1082/1387)
Updating files:  79% (1096/1387)
Updating files:  80% (1110/1387)
Updating files:  81% (1124/1387)
Updating files:  82% (1138/1387)
Updating files:  83% (1152/1387)
Updating files:  84% (1166/1387)
Updating files:  85% (1179/1387)
Updating files:  86% (1193/1387)
Updating files:  87% (1207/1387)
Updating files:  88% (1221/1387)
Updating files:  89% (1235/1387)
Updating files:  90% (1249/1387)
Updating files:  91% (1263/1387)
Updating files:  92% (1277/1387)
Updating files:  93% (1290/1387)
Updating files:  94% (1304/1387)
Updating files:  95% (1318/1387)
Updating files:  96% (1332/1387)
Updating files:  97% (1346/1387)
Updating files:  98% (1360/1387)
Updating files:  99% (1374/1387)
Updating files: 100% (1387/1387)
Updating files: 100% (1387/1387), done.
[INFO] validating manifest of git repo https://github.com/ragusugu/Building-DeFi-with-Scrypto---a-Web-3.0 on toolchain 1.75.0
[INFO] running `Command { std: CARGO_HOME="/workspace/cargo-home" RUSTUP_HOME="/workspace/rustup-home" "/workspace/cargo-home/bin/cargo" "+1.75.0" "metadata" "--manifest-path" "Cargo.toml" "--no-deps", kill_on_drop: false }`
[INFO] started tweaking git repo https://github.com/ragusugu/Building-DeFi-with-Scrypto---a-Web-3.0
[INFO] finished tweaking git repo https://github.com/ragusugu/Building-DeFi-with-Scrypto---a-Web-3.0
[INFO] tweaked toml for git repo https://github.com/ragusugu/Building-DeFi-with-Scrypto---a-Web-3.0 written to /workspace/builds/worker-3-tc1/source/Cargo.toml
[INFO] crate git repo https://github.com/ragusugu/Building-DeFi-with-Scrypto---a-Web-3.0 already has a lockfile, it will not be regenerated
[INFO] running `Command { std: CARGO_HOME="/workspace/cargo-home" RUSTUP_HOME="/workspace/rustup-home" "/workspace/cargo-home/bin/cargo" "+1.75.0" "fetch" "--manifest-path" "Cargo.toml", kill_on_drop: false }`
[INFO] [stderr]     Updating git repository `https://github.com/radixdlt/radixdlt-scrypto`
[INFO] [stderr]     Updating git repository `https://github.com/radixdlt/elliptic-curves`
[INFO] [stderr]     Updating git repository `https://github.com/radixdlt/wasmi`
[INFO] [stderr]     Updating git submodule `https://github.com/robbepop/wasm_kernel.git`
[INFO] [stderr]     Updating git submodule `https://github.com/WebAssembly/testsuite.git`
[INFO] [stderr]     Updating git submodule `https://github.com/WebAssembly/testsuite.git`
[INFO] [stderr]  Downloading crates ...
[INFO] [stderr]   Downloaded cargo_toml v0.10.3
[INFO] running `Command { std: "docker" "create" "-v" "/var/lib/crater-agent-workspace/builds/worker-3-tc1/target:/opt/rustwide/target:rw,Z" "-v" "/var/lib/crater-agent-workspace/builds/worker-3-tc1/source:/opt/rustwide/workdir:ro,Z" "-v" "/var/lib/crater-agent-workspace/cargo-home:/opt/rustwide/cargo-home:ro,Z" "-v" "/var/lib/crater-agent-workspace/rustup-home:/opt/rustwide/rustup-home:ro,Z" "-e" "SOURCE_DIR=/opt/rustwide/workdir" "-e" "CARGO_TARGET_DIR=/opt/rustwide/target" "-e" "CARGO_HOME=/opt/rustwide/cargo-home" "-e" "RUSTUP_HOME=/opt/rustwide/rustup-home" "-w" "/opt/rustwide/workdir" "-m" "1610612736" "--user" "0:0" "--network" "none" "ghcr.io/rust-lang/crates-build-env/linux@sha256:2788e3201cd34a07e3172128adcd8b3090168a8e3bcc40d7c032b9dda1df7d1c" "/opt/rustwide/cargo-home/bin/cargo" "+1.75.0" "metadata" "--no-deps" "--format-version=1", kill_on_drop: false }`
[INFO] [stdout] 20ef95e08b9424ebd4591046cefc869b9848fcb5a64a714e1ff12f03d15ba1b1
[INFO] running `Command { std: "docker" "start" "-a" "20ef95e08b9424ebd4591046cefc869b9848fcb5a64a714e1ff12f03d15ba1b1", kill_on_drop: false }`
[INFO] running `Command { std: "docker" "inspect" "20ef95e08b9424ebd4591046cefc869b9848fcb5a64a714e1ff12f03d15ba1b1", kill_on_drop: false }`
[INFO] running `Command { std: "docker" "rm" "-f" "20ef95e08b9424ebd4591046cefc869b9848fcb5a64a714e1ff12f03d15ba1b1", kill_on_drop: false }`
[INFO] [stdout] 20ef95e08b9424ebd4591046cefc869b9848fcb5a64a714e1ff12f03d15ba1b1
[INFO] running `Command { std: "docker" "create" "-v" "/var/lib/crater-agent-workspace/builds/worker-3-tc1/target:/opt/rustwide/target:rw,Z" "-v" "/var/lib/crater-agent-workspace/builds/worker-3-tc1/source:/opt/rustwide/workdir:ro,Z" "-v" "/var/lib/crater-agent-workspace/cargo-home:/opt/rustwide/cargo-home:ro,Z" "-v" "/var/lib/crater-agent-workspace/rustup-home:/opt/rustwide/rustup-home:ro,Z" "-e" "SOURCE_DIR=/opt/rustwide/workdir" "-e" "CARGO_TARGET_DIR=/opt/rustwide/target" "-e" "CARGO_INCREMENTAL=0" "-e" "RUST_BACKTRACE=full" "-e" "RUSTFLAGS=--cap-lints=warn" "-e" "RUSTDOCFLAGS=--cap-lints=warn" "-e" "CARGO_HOME=/opt/rustwide/cargo-home" "-e" "RUSTUP_HOME=/opt/rustwide/rustup-home" "-w" "/opt/rustwide/workdir" "-m" "1610612736" "--user" "0:0" "--network" "none" "ghcr.io/rust-lang/crates-build-env/linux@sha256:2788e3201cd34a07e3172128adcd8b3090168a8e3bcc40d7c032b9dda1df7d1c" "/opt/rustwide/cargo-home/bin/cargo" "+1.75.0" "build" "--frozen" "--message-format=json", kill_on_drop: false }`
[INFO] [stdout] 7be7c62258118ca6afedd2cd95b33ac27f037363e15ab6ef8b881c9f2132538c
[INFO] running `Command { std: "docker" "start" "-a" "7be7c62258118ca6afedd2cd95b33ac27f037363e15ab6ef8b881c9f2132538c", kill_on_drop: false }`
[INFO] [stderr]    Compiling version_check v0.9.4
[INFO] [stderr]    Compiling typenum v1.15.0
[INFO] [stderr]    Compiling proc-macro2 v1.0.40
[INFO] [stderr]    Compiling unicode-ident v1.0.2
[INFO] [stderr]    Compiling quote v1.0.20
[INFO] [stderr]    Compiling syn v1.0.98
[INFO] [stderr]    Compiling cfg-if v1.0.0
[INFO] [stderr]    Compiling subtle v2.4.1
[INFO] [stderr]    Compiling libc v0.2.126
[INFO] [stderr]    Compiling serde_derive v1.0.140
[INFO] [stderr]    Compiling autocfg v1.1.0
[INFO] [stderr]    Compiling rand_core v0.6.3
[INFO] [stderr]    Compiling generic-array v0.14.5
[INFO] [stderr]    Compiling serde v1.0.140
[INFO] [stderr]    Compiling zeroize v1.5.7
[INFO] [stderr]    Compiling const-oid v0.7.1
[INFO] [stderr]    Compiling num-traits v0.2.15
[INFO] [stderr]    Compiling ff v0.11.1
[INFO] [stderr]    Compiling der v0.5.1
[INFO] [stderr]    Compiling group v0.11.0
[INFO] [stderr]    Compiling num-integer v0.1.45
[INFO] [stderr]    Compiling base16ct v0.1.1
[INFO] [stderr]    Compiling serde_json v1.0.82
[INFO] [stderr]    Compiling getrandom v0.2.7
[INFO] [stderr]    Compiling num-bigint v0.4.3
[INFO] [stderr]    Compiling uuid v0.8.2
[INFO] [stderr]    Compiling cpufeatures v0.2.2
[INFO] [stderr]    Compiling itoa v1.0.2
[INFO] [stderr]    Compiling ryu v1.0.10
[INFO] [stderr]    Compiling opaque-debug v0.3.0
[INFO] [stderr]    Compiling keccak v0.1.2
[INFO] [stderr]    Compiling hex v0.4.3
[INFO] [stderr]    Compiling digest v0.9.0
[INFO] [stderr]    Compiling crypto-mac v0.11.1
[INFO] [stderr]    Compiling crypto-bigint v0.3.2
[INFO] [stderr]    Compiling sec1 v0.2.1
[INFO] [stderr]    Compiling hmac v0.11.0
[INFO] [stderr]    Compiling signature v1.4.0
[INFO] [stderr]    Compiling crypto-common v0.1.6
[INFO] [stderr]    Compiling block-buffer v0.9.0
[INFO] [stderr]    Compiling block-buffer v0.10.2
[INFO] [stderr]    Compiling sha2 v0.9.9
[INFO] [stderr]    Compiling digest v0.10.3
[INFO] [stderr]    Compiling sha3 v0.10.1
[INFO] [stderr]    Compiling elliptic-curve v0.11.12
[INFO] [stderr]    Compiling rfc6979 v0.1.0
[INFO] [stderr]    Compiling ecdsa v0.13.4
[INFO] [stderr]    Compiling p256 v0.10.1 (https://github.com/radixdlt/elliptic-curves?branch=alloc#e747aa3e)
[INFO] [stderr]    Compiling toml v0.5.9
[INFO] [stderr]    Compiling sbor-derive v0.4.1 (https://github.com/radixdlt/radixdlt-scrypto?tag=v0.4.1#8c176b71)
[INFO] [stderr]    Compiling sbor v0.4.1 (https://github.com/radixdlt/radixdlt-scrypto?tag=v0.4.1#8c176b71)
[INFO] [stderr]    Compiling scrypto-abi v0.4.1 (https://github.com/radixdlt/radixdlt-scrypto?tag=v0.4.1#8c176b71)
[INFO] [stderr]    Compiling cargo_toml v0.10.3
[INFO] [stderr]    Compiling scrypto-derive v0.4.1 (https://github.com/radixdlt/radixdlt-scrypto?tag=v0.4.1#8c176b71)
[INFO] [stderr]    Compiling scrypto v0.4.1 (https://github.com/radixdlt/radixdlt-scrypto?tag=v0.4.1#8c176b71)
[INFO] [stderr]    Compiling token-sale v0.1.0 (/opt/rustwide/workdir)
[INFO] [stderr]     Finished dev [unoptimized + debuginfo] target(s) in 10.45s
[INFO] running `Command { std: "docker" "inspect" "7be7c62258118ca6afedd2cd95b33ac27f037363e15ab6ef8b881c9f2132538c", kill_on_drop: false }`
[INFO] running `Command { std: "docker" "rm" "-f" "7be7c62258118ca6afedd2cd95b33ac27f037363e15ab6ef8b881c9f2132538c", kill_on_drop: false }`
[INFO] [stdout] 7be7c62258118ca6afedd2cd95b33ac27f037363e15ab6ef8b881c9f2132538c
[INFO] running `Command { std: "docker" "create" "-v" "/var/lib/crater-agent-workspace/builds/worker-3-tc1/target:/opt/rustwide/target:rw,Z" "-v" "/var/lib/crater-agent-workspace/builds/worker-3-tc1/source:/opt/rustwide/workdir:ro,Z" "-v" "/var/lib/crater-agent-workspace/cargo-home:/opt/rustwide/cargo-home:ro,Z" "-v" "/var/lib/crater-agent-workspace/rustup-home:/opt/rustwide/rustup-home:ro,Z" "-e" "SOURCE_DIR=/opt/rustwide/workdir" "-e" "CARGO_TARGET_DIR=/opt/rustwide/target" "-e" "CARGO_INCREMENTAL=0" "-e" "RUST_BACKTRACE=full" "-e" "RUSTFLAGS=--cap-lints=warn" "-e" "RUSTDOCFLAGS=--cap-lints=warn" "-e" "CARGO_HOME=/opt/rustwide/cargo-home" "-e" "RUSTUP_HOME=/opt/rustwide/rustup-home" "-w" "/opt/rustwide/workdir" "-m" "1610612736" "--user" "0:0" "--network" "none" "ghcr.io/rust-lang/crates-build-env/linux@sha256:2788e3201cd34a07e3172128adcd8b3090168a8e3bcc40d7c032b9dda1df7d1c" "/opt/rustwide/cargo-home/bin/cargo" "+1.75.0" "test" "--frozen" "--no-run" "--message-format=json", kill_on_drop: false }`
[INFO] [stdout] 9b7073390defa5a9c0e7d0d18575e70eeb2ab84f0e3e480fe947609b5bef77ee
[INFO] running `Command { std: "docker" "start" "-a" "9b7073390defa5a9c0e7d0d18575e70eeb2ab84f0e3e480fe947609b5bef77ee", kill_on_drop: false }`
[INFO] [stderr]    Compiling libc v0.2.126
[INFO] [stderr]    Compiling num-rational v0.4.1
[INFO] [stderr]    Compiling ahash v0.7.6
[INFO] [stderr]    Compiling libm v0.2.2
[INFO] [stderr]    Compiling once_cell v1.13.0
[INFO] [stderr]    Compiling parity-wasm v0.42.2
[INFO] [stderr]    Compiling indexmap v1.8.1 (https://github.com/bluss/indexmap?tag=1.8.1#275379c4)
[INFO] [stderr]    Compiling memory_units v0.4.0
[INFO] [stderr]    Compiling downcast-rs v1.2.0
[INFO] [stderr]    Compiling lazy_static v1.4.0
[INFO] [stderr]    Compiling hashbrown v0.11.2
[INFO] [stderr]    Compiling bencher v0.1.5
[INFO] [stderr]    Compiling getrandom v0.2.7
[INFO] [stderr]    Compiling atty v0.2.14
[INFO] [stderr]    Compiling colored v2.0.0
[INFO] [stderr]    Compiling uuid v0.8.2
[INFO] [stderr]    Compiling hashbrown v0.12.3
[INFO] [stderr]    Compiling sbor-derive v0.4.1 (https://github.com/radixdlt/radixdlt-scrypto?tag=v0.4.1#8c176b71)
[INFO] [stderr]    Compiling wasmi_core v0.1.0 (https://github.com/radixdlt/wasmi?branch=expose-exports#e331fa3d)
[INFO] [stderr]    Compiling wasmi-validation v0.4.1 (https://github.com/radixdlt/wasmi?branch=expose-exports#e331fa3d)
[INFO] [stderr]    Compiling lru v0.7.8
[INFO] [stderr]    Compiling wasmi v0.11.0 (https://github.com/radixdlt/wasmi?branch=expose-exports#e331fa3d)
[INFO] [stderr]    Compiling sbor v0.4.1 (https://github.com/radixdlt/radixdlt-scrypto?tag=v0.4.1#8c176b71)
[INFO] [stderr]    Compiling scrypto-abi v0.4.1 (https://github.com/radixdlt/radixdlt-scrypto?tag=v0.4.1#8c176b71)
[INFO] [stderr]    Compiling scrypto-derive v0.4.1 (https://github.com/radixdlt/radixdlt-scrypto?tag=v0.4.1#8c176b71)
[INFO] [stderr]    Compiling scrypto v0.4.1 (https://github.com/radixdlt/radixdlt-scrypto?tag=v0.4.1#8c176b71)
[INFO] [stderr]    Compiling radix-engine v0.4.1 (https://github.com/radixdlt/radixdlt-scrypto?tag=v0.4.1#8c176b71)
[INFO] [stderr]    Compiling token-sale v0.1.0 (/opt/rustwide/workdir)
[INFO] [stderr]     Finished test [unoptimized + debuginfo] target(s) in 6.80s
[INFO] running `Command { std: "docker" "inspect" "9b7073390defa5a9c0e7d0d18575e70eeb2ab84f0e3e480fe947609b5bef77ee", kill_on_drop: false }`
[INFO] running `Command { std: "docker" "rm" "-f" "9b7073390defa5a9c0e7d0d18575e70eeb2ab84f0e3e480fe947609b5bef77ee", kill_on_drop: false }`
[INFO] [stdout] 9b7073390defa5a9c0e7d0d18575e70eeb2ab84f0e3e480fe947609b5bef77ee
[INFO] running `Command { std: "docker" "create" "-v" "/var/lib/crater-agent-workspace/builds/worker-3-tc1/target:/opt/rustwide/target:rw,Z" "-v" "/var/lib/crater-agent-workspace/builds/worker-3-tc1/source:/opt/rustwide/workdir:ro,Z" "-v" "/var/lib/crater-agent-workspace/cargo-home:/opt/rustwide/cargo-home:ro,Z" "-v" "/var/lib/crater-agent-workspace/rustup-home:/opt/rustwide/rustup-home:ro,Z" "-e" "SOURCE_DIR=/opt/rustwide/workdir" "-e" "CARGO_TARGET_DIR=/opt/rustwide/target" "-e" "CARGO_INCREMENTAL=0" "-e" "RUST_BACKTRACE=full" "-e" "RUSTFLAGS=--cap-lints=warn" "-e" "RUSTDOCFLAGS=--cap-lints=warn" "-e" "CARGO_HOME=/opt/rustwide/cargo-home" "-e" "RUSTUP_HOME=/opt/rustwide/rustup-home" "-w" "/opt/rustwide/workdir" "-m" "1610612736" "--user" "0:0" "--network" "none" "ghcr.io/rust-lang/crates-build-env/linux@sha256:2788e3201cd34a07e3172128adcd8b3090168a8e3bcc40d7c032b9dda1df7d1c" "/opt/rustwide/cargo-home/bin/cargo" "+1.75.0" "test" "--frozen", kill_on_drop: false }`
[INFO] [stdout] fb3d2e51609cb7f10f57c409d407a5ceaea415661dcd57a67849c25506be7092
[INFO] running `Command { std: "docker" "start" "-a" "fb3d2e51609cb7f10f57c409d407a5ceaea415661dcd57a67849c25506be7092", kill_on_drop: false }`
[INFO] [stderr]     Finished test [unoptimized + debuginfo] target(s) in 0.05s
[INFO] [stderr]      Running unittests src/lib.rs (/opt/rustwide/target/debug/deps/token_sale-a7a5bc9f94af0a77)
[INFO] [stdout] 
[INFO] [stdout] running 0 tests
[INFO] [stdout] 
[INFO] [stdout] test result: ok. 0 passed; 0 failed; 0 ignored; 0 measured; 0 filtered out; finished in 0.00s
[INFO] [stdout] 
[INFO] [stderr]      Running tests/lib.rs (/opt/rustwide/target/debug/deps/lib-b5b6c86c18e07874)
[INFO] [stdout] 
[INFO] [stdout] running 1 test
[INFO] [stderr]    Compiling typenum v1.15.0
[INFO] [stderr]    Compiling version_check v0.9.4
[INFO] [stderr]    Compiling proc-macro2 v1.0.40
[INFO] [stderr]    Compiling unicode-ident v1.0.2
[INFO] [stderr]    Compiling quote v1.0.20
[INFO] [stderr]    Compiling syn v1.0.98
[INFO] [stderr]    Compiling subtle v2.4.1
[INFO] [stderr]    Compiling libc v0.2.126
[INFO] [stderr] error[E0463]: can't find crate for `core`
[INFO] [stderr]   |
[INFO] [stderr]   = note: the `wasm32-unknown-unknown` target may not be installed
[INFO] [stderr]   = help: consider downloading the target with `rustup target add wasm32-unknown-unknown`
[INFO] [stderr] 
[INFO] [stderr] error[E0463]: can't find crate for `compiler_builtins`
[INFO] [stderr] 
[INFO] [stderr] error: cannot find attribute `derive` in this scope
[INFO] [stderr]    --> /opt/rustwide/cargo-home/registry/src/index.crates.io-6f17d22bba15001f/subtle-2.4.1/src/lib.rs:110:3
[INFO] [stderr]     |
[INFO] [stderr] 110 | #[derive(Copy, Clone, Debug)]
[INFO] [stderr]     |   ^^^^^^
[INFO] [stderr] 
[INFO] [stderr] error: cannot find macro `debug_assert` in this scope
[INFO] [stderr]    --> /opt/rustwide/cargo-home/registry/src/index.crates.io-6f17d22bba15001f/subtle-2.4.1/src/lib.rs:145:9
[INFO] [stderr]     |
[INFO] [stderr] 145 |         debug_assert!((source.0 == 0u8) | (source.0 == 1u8));
[INFO] [stderr]     |         ^^^^^^^^^^^^
[INFO] [stderr] 
[INFO] [stderr] error: cannot find macro `debug_assert` in this scope
[INFO] [stderr]    --> /opt/rustwide/cargo-home/registry/src/index.crates.io-6f17d22bba15001f/subtle-2.4.1/src/lib.rs:215:5
[INFO] [stderr]     |
[INFO] [stderr] 215 |     debug_assert!((input == 0u8) | (input == 1u8));
[INFO] [stderr]     |     ^^^^^^^^^^^^
[INFO] [stderr] 
[INFO] [stderr] error: cannot find attribute `derive` in this scope
[INFO] [stderr]    --> /opt/rustwide/cargo-home/registry/src/index.crates.io-6f17d22bba15001f/subtle-2.4.1/src/lib.rs:569:3
[INFO] [stderr]     |
[INFO] [stderr] 569 | #[derive(Clone, Copy, Debug)]
[INFO] [stderr]     |   ^^^^^^
[INFO] [stderr] 
[INFO] [stderr] error: cannot find macro `assert_eq` in this scope
[INFO] [stderr]    --> /opt/rustwide/cargo-home/registry/src/index.crates.io-6f17d22bba15001f/subtle-2.4.1/src/lib.rs:612:9
[INFO] [stderr]     |
[INFO] [stderr] 612 |         assert_eq!(self.is_some.unwrap_u8(), 1);
[INFO] [stderr]     |         ^^^^^^^^^
[INFO] [stderr] 
[INFO] [stderr] error[E0405]: cannot find trait `From` in this scope
[INFO] [stderr]    --> /opt/rustwide/cargo-home/registry/src/index.crates.io-6f17d22bba15001f/subtle-2.4.1/src/lib.rs:129:6
[INFO] [stderr]     |
[INFO] [stderr] 129 | impl From<Choice> for bool {
[INFO] [stderr]     |      ^^^^ not found in this scope
[INFO] [stderr] 
[INFO] [stderr] error[E0405]: cannot find trait `From` in this scope
[INFO] [stderr]    --> /opt/rustwide/cargo-home/registry/src/index.crates.io-6f17d22bba15001f/subtle-2.4.1/src/lib.rs:230:6
[INFO] [stderr]     |
[INFO] [stderr] 230 | impl From<u8> for Choice {
[INFO] [stderr]     |      ^^^^ not found in this scope
[INFO] [stderr] 
[INFO] [stderr] error[E0405]: cannot find trait `Copy` in this scope
[INFO] [stderr]    --> /opt/rustwide/cargo-home/registry/src/index.crates.io-6f17d22bba15001f/subtle-2.4.1/src/lib.rs:357:36
[INFO] [stderr]     |
[INFO] [stderr] 357 | pub trait ConditionallySelectable: Copy {
[INFO] [stderr]     |                                    ^^^^ not found in this scope
[INFO] [stderr] 
[INFO] [stderr] error[E0405]: cannot find trait `From` in this scope
[INFO] [stderr]    --> /opt/rustwide/cargo-home/registry/src/index.crates.io-6f17d22bba15001f/subtle-2.4.1/src/lib.rs:575:9
[INFO] [stderr]     |
[INFO] [stderr] 575 | impl<T> From<CtOption<T>> for Option<T> {
[INFO] [stderr]     |         ^^^^ not found in this scope
[INFO] [stderr] 
[INFO] [stderr] error[E0425]: cannot find value `None` in this scope
[INFO] [stderr]    --> /opt/rustwide/cargo-home/registry/src/index.crates.io-6f17d22bba15001f/subtle-2.4.1/src/lib.rs:589:13
[INFO] [stderr]     |
[INFO] [stderr] 589 |             None
[INFO] [stderr]     |             ^^^^ not found in this scope
[INFO] [stderr] 
[INFO] [stderr] error[E0405]: cannot find trait `FnOnce` in this scope
[INFO] [stderr]    --> /opt/rustwide/cargo-home/registry/src/index.crates.io-6f17d22bba15001f/subtle-2.4.1/src/lib.rs:633:12
[INFO] [stderr]     |
[INFO] [stderr] 633 |         F: FnOnce() -> T,
[INFO] [stderr]     |            ^^^^^^ not found in this scope
[INFO] [stderr] 
[INFO] [stderr] error[E0405]: cannot find trait `Default` in this scope
[INFO] [stderr]    --> /opt/rustwide/cargo-home/registry/src/index.crates.io-6f17d22bba15001f/subtle-2.4.1/src/lib.rs:661:12
[INFO] [stderr]     |
[INFO] [stderr] 661 |         T: Default + ConditionallySelectable,
[INFO] [stderr]     |            ^^^^^^^ not found in this scope
[INFO] [stderr] 
[INFO] [stderr] error[E0405]: cannot find trait `FnOnce` in this scope
[INFO] [stderr]    --> /opt/rustwide/cargo-home/registry/src/index.crates.io-6f17d22bba15001f/subtle-2.4.1/src/lib.rs:662:12
[INFO] [stderr]     |
[INFO] [stderr] 662 |         F: FnOnce(T) -> U,
[INFO] [stderr]     |            ^^^^^^ not found in this scope
[INFO] [stderr] 
[INFO] [stderr] error[E0405]: cannot find trait `Default` in this scope
[INFO] [stderr]    --> /opt/rustwide/cargo-home/registry/src/index.crates.io-6f17d22bba15001f/subtle-2.4.1/src/lib.rs:684:12
[INFO] [stderr]     |
[INFO] [stderr] 684 |         T: Default + ConditionallySelectable,
[INFO] [stderr]     |            ^^^^^^^ not found in this scope
[INFO] [stderr] 
[INFO] [stderr] error[E0405]: cannot find trait `FnOnce` in this scope
[INFO] [stderr]    --> /opt/rustwide/cargo-home/registry/src/index.crates.io-6f17d22bba15001f/subtle-2.4.1/src/lib.rs:685:12
[INFO] [stderr]     |
[INFO] [stderr] 685 |         F: FnOnce(T) -> CtOption<U>,
[INFO] [stderr]     |            ^^^^^^ not found in this scope
[INFO] [stderr] 
[INFO] [stderr] error[E0405]: cannot find trait `FnOnce` in this scope
[INFO] [stderr]    --> /opt/rustwide/cargo-home/registry/src/index.crates.io-6f17d22bba15001f/subtle-2.4.1/src/lib.rs:703:12
[INFO] [stderr]     |
[INFO] [stderr] 703 |         F: FnOnce() -> CtOption<T>,
[INFO] [stderr]     |            ^^^^^^ not found in this scope
[INFO] [stderr] 
[INFO] [stderr] Some errors have detailed explanations: E0405, E0425, E0463.
[INFO] [stderr] For more information about an error, try `rustc --explain E0405`.
[INFO] [stderr] error: could not compile `subtle` (lib) due to 18 previous errors
[INFO] [stderr] warning: build failed, waiting for other jobs to finish...
[INFO] [stdout] test test_hello ... FAILED
[INFO] [stdout] 
[INFO] [stdout] failures:
[INFO] [stdout] 
[INFO] [stdout] ---- test_hello stdout ----
[INFO] [stdout] thread 'test_hello' panicked at /opt/rustwide/cargo-home/git/checkouts/radixdlt-scrypto-1833d92590086ce0/8c176b7/scrypto/src/misc/cargo.rs:15:9:
[INFO] [stdout] Failed to compile package: "/opt/rustwide/workdir"
[INFO] [stdout] stack backtrace:
[INFO] [stdout]    0:     0x56198d01d78c - std::backtrace_rs::backtrace::libunwind::trace::ha637c64ce894333a
[INFO] [stdout]                                at /rustc/82e1608dfa6e0b5569232559e3d385fea5a93112/library/std/src/../../backtrace/src/backtrace/libunwind.rs:104:5
[INFO] [stdout]    1:     0x56198d01d78c - std::backtrace_rs::backtrace::trace_unsynchronized::h47f62dea28e0c88d
[INFO] [stdout]                                at /rustc/82e1608dfa6e0b5569232559e3d385fea5a93112/library/std/src/../../backtrace/src/backtrace/mod.rs:66:5
[INFO] [stdout]    2:     0x56198d01d78c - std::sys_common::backtrace::_print_fmt::h9eef0abe20ede486
[INFO] [stdout]                                at /rustc/82e1608dfa6e0b5569232559e3d385fea5a93112/library/std/src/sys_common/backtrace.rs:67:5
[INFO] [stdout]    3:     0x56198d01d78c - <std::sys_common::backtrace::_print::DisplayBacktrace as core::fmt::Display>::fmt::hed7f999df88cc644
[INFO] [stdout]                                at /rustc/82e1608dfa6e0b5569232559e3d385fea5a93112/library/std/src/sys_common/backtrace.rs:44:22
[INFO] [stdout]    4:     0x56198d049c90 - core::fmt::rt::Argument::fmt::h1539a9308b8d058d
[INFO] [stdout]                                at /rustc/82e1608dfa6e0b5569232559e3d385fea5a93112/library/core/src/fmt/rt.rs:142:9
[INFO] [stdout]    5:     0x56198d049c90 - core::fmt::write::h3a39390d8560d9c9
[INFO] [stdout]                                at /rustc/82e1608dfa6e0b5569232559e3d385fea5a93112/library/core/src/fmt/mod.rs:1120:17
[INFO] [stdout]    6:     0x56198d01acdf - std::io::Write::write_fmt::h040b369f3a0f9cbc
[INFO] [stdout]                                at /rustc/82e1608dfa6e0b5569232559e3d385fea5a93112/library/std/src/io/mod.rs:1762:15
[INFO] [stdout]    7:     0x56198d01d574 - std::sys_common::backtrace::_print::h894006fb5c6f3d45
[INFO] [stdout]                                at /rustc/82e1608dfa6e0b5569232559e3d385fea5a93112/library/std/src/sys_common/backtrace.rs:47:5
[INFO] [stdout]    8:     0x56198d01d574 - std::sys_common::backtrace::print::h23a2d212c6fff936
[INFO] [stdout]                                at /rustc/82e1608dfa6e0b5569232559e3d385fea5a93112/library/std/src/sys_common/backtrace.rs:34:9
[INFO] [stdout]    9:     0x56198d01f237 - std::panicking::default_hook::{{closure}}::h8a1d2ee00185001a
[INFO] [stdout]   10:     0x56198d01ef23 - std::panicking::default_hook::h6038f2eba384e475
[INFO] [stdout]                                at /rustc/82e1608dfa6e0b5569232559e3d385fea5a93112/library/std/src/panicking.rs:289:9
[INFO] [stdout]   11:     0x56198cb16477 - <alloc::boxed::Box<F,A> as core::ops::function::Fn<Args>>::call::h0ad024c9bdc6d768
[INFO] [stdout]                                at /rustc/82e1608dfa6e0b5569232559e3d385fea5a93112/library/alloc/src/boxed.rs:2021:9
[INFO] [stdout]   12:     0x56198cb16477 - test::test_main::{{closure}}::h7500b54257359db6
[INFO] [stdout]                                at /rustc/82e1608dfa6e0b5569232559e3d385fea5a93112/library/test/src/lib.rs:138:21
[INFO] [stdout]   13:     0x56198d01f848 - <alloc::boxed::Box<F,A> as core::ops::function::Fn<Args>>::call::h1f8f335eaa9cfaee
[INFO] [stdout]                                at /rustc/82e1608dfa6e0b5569232559e3d385fea5a93112/library/alloc/src/boxed.rs:2021:9
[INFO] [stdout]   14:     0x56198d01f848 - std::panicking::rust_panic_with_hook::h2b5517d590cab22e
[INFO] [stdout]                                at /rustc/82e1608dfa6e0b5569232559e3d385fea5a93112/library/std/src/panicking.rs:783:13
[INFO] [stdout]   15:     0x56198d01f59e - std::panicking::begin_panic_handler::{{closure}}::h233112c06e0ef43e
[INFO] [stdout]                                at /rustc/82e1608dfa6e0b5569232559e3d385fea5a93112/library/std/src/panicking.rs:657:13
[INFO] [stdout]   16:     0x56198d01dc56 - std::sys_common::backtrace::__rust_end_short_backtrace::h6e893f24d7ebbff8
[INFO] [stdout]                                at /rustc/82e1608dfa6e0b5569232559e3d385fea5a93112/library/std/src/sys_common/backtrace.rs:170:18
[INFO] [stdout]   17:     0x56198d01f302 - rust_begin_unwind
[INFO] [stdout]                                at /rustc/82e1608dfa6e0b5569232559e3d385fea5a93112/library/std/src/panicking.rs:645:5
[INFO] [stdout]   18:     0x56198cac1ee5 - core::panicking::panic_fmt::hbf0e066aabfa482c
[INFO] [stdout]                                at /rustc/82e1608dfa6e0b5569232559e3d385fea5a93112/library/core/src/panicking.rs:72:14
[INFO] [stdout]   19:     0x56198cae0ac3 - scrypto::misc::cargo::compile_package::hcdabb62f42a87fcb
[INFO] [stdout]                                at /opt/rustwide/cargo-home/git/checkouts/radixdlt-scrypto-1833d92590086ce0/8c176b7/scrypto/src/misc/cargo.rs:15:9
[INFO] [stdout]   20:     0x56198cae2388 - lib::test_hello::h832046075e52fa82
[INFO] [stdout]                                at /opt/rustwide/workdir/tests/lib.rs:11:44
[INFO] [stdout]   21:     0x56198cae2237 - lib::test_hello::{{closure}}::h4f07a2710005df10
[INFO] [stdout]                                at /opt/rustwide/workdir/tests/lib.rs:6:16
[INFO] [stdout]   22:     0x56198cad6006 - core::ops::function::FnOnce::call_once::ha09fbb564e05ad63
[INFO] [stdout]                                at /rustc/82e1608dfa6e0b5569232559e3d385fea5a93112/library/core/src/ops/function.rs:250:5
[INFO] [stdout]   23:     0x56198cb1bacf - core::ops::function::FnOnce::call_once::h2b5d431d5046312d
[INFO] [stdout]                                at /rustc/82e1608dfa6e0b5569232559e3d385fea5a93112/library/core/src/ops/function.rs:250:5
[INFO] [stdout]   24:     0x56198cb1bacf - test::__rust_begin_short_backtrace::h7714669af176e207
[INFO] [stdout]                                at /rustc/82e1608dfa6e0b5569232559e3d385fea5a93112/library/test/src/lib.rs:628:18
[INFO] [stdout]   25:     0x56198cb1aae5 - test::run_test_in_process::{{closure}}::h85218797dcbcec12
[INFO] [stdout]                                at /rustc/82e1608dfa6e0b5569232559e3d385fea5a93112/library/test/src/lib.rs:651:60
[INFO] [stdout]   26:     0x56198cb1aae5 - <core::panic::unwind_safe::AssertUnwindSafe<F> as core::ops::function::FnOnce<()>>::call_once::h76c106ea31c14d7b
[INFO] [stdout]                                at /rustc/82e1608dfa6e0b5569232559e3d385fea5a93112/library/core/src/panic/unwind_safe.rs:272:9
[INFO] [stdout]   27:     0x56198cb1aae5 - std::panicking::try::do_call::h3bd5d0f6620ee946
[INFO] [stdout]                                at /rustc/82e1608dfa6e0b5569232559e3d385fea5a93112/library/std/src/panicking.rs:552:40
[INFO] [stdout]   28:     0x56198cb1aae5 - std::panicking::try::h232e535e4744fe31
[INFO] [stdout]                                at /rustc/82e1608dfa6e0b5569232559e3d385fea5a93112/library/std/src/panicking.rs:516:19
[INFO] [stdout]   29:     0x56198cb1aae5 - std::panic::catch_unwind::h3ce3bd6ca8dbac68
[INFO] [stdout]                                at /rustc/82e1608dfa6e0b5569232559e3d385fea5a93112/library/std/src/panic.rs:142:14
[INFO] [stdout]   30:     0x56198cb1aae5 - test::run_test_in_process::hc97b257c9621286a
[INFO] [stdout]                                at /rustc/82e1608dfa6e0b5569232559e3d385fea5a93112/library/test/src/lib.rs:651:27
[INFO] [stdout]   31:     0x56198cb1aae5 - test::run_test::{{closure}}::h2aa798823a438d38
[INFO] [stdout]                                at /rustc/82e1608dfa6e0b5569232559e3d385fea5a93112/library/test/src/lib.rs:574:43
[INFO] [stdout]   32:     0x56198cae2da6 - test::run_test::{{closure}}::h87d231c78fb59832
[INFO] [stdout]                                at /rustc/82e1608dfa6e0b5569232559e3d385fea5a93112/library/test/src/lib.rs:602:41
[INFO] [stdout]   33:     0x56198cae2da6 - std::sys_common::backtrace::__rust_begin_short_backtrace::he6df152596625789
[INFO] [stdout]                                at /rustc/82e1608dfa6e0b5569232559e3d385fea5a93112/library/std/src/sys_common/backtrace.rs:154:18
[INFO] [stdout]   34:     0x56198cae7e57 - std::thread::Builder::spawn_unchecked_::{{closure}}::{{closure}}::ha94be15d1e0acf36
[INFO] [stdout]                                at /rustc/82e1608dfa6e0b5569232559e3d385fea5a93112/library/std/src/thread/mod.rs:529:17
[INFO] [stdout]   35:     0x56198cae7e57 - <core::panic::unwind_safe::AssertUnwindSafe<F> as core::ops::function::FnOnce<()>>::call_once::h9dc6bd6372f16606
[INFO] [stdout]                                at /rustc/82e1608dfa6e0b5569232559e3d385fea5a93112/library/core/src/panic/unwind_safe.rs:272:9
[INFO] [stdout]   36:     0x56198cae7e57 - std::panicking::try::do_call::h9057517f80303cd4
[INFO] [stdout]                                at /rustc/82e1608dfa6e0b5569232559e3d385fea5a93112/library/std/src/panicking.rs:552:40
[INFO] [stdout]   37:     0x56198cae7e57 - std::panicking::try::he3a30b11ee45340c
[INFO] [stdout]                                at /rustc/82e1608dfa6e0b5569232559e3d385fea5a93112/library/std/src/panicking.rs:516:19
[INFO] [stdout]   38:     0x56198cae7e57 - std::panic::catch_unwind::h410458cfd3528b8b
[INFO] [stdout]                                at /rustc/82e1608dfa6e0b5569232559e3d385fea5a93112/library/std/src/panic.rs:142:14
[INFO] [stdout]   39:     0x56198cae7e57 - std::thread::Builder::spawn_unchecked_::{{closure}}::h72ac3bdb567b737b
[INFO] [stdout]                                at /rustc/82e1608dfa6e0b5569232559e3d385fea5a93112/library/std/src/thread/mod.rs:528:30
[INFO] [stdout]   40:     0x56198cae7e57 - core::ops::function::FnOnce::call_once{{vtable.shim}}::h38f34da3654a8344
[INFO] [stdout]                                at /rustc/82e1608dfa6e0b5569232559e3d385fea5a93112/library/core/src/ops/function.rs:250:5
[INFO] [stdout]   41:     0x56198d024935 - <alloc::boxed::Box<F,A> as core::ops::function::FnOnce<Args>>::call_once::hc7eafaff61e32df9
[INFO] [stdout]                                at /rustc/82e1608dfa6e0b5569232559e3d385fea5a93112/library/alloc/src/boxed.rs:2007:9
[INFO] [stdout]   42:     0x56198d024935 - <alloc::boxed::Box<F,A> as core::ops::function::FnOnce<Args>>::call_once::h6ba4a5de48dd2304
[INFO] [stdout]                                at /rustc/82e1608dfa6e0b5569232559e3d385fea5a93112/library/alloc/src/boxed.rs:2007:9
[INFO] [stdout]   43:     0x56198d024935 - std::sys::unix::thread::Thread::new::thread_start::he469335aef763e45
[INFO] [stdout]                                at /rustc/82e1608dfa6e0b5569232559e3d385fea5a93112/library/std/src/sys/unix/thread.rs:108:17
[INFO] [stdout]   44:     0x7ff045eaeac3 - <unknown>
[INFO] [stdout]   45:     0x7ff045f3fbf4 - __clone
[INFO] [stdout]   46:                0x0 - <unknown>
[INFO] [stdout] 
[INFO] [stdout] 
[INFO] [stdout] failures:
[INFO] [stdout]     test_hello
[INFO] [stdout] 
[INFO] [stdout] test result: FAILED. 0 passed; 1 failed; 0 ignored; 0 measured; 0 filtered out; finished in 0.72s
[INFO] [stdout] 
[INFO] [stderr] error: test failed, to rerun pass `--test lib`
[INFO] running `Command { std: "docker" "inspect" "fb3d2e51609cb7f10f57c409d407a5ceaea415661dcd57a67849c25506be7092", kill_on_drop: false }`
[INFO] running `Command { std: "docker" "rm" "-f" "fb3d2e51609cb7f10f57c409d407a5ceaea415661dcd57a67849c25506be7092", kill_on_drop: false }`
[INFO] [stdout] fb3d2e51609cb7f10f57c409d407a5ceaea415661dcd57a67849c25506be7092
