[INFO] cloning repository https://github.com/rafaelsmgomes/cat-rust
[INFO] running `Command { std: "git" "-c" "credential.helper=" "-c" "credential.helper=/workspace/cargo-home/bin/git-credential-null" "clone" "--bare" "https://github.com/rafaelsmgomes/cat-rust" "/workspace/cache/git-repos/https%3A%2F%2Fgithub.com%2Frafaelsmgomes%2Fcat-rust", kill_on_drop: false }`
[INFO] [stderr] Cloning into bare repository '/workspace/cache/git-repos/https%3A%2F%2Fgithub.com%2Frafaelsmgomes%2Fcat-rust'...
[INFO] running `Command { std: "git" "rev-parse" "HEAD", kill_on_drop: false }`
[INFO] [stdout] 6e98490af131a99dbd25192b662cdc2703e20745
[INFO] testing rafaelsmgomes/cat-rust against 1.75.0 for beta-1.76-1
[INFO] running `Command { std: "git" "clone" "/workspace/cache/git-repos/https%3A%2F%2Fgithub.com%2Frafaelsmgomes%2Fcat-rust" "/workspace/builds/worker-2-tc1/source", kill_on_drop: false }`
[INFO] [stderr] Cloning into '/workspace/builds/worker-2-tc1/source'...
[INFO] [stderr] done.
[INFO] validating manifest of git repo https://github.com/rafaelsmgomes/cat-rust on toolchain 1.75.0
[INFO] running `Command { std: CARGO_HOME="/workspace/cargo-home" RUSTUP_HOME="/workspace/rustup-home" "/workspace/cargo-home/bin/cargo" "+1.75.0" "metadata" "--manifest-path" "Cargo.toml" "--no-deps", kill_on_drop: false }`
[INFO] started tweaking git repo https://github.com/rafaelsmgomes/cat-rust
[INFO] finished tweaking git repo https://github.com/rafaelsmgomes/cat-rust
[INFO] tweaked toml for git repo https://github.com/rafaelsmgomes/cat-rust written to /workspace/builds/worker-2-tc1/source/Cargo.toml
[INFO] crate git repo https://github.com/rafaelsmgomes/cat-rust already has a lockfile, it will not be regenerated
[INFO] running `Command { std: CARGO_HOME="/workspace/cargo-home" RUSTUP_HOME="/workspace/rustup-home" "/workspace/cargo-home/bin/cargo" "+1.75.0" "fetch" "--manifest-path" "Cargo.toml", kill_on_drop: false }`
[INFO] running `Command { std: "docker" "create" "-v" "/var/lib/crater-agent-workspace/builds/worker-2-tc1/target:/opt/rustwide/target:rw,Z" "-v" "/var/lib/crater-agent-workspace/builds/worker-2-tc1/source:/opt/rustwide/workdir:ro,Z" "-v" "/var/lib/crater-agent-workspace/cargo-home:/opt/rustwide/cargo-home:ro,Z" "-v" "/var/lib/crater-agent-workspace/rustup-home:/opt/rustwide/rustup-home:ro,Z" "-e" "SOURCE_DIR=/opt/rustwide/workdir" "-e" "CARGO_TARGET_DIR=/opt/rustwide/target" "-e" "CARGO_HOME=/opt/rustwide/cargo-home" "-e" "RUSTUP_HOME=/opt/rustwide/rustup-home" "-w" "/opt/rustwide/workdir" "-m" "1610612736" "--user" "0:0" "--network" "none" "ghcr.io/rust-lang/crates-build-env/linux@sha256:2788e3201cd34a07e3172128adcd8b3090168a8e3bcc40d7c032b9dda1df7d1c" "/opt/rustwide/cargo-home/bin/cargo" "+1.75.0" "metadata" "--no-deps" "--format-version=1", kill_on_drop: false }`
[INFO] [stdout] 49365a889de34472e9f8192ad0b6b413d81b92181e24e485776a570d168c84c4
[INFO] running `Command { std: "docker" "start" "-a" "49365a889de34472e9f8192ad0b6b413d81b92181e24e485776a570d168c84c4", kill_on_drop: false }`
[INFO] running `Command { std: "docker" "inspect" "49365a889de34472e9f8192ad0b6b413d81b92181e24e485776a570d168c84c4", kill_on_drop: false }`
[INFO] running `Command { std: "docker" "rm" "-f" "49365a889de34472e9f8192ad0b6b413d81b92181e24e485776a570d168c84c4", kill_on_drop: false }`
[INFO] [stdout] 49365a889de34472e9f8192ad0b6b413d81b92181e24e485776a570d168c84c4
[INFO] running `Command { std: "docker" "create" "-v" "/var/lib/crater-agent-workspace/builds/worker-2-tc1/target:/opt/rustwide/target:rw,Z" "-v" "/var/lib/crater-agent-workspace/builds/worker-2-tc1/source:/opt/rustwide/workdir:ro,Z" "-v" "/var/lib/crater-agent-workspace/cargo-home:/opt/rustwide/cargo-home:ro,Z" "-v" "/var/lib/crater-agent-workspace/rustup-home:/opt/rustwide/rustup-home:ro,Z" "-e" "SOURCE_DIR=/opt/rustwide/workdir" "-e" "CARGO_TARGET_DIR=/opt/rustwide/target" "-e" "CARGO_INCREMENTAL=0" "-e" "RUST_BACKTRACE=full" "-e" "RUSTFLAGS=--cap-lints=warn" "-e" "RUSTDOCFLAGS=--cap-lints=warn" "-e" "CARGO_HOME=/opt/rustwide/cargo-home" "-e" "RUSTUP_HOME=/opt/rustwide/rustup-home" "-w" "/opt/rustwide/workdir" "-m" "1610612736" "--user" "0:0" "--network" "none" "ghcr.io/rust-lang/crates-build-env/linux@sha256:2788e3201cd34a07e3172128adcd8b3090168a8e3bcc40d7c032b9dda1df7d1c" "/opt/rustwide/cargo-home/bin/cargo" "+1.75.0" "build" "--frozen" "--message-format=json", kill_on_drop: false }`
[INFO] [stdout] 96d5bb0e5b4a3e6faef0499d3c94e77e4a3dc7e5097fdad0302b87c9baf4ea47
[INFO] running `Command { std: "docker" "start" "-a" "96d5bb0e5b4a3e6faef0499d3c94e77e4a3dc7e5097fdad0302b87c9baf4ea47", kill_on_drop: false }`
[INFO] [stderr]    Compiling libc v0.2.149
[INFO] [stderr]    Compiling unicode-width v0.1.11
[INFO] [stderr]    Compiling vec_map v0.8.2
[INFO] [stderr]    Compiling bitflags v1.3.2
[INFO] [stderr]    Compiling strsim v0.8.0
[INFO] [stderr]    Compiling ansi_term v0.12.1
[INFO] [stderr]    Compiling textwrap v0.11.0
[INFO] [stderr]    Compiling atty v0.2.14
[INFO] [stderr]    Compiling clap v2.34.0
[INFO] [stderr]    Compiling catr v0.1.0 (/opt/rustwide/workdir)
[INFO] [stderr]     Finished dev [unoptimized + debuginfo] target(s) in 2.72s
[INFO] running `Command { std: "docker" "inspect" "96d5bb0e5b4a3e6faef0499d3c94e77e4a3dc7e5097fdad0302b87c9baf4ea47", kill_on_drop: false }`
[INFO] running `Command { std: "docker" "rm" "-f" "96d5bb0e5b4a3e6faef0499d3c94e77e4a3dc7e5097fdad0302b87c9baf4ea47", kill_on_drop: false }`
[INFO] [stdout] 96d5bb0e5b4a3e6faef0499d3c94e77e4a3dc7e5097fdad0302b87c9baf4ea47
[INFO] running `Command { std: "docker" "create" "-v" "/var/lib/crater-agent-workspace/builds/worker-2-tc1/target:/opt/rustwide/target:rw,Z" "-v" "/var/lib/crater-agent-workspace/builds/worker-2-tc1/source:/opt/rustwide/workdir:ro,Z" "-v" "/var/lib/crater-agent-workspace/cargo-home:/opt/rustwide/cargo-home:ro,Z" "-v" "/var/lib/crater-agent-workspace/rustup-home:/opt/rustwide/rustup-home:ro,Z" "-e" "SOURCE_DIR=/opt/rustwide/workdir" "-e" "CARGO_TARGET_DIR=/opt/rustwide/target" "-e" "CARGO_INCREMENTAL=0" "-e" "RUST_BACKTRACE=full" "-e" "RUSTFLAGS=--cap-lints=warn" "-e" "RUSTDOCFLAGS=--cap-lints=warn" "-e" "CARGO_HOME=/opt/rustwide/cargo-home" "-e" "RUSTUP_HOME=/opt/rustwide/rustup-home" "-w" "/opt/rustwide/workdir" "-m" "1610612736" "--user" "0:0" "--network" "none" "ghcr.io/rust-lang/crates-build-env/linux@sha256:2788e3201cd34a07e3172128adcd8b3090168a8e3bcc40d7c032b9dda1df7d1c" "/opt/rustwide/cargo-home/bin/cargo" "+1.75.0" "test" "--frozen" "--no-run" "--message-format=json", kill_on_drop: false }`
[INFO] [stdout] f23b5be38a95cbc036cb0474e4a7263b0a82e0898cb0782bc07faa77ea72ff02
[INFO] running `Command { std: "docker" "start" "-a" "f23b5be38a95cbc036cb0474e4a7263b0a82e0898cb0782bc07faa77ea72ff02", kill_on_drop: false }`
[INFO] [stderr]    Compiling libc v0.2.149
[INFO] [stderr]    Compiling memchr v2.6.4
[INFO] [stderr]    Compiling autocfg v1.1.0
[INFO] [stderr]    Compiling either v1.9.0
[INFO] [stderr]    Compiling regex-syntax v0.8.2
[INFO] [stderr]    Compiling cfg-if v1.0.0
[INFO] [stderr]    Compiling predicates-core v1.0.6
[INFO] [stderr]    Compiling difflib v0.4.0
[INFO] [stderr]    Compiling doc-comment v0.3.3
[INFO] [stderr]    Compiling termtree v0.4.1
[INFO] [stderr]    Compiling ppv-lite86 v0.2.17
[INFO] [stderr]    Compiling anstyle v1.0.4
[INFO] [stderr]    Compiling normalize-line-endings v0.3.0
[INFO] [stderr]    Compiling predicates-tree v1.0.9
[INFO] [stderr]    Compiling itertools v0.11.0
[INFO] [stderr]    Compiling itertools v0.10.5
[INFO] [stderr]    Compiling num-traits v0.2.17
[INFO] [stderr]    Compiling aho-corasick v1.1.2
[INFO] [stderr]    Compiling atty v0.2.14
[INFO] [stderr]    Compiling getrandom v0.2.10
[INFO] [stderr]    Compiling wait-timeout v0.2.0
[INFO] [stderr]    Compiling clap v2.34.0
[INFO] [stderr]    Compiling rand_core v0.6.4
[INFO] [stderr]    Compiling rand_chacha v0.3.1
[INFO] [stderr]    Compiling rand v0.8.5
[INFO] [stderr]    Compiling float-cmp v0.9.0
[INFO] [stderr]    Compiling predicates v3.0.4
[INFO] [stderr]    Compiling regex-automata v0.4.3
[INFO] [stderr]    Compiling catr v0.1.0 (/opt/rustwide/workdir)
[INFO] [stderr]    Compiling regex v1.10.2
[INFO] [stderr]    Compiling bstr v1.7.0
[INFO] [stderr]    Compiling predicates v2.1.5
[INFO] [stderr]    Compiling assert_cmd v2.0.12
[INFO] [stdout] warning: unused import: `random`
[INFO] [stdout]  --> tests/cli.rs:5:41
[INFO] [stdout]   |
[INFO] [stdout] 5 | use rand::{distributions::Alphanumeric, random, Rng};
[INFO] [stdout]   |                                         ^^^^^^
[INFO] [stdout]   |
[INFO] [stdout]   = note: `#[warn(unused_imports)]` on by default
[INFO] [stdout] 
[INFO] [stdout] 
[INFO] [stdout] warning: constant `EMPTY` is never used
[INFO] [stdout]  --> tests/cli.rs:9:7
[INFO] [stdout]   |
[INFO] [stdout] 9 | const EMPTY: &str = "tests/inputs/empyt.txt";
[INFO] [stdout]   |       ^^^^^
[INFO] [stdout]   |
[INFO] [stdout]   = note: `#[warn(dead_code)]` on by default
[INFO] [stdout] 
[INFO] [stdout] 
[INFO] [stdout] warning: constant `FOX` is never used
[INFO] [stdout]   --> tests/cli.rs:10:7
[INFO] [stdout]    |
[INFO] [stdout] 10 | const FOX: &str = "tests/inputs/fox.txt";
[INFO] [stdout]    |       ^^^
[INFO] [stdout] 
[INFO] [stdout] 
[INFO] [stdout] warning: constant `SPIDERS` is never used
[INFO] [stdout]   --> tests/cli.rs:11:7
[INFO] [stdout]    |
[INFO] [stdout] 11 | const SPIDERS: &str = "tests/inputs/spiders.txt";
[INFO] [stdout]    |       ^^^^^^^
[INFO] [stdout] 
[INFO] [stdout] 
[INFO] [stdout] warning: 4 warnings emitted
[INFO] [stdout] 
[INFO] [stdout] 
[INFO] [stderr]     Finished test [unoptimized + debuginfo] target(s) in 4.94s
[INFO] running `Command { std: "docker" "inspect" "f23b5be38a95cbc036cb0474e4a7263b0a82e0898cb0782bc07faa77ea72ff02", kill_on_drop: false }`
[INFO] running `Command { std: "docker" "rm" "-f" "f23b5be38a95cbc036cb0474e4a7263b0a82e0898cb0782bc07faa77ea72ff02", kill_on_drop: false }`
[INFO] [stdout] f23b5be38a95cbc036cb0474e4a7263b0a82e0898cb0782bc07faa77ea72ff02
[INFO] running `Command { std: "docker" "create" "-v" "/var/lib/crater-agent-workspace/builds/worker-2-tc1/target:/opt/rustwide/target:rw,Z" "-v" "/var/lib/crater-agent-workspace/builds/worker-2-tc1/source:/opt/rustwide/workdir:ro,Z" "-v" "/var/lib/crater-agent-workspace/cargo-home:/opt/rustwide/cargo-home:ro,Z" "-v" "/var/lib/crater-agent-workspace/rustup-home:/opt/rustwide/rustup-home:ro,Z" "-e" "SOURCE_DIR=/opt/rustwide/workdir" "-e" "CARGO_TARGET_DIR=/opt/rustwide/target" "-e" "CARGO_INCREMENTAL=0" "-e" "RUST_BACKTRACE=full" "-e" "RUSTFLAGS=--cap-lints=warn" "-e" "RUSTDOCFLAGS=--cap-lints=warn" "-e" "CARGO_HOME=/opt/rustwide/cargo-home" "-e" "RUSTUP_HOME=/opt/rustwide/rustup-home" "-w" "/opt/rustwide/workdir" "-m" "1610612736" "--user" "0:0" "--network" "none" "ghcr.io/rust-lang/crates-build-env/linux@sha256:2788e3201cd34a07e3172128adcd8b3090168a8e3bcc40d7c032b9dda1df7d1c" "/opt/rustwide/cargo-home/bin/cargo" "+1.75.0" "test" "--frozen", kill_on_drop: false }`
[INFO] [stdout] bd6f7fbc9ac688397c84b48f7ec7d3bc2e57084f51b818397eefd5e299a9095c
[INFO] running `Command { std: "docker" "start" "-a" "bd6f7fbc9ac688397c84b48f7ec7d3bc2e57084f51b818397eefd5e299a9095c", kill_on_drop: false }`
[INFO] [stderr] warning: unused import: `random`
[INFO] [stderr]  --> tests/cli.rs:5:41
[INFO] [stderr]   |
[INFO] [stderr] 5 | use rand::{distributions::Alphanumeric, random, Rng};
[INFO] [stderr]   |                                         ^^^^^^
[INFO] [stderr]   |
[INFO] [stderr]   = note: `#[warn(unused_imports)]` on by default
[INFO] [stderr] 
[INFO] [stderr] warning: constant `EMPTY` is never used
[INFO] [stderr]  --> tests/cli.rs:9:7
[INFO] [stderr]   |
[INFO] [stderr] 9 | const EMPTY: &str = "tests/inputs/empyt.txt";
[INFO] [stderr]   |       ^^^^^
[INFO] [stderr]   |
[INFO] [stderr]   = note: `#[warn(dead_code)]` on by default
[INFO] [stderr] 
[INFO] [stderr] warning: constant `FOX` is never used
[INFO] [stderr]   --> tests/cli.rs:10:7
[INFO] [stderr]    |
[INFO] [stderr] 10 | const FOX: &str = "tests/inputs/fox.txt";
[INFO] [stderr]    |       ^^^
[INFO] [stderr] 
[INFO] [stderr] warning: constant `SPIDERS` is never used
[INFO] [stderr]   --> tests/cli.rs:11:7
[INFO] [stderr]    |
[INFO] [stderr] 11 | const SPIDERS: &str = "tests/inputs/spiders.txt";
[INFO] [stderr]    |       ^^^^^^^
[INFO] [stderr] 
[INFO] [stderr] warning: `catr` (test "cli") generated 4 warnings (run `cargo fix --test "cli"` to apply 1 suggestion)
[INFO] [stderr]     Finished test [unoptimized + debuginfo] target(s) in 0.02s
[INFO] [stderr]      Running unittests src/lib.rs (/opt/rustwide/target/debug/deps/catr-d667f7dff9803aa7)
[INFO] [stdout] 
[INFO] [stdout] running 0 tests
[INFO] [stdout] 
[INFO] [stdout] test result: ok. 0 passed; 0 failed; 0 ignored; 0 measured; 0 filtered out; finished in 0.00s
[INFO] [stdout] 
[INFO] [stderr]      Running unittests src/main.rs (/opt/rustwide/target/debug/deps/catr-f58c5100539db033)
[INFO] [stdout] 
[INFO] [stdout] running 0 tests
[INFO] [stdout] 
[INFO] [stdout] test result: ok. 0 passed; 0 failed; 0 ignored; 0 measured; 0 filtered out; finished in 0.00s
[INFO] [stdout] 
[INFO] [stderr]      Running tests/cli.rs (/opt/rustwide/target/debug/deps/cli-8b92777cf42e5d33)
[INFO] [stdout] 
[INFO] [stdout] running 3 tests
[INFO] [stdout] test bustle ... FAILED
[INFO] [stdout] test bustle_stdin ... FAILED
[INFO] [stdout] test skips_bad_file ... FAILED
[INFO] [stdout] 
[INFO] [stdout] failures:
[INFO] [stdout] 
[INFO] [stdout] ---- bustle stdout ----
[INFO] [stdout] Error: Os { code: 2, kind: NotFound, message: "No such file or directory" }
[INFO] [stdout] 
[INFO] [stdout] ---- bustle_stdin stdout ----
[INFO] [stdout] Error: Os { code: 2, kind: NotFound, message: "No such file or directory" }
[INFO] [stdout] 
[INFO] [stdout] ---- skips_bad_file stdout ----
[INFO] [stdout] Error: Syntax(
[INFO] [stdout] ~~~~~~~~~~~~~~~~~~~~~~~~~~~~~~~~~~~~~~~~~~~~~~~~~~~~~~~~~~~~~~~~~~~~~~~~~~~~~~~
[INFO] [stdout] regex parse error:
[INFO] [stdout]     hyg3FQn: .* [(]os error 2[)])
[INFO] [stdout]                                 ^
[INFO] [stdout] error: unopened group
[INFO] [stdout] ~~~~~~~~~~~~~~~~~~~~~~~~~~~~~~~~~~~~~~~~~~~~~~~~~~~~~~~~~~~~~~~~~~~~~~~~~~~~~~~
[INFO] [stdout] )
[INFO] [stdout] 
[INFO] [stdout] 
[INFO] [stdout] failures:
[INFO] [stdout]     bustle
[INFO] [stdout]     bustle_stdin
[INFO] [stdout]     skips_bad_file
[INFO] [stdout] 
[INFO] [stdout] test result: FAILED. 0 passed; 3 failed; 0 ignored; 0 measured; 0 filtered out; finished in 0.00s
[INFO] [stdout] 
[INFO] [stderr] error: test failed, to rerun pass `--test cli`
[INFO] running `Command { std: "docker" "inspect" "bd6f7fbc9ac688397c84b48f7ec7d3bc2e57084f51b818397eefd5e299a9095c", kill_on_drop: false }`
[INFO] running `Command { std: "docker" "rm" "-f" "bd6f7fbc9ac688397c84b48f7ec7d3bc2e57084f51b818397eefd5e299a9095c", kill_on_drop: false }`
[INFO] [stdout] bd6f7fbc9ac688397c84b48f7ec7d3bc2e57084f51b818397eefd5e299a9095c
