[INFO] cloning repository https://github.com/radu781/dualsense-rs
[INFO] running `Command { std: "git" "-c" "credential.helper=" "-c" "credential.helper=/workspace/cargo-home/bin/git-credential-null" "clone" "--bare" "https://github.com/radu781/dualsense-rs" "/workspace/cache/git-repos/https%3A%2F%2Fgithub.com%2Fradu781%2Fdualsense-rs", kill_on_drop: false }`
[INFO] [stderr] Cloning into bare repository '/workspace/cache/git-repos/https%3A%2F%2Fgithub.com%2Fradu781%2Fdualsense-rs'...
[INFO] running `Command { std: "git" "rev-parse" "HEAD", kill_on_drop: false }`
[INFO] [stdout] 6525aeca49611edc47ea1ac26d61944c650c71fa
[INFO] testing radu781/dualsense-rs against 1.75.0 for beta-1.76-1
[INFO] running `Command { std: "git" "clone" "/workspace/cache/git-repos/https%3A%2F%2Fgithub.com%2Fradu781%2Fdualsense-rs" "/workspace/builds/worker-2-tc1/source", kill_on_drop: false }`
[INFO] [stderr] Cloning into '/workspace/builds/worker-2-tc1/source'...
[INFO] [stderr] done.
[INFO] validating manifest of git repo https://github.com/radu781/dualsense-rs on toolchain 1.75.0
[INFO] running `Command { std: CARGO_HOME="/workspace/cargo-home" RUSTUP_HOME="/workspace/rustup-home" "/workspace/cargo-home/bin/cargo" "+1.75.0" "metadata" "--manifest-path" "Cargo.toml" "--no-deps", kill_on_drop: false }`
[INFO] started tweaking git repo https://github.com/radu781/dualsense-rs
[INFO] removed 0 missing examples
[INFO] finished tweaking git repo https://github.com/radu781/dualsense-rs
[INFO] tweaked toml for git repo https://github.com/radu781/dualsense-rs written to /workspace/builds/worker-2-tc1/source/Cargo.toml
[INFO] crate git repo https://github.com/radu781/dualsense-rs already has a lockfile, it will not be regenerated
[INFO] running `Command { std: CARGO_HOME="/workspace/cargo-home" RUSTUP_HOME="/workspace/rustup-home" "/workspace/cargo-home/bin/cargo" "+1.75.0" "fetch" "--manifest-path" "Cargo.toml", kill_on_drop: false }`
[INFO] running `Command { std: "docker" "create" "-v" "/var/lib/crater-agent-workspace/builds/worker-2-tc1/target:/opt/rustwide/target:rw,Z" "-v" "/var/lib/crater-agent-workspace/builds/worker-2-tc1/source:/opt/rustwide/workdir:ro,Z" "-v" "/var/lib/crater-agent-workspace/cargo-home:/opt/rustwide/cargo-home:ro,Z" "-v" "/var/lib/crater-agent-workspace/rustup-home:/opt/rustwide/rustup-home:ro,Z" "-e" "SOURCE_DIR=/opt/rustwide/workdir" "-e" "CARGO_TARGET_DIR=/opt/rustwide/target" "-e" "CARGO_HOME=/opt/rustwide/cargo-home" "-e" "RUSTUP_HOME=/opt/rustwide/rustup-home" "-w" "/opt/rustwide/workdir" "-m" "1610612736" "--user" "0:0" "--network" "none" "ghcr.io/rust-lang/crates-build-env/linux@sha256:2788e3201cd34a07e3172128adcd8b3090168a8e3bcc40d7c032b9dda1df7d1c" "/opt/rustwide/cargo-home/bin/cargo" "+1.75.0" "metadata" "--no-deps" "--format-version=1", kill_on_drop: false }`
[INFO] [stdout] bdfaf923a0930b492027dc8bdc117fba98a3de8faf1b9e34db85f204cf8003be
[INFO] running `Command { std: "docker" "start" "-a" "bdfaf923a0930b492027dc8bdc117fba98a3de8faf1b9e34db85f204cf8003be", kill_on_drop: false }`
[INFO] running `Command { std: "docker" "inspect" "bdfaf923a0930b492027dc8bdc117fba98a3de8faf1b9e34db85f204cf8003be", kill_on_drop: false }`
[INFO] running `Command { std: "docker" "rm" "-f" "bdfaf923a0930b492027dc8bdc117fba98a3de8faf1b9e34db85f204cf8003be", kill_on_drop: false }`
[INFO] [stdout] bdfaf923a0930b492027dc8bdc117fba98a3de8faf1b9e34db85f204cf8003be
[INFO] running `Command { std: "docker" "create" "-v" "/var/lib/crater-agent-workspace/builds/worker-2-tc1/target:/opt/rustwide/target:rw,Z" "-v" "/var/lib/crater-agent-workspace/builds/worker-2-tc1/source:/opt/rustwide/workdir:ro,Z" "-v" "/var/lib/crater-agent-workspace/cargo-home:/opt/rustwide/cargo-home:ro,Z" "-v" "/var/lib/crater-agent-workspace/rustup-home:/opt/rustwide/rustup-home:ro,Z" "-e" "SOURCE_DIR=/opt/rustwide/workdir" "-e" "CARGO_TARGET_DIR=/opt/rustwide/target" "-e" "CARGO_INCREMENTAL=0" "-e" "RUST_BACKTRACE=full" "-e" "RUSTFLAGS=--cap-lints=warn" "-e" "RUSTDOCFLAGS=--cap-lints=warn" "-e" "CARGO_HOME=/opt/rustwide/cargo-home" "-e" "RUSTUP_HOME=/opt/rustwide/rustup-home" "-w" "/opt/rustwide/workdir" "-m" "1610612736" "--user" "0:0" "--network" "none" "ghcr.io/rust-lang/crates-build-env/linux@sha256:2788e3201cd34a07e3172128adcd8b3090168a8e3bcc40d7c032b9dda1df7d1c" "/opt/rustwide/cargo-home/bin/cargo" "+1.75.0" "build" "--frozen" "--message-format=json", kill_on_drop: false }`
[INFO] [stdout] 1cf7a3eb93784b814a2c216e205e467db7a055fde4288ce7225975236934fe86
[INFO] running `Command { std: "docker" "start" "-a" "1cf7a3eb93784b814a2c216e205e467db7a055fde4288ce7225975236934fe86", kill_on_drop: false }`
[INFO] [stderr]    Compiling libc v0.2.151
[INFO] [stderr]    Compiling pkg-config v0.3.27
[INFO] [stderr]    Compiling cc v1.0.83
[INFO] [stderr]    Compiling hidapi v2.4.1
[INFO] [stderr]    Compiling dualsense-rs v0.2.0 (/opt/rustwide/workdir)
[INFO] [stdout] warning: unused variable: `cb`
[INFO] [stdout]    --> src/dualsense/stream.rs:118:40
[INFO] [stdout]     |
[INFO] [stdout] 118 |     pub fn on_up_pressed<F>(&mut self, cb: &'static F)
[INFO] [stdout]     |                                        ^^ help: if this is intentional, prefix it with an underscore: `_cb`
[INFO] [stdout]     |
[INFO] [stdout]     = note: `#[warn(unused_variables)]` on by default
[INFO] [stdout] 
[INFO] [stdout] 
[INFO] [stdout] warning: unused variable: `cb`
[INFO] [stdout]    --> src/dualsense/stream.rs:125:45
[INFO] [stdout]     |
[INFO] [stdout] 125 |     pub fn on_upright_pressed<F>(&mut self, cb: &'static F)
[INFO] [stdout]     |                                             ^^ help: if this is intentional, prefix it with an underscore: `_cb`
[INFO] [stdout] 
[INFO] [stdout] 
[INFO] [stdout] warning: variant `U16` is never constructed
[INFO] [stdout]  --> src/dualsense/properties/valuetype.rs:7:5
[INFO] [stdout]   |
[INFO] [stdout] 5 | pub(crate) enum ValueType {
[INFO] [stdout]   |                 --------- variant in this enum
[INFO] [stdout] 6 |     U8(u8),
[INFO] [stdout] 7 |     U16(u16),
[INFO] [stdout]   |     ^^^
[INFO] [stdout]   |
[INFO] [stdout]   = note: `ValueType` has derived impls for the traits `Debug` and `Clone`, but these are intentionally ignored during dead code analysis
[INFO] [stdout]   = note: `#[warn(dead_code)]` on by default
[INFO] [stdout] 
[INFO] [stdout] 
[INFO] [stdout] warning: 3 warnings emitted
[INFO] [stdout] 
[INFO] [stdout] 
[INFO] [stderr]     Finished dev [unoptimized + debuginfo] target(s) in 1.73s
[INFO] running `Command { std: "docker" "inspect" "1cf7a3eb93784b814a2c216e205e467db7a055fde4288ce7225975236934fe86", kill_on_drop: false }`
[INFO] running `Command { std: "docker" "rm" "-f" "1cf7a3eb93784b814a2c216e205e467db7a055fde4288ce7225975236934fe86", kill_on_drop: false }`
[INFO] [stdout] 1cf7a3eb93784b814a2c216e205e467db7a055fde4288ce7225975236934fe86
[INFO] running `Command { std: "docker" "create" "-v" "/var/lib/crater-agent-workspace/builds/worker-2-tc1/target:/opt/rustwide/target:rw,Z" "-v" "/var/lib/crater-agent-workspace/builds/worker-2-tc1/source:/opt/rustwide/workdir:ro,Z" "-v" "/var/lib/crater-agent-workspace/cargo-home:/opt/rustwide/cargo-home:ro,Z" "-v" "/var/lib/crater-agent-workspace/rustup-home:/opt/rustwide/rustup-home:ro,Z" "-e" "SOURCE_DIR=/opt/rustwide/workdir" "-e" "CARGO_TARGET_DIR=/opt/rustwide/target" "-e" "CARGO_INCREMENTAL=0" "-e" "RUST_BACKTRACE=full" "-e" "RUSTFLAGS=--cap-lints=warn" "-e" "RUSTDOCFLAGS=--cap-lints=warn" "-e" "CARGO_HOME=/opt/rustwide/cargo-home" "-e" "RUSTUP_HOME=/opt/rustwide/rustup-home" "-w" "/opt/rustwide/workdir" "-m" "1610612736" "--user" "0:0" "--network" "none" "ghcr.io/rust-lang/crates-build-env/linux@sha256:2788e3201cd34a07e3172128adcd8b3090168a8e3bcc40d7c032b9dda1df7d1c" "/opt/rustwide/cargo-home/bin/cargo" "+1.75.0" "test" "--frozen" "--no-run" "--message-format=json", kill_on_drop: false }`
[INFO] [stdout] 913caac5b11e67f689306d6408faf75bed238e93feb7d6ebd299f545862926d9
[INFO] running `Command { std: "docker" "start" "-a" "913caac5b11e67f689306d6408faf75bed238e93feb7d6ebd299f545862926d9", kill_on_drop: false }`
[INFO] [stdout] warning: unused variable: `cb`
[INFO] [stdout]    --> src/dualsense/stream.rs:118:40
[INFO] [stdout]     |
[INFO] [stdout] 118 |     pub fn on_up_pressed<F>(&mut self, cb: &'static F)
[INFO] [stdout]     |                                        ^^ help: if this is intentional, prefix it with an underscore: `_cb`
[INFO] [stdout]     |
[INFO] [stdout]     = note: `#[warn(unused_variables)]` on by default
[INFO] [stdout] 
[INFO] [stdout] 
[INFO] [stdout] warning: unused variable: `cb`
[INFO] [stdout]    --> src/dualsense/stream.rs:125:45
[INFO] [stdout]     |
[INFO] [stdout] 125 |     pub fn on_upright_pressed<F>(&mut self, cb: &'static F)
[INFO] [stdout]     |                                             ^^ help: if this is intentional, prefix it with an underscore: `_cb`
[INFO] [stdout] 
[INFO] [stdout] 
[INFO] [stderr]    Compiling dualsense-rs v0.2.0 (/opt/rustwide/workdir)
[INFO] [stdout] warning: variant `U16` is never constructed
[INFO] [stdout]  --> src/dualsense/properties/valuetype.rs:7:5
[INFO] [stdout]   |
[INFO] [stdout] 5 | pub(crate) enum ValueType {
[INFO] [stdout]   |                 --------- variant in this enum
[INFO] [stdout] 6 |     U8(u8),
[INFO] [stdout] 7 |     U16(u16),
[INFO] [stdout]   |     ^^^
[INFO] [stdout]   |
[INFO] [stdout]   = note: `ValueType` has derived impls for the traits `Debug` and `Clone`, but these are intentionally ignored during dead code analysis
[INFO] [stdout]   = note: `#[warn(dead_code)]` on by default
[INFO] [stdout] 
[INFO] [stdout] 
[INFO] [stdout] warning: 3 warnings emitted
[INFO] [stdout] 
[INFO] [stdout] 
[INFO] [stdout] warning: unused variable: `cb`
[INFO] [stdout]    --> src/dualsense/stream.rs:118:40
[INFO] [stdout]     |
[INFO] [stdout] 118 |     pub fn on_up_pressed<F>(&mut self, cb: &'static F)
[INFO] [stdout]     |                                        ^^ help: if this is intentional, prefix it with an underscore: `_cb`
[INFO] [stdout]     |
[INFO] [stdout]     = note: `#[warn(unused_variables)]` on by default
[INFO] [stdout] 
[INFO] [stdout] 
[INFO] [stdout] warning: unused variable: `cb`
[INFO] [stdout]    --> src/dualsense/stream.rs:125:45
[INFO] [stdout]     |
[INFO] [stdout] 125 |     pub fn on_upright_pressed<F>(&mut self, cb: &'static F)
[INFO] [stdout]     |                                             ^^ help: if this is intentional, prefix it with an underscore: `_cb`
[INFO] [stdout] 
[INFO] [stdout] 
[INFO] [stdout] warning: variant `U16` is never constructed
[INFO] [stdout]  --> src/dualsense/properties/valuetype.rs:7:5
[INFO] [stdout]   |
[INFO] [stdout] 5 | pub(crate) enum ValueType {
[INFO] [stdout]   |                 --------- variant in this enum
[INFO] [stdout] 6 |     U8(u8),
[INFO] [stdout] 7 |     U16(u16),
[INFO] [stdout]   |     ^^^
[INFO] [stdout]   |
[INFO] [stdout]   = note: `ValueType` has derived impls for the traits `Debug` and `Clone`, but these are intentionally ignored during dead code analysis
[INFO] [stdout]   = note: `#[warn(dead_code)]` on by default
[INFO] [stdout] 
[INFO] [stdout] 
[INFO] [stdout] warning: 3 warnings emitted
[INFO] [stdout] 
[INFO] [stdout] 
[INFO] [stderr]     Finished test [unoptimized + debuginfo] target(s) in 0.23s
[INFO] running `Command { std: "docker" "inspect" "913caac5b11e67f689306d6408faf75bed238e93feb7d6ebd299f545862926d9", kill_on_drop: false }`
[INFO] running `Command { std: "docker" "rm" "-f" "913caac5b11e67f689306d6408faf75bed238e93feb7d6ebd299f545862926d9", kill_on_drop: false }`
[INFO] [stdout] 913caac5b11e67f689306d6408faf75bed238e93feb7d6ebd299f545862926d9
[INFO] running `Command { std: "docker" "create" "-v" "/var/lib/crater-agent-workspace/builds/worker-2-tc1/target:/opt/rustwide/target:rw,Z" "-v" "/var/lib/crater-agent-workspace/builds/worker-2-tc1/source:/opt/rustwide/workdir:ro,Z" "-v" "/var/lib/crater-agent-workspace/cargo-home:/opt/rustwide/cargo-home:ro,Z" "-v" "/var/lib/crater-agent-workspace/rustup-home:/opt/rustwide/rustup-home:ro,Z" "-e" "SOURCE_DIR=/opt/rustwide/workdir" "-e" "CARGO_TARGET_DIR=/opt/rustwide/target" "-e" "CARGO_INCREMENTAL=0" "-e" "RUST_BACKTRACE=full" "-e" "RUSTFLAGS=--cap-lints=warn" "-e" "RUSTDOCFLAGS=--cap-lints=warn" "-e" "CARGO_HOME=/opt/rustwide/cargo-home" "-e" "RUSTUP_HOME=/opt/rustwide/rustup-home" "-w" "/opt/rustwide/workdir" "-m" "1610612736" "--user" "0:0" "--network" "none" "ghcr.io/rust-lang/crates-build-env/linux@sha256:2788e3201cd34a07e3172128adcd8b3090168a8e3bcc40d7c032b9dda1df7d1c" "/opt/rustwide/cargo-home/bin/cargo" "+1.75.0" "test" "--frozen", kill_on_drop: false }`
[INFO] [stdout] a42c898a623ee5005c3d8e759d74bd4f16eb84cadfca39f95dfcf940f0633a2b
[INFO] running `Command { std: "docker" "start" "-a" "a42c898a623ee5005c3d8e759d74bd4f16eb84cadfca39f95dfcf940f0633a2b", kill_on_drop: false }`
[INFO] [stderr] warning: unused variable: `cb`
[INFO] [stderr]    --> src/dualsense/stream.rs:118:40
[INFO] [stderr]     |
[INFO] [stderr] 118 |     pub fn on_up_pressed<F>(&mut self, cb: &'static F)
[INFO] [stderr]     |                                        ^^ help: if this is intentional, prefix it with an underscore: `_cb`
[INFO] [stderr]     |
[INFO] [stderr]     = note: `#[warn(unused_variables)]` on by default
[INFO] [stderr] 
[INFO] [stderr] warning: unused variable: `cb`
[INFO] [stderr]    --> src/dualsense/stream.rs:125:45
[INFO] [stderr]     |
[INFO] [stderr] 125 |     pub fn on_upright_pressed<F>(&mut self, cb: &'static F)
[INFO] [stderr]     |                                             ^^ help: if this is intentional, prefix it with an underscore: `_cb`
[INFO] [stderr] 
[INFO] [stderr] warning: variant `U16` is never constructed
[INFO] [stderr]  --> src/dualsense/properties/valuetype.rs:7:5
[INFO] [stderr]   |
[INFO] [stderr] 5 | pub(crate) enum ValueType {
[INFO] [stderr]   |                 --------- variant in this enum
[INFO] [stderr] 6 |     U8(u8),
[INFO] [stderr] 7 |     U16(u16),
[INFO] [stderr]   |     ^^^
[INFO] [stderr]   |
[INFO] [stderr]   = note: `ValueType` has derived impls for the traits `Debug` and `Clone`, but these are intentionally ignored during dead code analysis
[INFO] [stderr]   = note: `#[warn(dead_code)]` on by default
[INFO] [stderr] 
[INFO] [stderr] warning: `dualsense-rs` (lib) generated 3 warnings (run `cargo fix --lib -p dualsense-rs` to apply 2 suggestions)
[INFO] [stderr] warning: `dualsense-rs` (lib test) generated 3 warnings (3 duplicates)
[INFO] [stderr]     Finished test [unoptimized + debuginfo] target(s) in 0.01s
[INFO] [stderr]      Running unittests src/lib.rs (/opt/rustwide/target/debug/deps/dualsense_rs-d2822d509ffbed33)
[INFO] [stdout] 
[INFO] [stdout] running 0 tests
[INFO] [stdout] 
[INFO] [stdout] test result: ok. 0 passed; 0 failed; 0 ignored; 0 measured; 0 filtered out; finished in 0.00s
[INFO] [stdout] 
[INFO] [stderr]    Doc-tests dualsense_rs
[INFO] [stdout] 
[INFO] [stdout] running 1 test
[INFO] [stdout] test src/lib.rs - (line 9) ... FAILED
[INFO] [stdout] 
[INFO] [stdout] failures:
[INFO] [stdout] 
[INFO] [stdout] ---- src/lib.rs - (line 9) stdout ----
[INFO] [stdout] Test executable failed (exit status: 101).
[INFO] [stdout] 
[INFO] [stdout] stderr:
[INFO] [stdout] thread 'main' panicked at src/dualsense/stream.rs:24:54:
[INFO] [stdout] called `Result::unwrap()` on an `Err` value: HidApiError { message: "No HID devices with requested VID/PID found in the system." }
[INFO] [stdout] stack backtrace:
[INFO] [stdout]    0:     0x55dacbb7e61c - std::backtrace_rs::backtrace::libunwind::trace::ha637c64ce894333a
[INFO] [stdout]                                at /rustc/82e1608dfa6e0b5569232559e3d385fea5a93112/library/std/src/../../backtrace/src/backtrace/libunwind.rs:104:5
[INFO] [stdout]    1:     0x55dacbb7e61c - std::backtrace_rs::backtrace::trace_unsynchronized::h47f62dea28e0c88d
[INFO] [stdout]                                at /rustc/82e1608dfa6e0b5569232559e3d385fea5a93112/library/std/src/../../backtrace/src/backtrace/mod.rs:66:5
[INFO] [stdout]    2:     0x55dacbb7e61c - std::sys_common::backtrace::_print_fmt::h9eef0abe20ede486
[INFO] [stdout]                                at /rustc/82e1608dfa6e0b5569232559e3d385fea5a93112/library/std/src/sys_common/backtrace.rs:67:5
[INFO] [stdout]    3:     0x55dacbb7e61c - <std::sys_common::backtrace::_print::DisplayBacktrace as core::fmt::Display>::fmt::hed7f999df88cc644
[INFO] [stdout]                                at /rustc/82e1608dfa6e0b5569232559e3d385fea5a93112/library/std/src/sys_common/backtrace.rs:44:22
[INFO] [stdout]    4:     0x55dacbb9ec20 - core::fmt::rt::Argument::fmt::h1539a9308b8d058d
[INFO] [stdout]                                at /rustc/82e1608dfa6e0b5569232559e3d385fea5a93112/library/core/src/fmt/rt.rs:142:9
[INFO] [stdout]    5:     0x55dacbb9ec20 - core::fmt::write::h3a39390d8560d9c9
[INFO] [stdout]                                at /rustc/82e1608dfa6e0b5569232559e3d385fea5a93112/library/core/src/fmt/mod.rs:1120:17
[INFO] [stdout]    6:     0x55dacbb7c9ef - std::io::Write::write_fmt::h5fc9997dfe05f882
[INFO] [stdout]                                at /rustc/82e1608dfa6e0b5569232559e3d385fea5a93112/library/std/src/io/mod.rs:1762:15
[INFO] [stdout]    7:     0x55dacbb7e404 - std::sys_common::backtrace::_print::h894006fb5c6f3d45
[INFO] [stdout]                                at /rustc/82e1608dfa6e0b5569232559e3d385fea5a93112/library/std/src/sys_common/backtrace.rs:47:5
[INFO] [stdout]    8:     0x55dacbb7e404 - std::sys_common::backtrace::print::h23a2d212c6fff936
[INFO] [stdout]                                at /rustc/82e1608dfa6e0b5569232559e3d385fea5a93112/library/std/src/sys_common/backtrace.rs:34:9
[INFO] [stdout]    9:     0x55dacbb7fa07 - std::panicking::default_hook::{{closure}}::h8a1d2ee00185001a
[INFO] [stdout]   10:     0x55dacbb7f76f - std::panicking::default_hook::h6038f2eba384e475
[INFO] [stdout]                                at /rustc/82e1608dfa6e0b5569232559e3d385fea5a93112/library/std/src/panicking.rs:292:9
[INFO] [stdout]   11:     0x55dacbb7fe88 - std::panicking::rust_panic_with_hook::h2b5517d590cab22e
[INFO] [stdout]                                at /rustc/82e1608dfa6e0b5569232559e3d385fea5a93112/library/std/src/panicking.rs:779:13
[INFO] [stdout]   12:     0x55dacbb7fd6e - std::panicking::begin_panic_handler::{{closure}}::h233112c06e0ef43e
[INFO] [stdout]                                at /rustc/82e1608dfa6e0b5569232559e3d385fea5a93112/library/std/src/panicking.rs:657:13
[INFO] [stdout]   13:     0x55dacbb7eae6 - std::sys_common::backtrace::__rust_end_short_backtrace::h6e893f24d7ebbff8
[INFO] [stdout]                                at /rustc/82e1608dfa6e0b5569232559e3d385fea5a93112/library/std/src/sys_common/backtrace.rs:170:18
[INFO] [stdout]   14:     0x55dacbb7fad2 - rust_begin_unwind
[INFO] [stdout]                                at /rustc/82e1608dfa6e0b5569232559e3d385fea5a93112/library/std/src/panicking.rs:645:5
[INFO] [stdout]   15:     0x55dacbb404d5 - core::panicking::panic_fmt::hbf0e066aabfa482c
[INFO] [stdout]                                at /rustc/82e1608dfa6e0b5569232559e3d385fea5a93112/library/core/src/panicking.rs:72:14
[INFO] [stdout]   16:     0x55dacbb40a23 - core::result::unwrap_failed::hddb4fea594200c52
[INFO] [stdout]                                at /rustc/82e1608dfa6e0b5569232559e3d385fea5a93112/library/core/src/result.rs:1653:5
[INFO] [stdout]   17:     0x55dacbb4e887 - core::result::Result<T,E>::unwrap::h52331f29d1fbd6ab
[INFO] [stdout]                                at /rustc/82e1608dfa6e0b5569232559e3d385fea5a93112/library/core/src/result.rs:1077:23
[INFO] [stdout]   18:     0x55dacbb523e0 - dualsense_rs::dualsense::stream::DualSense::new::hdf79c7ade3c68041
[INFO] [stdout]                                at /opt/rustwide/workdir/src/dualsense/stream.rs:24:22
[INFO] [stdout]   19:     0x55dacbb4564a - rust_out::main::hc20c0d07e2402830
[INFO] [stdout]   20:     0x55dacbb42313 - core::ops::function::FnOnce::call_once::hbc459743598298c4
[INFO] [stdout]   21:     0x55dacbb41356 - std::sys_common::backtrace::__rust_begin_short_backtrace::h62debe7d3058b76a
[INFO] [stdout]   22:     0x55dacbb41c89 - std::rt::lang_start::{{closure}}::h8f486f3e1e6418b2
[INFO] [stdout]   23:     0x55dacbb797d7 - core::ops::function::impls::<impl core::ops::function::FnOnce<A> for &F>::call_once::hd95060ecd5e1ca24
[INFO] [stdout]                                at /rustc/82e1608dfa6e0b5569232559e3d385fea5a93112/library/core/src/ops/function.rs:284:13
[INFO] [stdout]   24:     0x55dacbb797d7 - std::panicking::try::do_call::h6e8cf51db32a6e4b
[INFO] [stdout]                                at /rustc/82e1608dfa6e0b5569232559e3d385fea5a93112/library/std/src/panicking.rs:552:40
[INFO] [stdout]   25:     0x55dacbb797d7 - std::panicking::try::h3a52eefe24fe3c29
[INFO] [stdout]                                at /rustc/82e1608dfa6e0b5569232559e3d385fea5a93112/library/std/src/panicking.rs:516:19
[INFO] [stdout]   26:     0x55dacbb797d7 - std::panic::catch_unwind::h24c28c23c02c3841
[INFO] [stdout]                                at /rustc/82e1608dfa6e0b5569232559e3d385fea5a93112/library/std/src/panic.rs:142:14
[INFO] [stdout]   27:     0x55dacbb797d7 - std::rt::lang_start_internal::{{closure}}::h705d3c9cbc06ef47
[INFO] [stdout]                                at /rustc/82e1608dfa6e0b5569232559e3d385fea5a93112/library/std/src/rt.rs:148:48
[INFO] [stdout]   28:     0x55dacbb797d7 - std::panicking::try::do_call::ha21f52ba13158470
[INFO] [stdout]                                at /rustc/82e1608dfa6e0b5569232559e3d385fea5a93112/library/std/src/panicking.rs:552:40
[INFO] [stdout]   29:     0x55dacbb797d7 - std::panicking::try::h5581346bf6aeb1f8
[INFO] [stdout]                                at /rustc/82e1608dfa6e0b5569232559e3d385fea5a93112/library/std/src/panicking.rs:516:19
[INFO] [stdout]   30:     0x55dacbb797d7 - std::panic::catch_unwind::h7919645a6b72e25b
[INFO] [stdout]                                at /rustc/82e1608dfa6e0b5569232559e3d385fea5a93112/library/std/src/panic.rs:142:14
[INFO] [stdout]   31:     0x55dacbb797d7 - std::rt::lang_start_internal::h12de51168669836e
[INFO] [stdout]                                at /rustc/82e1608dfa6e0b5569232559e3d385fea5a93112/library/std/src/rt.rs:148:20
[INFO] [stdout]   32:     0x55dacbb41c67 - std::rt::lang_start::h2c48f91a7bf85629
[INFO] [stdout]   33:     0x55dacbb45a05 - main
[INFO] [stdout]   34:     0x7f3d20cc4d90 - <unknown>
[INFO] [stdout]   35:     0x7f3d20cc4e40 - __libc_start_main
[INFO] [stdout]   36:     0x55dacbb40ce5 - _start
[INFO] [stdout]   37:                0x0 - <unknown>
[INFO] [stdout] 
[INFO] [stdout] 
[INFO] [stdout] 
[INFO] [stdout] failures:
[INFO] [stdout]     src/lib.rs - (line 9)
[INFO] [stdout] 
[INFO] [stdout] test result: FAILED. 0 passed; 1 failed; 0 ignored; 0 measured; 0 filtered out; finished in 0.22s
[INFO] [stdout] 
[INFO] [stderr] error: doctest failed, to rerun pass `--doc`
[INFO] running `Command { std: "docker" "inspect" "a42c898a623ee5005c3d8e759d74bd4f16eb84cadfca39f95dfcf940f0633a2b", kill_on_drop: false }`
[INFO] running `Command { std: "docker" "rm" "-f" "a42c898a623ee5005c3d8e759d74bd4f16eb84cadfca39f95dfcf940f0633a2b", kill_on_drop: false }`
[INFO] [stdout] a42c898a623ee5005c3d8e759d74bd4f16eb84cadfca39f95dfcf940f0633a2b
[INFO] testing radu781/dualsense-rs against beta-2023-12-22 for beta-1.76-1
[INFO] running `Command { std: "git" "clone" "/workspace/cache/git-repos/https%3A%2F%2Fgithub.com%2Fradu781%2Fdualsense-rs" "/workspace/builds/worker-2-tc2/source", kill_on_drop: false }`
[INFO] [stderr] Cloning into '/workspace/builds/worker-2-tc2/source'...
[INFO] [stderr] done.
[INFO] validating manifest of git repo https://github.com/radu781/dualsense-rs on toolchain beta-2023-12-22
[INFO] running `Command { std: CARGO_HOME="/workspace/cargo-home" RUSTUP_HOME="/workspace/rustup-home" "/workspace/cargo-home/bin/cargo" "+beta-2023-12-22" "metadata" "--manifest-path" "Cargo.toml" "--no-deps", kill_on_drop: false }`
[INFO] started tweaking git repo https://github.com/radu781/dualsense-rs
[INFO] removed 0 missing examples
[INFO] finished tweaking git repo https://github.com/radu781/dualsense-rs
[INFO] tweaked toml for git repo https://github.com/radu781/dualsense-rs written to /workspace/builds/worker-2-tc2/source/Cargo.toml
[INFO] crate git repo https://github.com/radu781/dualsense-rs already has a lockfile, it will not be regenerated
[INFO] running `Command { std: CARGO_HOME="/workspace/cargo-home" RUSTUP_HOME="/workspace/rustup-home" "/workspace/cargo-home/bin/cargo" "+beta-2023-12-22" "fetch" "--manifest-path" "Cargo.toml", kill_on_drop: false }`
[INFO] running `Command { std: "docker" "create" "-v" "/var/lib/crater-agent-workspace/builds/worker-2-tc2/target:/opt/rustwide/target:rw,Z" "-v" "/var/lib/crater-agent-workspace/builds/worker-2-tc2/source:/opt/rustwide/workdir:ro,Z" "-v" "/var/lib/crater-agent-workspace/cargo-home:/opt/rustwide/cargo-home:ro,Z" "-v" "/var/lib/crater-agent-workspace/rustup-home:/opt/rustwide/rustup-home:ro,Z" "-e" "SOURCE_DIR=/opt/rustwide/workdir" "-e" "CARGO_TARGET_DIR=/opt/rustwide/target" "-e" "CARGO_HOME=/opt/rustwide/cargo-home" "-e" "RUSTUP_HOME=/opt/rustwide/rustup-home" "-w" "/opt/rustwide/workdir" "-m" "1610612736" "--user" "0:0" "--network" "none" "ghcr.io/rust-lang/crates-build-env/linux@sha256:2788e3201cd34a07e3172128adcd8b3090168a8e3bcc40d7c032b9dda1df7d1c" "/opt/rustwide/cargo-home/bin/cargo" "+beta-2023-12-22" "metadata" "--no-deps" "--format-version=1", kill_on_drop: false }`
[INFO] [stdout] 9e4daa79101d1772947be5a4f1e22c45e211912b0e23b790a3399cbd8faaba1b
[INFO] running `Command { std: "docker" "start" "-a" "9e4daa79101d1772947be5a4f1e22c45e211912b0e23b790a3399cbd8faaba1b", kill_on_drop: false }`
[INFO] running `Command { std: "docker" "inspect" "9e4daa79101d1772947be5a4f1e22c45e211912b0e23b790a3399cbd8faaba1b", kill_on_drop: false }`
[INFO] running `Command { std: "docker" "rm" "-f" "9e4daa79101d1772947be5a4f1e22c45e211912b0e23b790a3399cbd8faaba1b", kill_on_drop: false }`
[INFO] [stdout] 9e4daa79101d1772947be5a4f1e22c45e211912b0e23b790a3399cbd8faaba1b
[INFO] running `Command { std: "docker" "create" "-v" "/var/lib/crater-agent-workspace/builds/worker-2-tc2/target:/opt/rustwide/target:rw,Z" "-v" "/var/lib/crater-agent-workspace/builds/worker-2-tc2/source:/opt/rustwide/workdir:ro,Z" "-v" "/var/lib/crater-agent-workspace/cargo-home:/opt/rustwide/cargo-home:ro,Z" "-v" "/var/lib/crater-agent-workspace/rustup-home:/opt/rustwide/rustup-home:ro,Z" "-e" "SOURCE_DIR=/opt/rustwide/workdir" "-e" "CARGO_TARGET_DIR=/opt/rustwide/target" "-e" "CARGO_INCREMENTAL=0" "-e" "RUST_BACKTRACE=full" "-e" "RUSTFLAGS=--cap-lints=warn" "-e" "RUSTDOCFLAGS=--cap-lints=warn" "-e" "CARGO_HOME=/opt/rustwide/cargo-home" "-e" "RUSTUP_HOME=/opt/rustwide/rustup-home" "-w" "/opt/rustwide/workdir" "-m" "1610612736" "--user" "0:0" "--network" "none" "ghcr.io/rust-lang/crates-build-env/linux@sha256:2788e3201cd34a07e3172128adcd8b3090168a8e3bcc40d7c032b9dda1df7d1c" "/opt/rustwide/cargo-home/bin/cargo" "+beta-2023-12-22" "build" "--frozen" "--message-format=json", kill_on_drop: false }`
[INFO] [stdout] e967c195f1d8466228bbda7382d109f6628a297178282bb4cafc11f41d054415
[INFO] running `Command { std: "docker" "start" "-a" "e967c195f1d8466228bbda7382d109f6628a297178282bb4cafc11f41d054415", kill_on_drop: false }`
[INFO] [stderr]    Compiling libc v0.2.151
[INFO] [stderr]    Compiling pkg-config v0.3.27
[INFO] [stderr]    Compiling cc v1.0.83
[INFO] [stderr]    Compiling hidapi v2.4.1
[INFO] [stderr]    Compiling dualsense-rs v0.2.0 (/opt/rustwide/workdir)
[INFO] [stdout] warning: unused variable: `cb`
[INFO] [stdout]    --> src/dualsense/stream.rs:118:40
[INFO] [stdout]     |
[INFO] [stdout] 118 |     pub fn on_up_pressed<F>(&mut self, cb: &'static F)
[INFO] [stdout]     |                                        ^^ help: if this is intentional, prefix it with an underscore: `_cb`
[INFO] [stdout]     |
[INFO] [stdout]     = note: `#[warn(unused_variables)]` on by default
[INFO] [stdout] 
[INFO] [stdout] 
[INFO] [stdout] warning: unused variable: `cb`
[INFO] [stdout]    --> src/dualsense/stream.rs:125:45
[INFO] [stdout]     |
[INFO] [stdout] 125 |     pub fn on_upright_pressed<F>(&mut self, cb: &'static F)
[INFO] [stdout]     |                                             ^^ help: if this is intentional, prefix it with an underscore: `_cb`
[INFO] [stdout] 
[INFO] [stdout] 
[INFO] [stdout] warning: variant `U16` is never constructed
[INFO] [stdout]  --> src/dualsense/properties/valuetype.rs:7:5
[INFO] [stdout]   |
[INFO] [stdout] 5 | pub(crate) enum ValueType {
[INFO] [stdout]   |                 --------- variant in this enum
[INFO] [stdout] 6 |     U8(u8),
[INFO] [stdout] 7 |     U16(u16),
[INFO] [stdout]   |     ^^^
[INFO] [stdout]   |
[INFO] [stdout]   = note: `ValueType` has derived impls for the traits `Debug` and `Clone`, but these are intentionally ignored during dead code analysis
[INFO] [stdout]   = note: `#[warn(dead_code)]` on by default
[INFO] [stdout] 
[INFO] [stdout] 
[INFO] [stdout] warning: 3 warnings emitted
[INFO] [stdout] 
[INFO] [stdout] 
[INFO] [stderr]     Finished dev [unoptimized + debuginfo] target(s) in 1.73s
[INFO] running `Command { std: "docker" "inspect" "e967c195f1d8466228bbda7382d109f6628a297178282bb4cafc11f41d054415", kill_on_drop: false }`
[INFO] running `Command { std: "docker" "rm" "-f" "e967c195f1d8466228bbda7382d109f6628a297178282bb4cafc11f41d054415", kill_on_drop: false }`
[INFO] [stdout] e967c195f1d8466228bbda7382d109f6628a297178282bb4cafc11f41d054415
[INFO] running `Command { std: "docker" "create" "-v" "/var/lib/crater-agent-workspace/builds/worker-2-tc2/target:/opt/rustwide/target:rw,Z" "-v" "/var/lib/crater-agent-workspace/builds/worker-2-tc2/source:/opt/rustwide/workdir:ro,Z" "-v" "/var/lib/crater-agent-workspace/cargo-home:/opt/rustwide/cargo-home:ro,Z" "-v" "/var/lib/crater-agent-workspace/rustup-home:/opt/rustwide/rustup-home:ro,Z" "-e" "SOURCE_DIR=/opt/rustwide/workdir" "-e" "CARGO_TARGET_DIR=/opt/rustwide/target" "-e" "CARGO_INCREMENTAL=0" "-e" "RUST_BACKTRACE=full" "-e" "RUSTFLAGS=--cap-lints=warn" "-e" "RUSTDOCFLAGS=--cap-lints=warn" "-e" "CARGO_HOME=/opt/rustwide/cargo-home" "-e" "RUSTUP_HOME=/opt/rustwide/rustup-home" "-w" "/opt/rustwide/workdir" "-m" "1610612736" "--user" "0:0" "--network" "none" "ghcr.io/rust-lang/crates-build-env/linux@sha256:2788e3201cd34a07e3172128adcd8b3090168a8e3bcc40d7c032b9dda1df7d1c" "/opt/rustwide/cargo-home/bin/cargo" "+beta-2023-12-22" "test" "--frozen" "--no-run" "--message-format=json", kill_on_drop: false }`
[INFO] [stdout] 53d4aeeb92733bbf220cc5eefa3aec75618a8da7a9ee0aea35c6ce4ed89d17aa
[INFO] running `Command { std: "docker" "start" "-a" "53d4aeeb92733bbf220cc5eefa3aec75618a8da7a9ee0aea35c6ce4ed89d17aa", kill_on_drop: false }`
[INFO] [stderr]    Compiling dualsense-rs v0.2.0 (/opt/rustwide/workdir)
[INFO] [stdout] warning: unused variable: `cb`
[INFO] [stdout]    --> src/dualsense/stream.rs:118:40
[INFO] [stdout]     |
[INFO] [stdout] 118 |     pub fn on_up_pressed<F>(&mut self, cb: &'static F)
[INFO] [stdout]     |                                        ^^ help: if this is intentional, prefix it with an underscore: `_cb`
[INFO] [stdout]     |
[INFO] [stdout]     = note: `#[warn(unused_variables)]` on by default
[INFO] [stdout] 
[INFO] [stdout] 
[INFO] [stdout] warning: unused variable: `cb`
[INFO] [stdout]    --> src/dualsense/stream.rs:125:45
[INFO] [stdout]     |
[INFO] [stdout] 125 |     pub fn on_upright_pressed<F>(&mut self, cb: &'static F)
[INFO] [stdout]     |                                             ^^ help: if this is intentional, prefix it with an underscore: `_cb`
[INFO] [stdout] 
[INFO] [stdout] 
[INFO] [stdout] warning: variant `U16` is never constructed
[INFO] [stdout]  --> src/dualsense/properties/valuetype.rs:7:5
[INFO] [stdout]   |
[INFO] [stdout] 5 | pub(crate) enum ValueType {
[INFO] [stdout]   |                 --------- variant in this enum
[INFO] [stdout] 6 |     U8(u8),
[INFO] [stdout] 7 |     U16(u16),
[INFO] [stdout]   |     ^^^
[INFO] [stdout]   |
[INFO] [stdout]   = note: `ValueType` has derived impls for the traits `Debug` and `Clone`, but these are intentionally ignored during dead code analysis
[INFO] [stdout]   = note: `#[warn(dead_code)]` on by default
[INFO] [stdout] 
[INFO] [stdout] 
[INFO] [stdout] warning: 3 warnings emitted
[INFO] [stdout] 
[INFO] [stdout] 
[INFO] [stdout] warning: unused variable: `cb`
[INFO] [stdout]    --> src/dualsense/stream.rs:118:40
[INFO] [stdout]     |
[INFO] [stdout] 118 |     pub fn on_up_pressed<F>(&mut self, cb: &'static F)
[INFO] [stdout]     |                                        ^^ help: if this is intentional, prefix it with an underscore: `_cb`
[INFO] [stdout]     |
[INFO] [stdout]     = note: `#[warn(unused_variables)]` on by default
[INFO] [stdout] 
[INFO] [stdout] 
[INFO] [stdout] warning: unused variable: `cb`
[INFO] [stdout]    --> src/dualsense/stream.rs:125:45
[INFO] [stdout]     |
[INFO] [stdout] 125 |     pub fn on_upright_pressed<F>(&mut self, cb: &'static F)
[INFO] [stdout]     |                                             ^^ help: if this is intentional, prefix it with an underscore: `_cb`
[INFO] [stdout] 
[INFO] [stdout] 
[INFO] [stdout] warning: variant `U16` is never constructed
[INFO] [stdout]  --> src/dualsense/properties/valuetype.rs:7:5
[INFO] [stdout]   |
[INFO] [stdout] 5 | pub(crate) enum ValueType {
[INFO] [stdout]   |                 --------- variant in this enum
[INFO] [stdout] 6 |     U8(u8),
[INFO] [stdout] 7 |     U16(u16),
[INFO] [stdout]   |     ^^^
[INFO] [stdout]   |
[INFO] [stdout]   = note: `ValueType` has derived impls for the traits `Debug` and `Clone`, but these are intentionally ignored during dead code analysis
[INFO] [stdout]   = note: `#[warn(dead_code)]` on by default
[INFO] [stdout] 
[INFO] [stdout] 
[INFO] [stdout] warning: 3 warnings emitted
[INFO] [stdout] 
[INFO] [stdout] 
[INFO] [stderr]     Finished test [unoptimized + debuginfo] target(s) in 0.24s
[INFO] running `Command { std: "docker" "inspect" "53d4aeeb92733bbf220cc5eefa3aec75618a8da7a9ee0aea35c6ce4ed89d17aa", kill_on_drop: false }`
[INFO] running `Command { std: "docker" "rm" "-f" "53d4aeeb92733bbf220cc5eefa3aec75618a8da7a9ee0aea35c6ce4ed89d17aa", kill_on_drop: false }`
[INFO] [stdout] 53d4aeeb92733bbf220cc5eefa3aec75618a8da7a9ee0aea35c6ce4ed89d17aa
[INFO] running `Command { std: "docker" "create" "-v" "/var/lib/crater-agent-workspace/builds/worker-2-tc2/target:/opt/rustwide/target:rw,Z" "-v" "/var/lib/crater-agent-workspace/builds/worker-2-tc2/source:/opt/rustwide/workdir:ro,Z" "-v" "/var/lib/crater-agent-workspace/cargo-home:/opt/rustwide/cargo-home:ro,Z" "-v" "/var/lib/crater-agent-workspace/rustup-home:/opt/rustwide/rustup-home:ro,Z" "-e" "SOURCE_DIR=/opt/rustwide/workdir" "-e" "CARGO_TARGET_DIR=/opt/rustwide/target" "-e" "CARGO_INCREMENTAL=0" "-e" "RUST_BACKTRACE=full" "-e" "RUSTFLAGS=--cap-lints=warn" "-e" "RUSTDOCFLAGS=--cap-lints=warn" "-e" "CARGO_HOME=/opt/rustwide/cargo-home" "-e" "RUSTUP_HOME=/opt/rustwide/rustup-home" "-w" "/opt/rustwide/workdir" "-m" "1610612736" "--user" "0:0" "--network" "none" "ghcr.io/rust-lang/crates-build-env/linux@sha256:2788e3201cd34a07e3172128adcd8b3090168a8e3bcc40d7c032b9dda1df7d1c" "/opt/rustwide/cargo-home/bin/cargo" "+beta-2023-12-22" "test" "--frozen", kill_on_drop: false }`
[INFO] [stdout] 434e7ae25954a7564ec4570caebec511b3259fb36a9c578fcaf4d6ad9c20c4a3
[INFO] running `Command { std: "docker" "start" "-a" "434e7ae25954a7564ec4570caebec511b3259fb36a9c578fcaf4d6ad9c20c4a3", kill_on_drop: false }`
[INFO] [stderr] warning: unused variable: `cb`
[INFO] [stderr]    --> src/dualsense/stream.rs:118:40
[INFO] [stderr]     |
[INFO] [stderr] 118 |     pub fn on_up_pressed<F>(&mut self, cb: &'static F)
[INFO] [stderr]     |                                        ^^ help: if this is intentional, prefix it with an underscore: `_cb`
[INFO] [stderr]     |
[INFO] [stderr]     = note: `#[warn(unused_variables)]` on by default
[INFO] [stderr] 
[INFO] [stderr] warning: unused variable: `cb`
[INFO] [stderr]    --> src/dualsense/stream.rs:125:45
[INFO] [stderr]     |
[INFO] [stderr] 125 |     pub fn on_upright_pressed<F>(&mut self, cb: &'static F)
[INFO] [stderr]     |                                             ^^ help: if this is intentional, prefix it with an underscore: `_cb`
[INFO] [stderr] 
[INFO] [stderr] warning: variant `U16` is never constructed
[INFO] [stderr]  --> src/dualsense/properties/valuetype.rs:7:5
[INFO] [stderr]   |
[INFO] [stderr] 5 | pub(crate) enum ValueType {
[INFO] [stderr]   |                 --------- variant in this enum
[INFO] [stderr] 6 |     U8(u8),
[INFO] [stderr] 7 |     U16(u16),
[INFO] [stderr]   |     ^^^
[INFO] [stderr]   |
[INFO] [stderr]   = note: `ValueType` has derived impls for the traits `Debug` and `Clone`, but these are intentionally ignored during dead code analysis
[INFO] [stderr]   = note: `#[warn(dead_code)]` on by default
[INFO] [stderr] 
[INFO] [stderr] warning: `dualsense-rs` (lib) generated 3 warnings (run `cargo fix --lib -p dualsense-rs` to apply 2 suggestions)
[INFO] [stderr] warning: `dualsense-rs` (lib test) generated 3 warnings (3 duplicates)
[INFO] [stderr]     Finished test [unoptimized + debuginfo] target(s) in 0.01s
[INFO] [stderr]      Running unittests src/lib.rs (/opt/rustwide/target/debug/deps/dualsense_rs-3a2d6a8f0d081e0d)
[INFO] [stdout] 
[INFO] [stdout] running 0 tests
[INFO] [stdout] 
[INFO] [stdout] test result: ok. 0 passed; 0 failed; 0 ignored; 0 measured; 0 filtered out; finished in 0.00s
[INFO] [stdout] 
[INFO] [stderr]    Doc-tests dualsense_rs
[INFO] [stdout] 
[INFO] [stdout] running 1 test
[INFO] [stdout] test src/lib.rs - (line 9) ... FAILED
[INFO] [stdout] 
[INFO] [stdout] failures:
[INFO] [stdout] 
[INFO] [stdout] ---- src/lib.rs - (line 9) stdout ----
[INFO] [stdout] Test executable failed (exit status: 101).
[INFO] [stdout] 
[INFO] [stdout] stderr:
[INFO] [stdout] thread 'main' panicked at src/dualsense/stream.rs:24:54:
[INFO] [stdout] called `Result::unwrap()` on an `Err` value: HidApiError { message: "No HID devices with requested VID/PID found in the system." }
[INFO] [stdout] stack backtrace:
[INFO] [stdout]    0:     0x563a9f2b32f6 - std::backtrace_rs::backtrace::libunwind::trace::h261606ad26a499c1
[INFO] [stdout]                                at /rustc/0e09125c6c3c2fd70d7de961bcf0e51575235fad/library/std/src/../../backtrace/src/backtrace/libunwind.rs:104:5
[INFO] [stdout]    1:     0x563a9f2b32f6 - std::backtrace_rs::backtrace::trace_unsynchronized::hd183f0625477fb28
[INFO] [stdout]                                at /rustc/0e09125c6c3c2fd70d7de961bcf0e51575235fad/library/std/src/../../backtrace/src/backtrace/mod.rs:66:5
[INFO] [stdout]    2:     0x563a9f2b32f6 - std::sys_common::backtrace::_print_fmt::hd7f8fef21b4eda67
[INFO] [stdout]                                at /rustc/0e09125c6c3c2fd70d7de961bcf0e51575235fad/library/std/src/sys_common/backtrace.rs:68:5
[INFO] [stdout]    3:     0x563a9f2b32f6 - <std::sys_common::backtrace::_print::DisplayBacktrace as core::fmt::Display>::fmt::h623d9b51f2f453f1
[INFO] [stdout]                                at /rustc/0e09125c6c3c2fd70d7de961bcf0e51575235fad/library/std/src/sys_common/backtrace.rs:44:22
[INFO] [stdout]    4:     0x563a9f2d2af0 - core::fmt::rt::Argument::fmt::h9f417ac76a86f368
[INFO] [stdout]                                at /rustc/0e09125c6c3c2fd70d7de961bcf0e51575235fad/library/core/src/fmt/rt.rs:142:9
[INFO] [stdout]    5:     0x563a9f2d2af0 - core::fmt::write::hc9b6faf4ac2aeff7
[INFO] [stdout]                                at /rustc/0e09125c6c3c2fd70d7de961bcf0e51575235fad/library/core/src/fmt/mod.rs:1120:17
[INFO] [stdout]    6:     0x563a9f2b16df - std::io::Write::write_fmt::hfead1eee52c2e65e
[INFO] [stdout]                                at /rustc/0e09125c6c3c2fd70d7de961bcf0e51575235fad/library/std/src/io/mod.rs:1810:15
[INFO] [stdout]    7:     0x563a9f2b30d4 - std::sys_common::backtrace::_print::hd5d66399c7df88a2
[INFO] [stdout]                                at /rustc/0e09125c6c3c2fd70d7de961bcf0e51575235fad/library/std/src/sys_common/backtrace.rs:47:5
[INFO] [stdout]    8:     0x563a9f2b30d4 - std::sys_common::backtrace::print::he81ed2da642d37e5
[INFO] [stdout]                                at /rustc/0e09125c6c3c2fd70d7de961bcf0e51575235fad/library/std/src/sys_common/backtrace.rs:34:9
[INFO] [stdout]    9:     0x563a9f2b47a7 - std::panicking::default_hook::{{closure}}::h85773f4fa117163d
[INFO] [stdout]   10:     0x563a9f2b4509 - std::panicking::default_hook::h6a1694a91d09b278
[INFO] [stdout]                                at /rustc/0e09125c6c3c2fd70d7de961bcf0e51575235fad/library/std/src/panicking.rs:292:9
[INFO] [stdout]   11:     0x563a9f2b4c38 - std::panicking::rust_panic_with_hook::h0a7ad96e90f7145b
[INFO] [stdout]                                at /rustc/0e09125c6c3c2fd70d7de961bcf0e51575235fad/library/std/src/panicking.rs:779:13
[INFO] [stdout]   12:     0x563a9f2b4b12 - std::panicking::begin_panic_handler::{{closure}}::h7919090525c6485e
[INFO] [stdout]                                at /rustc/0e09125c6c3c2fd70d7de961bcf0e51575235fad/library/std/src/panicking.rs:657:13
[INFO] [stdout]   13:     0x563a9f2b37f6 - std::sys_common::backtrace::__rust_end_short_backtrace::hf3289479464f7dfe
[INFO] [stdout]                                at /rustc/0e09125c6c3c2fd70d7de961bcf0e51575235fad/library/std/src/sys_common/backtrace.rs:171:18
[INFO] [stdout]   14:     0x563a9f2b4870 - rust_begin_unwind
[INFO] [stdout]                                at /rustc/0e09125c6c3c2fd70d7de961bcf0e51575235fad/library/std/src/panicking.rs:645:5
[INFO] [stdout]   15:     0x563a9f275415 - core::panicking::panic_fmt::hcc9f77c5c132af55
[INFO] [stdout]                                at /rustc/0e09125c6c3c2fd70d7de961bcf0e51575235fad/library/core/src/panicking.rs:72:14
[INFO] [stdout]   16:     0x563a9f275973 - core::result::unwrap_failed::hbe14f498be1452f9
[INFO] [stdout]                                at /rustc/0e09125c6c3c2fd70d7de961bcf0e51575235fad/library/core/src/result.rs:1649:5
[INFO] [stdout]   17:     0x563a9f2812f1 - core::result::Result<T,E>::unwrap::hf73a8d1a6c37bb0b
[INFO] [stdout]                                at /rustc/0e09125c6c3c2fd70d7de961bcf0e51575235fad/library/core/src/result.rs:1073:23
[INFO] [stdout]   18:     0x563a9f2847c0 - dualsense_rs::dualsense::stream::DualSense::new::h3b4e887515311356
[INFO] [stdout]                                at /opt/rustwide/workdir/src/dualsense/stream.rs:24:22
[INFO] [stdout]   19:     0x563a9f27a51a - rust_out::main::h71185a25be64b52e
[INFO] [stdout]   20:     0x563a9f277053 - core::ops::function::FnOnce::call_once::h0a5e8bc522cf7e26
[INFO] [stdout]   21:     0x563a9f2762a6 - std::sys_common::backtrace::__rust_begin_short_backtrace::h904992c6a2208b49
[INFO] [stdout]   22:     0x563a9f276bd9 - std::rt::lang_start::{{closure}}::h95a4dad7805b7c7c
[INFO] [stdout]   23:     0x563a9f2ae511 - core::ops::function::impls::<impl core::ops::function::FnOnce<A> for &F>::call_once::h4eb4c5e1620f29b0
[INFO] [stdout]                                at /rustc/0e09125c6c3c2fd70d7de961bcf0e51575235fad/library/core/src/ops/function.rs:284:13
[INFO] [stdout]   24:     0x563a9f2ae511 - std::panicking::try::do_call::h73fd26535faffcdf
[INFO] [stdout]                                at /rustc/0e09125c6c3c2fd70d7de961bcf0e51575235fad/library/std/src/panicking.rs:552:40
[INFO] [stdout]   25:     0x563a9f2ae511 - std::panicking::try::h77ff1d98f0fb9f39
[INFO] [stdout]                                at /rustc/0e09125c6c3c2fd70d7de961bcf0e51575235fad/library/std/src/panicking.rs:516:19
[INFO] [stdout]   26:     0x563a9f2ae511 - std::panic::catch_unwind::hab3caf2448b95e37
[INFO] [stdout]                                at /rustc/0e09125c6c3c2fd70d7de961bcf0e51575235fad/library/std/src/panic.rs:142:14
[INFO] [stdout]   27:     0x563a9f2ae511 - std::rt::lang_start_internal::{{closure}}::h8086711f9c783f78
[INFO] [stdout]                                at /rustc/0e09125c6c3c2fd70d7de961bcf0e51575235fad/library/std/src/rt.rs:148:48
[INFO] [stdout]   28:     0x563a9f2ae511 - std::panicking::try::do_call::hf920d4dc291cd6ca
[INFO] [stdout]                                at /rustc/0e09125c6c3c2fd70d7de961bcf0e51575235fad/library/std/src/panicking.rs:552:40
[INFO] [stdout]   29:     0x563a9f2ae511 - std::panicking::try::h2b806ccc0a85db74
[INFO] [stdout]                                at /rustc/0e09125c6c3c2fd70d7de961bcf0e51575235fad/library/std/src/panicking.rs:516:19
[INFO] [stdout]   30:     0x563a9f2ae511 - std::panic::catch_unwind::h038489539c507df2
[INFO] [stdout]                                at /rustc/0e09125c6c3c2fd70d7de961bcf0e51575235fad/library/std/src/panic.rs:142:14
[INFO] [stdout]   31:     0x563a9f2ae511 - std::rt::lang_start_internal::h28503b88912e8a5c
[INFO] [stdout]                                at /rustc/0e09125c6c3c2fd70d7de961bcf0e51575235fad/library/std/src/rt.rs:148:20
[INFO] [stdout]   32:     0x563a9f276bb7 - std::rt::lang_start::h9942cc54b4d5350a
[INFO] [stdout]   33:     0x563a9f27a8c5 - main
[INFO] [stdout]   34:     0x7f1df2495d90 - <unknown>
[INFO] [stdout]   35:     0x7f1df2495e40 - __libc_start_main
[INFO] [stdout]   36:     0x563a9f275c35 - _start
[INFO] [stdout]   37:                0x0 - <unknown>
[INFO] [stdout] 
[INFO] [stdout] 
[INFO] [stdout] 
[INFO] [stdout] failures:
[INFO] [stdout]     src/lib.rs - (line 9)
[INFO] [stdout] 
[INFO] [stdout] test result: FAILED. 0 passed; 1 failed; 0 ignored; 0 measured; 0 filtered out; finished in 0.21s
[INFO] [stdout] 
[INFO] [stderr] error: doctest failed, to rerun pass `--doc`
[INFO] running `Command { std: "docker" "inspect" "434e7ae25954a7564ec4570caebec511b3259fb36a9c578fcaf4d6ad9c20c4a3", kill_on_drop: false }`
[INFO] running `Command { std: "docker" "rm" "-f" "434e7ae25954a7564ec4570caebec511b3259fb36a9c578fcaf4d6ad9c20c4a3", kill_on_drop: false }`
[INFO] [stdout] 434e7ae25954a7564ec4570caebec511b3259fb36a9c578fcaf4d6ad9c20c4a3
