[INFO] cloning repository https://github.com/radish-miyazaki/warp_example_api
[INFO] running `Command { std: "git" "-c" "credential.helper=" "-c" "credential.helper=/workspace/cargo-home/bin/git-credential-null" "clone" "--bare" "https://github.com/radish-miyazaki/warp_example_api" "/workspace/cache/git-repos/https%3A%2F%2Fgithub.com%2Fradish-miyazaki%2Fwarp_example_api", kill_on_drop: false }`
[INFO] [stderr] Cloning into bare repository '/workspace/cache/git-repos/https%3A%2F%2Fgithub.com%2Fradish-miyazaki%2Fwarp_example_api'...
[INFO] running `Command { std: "git" "rev-parse" "HEAD", kill_on_drop: false }`
[INFO] [stdout] 0ca9717139bc7e3bd82f4530b055eb51d695f193
[INFO] testing radish-miyazaki/warp_example_api against 1.75.0 for beta-1.76-1
[INFO] running `Command { std: "git" "clone" "/workspace/cache/git-repos/https%3A%2F%2Fgithub.com%2Fradish-miyazaki%2Fwarp_example_api" "/workspace/builds/worker-7-tc1/source", kill_on_drop: false }`
[INFO] [stderr] Cloning into '/workspace/builds/worker-7-tc1/source'...
[INFO] [stderr] done.
[INFO] validating manifest of git repo https://github.com/radish-miyazaki/warp_example_api on toolchain 1.75.0
[INFO] running `Command { std: CARGO_HOME="/workspace/cargo-home" RUSTUP_HOME="/workspace/rustup-home" "/workspace/cargo-home/bin/cargo" "+1.75.0" "metadata" "--manifest-path" "Cargo.toml" "--no-deps", kill_on_drop: false }`
[INFO] started tweaking git repo https://github.com/radish-miyazaki/warp_example_api
[INFO] finished tweaking git repo https://github.com/radish-miyazaki/warp_example_api
[INFO] tweaked toml for git repo https://github.com/radish-miyazaki/warp_example_api written to /workspace/builds/worker-7-tc1/source/Cargo.toml
[INFO] crate git repo https://github.com/radish-miyazaki/warp_example_api already has a lockfile, it will not be regenerated
[INFO] running `Command { std: CARGO_HOME="/workspace/cargo-home" RUSTUP_HOME="/workspace/rustup-home" "/workspace/cargo-home/bin/cargo" "+1.75.0" "fetch" "--manifest-path" "Cargo.toml", kill_on_drop: false }`
[INFO] [stderr]     Updating crates.io index
[INFO] [stderr]  Downloading crates ...
[INFO] [stderr]   Downloaded paseto v2.0.2+1.0.3
[INFO] [stderr]   Downloaded reqwest-retry v0.1.5
[INFO] [stderr]   Downloaded retry-policies v0.1.1
[INFO] [stderr]   Downloaded task-local-extensions v0.1.3
[INFO] running `Command { std: "docker" "create" "-v" "/var/lib/crater-agent-workspace/builds/worker-7-tc1/target:/opt/rustwide/target:rw,Z" "-v" "/var/lib/crater-agent-workspace/builds/worker-7-tc1/source:/opt/rustwide/workdir:ro,Z" "-v" "/var/lib/crater-agent-workspace/cargo-home:/opt/rustwide/cargo-home:ro,Z" "-v" "/var/lib/crater-agent-workspace/rustup-home:/opt/rustwide/rustup-home:ro,Z" "-e" "SOURCE_DIR=/opt/rustwide/workdir" "-e" "CARGO_TARGET_DIR=/opt/rustwide/target" "-e" "CARGO_HOME=/opt/rustwide/cargo-home" "-e" "RUSTUP_HOME=/opt/rustwide/rustup-home" "-w" "/opt/rustwide/workdir" "-m" "1610612736" "--user" "0:0" "--network" "none" "ghcr.io/rust-lang/crates-build-env/linux@sha256:2788e3201cd34a07e3172128adcd8b3090168a8e3bcc40d7c032b9dda1df7d1c" "/opt/rustwide/cargo-home/bin/cargo" "+1.75.0" "metadata" "--no-deps" "--format-version=1", kill_on_drop: false }`
[INFO] [stdout] f7a5ff4a27c50c1686a2d0bc60c78173d2816b80d4be5fd48b693d75c3662237
[INFO] running `Command { std: "docker" "start" "-a" "f7a5ff4a27c50c1686a2d0bc60c78173d2816b80d4be5fd48b693d75c3662237", kill_on_drop: false }`
[INFO] running `Command { std: "docker" "inspect" "f7a5ff4a27c50c1686a2d0bc60c78173d2816b80d4be5fd48b693d75c3662237", kill_on_drop: false }`
[INFO] running `Command { std: "docker" "rm" "-f" "f7a5ff4a27c50c1686a2d0bc60c78173d2816b80d4be5fd48b693d75c3662237", kill_on_drop: false }`
[INFO] [stdout] f7a5ff4a27c50c1686a2d0bc60c78173d2816b80d4be5fd48b693d75c3662237
[INFO] running `Command { std: "docker" "create" "-v" "/var/lib/crater-agent-workspace/builds/worker-7-tc1/target:/opt/rustwide/target:rw,Z" "-v" "/var/lib/crater-agent-workspace/builds/worker-7-tc1/source:/opt/rustwide/workdir:ro,Z" "-v" "/var/lib/crater-agent-workspace/cargo-home:/opt/rustwide/cargo-home:ro,Z" "-v" "/var/lib/crater-agent-workspace/rustup-home:/opt/rustwide/rustup-home:ro,Z" "-e" "SOURCE_DIR=/opt/rustwide/workdir" "-e" "CARGO_TARGET_DIR=/opt/rustwide/target" "-e" "CARGO_INCREMENTAL=0" "-e" "RUST_BACKTRACE=full" "-e" "RUSTFLAGS=--cap-lints=warn" "-e" "RUSTDOCFLAGS=--cap-lints=warn" "-e" "CARGO_HOME=/opt/rustwide/cargo-home" "-e" "RUSTUP_HOME=/opt/rustwide/rustup-home" "-w" "/opt/rustwide/workdir" "-m" "1610612736" "--user" "0:0" "--network" "none" "ghcr.io/rust-lang/crates-build-env/linux@sha256:2788e3201cd34a07e3172128adcd8b3090168a8e3bcc40d7c032b9dda1df7d1c" "/opt/rustwide/cargo-home/bin/cargo" "+1.75.0" "build" "--frozen" "--message-format=json", kill_on_drop: false }`
[INFO] [stdout] 2bbc2282670d99ce521dd46ddfa00f31a7db8fe8a233e70f4277b5cfab098bed
[INFO] running `Command { std: "docker" "start" "-a" "2bbc2282670d99ce521dd46ddfa00f31a7db8fe8a233e70f4277b5cfab098bed", kill_on_drop: false }`
[INFO] [stderr]    Compiling cfg-if v1.0.0
[INFO] [stderr]    Compiling libc v0.2.131
[INFO] [stderr]    Compiling autocfg v1.1.0
[INFO] [stderr]    Compiling version_check v0.9.4
[INFO] [stderr]    Compiling proc-macro2 v1.0.43
[INFO] [stderr]    Compiling quote v1.0.21
[INFO] [stderr]    Compiling unicode-ident v1.0.3
[INFO] [stderr]    Compiling once_cell v1.14.0
[INFO] [stderr]    Compiling syn v1.0.99
[INFO] [stderr]    Compiling cc v1.0.73
[INFO] [stderr]    Compiling typenum v1.15.0
[INFO] [stderr]    Compiling memchr v2.5.0
[INFO] [stderr]    Compiling generic-array v0.14.6
[INFO] [stderr]    Compiling pin-project-lite v0.2.9
[INFO] [stderr]    Compiling bytes v1.2.1
[INFO] [stderr]    Compiling log v0.4.17
[INFO] [stderr]    Compiling smallvec v1.9.0
[INFO] [stderr]    Compiling lock_api v0.4.7
[INFO] [stderr]    Compiling getrandom v0.2.7
[INFO] [stderr]    Compiling futures-core v0.3.23
[INFO] [stderr]    Compiling num_cpus v1.13.1
[INFO] [stderr]    Compiling socket2 v0.4.4
[INFO] [stderr]    Compiling scopeguard v1.1.0
[INFO] [stderr]    Compiling parking_lot_core v0.9.3
[INFO] [stderr]    Compiling itoa v1.0.3
[INFO] [stderr]    Compiling subtle v2.4.1
[INFO] [stderr]    Compiling tokio v1.20.1
[INFO] [stderr]    Compiling mio v0.8.4
[INFO] [stderr]    Compiling signal-hook-registry v1.4.0
[INFO] [stderr]    Compiling ahash v0.7.6
[INFO] [stderr]    Compiling untrusted v0.7.1
[INFO] [stderr]    Compiling spin v0.5.2
[INFO] [stderr]    Compiling parking_lot v0.12.1
[INFO] [stderr]    Compiling cpufeatures v0.2.2
[INFO] [stderr]    Compiling futures-sink v0.3.23
[INFO] [stderr]    Compiling pin-utils v0.1.0
[INFO] [stderr]    Compiling serde_derive v1.0.143
[INFO] [stderr]    Compiling slab v0.4.7
[INFO] [stderr]    Compiling futures-channel v0.3.23
[INFO] [stderr]    Compiling tinyvec_macros v0.1.0
[INFO] [stderr]    Compiling hashbrown v0.12.3
[INFO] [stderr]    Compiling futures-task v0.3.23
[INFO] [stderr]    Compiling serde v1.0.143
[INFO] [stderr]    Compiling tinyvec v1.6.0
[INFO] [stderr]    Compiling futures-util v0.3.23
[INFO] [stderr]    Compiling matches v0.1.9
[INFO] [stderr]    Compiling base64 v0.13.0
[INFO] [stderr]    Compiling crypto-common v0.1.6
[INFO] [stderr]    Compiling block-buffer v0.10.2
[INFO] [stderr]    Compiling digest v0.10.3
[INFO] [stderr]    Compiling rand_core v0.6.3
[INFO] [stderr]    Compiling fnv v1.0.7
[INFO] [stderr]    Compiling percent-encoding v2.1.0
[INFO] [stderr]    Compiling ppv-lite86 v0.2.16
[INFO] [stderr]    Compiling bitflags v1.3.2
[INFO] [stderr]    Compiling unicode-bidi v0.3.8
[INFO] [stderr]    Compiling futures-io v0.3.24
[INFO] [stderr]    Compiling form_urlencoded v1.0.1
[INFO] [stderr]    Compiling http v0.2.8
[INFO] [stderr]    Compiling openssl-src v111.22.0+1.1.1q
[INFO] [stderr]    Compiling indexmap v1.9.1
[INFO] [stderr]    Compiling pkg-config v0.3.25
[INFO] [stderr]    Compiling rand_chacha v0.3.1
[INFO] [stderr]    Compiling ring v0.16.20
[INFO] [stderr]    Compiling unicode-normalization v0.1.21
[INFO] [stderr]    Compiling num-traits v0.2.15
[INFO] [stderr]    Compiling openssl-sys v0.9.75
[INFO] [stderr]    Compiling tracing-core v0.1.29
[INFO] [stderr]    Compiling idna v0.2.3
[INFO] [stderr]    Compiling rustls v0.20.6
[INFO] [stderr]    Compiling serde_json v1.0.83
[INFO] [stderr]    Compiling ryu v1.0.11
[INFO] [stderr]    Compiling httparse v1.7.1
[INFO] [stderr]    Compiling url v2.2.2
[INFO] [stderr]    Compiling unicase v2.6.0
[INFO] [stderr]    Compiling rand v0.8.5
[INFO] [stderr]    Compiling opaque-debug v0.3.0
[INFO] [stderr]    Compiling foreign-types-shared v0.1.1
[INFO] [stderr]    Compiling openssl v0.10.41
[INFO] [stderr]    Compiling foreign-types v0.3.2
[INFO] [stderr]    Compiling mime_guess v2.0.4
[INFO] [stderr]    Compiling mime v0.3.16
[INFO] [stderr]    Compiling httpdate v1.0.2
[INFO] [stderr]    Compiling try-lock v0.2.3
[INFO] [stderr]    Compiling parking_lot_core v0.8.5
[INFO] [stderr]    Compiling minimal-lexical v0.2.1
[INFO] [stderr]    Compiling want v0.3.0
[INFO] [stderr]    Compiling http-body v0.4.5
[INFO] [stderr]    Compiling digest v0.9.0
[INFO] [stderr]    Compiling instant v0.1.12
[INFO] [stderr]    Compiling tower-service v0.3.2
[INFO] [stderr]    Compiling either v1.8.0
[INFO] [stderr]    Compiling native-tls v0.2.10
[INFO] [stderr]    Compiling crossbeam-queue v0.3.6
[INFO] [stderr]    Compiling itertools v0.10.3
[INFO] [stderr]    Compiling webpki v0.22.0
[INFO] [stderr]    Compiling sct v0.7.0
[INFO] [stderr]    Compiling dirs-sys v0.3.7
[INFO] [stderr]    Compiling openssl-probe v0.1.5
[INFO] [stderr]    Compiling byteorder v1.4.3
[INFO] [stderr]    Compiling crossbeam-utils v0.8.11
[INFO] [stderr]    Compiling lazy_static v1.4.0
[INFO] [stderr]    Compiling tokio-macros v1.8.0
[INFO] [stderr]    Compiling futures-macro v0.3.23
[INFO] [stderr]    Compiling thiserror-impl v1.0.32
[INFO] [stderr]    Compiling tracing-attributes v0.1.22
[INFO] [stderr]    Compiling openssl-macros v0.1.0
[INFO] [stderr]    Compiling unicode_categories v0.1.1
[INFO] [stderr]    Compiling dirs v4.0.0
[INFO] [stderr]    Compiling thiserror v1.0.32
[INFO] [stderr]    Compiling parking_lot v0.11.2
[INFO] [stderr]    Compiling tracing v0.1.36
[INFO] [stderr]    Compiling hmac v0.12.1
[INFO] [stderr]    Compiling sha-1 v0.10.0
[INFO] [stderr]    Compiling block-buffer v0.9.0
[INFO] [stderr]    Compiling num-integer v0.1.45
[INFO] [stderr]    Compiling unicode-segmentation v1.9.0
[INFO] [stderr]    Compiling anyhow v1.0.64
[INFO] [stderr]    Compiling crc-catalog v2.1.0
[INFO] [stderr]    Compiling encoding_rs v0.8.31
[INFO] [stderr]    Compiling crc v3.0.0
[INFO] [stderr]    Compiling heck v0.4.0
[INFO] [stderr]    Compiling tokio-rustls v0.23.4
[INFO] [stderr]    Compiling sha-1 v0.9.8
[INFO] [stderr]    Compiling hkdf v0.12.3
[INFO] [stderr]    Compiling futures-intrusive v0.4.0
[INFO] [stderr]    Compiling dotenvy v0.15.3
[INFO] [stderr]    Compiling tokio-util v0.7.3
[INFO] [stderr]    Compiling tokio-stream v0.1.9
[INFO] [stderr]    Compiling h2 v0.3.13
[INFO] [stderr]    Compiling pin-project-internal v1.0.11
[INFO] [stderr]    Compiling nom v7.1.1
[INFO] [stderr]    Compiling atoi v1.0.0
[INFO] [stderr]    Compiling stringprep v0.1.2
[INFO] [stderr]    Compiling hashlink v0.8.0
[INFO] [stderr]    Compiling md-5 v0.10.4
[INFO] [stderr]    Compiling rustls-pemfile v1.0.1
[INFO] [stderr]    Compiling proc-macro-error-attr v1.0.4
[INFO] [stderr]    Compiling fastrand v1.8.0
[INFO] [stderr]    Compiling serde_urlencoded v0.7.1
[INFO] [stderr]    Compiling hex v0.4.3
[INFO] [stderr]    Compiling paste v1.0.9
[INFO] [stderr]    Compiling whoami v1.2.1
[INFO] [stderr]    Compiling event-listener v2.5.3
[INFO] [stderr]    Compiling async-trait v0.1.57
[INFO] [stderr]    Compiling utf-8 v0.7.6
[INFO] [stderr]    Compiling safemem v0.3.3
[INFO] [stderr]    Compiling remove_dir_all v0.5.3
[INFO] [stderr]    Compiling buf_redux v0.8.4
[INFO] [stderr]    Compiling tempfile v3.3.0
[INFO] [stderr]    Compiling tungstenite v0.14.0
[INFO] [stderr]    Compiling sqlformat v0.1.8
[INFO] [stderr]    Compiling pin-project v1.0.11
[INFO] [stderr]    Compiling hyper v0.14.20
[INFO] [stderr]    Compiling sqlx-rt v0.6.1
[INFO] [stderr]    Compiling futures-executor v0.3.23
[INFO] [stderr]    Compiling webpki-roots v0.22.4
[INFO] [stderr]    Compiling headers-core v0.2.0
[INFO] [stderr]    Compiling sha2 v0.10.5
[INFO] [stderr]    Compiling backtrace v0.3.66
[INFO] [stderr]    Compiling twoway v0.1.8
[INFO] [stderr]    Compiling time v0.1.44
[INFO] [stderr]    Compiling proc-macro-error v1.0.4
[INFO] [stderr]    Compiling platforms v2.0.0
[INFO] [stderr]    Compiling ipnet v2.5.0
[INFO] [stderr]    Compiling unicode-xid v0.2.3
[INFO] [stderr]    Compiling adler v1.0.2
[INFO] [stderr]    Compiling gimli v0.26.2
[INFO] [stderr]    Compiling quick-error v1.2.3
[INFO] [stderr]    Compiling failure_derive v0.1.8
[INFO] [stderr]    Compiling regex-syntax v0.6.27
[INFO] [stderr]    Compiling iana-time-zone v0.1.47
[INFO] [stderr]    Compiling sqlx-core v0.6.1
[INFO] [stderr]    Compiling chrono v0.4.22
[INFO] [stderr]    Compiling multipart v0.18.0
[INFO] [stderr]    Compiling miniz_oxide v0.5.4
[INFO] [stderr]    Compiling synstructure v0.12.6
[INFO] [stderr]    Compiling addr2line v0.17.0
[INFO] [stderr]    Compiling headers v0.3.7
[INFO] [stderr]    Compiling futures v0.3.23
[INFO] [stderr]    Compiling tokio-tungstenite v0.15.0
[INFO] [stderr]    Compiling tokio-util v0.6.10
[INFO] [stderr]    Compiling task-local-extensions v0.1.3
[INFO] [stderr]    Compiling cipher v0.3.0
[INFO] [stderr]    Compiling universal-hash v0.4.1
[INFO] [stderr]    Compiling object v0.29.0
[INFO] [stderr]    Compiling zeroize v1.3.0
[INFO] [stderr]    Compiling scoped-tls v1.0.0
[INFO] [stderr]    Compiling rustc-demangle v0.1.21
[INFO] [stderr]    Compiling arrayref v0.3.6
[INFO] [stderr]    Compiling constant_time_eq v0.1.5
[INFO] [stderr]    Compiling arrayvec v0.7.2
[INFO] [stderr]    Compiling chacha20 v0.7.3
[INFO] [stderr]    Compiling warp v0.3.2
[INFO] [stderr]    Compiling blake2b_simd v1.0.0
[INFO] [stderr]    Compiling poly1305 v0.7.2
[INFO] [stderr]    Compiling regex-automata v0.1.10
[INFO] [stderr]    Compiling crypto-mac v0.8.0
[INFO] [stderr]    Compiling aead v0.4.3
[INFO] [stderr]    Compiling os_str_bytes v6.3.0
[INFO] [stderr]    Compiling chacha20poly1305 v0.8.2
[INFO] [stderr]    Compiling clap_lex v0.2.4
[INFO] [stderr]    Compiling blake2 v0.9.2
[INFO] [stderr]    Compiling question_and_answer v1.0.0 (/opt/rustwide/workdir)
[INFO] [stderr]    Compiling matchers v0.1.0
[INFO] [stderr]    Compiling clap_derive v3.2.18
[INFO] [stderr]    Compiling rust-argon2 v1.0.0
[INFO] [stderr]    Compiling regex v1.6.0
[INFO] [stderr]    Compiling failure v0.1.8
[INFO] [stderr]    Compiling retry-policies v0.1.1
[INFO] [stderr]    Compiling tracing-log v0.1.3
[INFO] [stderr]    Compiling sharded-slab v0.1.4
[INFO] [stderr]    Compiling atty v0.2.14
[INFO] [stderr]    Compiling thread_local v1.1.4
[INFO] [stderr]    Compiling strsim v0.10.0
[INFO] [stderr]    Compiling textwrap v0.15.0
[INFO] [stderr]    Compiling ansi_term v0.12.1
[INFO] [stderr]    Compiling termcolor v1.1.3
[INFO] [stderr]    Compiling tracing-subscriber v0.3.15
[INFO] [stderr]    Compiling mock-server v0.1.0 (/opt/rustwide/workdir/mock-server)
[INFO] [stderr]    Compiling uuid v1.1.2
[INFO] [stderr]    Compiling sqlx-macros v0.6.1
[INFO] [stderr]    Compiling clap v3.2.21
[INFO] [stderr]    Compiling dotenv v0.15.0
[INFO] [stderr]    Compiling sqlx v0.6.1
[INFO] [stderr]    Compiling paseto v2.0.2+1.0.3
[INFO] [stderr]    Compiling tokio-native-tls v0.3.0
[INFO] [stderr]    Compiling hyper-tls v0.5.0
[INFO] [stderr]    Compiling reqwest v0.11.11
[INFO] [stderr]    Compiling reqwest-middleware v0.1.6
[INFO] [stderr]    Compiling handle-errors v0.1.0 (/opt/rustwide/workdir/handle-errors)
[INFO] [stderr]    Compiling reqwest-retry v0.1.5
[INFO] [stderr]     Finished dev [unoptimized + debuginfo] target(s) in 2m 39s
[INFO] [stderr] warning: the following packages contain code that will be rejected by a future version of Rust: buf_redux v0.8.4, multipart v0.18.0
[INFO] [stderr] note: to see what the problems were, use the option `--future-incompat-report`, or run `cargo report future-incompatibilities --id 1`
[INFO] running `Command { std: "docker" "inspect" "2bbc2282670d99ce521dd46ddfa00f31a7db8fe8a233e70f4277b5cfab098bed", kill_on_drop: false }`
[INFO] running `Command { std: "docker" "rm" "-f" "2bbc2282670d99ce521dd46ddfa00f31a7db8fe8a233e70f4277b5cfab098bed", kill_on_drop: false }`
[INFO] [stdout] 2bbc2282670d99ce521dd46ddfa00f31a7db8fe8a233e70f4277b5cfab098bed
[INFO] running `Command { std: "docker" "create" "-v" "/var/lib/crater-agent-workspace/builds/worker-7-tc1/target:/opt/rustwide/target:rw,Z" "-v" "/var/lib/crater-agent-workspace/builds/worker-7-tc1/source:/opt/rustwide/workdir:ro,Z" "-v" "/var/lib/crater-agent-workspace/cargo-home:/opt/rustwide/cargo-home:ro,Z" "-v" "/var/lib/crater-agent-workspace/rustup-home:/opt/rustwide/rustup-home:ro,Z" "-e" "SOURCE_DIR=/opt/rustwide/workdir" "-e" "CARGO_TARGET_DIR=/opt/rustwide/target" "-e" "CARGO_INCREMENTAL=0" "-e" "RUST_BACKTRACE=full" "-e" "RUSTFLAGS=--cap-lints=warn" "-e" "RUSTDOCFLAGS=--cap-lints=warn" "-e" "CARGO_HOME=/opt/rustwide/cargo-home" "-e" "RUSTUP_HOME=/opt/rustwide/rustup-home" "-w" "/opt/rustwide/workdir" "-m" "1610612736" "--user" "0:0" "--network" "none" "ghcr.io/rust-lang/crates-build-env/linux@sha256:2788e3201cd34a07e3172128adcd8b3090168a8e3bcc40d7c032b9dda1df7d1c" "/opt/rustwide/cargo-home/bin/cargo" "+1.75.0" "test" "--frozen" "--no-run" "--message-format=json", kill_on_drop: false }`
[INFO] [stdout] c4abece3897ca178234cf0f4381b653e51f953923dbb836fc92520fdc4544e10
[INFO] running `Command { std: "docker" "start" "-a" "c4abece3897ca178234cf0f4381b653e51f953923dbb836fc92520fdc4544e10", kill_on_drop: false }`
[INFO] [stderr]    Compiling question_and_answer v1.0.0 (/opt/rustwide/workdir)
[INFO] [stderr]     Finished test [unoptimized + debuginfo] target(s) in 12.81s
[INFO] [stderr] warning: the following packages contain code that will be rejected by a future version of Rust: buf_redux v0.8.4, multipart v0.18.0
[INFO] [stderr] note: to see what the problems were, use the option `--future-incompat-report`, or run `cargo report future-incompatibilities --id 1`
[INFO] running `Command { std: "docker" "inspect" "c4abece3897ca178234cf0f4381b653e51f953923dbb836fc92520fdc4544e10", kill_on_drop: false }`
[INFO] running `Command { std: "docker" "rm" "-f" "c4abece3897ca178234cf0f4381b653e51f953923dbb836fc92520fdc4544e10", kill_on_drop: false }`
[INFO] [stdout] c4abece3897ca178234cf0f4381b653e51f953923dbb836fc92520fdc4544e10
[INFO] running `Command { std: "docker" "create" "-v" "/var/lib/crater-agent-workspace/builds/worker-7-tc1/target:/opt/rustwide/target:rw,Z" "-v" "/var/lib/crater-agent-workspace/builds/worker-7-tc1/source:/opt/rustwide/workdir:ro,Z" "-v" "/var/lib/crater-agent-workspace/cargo-home:/opt/rustwide/cargo-home:ro,Z" "-v" "/var/lib/crater-agent-workspace/rustup-home:/opt/rustwide/rustup-home:ro,Z" "-e" "SOURCE_DIR=/opt/rustwide/workdir" "-e" "CARGO_TARGET_DIR=/opt/rustwide/target" "-e" "CARGO_INCREMENTAL=0" "-e" "RUST_BACKTRACE=full" "-e" "RUSTFLAGS=--cap-lints=warn" "-e" "RUSTDOCFLAGS=--cap-lints=warn" "-e" "CARGO_HOME=/opt/rustwide/cargo-home" "-e" "RUSTUP_HOME=/opt/rustwide/rustup-home" "-w" "/opt/rustwide/workdir" "-m" "1610612736" "--user" "0:0" "--network" "none" "ghcr.io/rust-lang/crates-build-env/linux@sha256:2788e3201cd34a07e3172128adcd8b3090168a8e3bcc40d7c032b9dda1df7d1c" "/opt/rustwide/cargo-home/bin/cargo" "+1.75.0" "test" "--frozen", kill_on_drop: false }`
[INFO] [stdout] 01e7302a1a752593787b380c86f9651ed98a313a26c134eeb0a0b3d63802e8e5
[INFO] running `Command { std: "docker" "start" "-a" "01e7302a1a752593787b380c86f9651ed98a313a26c134eeb0a0b3d63802e8e5", kill_on_drop: false }`
[INFO] [stderr]     Finished test [unoptimized + debuginfo] target(s) in 0.61s
[INFO] [stderr] warning: the following packages contain code that will be rejected by a future version of Rust: buf_redux v0.8.4, multipart v0.18.0
[INFO] [stderr] note: to see what the problems were, use the option `--future-incompat-report`, or run `cargo report future-incompatibilities --id 1`
[INFO] [stderr]      Running unittests src/lib.rs (/opt/rustwide/target/debug/deps/question_and_answer-4e42923def479abb)
[INFO] [stdout] 
[INFO] [stdout] running 8 tests
[INFO] [stdout] test types::pagination::pagination_tests::missing_offset_param ... ok
[INFO] [stdout] test types::pagination::pagination_tests::missing_limit_param ... ok
[INFO] [stdout] test routes::authentication::authentication_tests::post_questions_auth ... ok
[INFO] [stdout] test types::pagination::pagination_tests::wrong_limit_type ... ok
[INFO] [stdout] test types::pagination::pagination_tests::valid_pagination ... ok
[INFO] [stdout] test types::pagination::pagination_tests::wrong_offset_type ... ok
[INFO] [stdout] test profanity::profanity_tests::run ... ok
[INFO] [stdout] test config::config_tests::unset_and_set_api_key ... ok
[INFO] [stdout] 
[INFO] [stdout] test result: ok. 8 passed; 0 failed; 0 ignored; 0 measured; 0 filtered out; finished in 0.14s
[INFO] [stdout] 
[INFO] [stderr]      Running unittests src/bin/server.rs (/opt/rustwide/target/debug/deps/server-4e408c83085857f6)
[INFO] [stdout] 
[INFO] [stdout] running 0 tests
[INFO] [stdout] 
[INFO] [stdout] test result: ok. 0 passed; 0 failed; 0 ignored; 0 measured; 0 filtered out; finished in 0.00s
[INFO] [stdout] 
[INFO] [stderr]    Doc-tests question_and_answer
[INFO] [stdout] 
[INFO] [stdout] running 1 test
[INFO] [stdout] test src/types/pagination.rs - types::pagination::extract_pagination (line 20) ... FAILED
[INFO] [stdout] 
[INFO] [stdout] failures:
[INFO] [stdout] 
[INFO] [stdout] ---- src/types/pagination.rs - types::pagination::extract_pagination (line 20) stdout ----
[INFO] [stdout] error[E0433]: failed to resolve: use of undeclared crate or module `types`
[INFO] [stdout]  --> src/types/pagination.rs:24:9
[INFO] [stdout]   |
[INFO] [stdout] 6 | let p = types::pagination::extract_pagination(query).unwrap();
[INFO] [stdout]   |         ^^^^^ use of undeclared crate or module `types`
[INFO] [stdout] 
[INFO] [stdout] error[E0433]: failed to resolve: use of undeclared type `HashMap`
[INFO] [stdout]  --> src/types/pagination.rs:21:17
[INFO] [stdout]   |
[INFO] [stdout] 3 | let mut query = HashMap::new();
[INFO] [stdout]   |                 ^^^^^^^ use of undeclared type `HashMap`
[INFO] [stdout]   |
[INFO] [stdout] help: consider importing this struct
[INFO] [stdout]   |
[INFO] [stdout] 2 + use std::collections::HashMap;
[INFO] [stdout]   |
[INFO] [stdout] 
[INFO] [stdout] error: aborting due to 2 previous errors
[INFO] [stdout] 
[INFO] [stdout] For more information about this error, try `rustc --explain E0433`.
[INFO] [stdout] Couldn't compile the test.
[INFO] [stdout] 
[INFO] [stdout] failures:
[INFO] [stdout]     src/types/pagination.rs - types::pagination::extract_pagination (line 20)
[INFO] [stdout] 
[INFO] [stdout] test result: FAILED. 0 passed; 1 failed; 0 ignored; 0 measured; 0 filtered out; finished in 0.14s
[INFO] [stdout] 
[INFO] [stderr] error: doctest failed, to rerun pass `--doc`
[INFO] running `Command { std: "docker" "inspect" "01e7302a1a752593787b380c86f9651ed98a313a26c134eeb0a0b3d63802e8e5", kill_on_drop: false }`
[INFO] running `Command { std: "docker" "rm" "-f" "01e7302a1a752593787b380c86f9651ed98a313a26c134eeb0a0b3d63802e8e5", kill_on_drop: false }`
[INFO] [stdout] 01e7302a1a752593787b380c86f9651ed98a313a26c134eeb0a0b3d63802e8e5
